Results for 5.0.0 20141114 (experimental) (GCC) (build config: standard; languages: all,go,ada; trunk revision 217555) testsuite on x86_64-unknown-linux-gnu
Toon Moene
toon@moene.org
Fri Nov 14 13:19:00 GMT 2014
LAST_UPDATED: Fri Nov 14 11:55:27 UTC 2014 (revision 217555)
=== acats tests ===
=== acats Summary ===
# of expected passes 2320
# of unexpected failures 0
Native configuration is x86_64-unknown-linux-gnu
=== gcc tests ===
Running target unix
XPASS: gcc.dg/guality/example.c -O0 execution test
XPASS: gcc.dg/guality/example.c -O1 execution test
XPASS: gcc.dg/guality/example.c -O2 execution test
XPASS: gcc.dg/guality/example.c -O2 -flto -fno-use-linker-plugin -flto-partition=none execution test
XPASS: gcc.dg/guality/guality.c -O0 execution test
XPASS: gcc.dg/guality/guality.c -O1 execution test
XPASS: gcc.dg/guality/guality.c -O2 execution test
XPASS: gcc.dg/guality/guality.c -O2 -flto -fno-use-linker-plugin -flto-partition=none execution test
XPASS: gcc.dg/guality/guality.c -O2 -flto -fuse-linker-plugin -fno-fat-lto-objects execution test
XPASS: gcc.dg/guality/guality.c -O3 -fomit-frame-pointer execution test
XPASS: gcc.dg/guality/guality.c -O3 -g execution test
XPASS: gcc.dg/guality/guality.c -Os execution test
XPASS: gcc.dg/guality/inline-params.c -O2 execution test
XPASS: gcc.dg/guality/inline-params.c -O2 -flto -fno-use-linker-plugin -flto-partition=none execution test
XPASS: gcc.dg/guality/inline-params.c -O3 -fomit-frame-pointer execution test
XPASS: gcc.dg/guality/inline-params.c -O3 -g execution test
XPASS: gcc.dg/guality/inline-params.c -Os execution test
XPASS: gcc.dg/guality/pr41353-1.c -O0 line 28 j == 28 + 37
XPASS: gcc.dg/guality/pr41447-1.c -O0 execution test
XPASS: gcc.dg/guality/pr41447-1.c -O1 execution test
XPASS: gcc.dg/guality/pr41447-1.c -O2 execution test
XPASS: gcc.dg/guality/pr41447-1.c -O2 -flto -fno-use-linker-plugin -flto-partition=none execution test
XPASS: gcc.dg/guality/pr41447-1.c -O2 -flto -fuse-linker-plugin -fno-fat-lto-objects execution test
XPASS: gcc.dg/guality/pr41447-1.c -O3 -fomit-frame-pointer execution test
XPASS: gcc.dg/guality/pr41447-1.c -O3 -g execution test
XPASS: gcc.dg/guality/pr41447-1.c -Os execution test
XPASS: gcc.dg/guality/pr41616-1.c -O0 execution test
XPASS: gcc.dg/guality/pr41616-1.c -O1 execution test
XPASS: gcc.dg/guality/pr41616-1.c -O2 execution test
XPASS: gcc.dg/guality/pr41616-1.c -O2 -flto -fno-use-linker-plugin -flto-partition=none execution test
XPASS: gcc.dg/guality/pr41616-1.c -O3 -fomit-frame-pointer execution test
XPASS: gcc.dg/guality/pr41616-1.c -O3 -g execution test
XPASS: gcc.dg/guality/pr41616-1.c -Os execution test
FAIL: gcc.dg/guality/pr43051-1.c -O2 line 35 v == 1
FAIL: gcc.dg/guality/pr43051-1.c -O2 line 36 e == &a[1]
FAIL: gcc.dg/guality/pr43051-1.c -O2 line 39 c == &a[0]
FAIL: gcc.dg/guality/pr43051-1.c -O2 line 40 v == 1
FAIL: gcc.dg/guality/pr43051-1.c -O2 line 41 e == &a[1]
FAIL: gcc.dg/guality/pr43051-1.c -O2 -flto -fno-use-linker-plugin -flto-partition=none line 35 v == 1
FAIL: gcc.dg/guality/pr43051-1.c -O2 -flto -fno-use-linker-plugin -flto-partition=none line 36 e == &a[1]
FAIL: gcc.dg/guality/pr43051-1.c -O2 -flto -fno-use-linker-plugin -flto-partition=none line 39 c == &a[0]
FAIL: gcc.dg/guality/pr43051-1.c -O2 -flto -fno-use-linker-plugin -flto-partition=none line 40 v == 1
FAIL: gcc.dg/guality/pr43051-1.c -O2 -flto -fno-use-linker-plugin -flto-partition=none line 41 e == &a[1]
FAIL: gcc.dg/guality/pr43051-1.c -O2 -flto -fuse-linker-plugin -fno-fat-lto-objects line 35 v == 1
FAIL: gcc.dg/guality/pr43051-1.c -O2 -flto -fuse-linker-plugin -fno-fat-lto-objects line 36 e == &a[1]
FAIL: gcc.dg/guality/pr43051-1.c -O2 -flto -fuse-linker-plugin -fno-fat-lto-objects line 39 c == &a[0]
FAIL: gcc.dg/guality/pr43051-1.c -O2 -flto -fuse-linker-plugin -fno-fat-lto-objects line 40 v == 1
FAIL: gcc.dg/guality/pr43051-1.c -O2 -flto -fuse-linker-plugin -fno-fat-lto-objects line 41 e == &a[1]
FAIL: gcc.dg/guality/pr43051-1.c -O3 -fomit-frame-pointer line 35 v == 1
FAIL: gcc.dg/guality/pr43051-1.c -O3 -fomit-frame-pointer line 36 e == &a[1]
FAIL: gcc.dg/guality/pr43051-1.c -O3 -fomit-frame-pointer line 39 c == &a[0]
FAIL: gcc.dg/guality/pr43051-1.c -O3 -fomit-frame-pointer line 40 v == 1
FAIL: gcc.dg/guality/pr43051-1.c -O3 -fomit-frame-pointer line 41 e == &a[1]
FAIL: gcc.dg/guality/pr43051-1.c -O3 -fomit-frame-pointer -funroll-all-loops -finline-functions line 35 v == 1
FAIL: gcc.dg/guality/pr43051-1.c -O3 -fomit-frame-pointer -funroll-all-loops -finline-functions line 36 e == &a[1]
FAIL: gcc.dg/guality/pr43051-1.c -O3 -fomit-frame-pointer -funroll-all-loops -finline-functions line 39 c == &a[0]
FAIL: gcc.dg/guality/pr43051-1.c -O3 -fomit-frame-pointer -funroll-all-loops -finline-functions line 40 v == 1
FAIL: gcc.dg/guality/pr43051-1.c -O3 -fomit-frame-pointer -funroll-all-loops -finline-functions line 41 e == &a[1]
FAIL: gcc.dg/guality/pr43051-1.c -O3 -fomit-frame-pointer -funroll-loops line 35 v == 1
FAIL: gcc.dg/guality/pr43051-1.c -O3 -fomit-frame-pointer -funroll-loops line 36 e == &a[1]
FAIL: gcc.dg/guality/pr43051-1.c -O3 -fomit-frame-pointer -funroll-loops line 39 c == &a[0]
FAIL: gcc.dg/guality/pr43051-1.c -O3 -fomit-frame-pointer -funroll-loops line 40 v == 1
FAIL: gcc.dg/guality/pr43051-1.c -O3 -fomit-frame-pointer -funroll-loops line 41 e == &a[1]
FAIL: gcc.dg/guality/pr43051-1.c -O3 -g line 35 v == 1
FAIL: gcc.dg/guality/pr43051-1.c -O3 -g line 36 e == &a[1]
FAIL: gcc.dg/guality/pr43051-1.c -O3 -g line 39 c == &a[0]
FAIL: gcc.dg/guality/pr43051-1.c -O3 -g line 40 v == 1
FAIL: gcc.dg/guality/pr43051-1.c -O3 -g line 41 e == &a[1]
FAIL: gcc.dg/guality/pr43051-1.c -Os line 35 v == 1
FAIL: gcc.dg/guality/pr43051-1.c -Os line 36 e == &a[1]
FAIL: gcc.dg/guality/pr43051-1.c -Os line 39 c == &a[0]
FAIL: gcc.dg/guality/pr43051-1.c -Os line 40 v == 1
FAIL: gcc.dg/guality/pr43051-1.c -Os line 41 e == &a[1]
FAIL: gcc.dg/guality/pr43177.c -O2 line 15 l == 10
FAIL: gcc.dg/guality/pr43177.c -O2 line 15 x == 7
FAIL: gcc.dg/guality/pr43177.c -O2 line 24 l == 10
FAIL: gcc.dg/guality/pr43177.c -O2 line 24 x == 7
FAIL: gcc.dg/guality/pr43177.c -O2 -flto -fno-use-linker-plugin -flto-partition=none line 15 l == 10
FAIL: gcc.dg/guality/pr43177.c -O2 -flto -fno-use-linker-plugin -flto-partition=none line 15 x == 7
FAIL: gcc.dg/guality/pr43177.c -O2 -flto -fno-use-linker-plugin -flto-partition=none line 24 l == 10
FAIL: gcc.dg/guality/pr43177.c -O2 -flto -fno-use-linker-plugin -flto-partition=none line 24 x == 7
FAIL: gcc.dg/guality/pr43177.c -O2 -flto -fuse-linker-plugin -fno-fat-lto-objects line 15 l == 10
FAIL: gcc.dg/guality/pr43177.c -O2 -flto -fuse-linker-plugin -fno-fat-lto-objects line 15 x == 7
FAIL: gcc.dg/guality/pr43177.c -O2 -flto -fuse-linker-plugin -fno-fat-lto-objects line 24 l == 10
FAIL: gcc.dg/guality/pr43177.c -O2 -flto -fuse-linker-plugin -fno-fat-lto-objects line 24 x == 7
FAIL: gcc.dg/guality/pr43177.c -O3 -fomit-frame-pointer line 15 l == 10
FAIL: gcc.dg/guality/pr43177.c -O3 -fomit-frame-pointer line 15 x == 7
FAIL: gcc.dg/guality/pr43177.c -O3 -fomit-frame-pointer line 24 l == 10
FAIL: gcc.dg/guality/pr43177.c -O3 -fomit-frame-pointer line 24 x == 7
FAIL: gcc.dg/guality/pr43177.c -O3 -g line 15 l == 10
FAIL: gcc.dg/guality/pr43177.c -O3 -g line 15 x == 7
FAIL: gcc.dg/guality/pr43177.c -O3 -g line 24 l == 10
FAIL: gcc.dg/guality/pr43177.c -O3 -g line 24 x == 7
FAIL: gcc.dg/guality/pr43177.c -Os line 15 l == 10
FAIL: gcc.dg/guality/pr43177.c -Os line 15 x == 7
FAIL: gcc.dg/guality/pr43177.c -Os line 24 l == 10
FAIL: gcc.dg/guality/pr43177.c -Os line 24 x == 7
FAIL: gcc.dg/guality/pr45003-2.c -O2 -flto -fuse-linker-plugin -fno-fat-lto-objects line 10 a == 0x8078
FAIL: gcc.dg/guality/pr45882.c -O2 -flto -fuse-linker-plugin -fno-fat-lto-objects line 16 d == 112
FAIL: gcc.dg/guality/pr45882.c -O2 -flto -fuse-linker-plugin -fno-fat-lto-objects line 16 e == 142
FAIL: gcc.dg/guality/pr54200.c -Os line 20 z == 3
FAIL: gcc.dg/guality/pr54519-1.c -O2 -flto -fno-use-linker-plugin -flto-partition=none line 20 y == 25
FAIL: gcc.dg/guality/pr54519-1.c -O2 -flto -fno-use-linker-plugin -flto-partition=none line 20 z == 6
FAIL: gcc.dg/guality/pr54519-1.c -O2 -flto -fno-use-linker-plugin -flto-partition=none line 23 y == 117
FAIL: gcc.dg/guality/pr54519-1.c -O2 -flto -fno-use-linker-plugin -flto-partition=none line 23 z == 8
FAIL: gcc.dg/guality/pr54519-2.c -O2 -flto -fno-use-linker-plugin -flto-partition=none line 17 y == 25
FAIL: gcc.dg/guality/pr54519-2.c -O2 -flto -fuse-linker-plugin -fno-fat-lto-objects line 17 y == 25
FAIL: gcc.dg/guality/pr54519-3.c -O2 -flto -fno-use-linker-plugin -flto-partition=none line 20 y == 25
FAIL: gcc.dg/guality/pr54519-3.c -O2 -flto -fno-use-linker-plugin -flto-partition=none line 20 z == 6
FAIL: gcc.dg/guality/pr54519-3.c -O2 -flto -fno-use-linker-plugin -flto-partition=none line 23 y == 117
FAIL: gcc.dg/guality/pr54519-3.c -O2 -flto -fno-use-linker-plugin -flto-partition=none line 23 z == 8
FAIL: gcc.dg/guality/pr54519-3.c -O2 -flto -fuse-linker-plugin -fno-fat-lto-objects line 20 x == 36
FAIL: gcc.dg/guality/pr54519-3.c -O2 -flto -fuse-linker-plugin -fno-fat-lto-objects line 20 y == 25
FAIL: gcc.dg/guality/pr54519-3.c -O2 -flto -fuse-linker-plugin -fno-fat-lto-objects line 20 z == 6
FAIL: gcc.dg/guality/pr54519-3.c -O2 -flto -fuse-linker-plugin -fno-fat-lto-objects line 23 x == 98
FAIL: gcc.dg/guality/pr54519-3.c -O2 -flto -fuse-linker-plugin -fno-fat-lto-objects line 23 y == 117
FAIL: gcc.dg/guality/pr54519-3.c -O2 -flto -fuse-linker-plugin -fno-fat-lto-objects line 23 z == 8
FAIL: gcc.dg/guality/pr54519-4.c -O2 -flto -fno-use-linker-plugin -flto-partition=none line 17 y == 25
FAIL: gcc.dg/guality/pr54519-4.c -O2 -flto -fuse-linker-plugin -fno-fat-lto-objects line 17 x == 6
FAIL: gcc.dg/guality/pr54519-4.c -O2 -flto -fuse-linker-plugin -fno-fat-lto-objects line 17 y == 25
FAIL: gcc.dg/guality/pr54519-5.c -O2 -flto -fno-use-linker-plugin -flto-partition=none line 17 y == 25
FAIL: gcc.dg/guality/pr54519-5.c -O2 -flto -fuse-linker-plugin -fno-fat-lto-objects line 17 y == 25
FAIL: gcc.dg/guality/sra-1.c -O2 line 43 a.i == 4
FAIL: gcc.dg/guality/sra-1.c -O2 line 43 a.j == 14
FAIL: gcc.dg/guality/sra-1.c -O2 -flto -fno-use-linker-plugin -flto-partition=none line 21 a.i == 4
FAIL: gcc.dg/guality/sra-1.c -O2 -flto -fno-use-linker-plugin -flto-partition=none line 21 a.j == 14
FAIL: gcc.dg/guality/sra-1.c -O2 -flto -fno-use-linker-plugin -flto-partition=none line 43 a.i == 4
FAIL: gcc.dg/guality/sra-1.c -O2 -flto -fno-use-linker-plugin -flto-partition=none line 43 a.j == 14
FAIL: gcc.dg/guality/sra-1.c -O2 -flto -fuse-linker-plugin -fno-fat-lto-objects line 21 a.i == 4
FAIL: gcc.dg/guality/sra-1.c -O2 -flto -fuse-linker-plugin -fno-fat-lto-objects line 43 a.i == 4
FAIL: gcc.dg/guality/sra-1.c -O3 -fomit-frame-pointer line 43 a.i == 4
FAIL: gcc.dg/guality/sra-1.c -O3 -fomit-frame-pointer line 43 a.j == 14
FAIL: gcc.dg/guality/sra-1.c -O3 -g line 43 a.i == 4
FAIL: gcc.dg/guality/sra-1.c -O3 -g line 43 a.j == 14
FAIL: gcc.dg/guality/sra-1.c -Os line 43 a.i == 4
FAIL: gcc.dg/guality/sra-1.c -Os line 43 a.j == 14
FAIL: gcc.dg/guality/vla-1.c -O0 line 17 sizeof (a) == 6
FAIL: gcc.dg/guality/vla-1.c -O0 line 24 sizeof (a) == 17 * sizeof (short)
FAIL: gcc.dg/guality/vla-1.c -O1 line 17 sizeof (a) == 6
FAIL: gcc.dg/guality/vla-1.c -O1 line 24 sizeof (a) == 17 * sizeof (short)
FAIL: gcc.dg/guality/vla-1.c -O2 line 17 sizeof (a) == 6
FAIL: gcc.dg/guality/vla-1.c -O2 line 24 sizeof (a) == 17 * sizeof (short)
FAIL: gcc.dg/guality/vla-1.c -O2 -flto -fno-use-linker-plugin -flto-partition=none line 17 sizeof (a) == 6
FAIL: gcc.dg/guality/vla-1.c -O2 -flto -fno-use-linker-plugin -flto-partition=none line 24 sizeof (a) == 17 * sizeof (short)
FAIL: gcc.dg/guality/vla-1.c -O2 -flto -fuse-linker-plugin -fno-fat-lto-objects line 17 sizeof (a) == 6
FAIL: gcc.dg/guality/vla-1.c -O2 -flto -fuse-linker-plugin -fno-fat-lto-objects line 24 sizeof (a) == 17 * sizeof (short)
FAIL: gcc.dg/guality/vla-1.c -O3 -fomit-frame-pointer line 17 sizeof (a) == 6
FAIL: gcc.dg/guality/vla-1.c -O3 -fomit-frame-pointer line 24 sizeof (a) == 17 * sizeof (short)
FAIL: gcc.dg/guality/vla-1.c -O3 -g line 17 sizeof (a) == 6
FAIL: gcc.dg/guality/vla-1.c -O3 -g line 24 sizeof (a) == 17 * sizeof (short)
FAIL: gcc.dg/guality/vla-1.c -Os line 17 sizeof (a) == 6
FAIL: gcc.dg/guality/vla-1.c -Os line 24 sizeof (a) == 17 * sizeof (short)
FAIL: gcc.dg/guality/vla-2.c -O0 line 16 sizeof (a) == 5 * sizeof (int)
FAIL: gcc.dg/guality/vla-2.c -O0 line 25 sizeof (a) == 6 * sizeof (int)
FAIL: gcc.dg/guality/vla-2.c -O1 line 16 sizeof (a) == 5 * sizeof (int)
FAIL: gcc.dg/guality/vla-2.c -O1 line 25 sizeof (a) == 6 * sizeof (int)
FAIL: gcc.dg/guality/vla-2.c -O2 line 16 sizeof (a) == 5 * sizeof (int)
FAIL: gcc.dg/guality/vla-2.c -O2 line 25 sizeof (a) == 6 * sizeof (int)
FAIL: gcc.dg/guality/vla-2.c -O2 -flto -fno-use-linker-plugin -flto-partition=none line 16 sizeof (a) == 5 * sizeof (int)
FAIL: gcc.dg/guality/vla-2.c -O2 -flto -fno-use-linker-plugin -flto-partition=none line 25 sizeof (a) == 6 * sizeof (int)
FAIL: gcc.dg/guality/vla-2.c -O2 -flto -fuse-linker-plugin -fno-fat-lto-objects line 16 sizeof (a) == 5 * sizeof (int)
FAIL: gcc.dg/guality/vla-2.c -O2 -flto -fuse-linker-plugin -fno-fat-lto-objects line 25 sizeof (a) == 6 * sizeof (int)
FAIL: gcc.dg/guality/vla-2.c -O3 -fomit-frame-pointer line 16 sizeof (a) == 5 * sizeof (int)
FAIL: gcc.dg/guality/vla-2.c -O3 -fomit-frame-pointer line 25 sizeof (a) == 6 * sizeof (int)
FAIL: gcc.dg/guality/vla-2.c -O3 -g line 16 sizeof (a) == 5 * sizeof (int)
FAIL: gcc.dg/guality/vla-2.c -O3 -g line 25 sizeof (a) == 6 * sizeof (int)
FAIL: gcc.dg/guality/vla-2.c -Os line 16 sizeof (a) == 5 * sizeof (int)
FAIL: gcc.dg/guality/vla-2.c -Os line 25 sizeof (a) == 6 * sizeof (int)
UNRESOLVED: gcc.dg/tree-prof/peel-1.c scan-rtl-dump loop2_unroll "Considering simply peeling loop"
FAIL: gcc.dg/tree-ssa/cunroll-10.c scan-tree-dump-times cunroll "Forced statement unreachable" 2
FAIL: gcc.dg/vect/bb-slp-pattern-1.c -flto -ffat-lto-objects scan-tree-dump-times slp2 "pattern recognized" 8
FAIL: gcc.dg/vect/bb-slp-pattern-1.c -flto -ffat-lto-objects scan-tree-dump-times slp2 "vect_recog_widen_mult_pattern: detected" 8
FAIL: gcc.dg/vect/bb-slp-pattern-1.c scan-tree-dump-times slp2 "pattern recognized" 8
FAIL: gcc.dg/vect/bb-slp-pattern-1.c scan-tree-dump-times slp2 "vect_recog_widen_mult_pattern: detected" 8
FAIL: gcc.dg/vect/no-section-anchors-vect-31.c scan-tree-dump-times vect "Alignment of access forced using peeling" 2
FAIL: gcc.dg/vect/no-section-anchors-vect-31.c scan-tree-dump-times vect "Vectorizing an unaligned access" 0
FAIL: gcc.dg/vect/no-tree-sra-bb-slp-pr50730.c scan-tree-dump-times slp2 "not vectorized: more than one data ref in stmt" 0
FAIL: gcc.dg/vect/slp-perm-9.c -flto -ffat-lto-objects scan-tree-dump-times vect "vectorized 1 loops" 2
FAIL: gcc.dg/vect/slp-perm-9.c scan-tree-dump-times vect "vectorized 1 loops" 2
FAIL: gcc.dg/vect/vect-92.c -flto -ffat-lto-objects scan-tree-dump-times vect "Alignment of access forced using peeling" 3
FAIL: gcc.dg/vect/vect-92.c -flto -ffat-lto-objects scan-tree-dump-times vect "Vectorizing an unaligned access" 0
FAIL: gcc.dg/vect/vect-92.c scan-tree-dump-times vect "Alignment of access forced using peeling" 3
FAIL: gcc.dg/vect/vect-92.c scan-tree-dump-times vect "Vectorizing an unaligned access" 0
FAIL: gcc.dg/vect/vect-93.c -flto -ffat-lto-objects scan-tree-dump-times vect "Vectorizing an unaligned access" 1
FAIL: gcc.dg/vect/vect-93.c scan-tree-dump-times vect "Vectorizing an unaligned access" 1
FAIL: gcc.dg/vect/vect-cselim-2.c -flto -ffat-lto-objects scan-tree-dump-times vect "vectorized 1 loops" 0
FAIL: gcc.dg/vect/vect-cselim-2.c scan-tree-dump-times vect "vectorized 1 loops" 0
=== gcc Summary ===
# of expected passes 114804
# of unexpected failures 153
# of unexpected successes 33
# of expected failures 277
# of unresolved testcases 1
# of unsupported tests 1791
/scratch/toon/bd11367/gcc/xgcc version 5.0.0 20141114 (experimental) (GCC)
=== gfortran tests ===
Running target unix
FAIL: gfortran.dg/vect/fast-math-mgrid-resid.f -O scan-tree-dump-times pcom "Executing predictive commoning without unrolling" 1
FAIL: gfortran.dg/vect/fast-math-mgrid-resid.f -O scan-tree-dump-times pcom "Predictive commoning failed: no suitable chains" 0
=== gfortran Summary ===
# of expected passes 46764
# of unexpected failures 2
# of expected failures 39
# of unsupported tests 72
/scratch/toon/bd11367/gcc/testsuite/gfortran/../../gfortran version 5.0.0 20141114 (experimental) (GCC)
=== g++ tests ===
Running target unix
FAIL: g++.dg/guality/pr55665.C -O2 line 23 p == 40
FAIL: g++.dg/guality/pr55665.C -O3 -fomit-frame-pointer line 23 p == 40
FAIL: g++.dg/guality/pr55665.C -O3 -g line 23 p == 40
XPASS: g++.dg/tls/thread_local-order2.C -std=c++11 execution test
XPASS: g++.dg/tls/thread_local-order2.C -std=c++14 execution test
FAIL: g++.dg/vect/slp-pr56812.cc -std=c++11 scan-tree-dump-times slp1 "basic block vectorized" 1
FAIL: g++.dg/vect/slp-pr56812.cc -std=c++14 scan-tree-dump-times slp1 "basic block vectorized" 1
FAIL: g++.dg/vect/slp-pr56812.cc -std=c++98 scan-tree-dump-times slp1 "basic block vectorized" 1
=== g++ Summary ===
# of expected passes 90408
# of unexpected failures 6
# of unexpected successes 2
# of expected failures 245
# of unsupported tests 3417
/scratch/toon/bd11367/gcc/testsuite/g++/../../xg++ version 5.0.0 20141114 (experimental) (GCC)
=== gnat tests ===
Running target unix
FAIL: gnat.dg/specs/alignment2.ads (test for warnings, line 14)
FAIL: gnat.dg/specs/alignment2.ads (test for warnings, line 20)
FAIL: gnat.dg/specs/alignment2.ads (test for warnings, line 38)
FAIL: gnat.dg/specs/alignment2.ads (test for warnings, line 42)
=== gnat Summary ===
# of expected passes 1306
# of unexpected failures 4
# of expected failures 20
# of unsupported tests 3
/scratch/toon/bd11367/gcc/gnatmake version 5.0.0 20141114 (experimental)
=== go tests ===
Running target unix
FAIL: go.test/test/ken/cplx2.go execution, -O2 -g
=== go Summary ===
# of expected passes 7251
# of unexpected failures 1
# of expected failures 1
# of untested testcases 6
# of unsupported tests 1
/scratch/toon/bd11367/gcc/testsuite/go/../../gccgo version 5.0.0 20141114 (experimental) (GCC)
=== objc tests ===
Running target unix
=== objc Summary ===
# of expected passes 3004
# of expected failures 6
# of unsupported tests 74
/scratch/toon/bd11367/gcc/xgcc version 5.0.0 20141114 (experimental) (GCC)
=== boehm-gc tests ===
Running target unix
=== boehm-gc Summary ===
# of expected passes 12
# of unsupported tests 1
=== libatomic tests ===
Running target unix
=== libatomic Summary ===
# of expected passes 54
=== libffi tests ===
Running target unix
=== libffi Summary ===
# of expected passes 1819
# of unsupported tests 55
=== libgo tests ===
Running target unix
FAIL: math
=== libgo Summary ===
# of expected passes 122
# of unexpected failures 1
/scratch/toon/bd11367/./gcc/gccgo version 5.0.0 20141114 (experimental) (GCC)
=== libgomp tests ===
Running target unix
FAIL: libgomp.c/examples-4/e.50.1.c (test for excess errors)
FAIL: libgomp.c/examples-4/e.50.2.c (test for excess errors)
FAIL: libgomp.c/examples-4/e.50.3.c (test for excess errors)
FAIL: libgomp.c/examples-4/e.50.4.c (test for excess errors)
FAIL: libgomp.c/examples-4/e.51.1.c (test for excess errors)
FAIL: libgomp.c/examples-4/e.51.2.c (test for excess errors)
FAIL: libgomp.c/examples-4/e.51.3.c (test for excess errors)
FAIL: libgomp.c/examples-4/e.51.4.c (test for excess errors)
FAIL: libgomp.c/examples-4/e.52.1.c (test for excess errors)
FAIL: libgomp.c/examples-4/e.52.2.c (test for excess errors)
FAIL: libgomp.c/examples-4/e.53.1.c (test for excess errors)
FAIL: libgomp.c/examples-4/e.53.3.c (test for excess errors)
FAIL: libgomp.c/examples-4/e.53.4.c (test for excess errors)
FAIL: libgomp.c/examples-4/e.53.5.c (test for excess errors)
FAIL: libgomp.c/examples-4/e.54.2.c (test for excess errors)
WARNING: program timed out.
FAIL: libgomp.c/examples-4/e.54.2.c execution test
FAIL: libgomp.c/examples-4/e.54.3.c (test for excess errors)
FAIL: libgomp.c/examples-4/e.54.4.c (test for excess errors)
FAIL: libgomp.c/examples-4/e.54.5.c (test for excess errors)
FAIL: libgomp.c/examples-4/e.54.6.c (test for excess errors)
FAIL: libgomp.c/examples-4/e.55.1.c (test for excess errors)
FAIL: libgomp.c/examples-4/e.56.3.c (test for excess errors)
FAIL: libgomp.c/examples-4/e.56.4.c (test for excess errors)
FAIL: libgomp.c/for-3.c (test for excess errors)
FAIL: libgomp.c/target-1.c (test for excess errors)
FAIL: libgomp.c/target-2.c (test for excess errors)
FAIL: libgomp.c/target-3.c (test for excess errors)
FAIL: libgomp.c/target-4.c (test for excess errors)
FAIL: libgomp.c/target-5.c (test for excess errors)
FAIL: libgomp.c/target-6.c (test for excess errors)
FAIL: libgomp.c/target-7.c (test for excess errors)
FAIL: libgomp.c/target-8.c (test for excess errors)
FAIL: libgomp.c/thread-limit-2.c (test for excess errors)
FAIL: libgomp.c/thread-limit-3.c (test for excess errors)
FAIL: libgomp.c++/examples-4/e.51.5.C (test for excess errors)
FAIL: libgomp.c++/for-11.C (test for excess errors)
FAIL: libgomp.c++/pr63248.C (test for excess errors)
FAIL: libgomp.c++/target-1.C (test for excess errors)
FAIL: libgomp.c++/target-2.C (test for excess errors)
FAIL: libgomp.c++/target-3.C (test for excess errors)
FAIL: libgomp.fortran/examples-4/e.50.1.f90 -O0 (test for excess errors)
FAIL: libgomp.fortran/examples-4/e.50.1.f90 -O1 (test for excess errors)
FAIL: libgomp.fortran/examples-4/e.50.1.f90 -O2 (test for excess errors)
FAIL: libgomp.fortran/examples-4/e.50.1.f90 -O3 -fomit-frame-pointer (test for excess errors)
FAIL: libgomp.fortran/examples-4/e.50.1.f90 -O3 -fomit-frame-pointer -funroll-loops (test for excess errors)
FAIL: libgomp.fortran/examples-4/e.50.1.f90 -O3 -fomit-frame-pointer -funroll-all-loops -finline-functions (test for excess errors)
FAIL: libgomp.fortran/examples-4/e.50.1.f90 -O3 -g (test for excess errors)
FAIL: libgomp.fortran/examples-4/e.50.1.f90 -Os (test for excess errors)
FAIL: libgomp.fortran/examples-4/e.50.2.f90 -O0 (test for excess errors)
FAIL: libgomp.fortran/examples-4/e.50.2.f90 -O1 (test for excess errors)
FAIL: libgomp.fortran/examples-4/e.50.2.f90 -O2 (test for excess errors)
FAIL: libgomp.fortran/examples-4/e.50.2.f90 -O3 -fomit-frame-pointer (test for excess errors)
FAIL: libgomp.fortran/examples-4/e.50.2.f90 -O3 -fomit-frame-pointer -funroll-loops (test for excess errors)
FAIL: libgomp.fortran/examples-4/e.50.2.f90 -O3 -fomit-frame-pointer -funroll-all-loops -finline-functions (test for excess errors)
FAIL: libgomp.fortran/examples-4/e.50.2.f90 -O3 -g (test for excess errors)
FAIL: libgomp.fortran/examples-4/e.50.2.f90 -Os (test for excess errors)
FAIL: libgomp.fortran/examples-4/e.50.3.f90 -O0 (test for excess errors)
FAIL: libgomp.fortran/examples-4/e.50.3.f90 -O1 (test for excess errors)
FAIL: libgomp.fortran/examples-4/e.50.3.f90 -O2 (test for excess errors)
FAIL: libgomp.fortran/examples-4/e.50.3.f90 -O3 -fomit-frame-pointer (test for excess errors)
FAIL: libgomp.fortran/examples-4/e.50.3.f90 -O3 -fomit-frame-pointer -funroll-loops (test for excess errors)
FAIL: libgomp.fortran/examples-4/e.50.3.f90 -O3 -fomit-frame-pointer -funroll-all-loops -finline-functions (test for excess errors)
FAIL: libgomp.fortran/examples-4/e.50.3.f90 -O3 -g (test for excess errors)
FAIL: libgomp.fortran/examples-4/e.50.3.f90 -Os (test for excess errors)
FAIL: libgomp.fortran/examples-4/e.50.4.f90 -O0 (test for excess errors)
FAIL: libgomp.fortran/examples-4/e.50.4.f90 -O1 (test for excess errors)
FAIL: libgomp.fortran/examples-4/e.50.4.f90 -O2 (test for excess errors)
FAIL: libgomp.fortran/examples-4/e.50.4.f90 -O3 -fomit-frame-pointer (test for excess errors)
FAIL: libgomp.fortran/examples-4/e.50.4.f90 -O3 -fomit-frame-pointer -funroll-loops (test for excess errors)
FAIL: libgomp.fortran/examples-4/e.50.4.f90 -O3 -fomit-frame-pointer -funroll-all-loops -finline-functions (test for excess errors)
FAIL: libgomp.fortran/examples-4/e.50.4.f90 -O3 -g (test for excess errors)
FAIL: libgomp.fortran/examples-4/e.50.4.f90 -Os (test for excess errors)
FAIL: libgomp.fortran/examples-4/e.51.1.f90 -O0 (test for excess errors)
FAIL: libgomp.fortran/examples-4/e.51.1.f90 -O1 (test for excess errors)
FAIL: libgomp.fortran/examples-4/e.51.1.f90 -O2 (test for excess errors)
FAIL: libgomp.fortran/examples-4/e.51.1.f90 -O3 -fomit-frame-pointer (test for excess errors)
FAIL: libgomp.fortran/examples-4/e.51.1.f90 -O3 -fomit-frame-pointer -funroll-loops (test for excess errors)
FAIL: libgomp.fortran/examples-4/e.51.1.f90 -O3 -fomit-frame-pointer -funroll-all-loops -finline-functions (test for excess errors)
FAIL: libgomp.fortran/examples-4/e.51.1.f90 -O3 -g (test for excess errors)
FAIL: libgomp.fortran/examples-4/e.51.1.f90 -Os (test for excess errors)
FAIL: libgomp.fortran/examples-4/e.51.2.f90 -O0 (test for excess errors)
FAIL: libgomp.fortran/examples-4/e.51.2.f90 -O1 (test for excess errors)
FAIL: libgomp.fortran/examples-4/e.51.2.f90 -O2 (test for excess errors)
FAIL: libgomp.fortran/examples-4/e.51.2.f90 -O3 -fomit-frame-pointer (test for excess errors)
FAIL: libgomp.fortran/examples-4/e.51.2.f90 -O3 -fomit-frame-pointer -funroll-loops (test for excess errors)
FAIL: libgomp.fortran/examples-4/e.51.2.f90 -O3 -fomit-frame-pointer -funroll-all-loops -finline-functions (test for excess errors)
FAIL: libgomp.fortran/examples-4/e.51.2.f90 -O3 -g (test for excess errors)
FAIL: libgomp.fortran/examples-4/e.51.2.f90 -Os (test for excess errors)
FAIL: libgomp.fortran/examples-4/e.51.3.f90 -O0 (test for excess errors)
FAIL: libgomp.fortran/examples-4/e.51.3.f90 -O1 (test for excess errors)
FAIL: libgomp.fortran/examples-4/e.51.3.f90 -O2 (test for excess errors)
FAIL: libgomp.fortran/examples-4/e.51.3.f90 -O3 -fomit-frame-pointer (test for excess errors)
FAIL: libgomp.fortran/examples-4/e.51.3.f90 -O3 -fomit-frame-pointer -funroll-loops (test for excess errors)
FAIL: libgomp.fortran/examples-4/e.51.3.f90 -O3 -fomit-frame-pointer -funroll-all-loops -finline-functions (test for excess errors)
FAIL: libgomp.fortran/examples-4/e.51.3.f90 -O3 -g (test for excess errors)
FAIL: libgomp.fortran/examples-4/e.51.3.f90 -Os (test for excess errors)
FAIL: libgomp.fortran/examples-4/e.51.4.f90 -O0 (test for excess errors)
FAIL: libgomp.fortran/examples-4/e.51.4.f90 -O1 (test for excess errors)
FAIL: libgomp.fortran/examples-4/e.51.4.f90 -O2 (test for excess errors)
FAIL: libgomp.fortran/examples-4/e.51.4.f90 -O3 -fomit-frame-pointer (test for excess errors)
FAIL: libgomp.fortran/examples-4/e.51.4.f90 -O3 -fomit-frame-pointer -funroll-loops (test for excess errors)
FAIL: libgomp.fortran/examples-4/e.51.4.f90 -O3 -fomit-frame-pointer -funroll-all-loops -finline-functions (test for excess errors)
FAIL: libgomp.fortran/examples-4/e.51.4.f90 -O3 -g (test for excess errors)
FAIL: libgomp.fortran/examples-4/e.51.4.f90 -Os (test for excess errors)
FAIL: libgomp.fortran/examples-4/e.51.5.f90 -O0 (test for excess errors)
FAIL: libgomp.fortran/examples-4/e.51.5.f90 -O1 (test for excess errors)
FAIL: libgomp.fortran/examples-4/e.51.5.f90 -O2 (test for excess errors)
FAIL: libgomp.fortran/examples-4/e.51.5.f90 -O3 -fomit-frame-pointer (test for excess errors)
FAIL: libgomp.fortran/examples-4/e.51.5.f90 -O3 -fomit-frame-pointer -funroll-loops (test for excess errors)
FAIL: libgomp.fortran/examples-4/e.51.5.f90 -O3 -fomit-frame-pointer -funroll-all-loops -finline-functions (test for excess errors)
FAIL: libgomp.fortran/examples-4/e.51.5.f90 -O3 -g (test for excess errors)
FAIL: libgomp.fortran/examples-4/e.51.5.f90 -Os (test for excess errors)
FAIL: libgomp.fortran/examples-4/e.52.1.f90 -O0 (test for excess errors)
FAIL: libgomp.fortran/examples-4/e.52.1.f90 -O1 (test for excess errors)
FAIL: libgomp.fortran/examples-4/e.52.1.f90 -O2 (test for excess errors)
FAIL: libgomp.fortran/examples-4/e.52.1.f90 -O3 -fomit-frame-pointer (test for excess errors)
FAIL: libgomp.fortran/examples-4/e.52.1.f90 -O3 -fomit-frame-pointer -funroll-loops (test for excess errors)
FAIL: libgomp.fortran/examples-4/e.52.1.f90 -O3 -fomit-frame-pointer -funroll-all-loops -finline-functions (test for excess errors)
FAIL: libgomp.fortran/examples-4/e.52.1.f90 -O3 -g (test for excess errors)
FAIL: libgomp.fortran/examples-4/e.52.1.f90 -Os (test for excess errors)
FAIL: libgomp.fortran/examples-4/e.52.2.f90 -O0 (test for excess errors)
FAIL: libgomp.fortran/examples-4/e.52.2.f90 -O1 (test for excess errors)
FAIL: libgomp.fortran/examples-4/e.52.2.f90 -O2 (test for excess errors)
FAIL: libgomp.fortran/examples-4/e.52.2.f90 -O3 -fomit-frame-pointer (test for excess errors)
FAIL: libgomp.fortran/examples-4/e.52.2.f90 -O3 -fomit-frame-pointer -funroll-loops (test for excess errors)
FAIL: libgomp.fortran/examples-4/e.52.2.f90 -O3 -fomit-frame-pointer -funroll-all-loops -finline-functions (test for excess errors)
FAIL: libgomp.fortran/examples-4/e.52.2.f90 -O3 -g (test for excess errors)
FAIL: libgomp.fortran/examples-4/e.52.2.f90 -Os (test for excess errors)
FAIL: libgomp.fortran/examples-4/e.53.1.f90 -O0 (test for excess errors)
FAIL: libgomp.fortran/examples-4/e.53.1.f90 -O1 (test for excess errors)
FAIL: libgomp.fortran/examples-4/e.53.1.f90 -O2 (test for excess errors)
FAIL: libgomp.fortran/examples-4/e.53.1.f90 -O3 -fomit-frame-pointer (test for excess errors)
FAIL: libgomp.fortran/examples-4/e.53.1.f90 -O3 -fomit-frame-pointer -funroll-loops (test for excess errors)
FAIL: libgomp.fortran/examples-4/e.53.1.f90 -O3 -fomit-frame-pointer -funroll-all-loops -finline-functions (test for excess errors)
FAIL: libgomp.fortran/examples-4/e.53.1.f90 -O3 -g (test for excess errors)
FAIL: libgomp.fortran/examples-4/e.53.1.f90 -Os (test for excess errors)
FAIL: libgomp.fortran/examples-4/e.53.2.f90 -O0 (test for excess errors)
FAIL: libgomp.fortran/examples-4/e.53.2.f90 -O1 (test for excess errors)
FAIL: libgomp.fortran/examples-4/e.53.2.f90 -O2 (test for excess errors)
FAIL: libgomp.fortran/examples-4/e.53.2.f90 -O3 -fomit-frame-pointer (test for excess errors)
FAIL: libgomp.fortran/examples-4/e.53.2.f90 -O3 -fomit-frame-pointer -funroll-loops (test for excess errors)
FAIL: libgomp.fortran/examples-4/e.53.2.f90 -O3 -fomit-frame-pointer -funroll-all-loops -finline-functions (test for excess errors)
FAIL: libgomp.fortran/examples-4/e.53.2.f90 -O3 -g (test for excess errors)
FAIL: libgomp.fortran/examples-4/e.53.2.f90 -Os (test for excess errors)
FAIL: libgomp.fortran/examples-4/e.53.3.f90 -O0 (test for excess errors)
FAIL: libgomp.fortran/examples-4/e.53.3.f90 -O1 (test for excess errors)
FAIL: libgomp.fortran/examples-4/e.53.3.f90 -O2 (test for excess errors)
FAIL: libgomp.fortran/examples-4/e.53.3.f90 -O3 -fomit-frame-pointer (test for excess errors)
FAIL: libgomp.fortran/examples-4/e.53.3.f90 -O3 -fomit-frame-pointer -funroll-loops (test for excess errors)
FAIL: libgomp.fortran/examples-4/e.53.3.f90 -O3 -fomit-frame-pointer -funroll-all-loops -finline-functions (test for excess errors)
FAIL: libgomp.fortran/examples-4/e.53.3.f90 -O3 -g (test for excess errors)
FAIL: libgomp.fortran/examples-4/e.53.3.f90 -Os (test for excess errors)
FAIL: libgomp.fortran/examples-4/e.53.4.f90 -O0 (test for excess errors)
FAIL: libgomp.fortran/examples-4/e.53.4.f90 -O1 (test for excess errors)
FAIL: libgomp.fortran/examples-4/e.53.4.f90 -O2 (test for excess errors)
FAIL: libgomp.fortran/examples-4/e.53.4.f90 -O3 -fomit-frame-pointer (test for excess errors)
FAIL: libgomp.fortran/examples-4/e.53.4.f90 -O3 -fomit-frame-pointer -funroll-loops (test for excess errors)
FAIL: libgomp.fortran/examples-4/e.53.4.f90 -O3 -fomit-frame-pointer -funroll-all-loops -finline-functions (test for excess errors)
FAIL: libgomp.fortran/examples-4/e.53.4.f90 -O3 -g (test for excess errors)
FAIL: libgomp.fortran/examples-4/e.53.4.f90 -Os (test for excess errors)
FAIL: libgomp.fortran/examples-4/e.53.5.f90 -O0 (test for excess errors)
FAIL: libgomp.fortran/examples-4/e.53.5.f90 -O1 (test for excess errors)
FAIL: libgomp.fortran/examples-4/e.53.5.f90 -O2 (test for excess errors)
FAIL: libgomp.fortran/examples-4/e.53.5.f90 -O3 -fomit-frame-pointer (test for excess errors)
FAIL: libgomp.fortran/examples-4/e.53.5.f90 -O3 -fomit-frame-pointer -funroll-loops (test for excess errors)
FAIL: libgomp.fortran/examples-4/e.53.5.f90 -O3 -fomit-frame-pointer -funroll-all-loops -finline-functions (test for excess errors)
FAIL: libgomp.fortran/examples-4/e.53.5.f90 -O3 -g (test for excess errors)
FAIL: libgomp.fortran/examples-4/e.53.5.f90 -Os (test for excess errors)
FAIL: libgomp.fortran/examples-4/e.54.2.f90 -O0 (test for excess errors)
WARNING: program timed out.
FAIL: libgomp.fortran/examples-4/e.54.2.f90 -O0 execution test
FAIL: libgomp.fortran/examples-4/e.54.2.f90 -O1 (test for excess errors)
WARNING: program timed out.
FAIL: libgomp.fortran/examples-4/e.54.2.f90 -O1 execution test
FAIL: libgomp.fortran/examples-4/e.54.2.f90 -O2 (test for excess errors)
WARNING: program timed out.
FAIL: libgomp.fortran/examples-4/e.54.2.f90 -O2 execution test
FAIL: libgomp.fortran/examples-4/e.54.2.f90 -O3 -fomit-frame-pointer (test for excess errors)
WARNING: program timed out.
FAIL: libgomp.fortran/examples-4/e.54.2.f90 -O3 -fomit-frame-pointer execution test
FAIL: libgomp.fortran/examples-4/e.54.2.f90 -O3 -fomit-frame-pointer -funroll-loops (test for excess errors)
WARNING: program timed out.
FAIL: libgomp.fortran/examples-4/e.54.2.f90 -O3 -fomit-frame-pointer -funroll-loops execution test
FAIL: libgomp.fortran/examples-4/e.54.2.f90 -O3 -fomit-frame-pointer -funroll-all-loops -finline-functions (test for excess errors)
WARNING: program timed out.
FAIL: libgomp.fortran/examples-4/e.54.2.f90 -O3 -fomit-frame-pointer -funroll-all-loops -finline-functions execution test
FAIL: libgomp.fortran/examples-4/e.54.2.f90 -O3 -g (test for excess errors)
FAIL: libgomp.fortran/examples-4/e.54.2.f90 -Os (test for excess errors)
FAIL: libgomp.fortran/examples-4/e.54.3.f90 -O0 (test for excess errors)
FAIL: libgomp.fortran/examples-4/e.54.3.f90 -O1 (test for excess errors)
FAIL: libgomp.fortran/examples-4/e.54.3.f90 -O2 (test for excess errors)
FAIL: libgomp.fortran/examples-4/e.54.3.f90 -O3 -fomit-frame-pointer (test for excess errors)
FAIL: libgomp.fortran/examples-4/e.54.3.f90 -O3 -fomit-frame-pointer -funroll-loops (test for excess errors)
FAIL: libgomp.fortran/examples-4/e.54.3.f90 -O3 -fomit-frame-pointer -funroll-all-loops -finline-functions (test for excess errors)
FAIL: libgomp.fortran/examples-4/e.54.3.f90 -O3 -g (test for excess errors)
FAIL: libgomp.fortran/examples-4/e.54.3.f90 -Os (test for excess errors)
FAIL: libgomp.fortran/examples-4/e.54.4.f90 -O0 (test for excess errors)
FAIL: libgomp.fortran/examples-4/e.54.4.f90 -O1 (test for excess errors)
FAIL: libgomp.fortran/examples-4/e.54.4.f90 -O2 (test for excess errors)
FAIL: libgomp.fortran/examples-4/e.54.4.f90 -O3 -fomit-frame-pointer (test for excess errors)
FAIL: libgomp.fortran/examples-4/e.54.4.f90 -O3 -fomit-frame-pointer -funroll-loops (test for excess errors)
FAIL: libgomp.fortran/examples-4/e.54.4.f90 -O3 -fomit-frame-pointer -funroll-all-loops -finline-functions (test for excess errors)
FAIL: libgomp.fortran/examples-4/e.54.4.f90 -O3 -g (test for excess errors)
FAIL: libgomp.fortran/examples-4/e.54.4.f90 -Os (test for excess errors)
FAIL: libgomp.fortran/examples-4/e.54.5.f90 -O0 (test for excess errors)
FAIL: libgomp.fortran/examples-4/e.54.5.f90 -O1 (test for excess errors)
FAIL: libgomp.fortran/examples-4/e.54.5.f90 -O2 (test for excess errors)
FAIL: libgomp.fortran/examples-4/e.54.5.f90 -O3 -fomit-frame-pointer (test for excess errors)
FAIL: libgomp.fortran/examples-4/e.54.5.f90 -O3 -fomit-frame-pointer -funroll-loops (test for excess errors)
FAIL: libgomp.fortran/examples-4/e.54.5.f90 -O3 -fomit-frame-pointer -funroll-all-loops -finline-functions (test for excess errors)
FAIL: libgomp.fortran/examples-4/e.54.5.f90 -O3 -g (test for excess errors)
FAIL: libgomp.fortran/examples-4/e.54.5.f90 -Os (test for excess errors)
FAIL: libgomp.fortran/examples-4/e.54.6.f90 -O0 (test for excess errors)
FAIL: libgomp.fortran/examples-4/e.54.6.f90 -O1 (test for excess errors)
FAIL: libgomp.fortran/examples-4/e.54.6.f90 -O2 (test for excess errors)
FAIL: libgomp.fortran/examples-4/e.54.6.f90 -O3 -fomit-frame-pointer (test for excess errors)
FAIL: libgomp.fortran/examples-4/e.54.6.f90 -O3 -fomit-frame-pointer -funroll-loops (test for excess errors)
FAIL: libgomp.fortran/examples-4/e.54.6.f90 -O3 -fomit-frame-pointer -funroll-all-loops -finline-functions (test for excess errors)
FAIL: libgomp.fortran/examples-4/e.54.6.f90 -O3 -g (test for excess errors)
FAIL: libgomp.fortran/examples-4/e.54.6.f90 -Os (test for excess errors)
FAIL: libgomp.fortran/examples-4/e.55.1.f90 -O0 (test for excess errors)
FAIL: libgomp.fortran/examples-4/e.55.1.f90 -O1 (test for excess errors)
FAIL: libgomp.fortran/examples-4/e.55.1.f90 -O2 (test for excess errors)
FAIL: libgomp.fortran/examples-4/e.55.1.f90 -O3 -fomit-frame-pointer (test for excess errors)
FAIL: libgomp.fortran/examples-4/e.55.1.f90 -O3 -fomit-frame-pointer -funroll-loops (test for excess errors)
FAIL: libgomp.fortran/examples-4/e.55.1.f90 -O3 -fomit-frame-pointer -funroll-all-loops -finline-functions (test for excess errors)
FAIL: libgomp.fortran/examples-4/e.55.1.f90 -O3 -g (test for excess errors)
FAIL: libgomp.fortran/examples-4/e.55.1.f90 -Os (test for excess errors)
FAIL: libgomp.fortran/examples-4/e.56.3.f90 -O0 (test for excess errors)
FAIL: libgomp.fortran/examples-4/e.56.3.f90 -O1 (test for excess errors)
FAIL: libgomp.fortran/examples-4/e.56.3.f90 -O2 (test for excess errors)
FAIL: libgomp.fortran/examples-4/e.56.3.f90 -O3 -fomit-frame-pointer (test for excess errors)
FAIL: libgomp.fortran/examples-4/e.56.3.f90 -O3 -fomit-frame-pointer -funroll-loops (test for excess errors)
FAIL: libgomp.fortran/examples-4/e.56.3.f90 -O3 -fomit-frame-pointer -funroll-all-loops -finline-functions (test for excess errors)
FAIL: libgomp.fortran/examples-4/e.56.3.f90 -O3 -g (test for excess errors)
FAIL: libgomp.fortran/examples-4/e.56.3.f90 -Os (test for excess errors)
FAIL: libgomp.fortran/examples-4/e.56.4.f90 -O0 (test for excess errors)
FAIL: libgomp.fortran/examples-4/e.56.4.f90 -O1 (test for excess errors)
FAIL: libgomp.fortran/examples-4/e.56.4.f90 -O2 (test for excess errors)
FAIL: libgomp.fortran/examples-4/e.56.4.f90 -O3 -fomit-frame-pointer (test for excess errors)
FAIL: libgomp.fortran/examples-4/e.56.4.f90 -O3 -fomit-frame-pointer -funroll-loops (test for excess errors)
FAIL: libgomp.fortran/examples-4/e.56.4.f90 -O3 -fomit-frame-pointer -funroll-all-loops -finline-functions (test for excess errors)
FAIL: libgomp.fortran/examples-4/e.56.4.f90 -O3 -g (test for excess errors)
FAIL: libgomp.fortran/examples-4/e.56.4.f90 -Os (test for excess errors)
FAIL: libgomp.fortran/nestedfn5.f90 -O0 (test for excess errors)
FAIL: libgomp.fortran/nestedfn5.f90 -O1 (test for excess errors)
FAIL: libgomp.fortran/nestedfn5.f90 -O2 (test for excess errors)
FAIL: libgomp.fortran/nestedfn5.f90 -O3 -fomit-frame-pointer (test for excess errors)
FAIL: libgomp.fortran/nestedfn5.f90 -O3 -fomit-frame-pointer -funroll-loops (test for excess errors)
FAIL: libgomp.fortran/nestedfn5.f90 -O3 -fomit-frame-pointer -funroll-all-loops -finline-functions (test for excess errors)
FAIL: libgomp.fortran/nestedfn5.f90 -O3 -g (test for excess errors)
FAIL: libgomp.fortran/nestedfn5.f90 -Os (test for excess errors)
FAIL: libgomp.fortran/target1.f90 -O0 (test for excess errors)
FAIL: libgomp.fortran/target1.f90 -O1 (test for excess errors)
FAIL: libgomp.fortran/target1.f90 -O2 (test for excess errors)
FAIL: libgomp.fortran/target1.f90 -O3 -fomit-frame-pointer (test for excess errors)
FAIL: libgomp.fortran/target1.f90 -O3 -fomit-frame-pointer -funroll-loops (test for excess errors)
FAIL: libgomp.fortran/target1.f90 -O3 -fomit-frame-pointer -funroll-all-loops -finline-functions (test for excess errors)
FAIL: libgomp.fortran/target1.f90 -O3 -g (test for excess errors)
FAIL: libgomp.fortran/target1.f90 -Os (test for excess errors)
FAIL: libgomp.fortran/target2.f90 -O0 (test for excess errors)
FAIL: libgomp.fortran/target2.f90 -O1 (test for excess errors)
FAIL: libgomp.fortran/target2.f90 -O2 (test for excess errors)
FAIL: libgomp.fortran/target2.f90 -O3 -fomit-frame-pointer (test for excess errors)
FAIL: libgomp.fortran/target2.f90 -O3 -fomit-frame-pointer -funroll-loops (test for excess errors)
FAIL: libgomp.fortran/target2.f90 -O3 -fomit-frame-pointer -funroll-all-loops -finline-functions (test for excess errors)
FAIL: libgomp.fortran/target2.f90 -O3 -g (test for excess errors)
FAIL: libgomp.fortran/target2.f90 -Os (test for excess errors)
FAIL: libgomp.fortran/target3.f90 -O0 (test for excess errors)
FAIL: libgomp.fortran/target3.f90 -O1 (test for excess errors)
FAIL: libgomp.fortran/target3.f90 -O2 (test for excess errors)
FAIL: libgomp.fortran/target3.f90 -O3 -fomit-frame-pointer (test for excess errors)
FAIL: libgomp.fortran/target3.f90 -O3 -fomit-frame-pointer -funroll-loops (test for excess errors)
FAIL: libgomp.fortran/target3.f90 -O3 -fomit-frame-pointer -funroll-all-loops -finline-functions (test for excess errors)
FAIL: libgomp.fortran/target3.f90 -O3 -g (test for excess errors)
FAIL: libgomp.fortran/target3.f90 -Os (test for excess errors)
FAIL: libgomp.fortran/target4.f90 -O0 (test for excess errors)
FAIL: libgomp.fortran/target4.f90 -O1 (test for excess errors)
FAIL: libgomp.fortran/target4.f90 -O2 (test for excess errors)
FAIL: libgomp.fortran/target4.f90 -O3 -fomit-frame-pointer (test for excess errors)
FAIL: libgomp.fortran/target4.f90 -O3 -fomit-frame-pointer -funroll-loops (test for excess errors)
FAIL: libgomp.fortran/target4.f90 -O3 -fomit-frame-pointer -funroll-all-loops -finline-functions (test for excess errors)
FAIL: libgomp.fortran/target4.f90 -O3 -g (test for excess errors)
FAIL: libgomp.fortran/target4.f90 -Os (test for excess errors)
FAIL: libgomp.fortran/target6.f90 -O0 (test for excess errors)
FAIL: libgomp.fortran/target6.f90 -O1 (test for excess errors)
FAIL: libgomp.fortran/target6.f90 -O2 (test for excess errors)
FAIL: libgomp.fortran/target6.f90 -O3 -fomit-frame-pointer (test for excess errors)
FAIL: libgomp.fortran/target6.f90 -O3 -fomit-frame-pointer -funroll-loops (test for excess errors)
FAIL: libgomp.fortran/target6.f90 -O3 -fomit-frame-pointer -funroll-all-loops -finline-functions (test for excess errors)
FAIL: libgomp.fortran/target6.f90 -O3 -g (test for excess errors)
FAIL: libgomp.fortran/target6.f90 -Os (test for excess errors)
FAIL: libgomp.fortran/target7.f90 -O0 (test for excess errors)
FAIL: libgomp.fortran/target7.f90 -O1 (test for excess errors)
FAIL: libgomp.fortran/target7.f90 -O2 (test for excess errors)
FAIL: libgomp.fortran/target7.f90 -O3 -fomit-frame-pointer (test for excess errors)
FAIL: libgomp.fortran/target7.f90 -O3 -fomit-frame-pointer -funroll-loops (test for excess errors)
FAIL: libgomp.fortran/target7.f90 -O3 -fomit-frame-pointer -funroll-all-loops -finline-functions (test for excess errors)
FAIL: libgomp.fortran/target7.f90 -O3 -g (test for excess errors)
FAIL: libgomp.fortran/target7.f90 -Os (test for excess errors)
FAIL: libgomp.fortran/target8.f90 -O0 (test for excess errors)
FAIL: libgomp.fortran/target8.f90 -O1 (test for excess errors)
FAIL: libgomp.fortran/target8.f90 -O2 (test for excess errors)
FAIL: libgomp.fortran/target8.f90 -O3 -fomit-frame-pointer (test for excess errors)
FAIL: libgomp.fortran/target8.f90 -O3 -fomit-frame-pointer -funroll-loops (test for excess errors)
FAIL: libgomp.fortran/target8.f90 -O3 -fomit-frame-pointer -funroll-all-loops -finline-functions (test for excess errors)
FAIL: libgomp.fortran/target8.f90 -O3 -g (test for excess errors)
FAIL: libgomp.fortran/target8.f90 -Os (test for excess errors)
=== libgomp Summary ===
# of expected passes 3360
# of unexpected failures 302
# of unsupported tests 83
=== libitm tests ===
Running target unix
=== libitm Summary ===
# of expected passes 26
# of expected failures 3
# of unsupported tests 1
=== libjava tests ===
Running target unix
=== libjava Summary ===
# of expected passes 2582
# of expected failures 4
=== libstdc++ tests ===
Running target unix
=== libstdc++ Summary ===
# of expected passes 9584
# of expected failures 68
# of unsupported tests 549
Compiler version: 5.0.0 20141114 (experimental) (GCC)
Platform: x86_64-unknown-linux-gnu
configure flags: --prefix=/home/toon/compilers/install --with-gnu-as --with-gnu-ld --enable-languages=all,go,ada --disable-multilib --disable-nls --with-arch=core-avx2 --with-tune=core-avx2
More information about the Gcc-testresults
mailing list