Results for 5.0.0 20141112 (experimental) [trunk revision 217417] (GCC) testsuite on i686-pc-linux-gnu
H.J. Lu ia32 Core i7
ia32corei7@gnu-34.sc.intel.com
Wed Nov 12 15:18:00 GMT 2014
Native configuration is i686-pc-linux-gnu
=== gcc tests ===
Running target unix
XPASS: gcc.dg/guality/example.c -O0 execution test
XPASS: gcc.dg/guality/example.c -O1 execution test
XPASS: gcc.dg/guality/guality.c -O0 execution test
XPASS: gcc.dg/guality/guality.c -O1 execution test
XPASS: gcc.dg/guality/guality.c -O2 execution test
XPASS: gcc.dg/guality/guality.c -O2 -flto -fno-use-linker-plugin -flto-partition=none execution test
XPASS: gcc.dg/guality/guality.c -O2 -flto -fuse-linker-plugin -fno-fat-lto-objects execution test
XPASS: gcc.dg/guality/guality.c -O3 -fomit-frame-pointer execution test
XPASS: gcc.dg/guality/guality.c -O3 -g execution test
XPASS: gcc.dg/guality/guality.c -Os execution test
XPASS: gcc.dg/guality/inline-params.c -O2 execution test
XPASS: gcc.dg/guality/inline-params.c -O2 -flto -fno-use-linker-plugin -flto-partition=none execution test
XPASS: gcc.dg/guality/inline-params.c -O3 -fomit-frame-pointer execution test
XPASS: gcc.dg/guality/inline-params.c -O3 -g execution test
XPASS: gcc.dg/guality/inline-params.c -Os execution test
XPASS: gcc.dg/guality/pr41353-1.c -O0 line 28 j == 28 + 37
XPASS: gcc.dg/guality/pr41353-1.c -Os line 28 j == 28 + 37
XPASS: gcc.dg/guality/pr41447-1.c -O0 execution test
XPASS: gcc.dg/guality/pr41447-1.c -O1 execution test
XPASS: gcc.dg/guality/pr41447-1.c -O2 -flto -fuse-linker-plugin -fno-fat-lto-objects execution test
XPASS: gcc.dg/guality/pr41447-1.c -Os execution test
XPASS: gcc.dg/guality/pr41616-1.c -O0 execution test
XPASS: gcc.dg/guality/pr41616-1.c -O1 execution test
XPASS: gcc.dg/guality/pr41616-1.c -O2 execution test
XPASS: gcc.dg/guality/pr41616-1.c -O2 -flto -fno-use-linker-plugin -flto-partition=none execution test
XPASS: gcc.dg/guality/pr41616-1.c -O3 -fomit-frame-pointer execution test
XPASS: gcc.dg/guality/pr41616-1.c -O3 -g execution test
XPASS: gcc.dg/guality/pr41616-1.c -Os execution test
FAIL: gcc.dg/guality/pr43479.c -O1 line 13 h == 9
FAIL: gcc.dg/guality/pr43479.c -O1 line 18 h == 9
FAIL: gcc.dg/guality/pr43479.c -O2 line 13 h == 9
FAIL: gcc.dg/guality/pr43479.c -O2 line 18 h == 9
FAIL: gcc.dg/guality/pr43479.c -O2 -flto -fno-use-linker-plugin -flto-partition=none line 13 h == 9
FAIL: gcc.dg/guality/pr43479.c -O2 -flto -fno-use-linker-plugin -flto-partition=none line 18 h == 9
FAIL: gcc.dg/guality/pr43479.c -O2 -flto -fuse-linker-plugin -fno-fat-lto-objects line 13 h == 9
FAIL: gcc.dg/guality/pr43479.c -O2 -flto -fuse-linker-plugin -fno-fat-lto-objects line 18 h == 9
FAIL: gcc.dg/guality/pr43479.c -O3 -fomit-frame-pointer line 13 h == 9
FAIL: gcc.dg/guality/pr43479.c -O3 -fomit-frame-pointer line 18 h == 9
FAIL: gcc.dg/guality/pr43479.c -O3 -g line 13 h == 9
FAIL: gcc.dg/guality/pr43479.c -O3 -g line 18 h == 9
FAIL: gcc.dg/guality/pr43479.c -Os line 13 h == 9
FAIL: gcc.dg/guality/pr43479.c -Os line 18 h == 9
FAIL: gcc.dg/guality/pr45882.c -O2 -flto -fuse-linker-plugin -fno-fat-lto-objects line 16 d == 112
FAIL: gcc.dg/guality/pr45882.c -O2 -flto -fuse-linker-plugin -fno-fat-lto-objects line 16 e == 142
FAIL: gcc.dg/guality/pr54200.c -O2 -flto -fuse-linker-plugin -fno-fat-lto-objects line 20 z == 3
FAIL: gcc.dg/guality/pr54519-1.c -O2 -flto -fno-use-linker-plugin -flto-partition=none line 20 y == 25
FAIL: gcc.dg/guality/pr54519-1.c -O2 -flto -fno-use-linker-plugin -flto-partition=none line 20 z == 6
FAIL: gcc.dg/guality/pr54519-1.c -O2 -flto -fno-use-linker-plugin -flto-partition=none line 23 y == 117
FAIL: gcc.dg/guality/pr54519-1.c -O2 -flto -fno-use-linker-plugin -flto-partition=none line 23 z == 8
FAIL: gcc.dg/guality/pr54519-2.c -O2 -flto -fno-use-linker-plugin -flto-partition=none line 17 y == 25
FAIL: gcc.dg/guality/pr54519-2.c -O2 -flto -fuse-linker-plugin -fno-fat-lto-objects line 17 y == 25
FAIL: gcc.dg/guality/pr54519-3.c -O2 -flto -fno-use-linker-plugin -flto-partition=none line 20 y == 25
FAIL: gcc.dg/guality/pr54519-3.c -O2 -flto -fno-use-linker-plugin -flto-partition=none line 20 z == 6
FAIL: gcc.dg/guality/pr54519-3.c -O2 -flto -fno-use-linker-plugin -flto-partition=none line 23 y == 117
FAIL: gcc.dg/guality/pr54519-3.c -O2 -flto -fno-use-linker-plugin -flto-partition=none line 23 z == 8
FAIL: gcc.dg/guality/pr54519-3.c -O2 -flto -fuse-linker-plugin -fno-fat-lto-objects line 20 y == 25
FAIL: gcc.dg/guality/pr54519-3.c -O2 -flto -fuse-linker-plugin -fno-fat-lto-objects line 20 z == 6
FAIL: gcc.dg/guality/pr54519-3.c -O2 -flto -fuse-linker-plugin -fno-fat-lto-objects line 23 y == 117
FAIL: gcc.dg/guality/pr54519-3.c -O2 -flto -fuse-linker-plugin -fno-fat-lto-objects line 23 z == 8
FAIL: gcc.dg/guality/pr54519-4.c -O2 -flto -fno-use-linker-plugin -flto-partition=none line 17 y == 25
FAIL: gcc.dg/guality/pr54519-4.c -O2 -flto -fuse-linker-plugin -fno-fat-lto-objects line 17 y == 25
FAIL: gcc.dg/guality/pr54519-5.c -O2 -flto -fno-use-linker-plugin -flto-partition=none line 17 y == 25
FAIL: gcc.dg/guality/pr54519-5.c -O2 -flto -fuse-linker-plugin -fno-fat-lto-objects line 17 y == 25
FAIL: gcc.dg/guality/pr54970.c -Os line 15 a[0] == 1
FAIL: gcc.dg/guality/pr54970.c -Os line 20 a[0] == 1
FAIL: gcc.dg/guality/pr54970.c -Os line 25 a[0] == 1
FAIL: gcc.dg/guality/pr54970.c -Os line 31 *p == 6
FAIL: gcc.dg/guality/pr54970.c -Os line 31 *q == 5
FAIL: gcc.dg/guality/pr54970.c -Os line 36 *p == 26
FAIL: gcc.dg/guality/pr54970.c -Os line 36 *q == 5
FAIL: gcc.dg/guality/pr54970.c -Os line 45 *p == 26
FAIL: gcc.dg/guality/pr54970.c -Os line 45 *q == 25
FAIL: gcc.dg/guality/pr54970.c -Os line 45 p[-1] == 25
FAIL: gcc.dg/guality/pr54970.c -Os line 45 p[-2] == 4
FAIL: gcc.dg/guality/pr54970.c -Os line 45 q[-1] == 4
FAIL: gcc.dg/guality/pr54970.c -Os line 45 q[1] == 26
FAIL: gcc.dg/guality/sra-1.c -O2 line 32 a[0] == 4
FAIL: gcc.dg/guality/sra-1.c -O2 line 43 a.i == 4
FAIL: gcc.dg/guality/sra-1.c -O2 -flto -fno-use-linker-plugin -flto-partition=none line 21 a.i == 4
FAIL: gcc.dg/guality/sra-1.c -O2 -flto -fno-use-linker-plugin -flto-partition=none line 43 a.i == 4
FAIL: gcc.dg/guality/sra-1.c -O2 -flto -fuse-linker-plugin -fno-fat-lto-objects line 21 a.i == 4
FAIL: gcc.dg/guality/sra-1.c -O3 -fomit-frame-pointer line 32 a[0] == 4
FAIL: gcc.dg/guality/sra-1.c -O3 -fomit-frame-pointer line 43 a.i == 4
FAIL: gcc.dg/guality/sra-1.c -O3 -g line 32 a[0] == 4
FAIL: gcc.dg/guality/sra-1.c -O3 -g line 43 a.i == 4
FAIL: gcc.dg/guality/sra-1.c -Os line 32 a[0] == 4
FAIL: gcc.dg/guality/sra-1.c -Os line 43 a.i == 4
FAIL: gcc.dg/guality/vla-2.c -O2 line 25 sizeof (a) == 6 * sizeof (int)
FAIL: gcc.dg/guality/vla-2.c -O2 -flto -fno-use-linker-plugin -flto-partition=none line 25 sizeof (a) == 6 * sizeof (int)
FAIL: gcc.dg/guality/vla-2.c -O2 -flto -fuse-linker-plugin -fno-fat-lto-objects line 25 sizeof (a) == 6 * sizeof (int)
FAIL: gcc.dg/guality/vla-2.c -O3 -fomit-frame-pointer line 25 sizeof (a) == 6 * sizeof (int)
FAIL: gcc.dg/guality/vla-2.c -O3 -g line 25 sizeof (a) == 6 * sizeof (int)
FAIL: gcc.dg/guality/vla-2.c -Os line 25 sizeof (a) == 6 * sizeof (int)
FAIL: gcc.dg/lto/pr55113 c_lto_pr55113_0.o assemble, -flto -fshort-double -O0 (internal compiler error)
UNRESOLVED: gcc.dg/lto/pr55113 c_lto_pr55113_0.o-c_lto_pr55113_0.o execute -flto -fshort-double -O0
UNRESOLVED: gcc.dg/lto/pr55113 c_lto_pr55113_0.o-c_lto_pr55113_0.o link -flto -fshort-double -O0
UNRESOLVED: gcc.dg/tree-prof/peel-1.c scan-rtl-dump loop2_unroll "Considering simply peeling loop"
FAIL: c-c++-common/ubsan/object-size-1.c -O2 output pattern test, is c-c++-common/ubsan/object-size-1.c:16:7: runtime error: load of address 0x09f6a01c with insufficient space for an object of type 'char'
FAIL: c-c++-common/ubsan/object-size-1.c -O2 -flto -fno-use-linker-plugin -flto-partition=none output pattern test, is c-c++-common/ubsan/object-size-1.c:16:7: runtime error: load of address 0x0918501c with insufficient space for an object of type 'char'
FAIL: c-c++-common/ubsan/object-size-1.c -O2 -flto -fuse-linker-plugin -fno-fat-lto-objects output pattern test, is c-c++-common/ubsan/object-size-1.c:16:7: runtime error: load of address 0x0851901c with insufficient space for an object of type 'char'
FAIL: c-c++-common/ubsan/object-size-10.c -O2 execution test
FAIL: c-c++-common/ubsan/object-size-10.c -O2 -flto -fno-use-linker-plugin -flto-partition=none execution test
FAIL: c-c++-common/ubsan/object-size-10.c -O2 -flto -fuse-linker-plugin -fno-fat-lto-objects output pattern test, is c-c++-common/ubsan/object-size-10.c:19:11: runtime error: index 128 out of bounds for type 'char [128]'
FAIL: c-c++-common/ubsan/object-size-4.c -O2 output pattern test, is c-c++-common/ubsan/object-size-4.c:16:11: runtime error: load of address 0x08fe3010 with insufficient space for an object of type 'int'
FAIL: c-c++-common/ubsan/object-size-4.c -O2 -flto -fno-use-linker-plugin -flto-partition=none output pattern test, is c-c++-common/ubsan/object-size-4.c:16:11: runtime error: load of address 0x09998010 with insufficient space for an object of type 'int'
FAIL: c-c++-common/ubsan/object-size-4.c -O2 -flto -fuse-linker-plugin -fno-fat-lto-objects output pattern test, is c-c++-common/ubsan/object-size-4.c:16:11: runtime error: load of address 0x096eb010 with insufficient space for an object of type 'int'
FAIL: c-c++-common/ubsan/object-size-5.c -O2 output pattern test, is c-c++-common/ubsan/object-size-5.c:18:10: runtime error: load of address 0x0899901c with insufficient space for an object of type 'char'
FAIL: c-c++-common/ubsan/object-size-5.c -O2 -flto -fno-use-linker-plugin -flto-partition=none output pattern test, is c-c++-common/ubsan/object-size-5.c:18:10: runtime error: load of address 0x081ad01c with insufficient space for an object of type 'char'
FAIL: c-c++-common/ubsan/object-size-5.c -O2 -flto -fuse-linker-plugin -fno-fat-lto-objects output pattern test, is c-c++-common/ubsan/object-size-5.c:18:10: runtime error: load of address 0x09ada01c with insufficient space for an object of type 'char'
FAIL: c-c++-common/ubsan/object-size-7.c -O2 output pattern test, is c-c++-common/ubsan/object-size-7.c:15:5: runtime error: load of address 0xffd49c10 with insufficient space for an object of type 'struct S'
FAIL: c-c++-common/ubsan/object-size-7.c -O2 -flto -fno-use-linker-plugin -flto-partition=none output pattern test, is c-c++-common/ubsan/object-size-7.c:15:5: runtime error: load of address 0xffd48390 with insufficient space for an object of type 'struct S'
FAIL: c-c++-common/ubsan/object-size-7.c -O2 -flto -fuse-linker-plugin -fno-fat-lto-objects output pattern test, is c-c++-common/ubsan/object-size-7.c:15:5: runtime error: load of address 0xffd86970 with insufficient space for an object of type 'struct S'
FAIL: c-c++-common/ubsan/object-size-8.c -O2 output pattern test, is c-c++-common/ubsan/object-size-8.c:12:10: runtime error: load of address 0x0938400c with insufficient space for an object of type 'int'
FAIL: c-c++-common/ubsan/object-size-8.c -O2 -flto -fno-use-linker-plugin -flto-partition=none output pattern test, is c-c++-common/ubsan/object-size-8.c:12:10: runtime error: load of address 0x088ec00c with insufficient space for an object of type 'int'
FAIL: c-c++-common/ubsan/object-size-8.c -O2 -flto -fuse-linker-plugin -fno-fat-lto-objects output pattern test, is c-c++-common/ubsan/object-size-8.c:12:10: runtime error: load of address 0x0951400c with insufficient space for an object of type 'int'
FAIL: c-c++-common/ubsan/object-size-9.c -O2 output pattern test, is c-c++-common/ubsan/object-size-9.c:21:10: runtime error: load of address 0xffac3ee0 with insufficient space for an object of type 'char'
FAIL: c-c++-common/ubsan/object-size-9.c -O2 -flto -fno-use-linker-plugin -flto-partition=none output pattern test, is c-c++-common/ubsan/object-size-9.c:21:10: runtime error: load of address 0xfff18cd0 with insufficient space for an object of type 'char'
FAIL: c-c++-common/ubsan/object-size-9.c -O2 -flto -fuse-linker-plugin -fno-fat-lto-objects output pattern test, is c-c++-common/ubsan/object-size-9.c:21:10: runtime error: load of address 0xffd8f380 with insufficient space for an object of type 'char'
FAIL: gcc.dg/ubsan/object-size-9.c -O2 output pattern test, is gcc.dg/ubsan/object-size-9.c:11:13: runtime error: load of address 0x08049a1a with insufficient space for an object of type 'char'
FAIL: gcc.dg/ubsan/object-size-9.c -O2 -flto -fno-use-linker-plugin -flto-partition=none output pattern test, is gcc.dg/ubsan/object-size-9.c:11:13: runtime error: load of address 0x08049a1a with insufficient space for an object of type 'char'
FAIL: gcc.dg/ubsan/object-size-9.c -O2 -flto -fuse-linker-plugin -fno-fat-lto-objects output pattern test, is gcc.dg/ubsan/object-size-9.c:11:13: runtime error: load of address 0x08049996 with insufficient space for an object of type 'char'
FAIL: gcc.dg/vect/costmodel/i386/costmodel-fast-math-vect-pr29925.c scan-tree-dump-times vect "vectorized 1 loops" 1
XPASS: gcc.target/i386/avx512vl-vmovdqa64-1.c scan-assembler-times vmovdqa64[ \\\\t]+[^\\n]*%xmm[0-9][^\\n^x^y]*\\\\( 2
FAIL: gcc.target/i386/pr49095.c scan-assembler-not test[lq]
=== gcc Summary ===
# of expected passes 113085
# of unexpected failures 92
# of unexpected successes 29
# of expected failures 270
# of unresolved testcases 3
# of unsupported tests 1662
/export/gnu/import/git/gcc-test-ia32corei7/bld/gcc/xgcc version 5.0.0 20141112 (experimental) [trunk revision 217417] (GCC)
=== gfortran tests ===
Running target unix
=== gfortran Summary ===
# of expected passes 46484
# of expected failures 38
# of unsupported tests 205
/export/gnu/import/git/gcc-test-ia32corei7/bld/gcc/testsuite/gfortran/../../gfortran version 5.0.0 20141112 (experimental) [trunk revision 217417] (GCC)
=== g++ tests ===
Running target unix
FAIL: g++.dg/guality/pr55665.C -O2 line 23 p == 40
FAIL: g++.dg/guality/pr55665.C -O3 -fomit-frame-pointer line 23 p == 40
FAIL: g++.dg/guality/pr55665.C -O3 -g line 23 p == 40
XPASS: g++.dg/tls/thread_local-order2.C -std=c++11 execution test
XPASS: g++.dg/tls/thread_local-order2.C -std=c++14 execution test
FAIL: c-c++-common/ubsan/object-size-1.c -O2 output pattern test, is c-c++-common/ubsan/object-size-1.c:16:15: runtime error: load of address 0x0864c01c with insufficient space for an object of type 'char'
FAIL: c-c++-common/ubsan/object-size-1.c -O2 -flto -fno-use-linker-plugin -flto-partition=none output pattern test, is c-c++-common/ubsan/object-size-1.c:16:15: runtime error: load of address 0x09b4401c with insufficient space for an object of type 'char'
FAIL: c-c++-common/ubsan/object-size-1.c -O2 -flto -fuse-linker-plugin -fno-fat-lto-objects output pattern test, is c-c++-common/ubsan/object-size-1.c:16:15: runtime error: load of address 0x09c8001c with insufficient space for an object of type 'char'
FAIL: c-c++-common/ubsan/object-size-10.c -O2 output pattern test, is c-c++-common/ubsan/object-size-10.c:19:19: runtime error: index 128 out of bounds for type 'char [128]'
FAIL: c-c++-common/ubsan/object-size-10.c -O2 -flto -fno-use-linker-plugin -flto-partition=none output pattern test, is c-c++-common/ubsan/object-size-10.c:19:19: runtime error: index 128 out of bounds for type 'char [128]'
FAIL: c-c++-common/ubsan/object-size-10.c -O2 -flto -fuse-linker-plugin -fno-fat-lto-objects execution test
FAIL: c-c++-common/ubsan/object-size-4.c -O2 output pattern test, is c-c++-common/ubsan/object-size-4.c:16:13: runtime error: load of address 0x08650010 with insufficient space for an object of type 'int'
FAIL: c-c++-common/ubsan/object-size-4.c -O2 -flto -fno-use-linker-plugin -flto-partition=none output pattern test, is c-c++-common/ubsan/object-size-4.c:16:13: runtime error: load of address 0x09cc6010 with insufficient space for an object of type 'int'
FAIL: c-c++-common/ubsan/object-size-4.c -O2 -flto -fuse-linker-plugin -fno-fat-lto-objects output pattern test, is c-c++-common/ubsan/object-size-4.c:16:13: runtime error: load of address 0x0938c010 with insufficient space for an object of type 'int'
FAIL: c-c++-common/ubsan/object-size-5.c -O2 output pattern test, is c-c++-common/ubsan/object-size-5.c:18:12: runtime error: load of address 0x0838001c with insufficient space for an object of type 'char'
FAIL: c-c++-common/ubsan/object-size-5.c -O2 -flto -fno-use-linker-plugin -flto-partition=none output pattern test, is c-c++-common/ubsan/object-size-5.c:18:12: runtime error: load of address 0x08f6b01c with insufficient space for an object of type 'char'
FAIL: c-c++-common/ubsan/object-size-5.c -O2 -flto -fuse-linker-plugin -fno-fat-lto-objects output pattern test, is c-c++-common/ubsan/object-size-5.c:18:12: runtime error: load of address 0x092e801c with insufficient space for an object of type 'char'
FAIL: c-c++-common/ubsan/object-size-7.c -O2 output pattern test, is c-c++-common/ubsan/object-size-7.c:15:11: runtime error: load of address 0xffd0e5b0 with insufficient space for an object of type 'const struct S'
FAIL: c-c++-common/ubsan/object-size-7.c -O2 -flto -fno-use-linker-plugin -flto-partition=none output pattern test, is c-c++-common/ubsan/object-size-7.c:15:11: runtime error: load of address 0xffb761e0 with insufficient space for an object of type 'const struct S'
FAIL: c-c++-common/ubsan/object-size-7.c -O2 -flto -fuse-linker-plugin -fno-fat-lto-objects output pattern test, is c-c++-common/ubsan/object-size-7.c:15:11: runtime error: load of address 0xffc7f330 with insufficient space for an object of type 'const struct S'
FAIL: c-c++-common/ubsan/object-size-8.c -O2 output pattern test, is c-c++-common/ubsan/object-size-8.c:12:13: runtime error: load of address 0x08a2100c with insufficient space for an object of type 'int'
FAIL: c-c++-common/ubsan/object-size-8.c -O2 -flto -fno-use-linker-plugin -flto-partition=none output pattern test, is c-c++-common/ubsan/object-size-8.c:12:13: runtime error: load of address 0x0853500c with insufficient space for an object of type 'int'
FAIL: c-c++-common/ubsan/object-size-8.c -O2 -flto -fuse-linker-plugin -fno-fat-lto-objects output pattern test, is c-c++-common/ubsan/object-size-8.c:12:13: runtime error: load of address 0x089da00c with insufficient space for an object of type 'int'
FAIL: c-c++-common/ubsan/object-size-9.c -O2 output pattern test, is c-c++-common/ubsan/object-size-9.c:21:11: runtime error: load of address 0xffbad650 with insufficient space for an object of type 'char'
FAIL: c-c++-common/ubsan/object-size-9.c -O2 -flto -fno-use-linker-plugin -flto-partition=none output pattern test, is c-c++-common/ubsan/object-size-9.c:21:11: runtime error: load of address 0xffad08f0 with insufficient space for an object of type 'char'
FAIL: c-c++-common/ubsan/object-size-9.c -O2 -flto -fuse-linker-plugin -fno-fat-lto-objects output pattern test, is c-c++-common/ubsan/object-size-9.c:21:11: runtime error: load of address 0xffa8f890 with insufficient space for an object of type 'char'
=== g++ Summary ===
# of expected passes 88794
# of unexpected failures 24
# of unexpected successes 2
# of expected failures 245
# of unsupported tests 3149
/export/gnu/import/git/gcc-test-ia32corei7/bld/gcc/testsuite/g++/../../xg++ version 5.0.0 20141112 (experimental) [trunk revision 217417] (GCC)
=== objc tests ===
Running target unix
=== objc Summary ===
# of expected passes 3004
# of expected failures 6
# of unsupported tests 74
/export/gnu/import/git/gcc-test-ia32corei7/bld/gcc/xgcc version 5.0.0 20141112 (experimental) [trunk revision 217417] (GCC)
=== boehm-gc tests ===
Running target unix
=== boehm-gc Summary ===
# of expected passes 12
# of unsupported tests 1
=== libatomic tests ===
Running target unix
=== libatomic Summary ===
# of expected passes 44
# of unsupported tests 5
=== libffi tests ===
Running target unix
=== libffi Summary ===
# of expected passes 1819
# of unsupported tests 55
=== libgomp tests ===
Running target unix
=== libgomp Summary ===
# of expected passes 3232
# of unsupported tests 19
=== libitm tests ===
Running target unix
=== libitm Summary ===
# of expected passes 26
# of expected failures 3
# of unsupported tests 1
=== libjava tests ===
Running target unix
=== libjava Summary ===
# of expected passes 2582
# of expected failures 4
=== libstdc++ tests ===
Running target unix
=== libstdc++ Summary ===
# of expected passes 10351
# of expected failures 68
# of unsupported tests 225
Compiler version: 5.0.0 20141112 (experimental) [trunk revision 217417] (GCC)
Platform: i686-pc-linux-gnu
configure flags: --with-arch=corei7 --with-cpu=intel --prefix=/usr/5.0.0 --enable-clocale=gnu --with-system-zlib --enable-shared --with-demangler-in-ld i686-linux --with-fpmath=sse --enable-languages=c,c++,fortran,java,lto,objc
More information about the Gcc-testresults
mailing list