Results for 4.10.0 20140523 (experimental) (GCC) testsuite on x86_64-unknown-dragonfly3.6
Jonathan Wakely
jwakely@redhat.com
Sat May 24 12:07:00 GMT 2014
Native configuration is x86_64-unknown-dragonfly3.6
=== g++ tests ===
Running target unix
FAIL: c-c++-common/cilk-plus/PS/reduction-1.c -std=gnu++98 (test for excess errors)
UNRESOLVED: c-c++-common/cilk-plus/PS/reduction-1.c -std=gnu++98 compilation failed to produce executable
FAIL: c-c++-common/cilk-plus/PS/reduction-1.c -std=gnu++11 (test for excess errors)
UNRESOLVED: c-c++-common/cilk-plus/PS/reduction-1.c -std=gnu++11 compilation failed to produce executable
FAIL: c-c++-common/cilk-plus/PS/reduction-1.c -std=gnu++1y (test for excess errors)
UNRESOLVED: c-c++-common/cilk-plus/PS/reduction-1.c -std=gnu++1y compilation failed to produce executable
FAIL: c-c++-common/cilk-plus/PS/reduction-2.c -std=gnu++98 (test for excess errors)
UNRESOLVED: c-c++-common/cilk-plus/PS/reduction-2.c -std=gnu++98 compilation failed to produce executable
FAIL: c-c++-common/cilk-plus/PS/reduction-2.c -std=gnu++11 (test for excess errors)
UNRESOLVED: c-c++-common/cilk-plus/PS/reduction-2.c -std=gnu++11 compilation failed to produce executable
FAIL: c-c++-common/cilk-plus/PS/reduction-2.c -std=gnu++1y (test for excess errors)
UNRESOLVED: c-c++-common/cilk-plus/PS/reduction-2.c -std=gnu++1y compilation failed to produce executable
FAIL: c-c++-common/cilk-plus/PS/reduction-3.c -std=gnu++98 (test for excess errors)
UNRESOLVED: c-c++-common/cilk-plus/PS/reduction-3.c -std=gnu++98 compilation failed to produce executable
FAIL: c-c++-common/cilk-plus/PS/reduction-3.c -std=gnu++11 (test for excess errors)
UNRESOLVED: c-c++-common/cilk-plus/PS/reduction-3.c -std=gnu++11 compilation failed to produce executable
FAIL: c-c++-common/cilk-plus/PS/reduction-3.c -std=gnu++1y (test for excess errors)
UNRESOLVED: c-c++-common/cilk-plus/PS/reduction-3.c -std=gnu++1y compilation failed to produce executable
FAIL: c-c++-common/cilk-plus/PS/run-1.c -std=gnu++98 (test for excess errors)
UNRESOLVED: c-c++-common/cilk-plus/PS/run-1.c -std=gnu++98 compilation failed to produce executable
FAIL: c-c++-common/cilk-plus/PS/run-1.c -std=gnu++11 (test for excess errors)
UNRESOLVED: c-c++-common/cilk-plus/PS/run-1.c -std=gnu++11 compilation failed to produce executable
FAIL: c-c++-common/cilk-plus/PS/run-1.c -std=gnu++1y (test for excess errors)
UNRESOLVED: c-c++-common/cilk-plus/PS/run-1.c -std=gnu++1y compilation failed to produce executable
FAIL: g++.dg/cilk-plus/ef_test.C -std=gnu++98 (test for excess errors)
UNRESOLVED: g++.dg/cilk-plus/ef_test.C -std=gnu++98 compilation failed to produce executable
FAIL: g++.dg/cilk-plus/ef_test.C -std=gnu++11 (test for excess errors)
UNRESOLVED: g++.dg/cilk-plus/ef_test.C -std=gnu++11 compilation failed to produce executable
FAIL: g++.dg/cilk-plus/ef_test.C -std=gnu++1y (test for excess errors)
UNRESOLVED: g++.dg/cilk-plus/ef_test.C -std=gnu++1y compilation failed to produce executable
FAIL: c-c++-common/cilk-plus/AN/an-if.c -fcilkplus (test for excess errors)
UNRESOLVED: c-c++-common/cilk-plus/AN/an-if.c -fcilkplus compilation failed to produce executable
FAIL: c-c++-common/cilk-plus/AN/array_test1.c -fcilkplus (test for excess errors)
UNRESOLVED: c-c++-common/cilk-plus/AN/array_test1.c -fcilkplus compilation failed to produce executable
FAIL: c-c++-common/cilk-plus/AN/array_test2.c -fcilkplus (test for excess errors)
UNRESOLVED: c-c++-common/cilk-plus/AN/array_test2.c -fcilkplus compilation failed to produce executable
FAIL: c-c++-common/cilk-plus/AN/array_test_ND.c -fcilkplus (test for excess errors)
UNRESOLVED: c-c++-common/cilk-plus/AN/array_test_ND.c -fcilkplus compilation failed to produce executable
FAIL: c-c++-common/cilk-plus/AN/builtin_fn_custom.c -fcilkplus (test for excess errors)
UNRESOLVED: c-c++-common/cilk-plus/AN/builtin_fn_custom.c -fcilkplus compilation failed to produce executable
FAIL: c-c++-common/cilk-plus/AN/builtin_fn_mutating.c -fcilkplus (test for excess errors)
UNRESOLVED: c-c++-common/cilk-plus/AN/builtin_fn_mutating.c -fcilkplus compilation failed to produce executable
FAIL: c-c++-common/cilk-plus/AN/builtin_func_double2.c -fcilkplus (test for excess errors)
UNRESOLVED: c-c++-common/cilk-plus/AN/builtin_func_double2.c -fcilkplus compilation failed to produce executable
FAIL: c-c++-common/cilk-plus/AN/comma_exp.c -fcilkplus (test for excess errors)
UNRESOLVED: c-c++-common/cilk-plus/AN/comma_exp.c -fcilkplus compilation failed to produce executable
FAIL: c-c++-common/cilk-plus/AN/conditional.c -fcilkplus (test for excess errors)
UNRESOLVED: c-c++-common/cilk-plus/AN/conditional.c -fcilkplus compilation failed to produce executable
FAIL: c-c++-common/cilk-plus/AN/exec-once.c -fcilkplus (test for excess errors)
UNRESOLVED: c-c++-common/cilk-plus/AN/exec-once.c -fcilkplus compilation failed to produce executable
FAIL: c-c++-common/cilk-plus/AN/exec-once2.c -fcilkplus (test for excess errors)
UNRESOLVED: c-c++-common/cilk-plus/AN/exec-once2.c -fcilkplus compilation failed to produce executable
FAIL: c-c++-common/cilk-plus/AN/gather_scatter.c -fcilkplus (test for excess errors)
UNRESOLVED: c-c++-common/cilk-plus/AN/gather_scatter.c -fcilkplus compilation failed to produce executable
FAIL: c-c++-common/cilk-plus/AN/if_test.c -fcilkplus (test for excess errors)
UNRESOLVED: c-c++-common/cilk-plus/AN/if_test.c -fcilkplus compilation failed to produce executable
FAIL: c-c++-common/cilk-plus/AN/n-ptr-test.c -fcilkplus (test for excess errors)
UNRESOLVED: c-c++-common/cilk-plus/AN/n-ptr-test.c -fcilkplus compilation failed to produce executable
FAIL: c-c++-common/cilk-plus/AN/pr57490.c -fcilkplus (test for excess errors)
UNRESOLVED: c-c++-common/cilk-plus/AN/pr57490.c -fcilkplus compilation failed to produce executable
FAIL: c-c++-common/cilk-plus/AN/sec_implicit_ex.c -fcilkplus (test for excess errors)
UNRESOLVED: c-c++-common/cilk-plus/AN/sec_implicit_ex.c -fcilkplus compilation failed to produce executable
FAIL: c-c++-common/cilk-plus/AN/sec_reduce_ind_same_value.c -fcilkplus (test for excess errors)
UNRESOLVED: c-c++-common/cilk-plus/AN/sec_reduce_ind_same_value.c -fcilkplus compilation failed to produce executable
FAIL: c-c++-common/cilk-plus/AN/sec_reduce_return.c -fcilkplus (test for excess errors)
UNRESOLVED: c-c++-common/cilk-plus/AN/sec_reduce_return.c -fcilkplus compilation failed to produce executable
FAIL: c-c++-common/cilk-plus/AN/side-effects-1.c -fcilkplus (test for excess errors)
UNRESOLVED: c-c++-common/cilk-plus/AN/side-effects-1.c -fcilkplus compilation failed to produce executable
FAIL: c-c++-common/cilk-plus/AN/test_builtin_return.c -fcilkplus (test for excess errors)
UNRESOLVED: c-c++-common/cilk-plus/AN/test_builtin_return.c -fcilkplus compilation failed to produce executable
FAIL: c-c++-common/cilk-plus/AN/test_sec_limits.c -fcilkplus (test for excess errors)
UNRESOLVED: c-c++-common/cilk-plus/AN/test_sec_limits.c -fcilkplus compilation failed to produce executable
FAIL: c-c++-common/cilk-plus/AN/an-if.c -O1 -fcilkplus (test for excess errors)
UNRESOLVED: c-c++-common/cilk-plus/AN/an-if.c -O1 -fcilkplus compilation failed to produce executable
FAIL: c-c++-common/cilk-plus/AN/array_test1.c -O1 -fcilkplus (test for excess errors)
UNRESOLVED: c-c++-common/cilk-plus/AN/array_test1.c -O1 -fcilkplus compilation failed to produce executable
FAIL: c-c++-common/cilk-plus/AN/array_test2.c -O1 -fcilkplus (test for excess errors)
UNRESOLVED: c-c++-common/cilk-plus/AN/array_test2.c -O1 -fcilkplus compilation failed to produce executable
FAIL: c-c++-common/cilk-plus/AN/array_test_ND.c -O1 -fcilkplus (test for excess errors)
UNRESOLVED: c-c++-common/cilk-plus/AN/array_test_ND.c -O1 -fcilkplus compilation failed to produce executable
FAIL: c-c++-common/cilk-plus/AN/builtin_fn_custom.c -O1 -fcilkplus (test for excess errors)
UNRESOLVED: c-c++-common/cilk-plus/AN/builtin_fn_custom.c -O1 -fcilkplus compilation failed to produce executable
FAIL: c-c++-common/cilk-plus/AN/builtin_fn_mutating.c -O1 -fcilkplus (test for excess errors)
UNRESOLVED: c-c++-common/cilk-plus/AN/builtin_fn_mutating.c -O1 -fcilkplus compilation failed to produce executable
FAIL: c-c++-common/cilk-plus/AN/builtin_func_double2.c -O1 -fcilkplus (test for excess errors)
UNRESOLVED: c-c++-common/cilk-plus/AN/builtin_func_double2.c -O1 -fcilkplus compilation failed to produce executable
FAIL: c-c++-common/cilk-plus/AN/comma_exp.c -O1 -fcilkplus (test for excess errors)
UNRESOLVED: c-c++-common/cilk-plus/AN/comma_exp.c -O1 -fcilkplus compilation failed to produce executable
FAIL: c-c++-common/cilk-plus/AN/conditional.c -O1 -fcilkplus (test for excess errors)
UNRESOLVED: c-c++-common/cilk-plus/AN/conditional.c -O1 -fcilkplus compilation failed to produce executable
FAIL: c-c++-common/cilk-plus/AN/exec-once.c -O1 -fcilkplus (test for excess errors)
UNRESOLVED: c-c++-common/cilk-plus/AN/exec-once.c -O1 -fcilkplus compilation failed to produce executable
FAIL: c-c++-common/cilk-plus/AN/exec-once2.c -O1 -fcilkplus (test for excess errors)
UNRESOLVED: c-c++-common/cilk-plus/AN/exec-once2.c -O1 -fcilkplus compilation failed to produce executable
FAIL: c-c++-common/cilk-plus/AN/gather_scatter.c -O1 -fcilkplus (test for excess errors)
UNRESOLVED: c-c++-common/cilk-plus/AN/gather_scatter.c -O1 -fcilkplus compilation failed to produce executable
FAIL: c-c++-common/cilk-plus/AN/if_test.c -O1 -fcilkplus (test for excess errors)
UNRESOLVED: c-c++-common/cilk-plus/AN/if_test.c -O1 -fcilkplus compilation failed to produce executable
FAIL: c-c++-common/cilk-plus/AN/n-ptr-test.c -O1 -fcilkplus (test for excess errors)
UNRESOLVED: c-c++-common/cilk-plus/AN/n-ptr-test.c -O1 -fcilkplus compilation failed to produce executable
FAIL: c-c++-common/cilk-plus/AN/pr57490.c -O1 -fcilkplus (test for excess errors)
UNRESOLVED: c-c++-common/cilk-plus/AN/pr57490.c -O1 -fcilkplus compilation failed to produce executable
FAIL: c-c++-common/cilk-plus/AN/sec_implicit_ex.c -O1 -fcilkplus (test for excess errors)
UNRESOLVED: c-c++-common/cilk-plus/AN/sec_implicit_ex.c -O1 -fcilkplus compilation failed to produce executable
FAIL: c-c++-common/cilk-plus/AN/sec_reduce_ind_same_value.c -O1 -fcilkplus (test for excess errors)
UNRESOLVED: c-c++-common/cilk-plus/AN/sec_reduce_ind_same_value.c -O1 -fcilkplus compilation failed to produce executable
FAIL: c-c++-common/cilk-plus/AN/sec_reduce_return.c -O1 -fcilkplus (test for excess errors)
UNRESOLVED: c-c++-common/cilk-plus/AN/sec_reduce_return.c -O1 -fcilkplus compilation failed to produce executable
FAIL: c-c++-common/cilk-plus/AN/side-effects-1.c -O1 -fcilkplus (test for excess errors)
UNRESOLVED: c-c++-common/cilk-plus/AN/side-effects-1.c -O1 -fcilkplus compilation failed to produce executable
FAIL: c-c++-common/cilk-plus/AN/test_builtin_return.c -O1 -fcilkplus (test for excess errors)
UNRESOLVED: c-c++-common/cilk-plus/AN/test_builtin_return.c -O1 -fcilkplus compilation failed to produce executable
FAIL: c-c++-common/cilk-plus/AN/test_sec_limits.c -O1 -fcilkplus (test for excess errors)
UNRESOLVED: c-c++-common/cilk-plus/AN/test_sec_limits.c -O1 -fcilkplus compilation failed to produce executable
FAIL: c-c++-common/cilk-plus/AN/an-if.c -O2 -ftree-vectorize -fcilkplus (test for excess errors)
UNRESOLVED: c-c++-common/cilk-plus/AN/an-if.c -O2 -ftree-vectorize -fcilkplus compilation failed to produce executable
FAIL: c-c++-common/cilk-plus/AN/array_test1.c -O2 -ftree-vectorize -fcilkplus (test for excess errors)
UNRESOLVED: c-c++-common/cilk-plus/AN/array_test1.c -O2 -ftree-vectorize -fcilkplus compilation failed to produce executable
FAIL: c-c++-common/cilk-plus/AN/array_test2.c -O2 -ftree-vectorize -fcilkplus (test for excess errors)
UNRESOLVED: c-c++-common/cilk-plus/AN/array_test2.c -O2 -ftree-vectorize -fcilkplus compilation failed to produce executable
FAIL: c-c++-common/cilk-plus/AN/array_test_ND.c -O2 -ftree-vectorize -fcilkplus (test for excess errors)
UNRESOLVED: c-c++-common/cilk-plus/AN/array_test_ND.c -O2 -ftree-vectorize -fcilkplus compilation failed to produce executable
FAIL: c-c++-common/cilk-plus/AN/builtin_fn_custom.c -O2 -ftree-vectorize -fcilkplus (test for excess errors)
UNRESOLVED: c-c++-common/cilk-plus/AN/builtin_fn_custom.c -O2 -ftree-vectorize -fcilkplus compilation failed to produce executable
FAIL: c-c++-common/cilk-plus/AN/builtin_fn_mutating.c -O2 -ftree-vectorize -fcilkplus (test for excess errors)
UNRESOLVED: c-c++-common/cilk-plus/AN/builtin_fn_mutating.c -O2 -ftree-vectorize -fcilkplus compilation failed to produce executable
FAIL: c-c++-common/cilk-plus/AN/builtin_func_double2.c -O2 -ftree-vectorize -fcilkplus (test for excess errors)
UNRESOLVED: c-c++-common/cilk-plus/AN/builtin_func_double2.c -O2 -ftree-vectorize -fcilkplus compilation failed to produce executable
FAIL: c-c++-common/cilk-plus/AN/comma_exp.c -O2 -ftree-vectorize -fcilkplus (test for excess errors)
UNRESOLVED: c-c++-common/cilk-plus/AN/comma_exp.c -O2 -ftree-vectorize -fcilkplus compilation failed to produce executable
FAIL: c-c++-common/cilk-plus/AN/conditional.c -O2 -ftree-vectorize -fcilkplus (test for excess errors)
UNRESOLVED: c-c++-common/cilk-plus/AN/conditional.c -O2 -ftree-vectorize -fcilkplus compilation failed to produce executable
FAIL: c-c++-common/cilk-plus/AN/exec-once.c -O2 -ftree-vectorize -fcilkplus (test for excess errors)
UNRESOLVED: c-c++-common/cilk-plus/AN/exec-once.c -O2 -ftree-vectorize -fcilkplus compilation failed to produce executable
FAIL: c-c++-common/cilk-plus/AN/exec-once2.c -O2 -ftree-vectorize -fcilkplus (test for excess errors)
UNRESOLVED: c-c++-common/cilk-plus/AN/exec-once2.c -O2 -ftree-vectorize -fcilkplus compilation failed to produce executable
FAIL: c-c++-common/cilk-plus/AN/gather_scatter.c -O2 -ftree-vectorize -fcilkplus (test for excess errors)
UNRESOLVED: c-c++-common/cilk-plus/AN/gather_scatter.c -O2 -ftree-vectorize -fcilkplus compilation failed to produce executable
FAIL: c-c++-common/cilk-plus/AN/if_test.c -O2 -ftree-vectorize -fcilkplus (test for excess errors)
UNRESOLVED: c-c++-common/cilk-plus/AN/if_test.c -O2 -ftree-vectorize -fcilkplus compilation failed to produce executable
FAIL: c-c++-common/cilk-plus/AN/n-ptr-test.c -O2 -ftree-vectorize -fcilkplus (test for excess errors)
UNRESOLVED: c-c++-common/cilk-plus/AN/n-ptr-test.c -O2 -ftree-vectorize -fcilkplus compilation failed to produce executable
FAIL: c-c++-common/cilk-plus/AN/pr57490.c -O2 -ftree-vectorize -fcilkplus (test for excess errors)
UNRESOLVED: c-c++-common/cilk-plus/AN/pr57490.c -O2 -ftree-vectorize -fcilkplus compilation failed to produce executable
FAIL: c-c++-common/cilk-plus/AN/sec_implicit_ex.c -O2 -ftree-vectorize -fcilkplus (test for excess errors)
UNRESOLVED: c-c++-common/cilk-plus/AN/sec_implicit_ex.c -O2 -ftree-vectorize -fcilkplus compilation failed to produce executable
FAIL: c-c++-common/cilk-plus/AN/sec_reduce_ind_same_value.c -O2 -ftree-vectorize -fcilkplus (test for excess errors)
UNRESOLVED: c-c++-common/cilk-plus/AN/sec_reduce_ind_same_value.c -O2 -ftree-vectorize -fcilkplus compilation failed to produce executable
FAIL: c-c++-common/cilk-plus/AN/sec_reduce_return.c -O2 -ftree-vectorize -fcilkplus (test for excess errors)
UNRESOLVED: c-c++-common/cilk-plus/AN/sec_reduce_return.c -O2 -ftree-vectorize -fcilkplus compilation failed to produce executable
FAIL: c-c++-common/cilk-plus/AN/side-effects-1.c -O2 -ftree-vectorize -fcilkplus (test for excess errors)
UNRESOLVED: c-c++-common/cilk-plus/AN/side-effects-1.c -O2 -ftree-vectorize -fcilkplus compilation failed to produce executable
FAIL: c-c++-common/cilk-plus/AN/test_builtin_return.c -O2 -ftree-vectorize -fcilkplus (test for excess errors)
UNRESOLVED: c-c++-common/cilk-plus/AN/test_builtin_return.c -O2 -ftree-vectorize -fcilkplus compilation failed to produce executable
FAIL: c-c++-common/cilk-plus/AN/test_sec_limits.c -O2 -ftree-vectorize -fcilkplus (test for excess errors)
UNRESOLVED: c-c++-common/cilk-plus/AN/test_sec_limits.c -O2 -ftree-vectorize -fcilkplus compilation failed to produce executable
FAIL: c-c++-common/cilk-plus/AN/an-if.c -O3 -fcilkplus (test for excess errors)
UNRESOLVED: c-c++-common/cilk-plus/AN/an-if.c -O3 -fcilkplus compilation failed to produce executable
FAIL: c-c++-common/cilk-plus/AN/array_test1.c -O3 -fcilkplus (test for excess errors)
UNRESOLVED: c-c++-common/cilk-plus/AN/array_test1.c -O3 -fcilkplus compilation failed to produce executable
FAIL: c-c++-common/cilk-plus/AN/array_test2.c -O3 -fcilkplus (test for excess errors)
UNRESOLVED: c-c++-common/cilk-plus/AN/array_test2.c -O3 -fcilkplus compilation failed to produce executable
FAIL: c-c++-common/cilk-plus/AN/array_test_ND.c -O3 -fcilkplus (test for excess errors)
UNRESOLVED: c-c++-common/cilk-plus/AN/array_test_ND.c -O3 -fcilkplus compilation failed to produce executable
FAIL: c-c++-common/cilk-plus/AN/builtin_fn_custom.c -O3 -fcilkplus (test for excess errors)
UNRESOLVED: c-c++-common/cilk-plus/AN/builtin_fn_custom.c -O3 -fcilkplus compilation failed to produce executable
FAIL: c-c++-common/cilk-plus/AN/builtin_fn_mutating.c -O3 -fcilkplus (test for excess errors)
UNRESOLVED: c-c++-common/cilk-plus/AN/builtin_fn_mutating.c -O3 -fcilkplus compilation failed to produce executable
FAIL: c-c++-common/cilk-plus/AN/builtin_func_double2.c -O3 -fcilkplus (test for excess errors)
UNRESOLVED: c-c++-common/cilk-plus/AN/builtin_func_double2.c -O3 -fcilkplus compilation failed to produce executable
FAIL: c-c++-common/cilk-plus/AN/comma_exp.c -O3 -fcilkplus (test for excess errors)
UNRESOLVED: c-c++-common/cilk-plus/AN/comma_exp.c -O3 -fcilkplus compilation failed to produce executable
FAIL: c-c++-common/cilk-plus/AN/conditional.c -O3 -fcilkplus (test for excess errors)
UNRESOLVED: c-c++-common/cilk-plus/AN/conditional.c -O3 -fcilkplus compilation failed to produce executable
FAIL: c-c++-common/cilk-plus/AN/exec-once.c -O3 -fcilkplus (test for excess errors)
UNRESOLVED: c-c++-common/cilk-plus/AN/exec-once.c -O3 -fcilkplus compilation failed to produce executable
FAIL: c-c++-common/cilk-plus/AN/exec-once2.c -O3 -fcilkplus (test for excess errors)
UNRESOLVED: c-c++-common/cilk-plus/AN/exec-once2.c -O3 -fcilkplus compilation failed to produce executable
FAIL: c-c++-common/cilk-plus/AN/gather_scatter.c -O3 -fcilkplus (test for excess errors)
UNRESOLVED: c-c++-common/cilk-plus/AN/gather_scatter.c -O3 -fcilkplus compilation failed to produce executable
FAIL: c-c++-common/cilk-plus/AN/if_test.c -O3 -fcilkplus (test for excess errors)
UNRESOLVED: c-c++-common/cilk-plus/AN/if_test.c -O3 -fcilkplus compilation failed to produce executable
FAIL: c-c++-common/cilk-plus/AN/n-ptr-test.c -O3 -fcilkplus (test for excess errors)
UNRESOLVED: c-c++-common/cilk-plus/AN/n-ptr-test.c -O3 -fcilkplus compilation failed to produce executable
FAIL: c-c++-common/cilk-plus/AN/pr57490.c -O3 -fcilkplus (test for excess errors)
UNRESOLVED: c-c++-common/cilk-plus/AN/pr57490.c -O3 -fcilkplus compilation failed to produce executable
FAIL: c-c++-common/cilk-plus/AN/sec_implicit_ex.c -O3 -fcilkplus (test for excess errors)
UNRESOLVED: c-c++-common/cilk-plus/AN/sec_implicit_ex.c -O3 -fcilkplus compilation failed to produce executable
FAIL: c-c++-common/cilk-plus/AN/sec_reduce_ind_same_value.c -O3 -fcilkplus (test for excess errors)
UNRESOLVED: c-c++-common/cilk-plus/AN/sec_reduce_ind_same_value.c -O3 -fcilkplus compilation failed to produce executable
FAIL: c-c++-common/cilk-plus/AN/sec_reduce_return.c -O3 -fcilkplus (test for excess errors)
UNRESOLVED: c-c++-common/cilk-plus/AN/sec_reduce_return.c -O3 -fcilkplus compilation failed to produce executable
FAIL: c-c++-common/cilk-plus/AN/side-effects-1.c -O3 -fcilkplus (test for excess errors)
UNRESOLVED: c-c++-common/cilk-plus/AN/side-effects-1.c -O3 -fcilkplus compilation failed to produce executable
FAIL: c-c++-common/cilk-plus/AN/test_builtin_return.c -O3 -fcilkplus (test for excess errors)
UNRESOLVED: c-c++-common/cilk-plus/AN/test_builtin_return.c -O3 -fcilkplus compilation failed to produce executable
FAIL: c-c++-common/cilk-plus/AN/test_sec_limits.c -O3 -fcilkplus (test for excess errors)
UNRESOLVED: c-c++-common/cilk-plus/AN/test_sec_limits.c -O3 -fcilkplus compilation failed to produce executable
FAIL: c-c++-common/cilk-plus/AN/an-if.c -g -fcilkplus (test for excess errors)
UNRESOLVED: c-c++-common/cilk-plus/AN/an-if.c -g -fcilkplus compilation failed to produce executable
FAIL: c-c++-common/cilk-plus/AN/array_test1.c -g -fcilkplus (test for excess errors)
UNRESOLVED: c-c++-common/cilk-plus/AN/array_test1.c -g -fcilkplus compilation failed to produce executable
FAIL: c-c++-common/cilk-plus/AN/array_test2.c -g -fcilkplus (test for excess errors)
UNRESOLVED: c-c++-common/cilk-plus/AN/array_test2.c -g -fcilkplus compilation failed to produce executable
FAIL: c-c++-common/cilk-plus/AN/array_test_ND.c -g -fcilkplus (test for excess errors)
UNRESOLVED: c-c++-common/cilk-plus/AN/array_test_ND.c -g -fcilkplus compilation failed to produce executable
FAIL: c-c++-common/cilk-plus/AN/builtin_fn_custom.c -g -fcilkplus (test for excess errors)
UNRESOLVED: c-c++-common/cilk-plus/AN/builtin_fn_custom.c -g -fcilkplus compilation failed to produce executable
FAIL: c-c++-common/cilk-plus/AN/builtin_fn_mutating.c -g -fcilkplus (test for excess errors)
UNRESOLVED: c-c++-common/cilk-plus/AN/builtin_fn_mutating.c -g -fcilkplus compilation failed to produce executable
FAIL: c-c++-common/cilk-plus/AN/builtin_func_double2.c -g -fcilkplus (test for excess errors)
UNRESOLVED: c-c++-common/cilk-plus/AN/builtin_func_double2.c -g -fcilkplus compilation failed to produce executable
FAIL: c-c++-common/cilk-plus/AN/comma_exp.c -g -fcilkplus (test for excess errors)
UNRESOLVED: c-c++-common/cilk-plus/AN/comma_exp.c -g -fcilkplus compilation failed to produce executable
FAIL: c-c++-common/cilk-plus/AN/conditional.c -g -fcilkplus (test for excess errors)
UNRESOLVED: c-c++-common/cilk-plus/AN/conditional.c -g -fcilkplus compilation failed to produce executable
FAIL: c-c++-common/cilk-plus/AN/exec-once.c -g -fcilkplus (test for excess errors)
UNRESOLVED: c-c++-common/cilk-plus/AN/exec-once.c -g -fcilkplus compilation failed to produce executable
FAIL: c-c++-common/cilk-plus/AN/exec-once2.c -g -fcilkplus (test for excess errors)
UNRESOLVED: c-c++-common/cilk-plus/AN/exec-once2.c -g -fcilkplus compilation failed to produce executable
FAIL: c-c++-common/cilk-plus/AN/gather_scatter.c -g -fcilkplus (test for excess errors)
UNRESOLVED: c-c++-common/cilk-plus/AN/gather_scatter.c -g -fcilkplus compilation failed to produce executable
FAIL: c-c++-common/cilk-plus/AN/if_test.c -g -fcilkplus (test for excess errors)
UNRESOLVED: c-c++-common/cilk-plus/AN/if_test.c -g -fcilkplus compilation failed to produce executable
FAIL: c-c++-common/cilk-plus/AN/n-ptr-test.c -g -fcilkplus (test for excess errors)
UNRESOLVED: c-c++-common/cilk-plus/AN/n-ptr-test.c -g -fcilkplus compilation failed to produce executable
FAIL: c-c++-common/cilk-plus/AN/pr57490.c -g -fcilkplus (test for excess errors)
UNRESOLVED: c-c++-common/cilk-plus/AN/pr57490.c -g -fcilkplus compilation failed to produce executable
FAIL: c-c++-common/cilk-plus/AN/sec_implicit_ex.c -g -fcilkplus (test for excess errors)
UNRESOLVED: c-c++-common/cilk-plus/AN/sec_implicit_ex.c -g -fcilkplus compilation failed to produce executable
FAIL: c-c++-common/cilk-plus/AN/sec_reduce_ind_same_value.c -g -fcilkplus (test for excess errors)
UNRESOLVED: c-c++-common/cilk-plus/AN/sec_reduce_ind_same_value.c -g -fcilkplus compilation failed to produce executable
FAIL: c-c++-common/cilk-plus/AN/sec_reduce_return.c -g -fcilkplus (test for excess errors)
UNRESOLVED: c-c++-common/cilk-plus/AN/sec_reduce_return.c -g -fcilkplus compilation failed to produce executable
FAIL: c-c++-common/cilk-plus/AN/side-effects-1.c -g -fcilkplus (test for excess errors)
UNRESOLVED: c-c++-common/cilk-plus/AN/side-effects-1.c -g -fcilkplus compilation failed to produce executable
FAIL: c-c++-common/cilk-plus/AN/test_builtin_return.c -g -fcilkplus (test for excess errors)
UNRESOLVED: c-c++-common/cilk-plus/AN/test_builtin_return.c -g -fcilkplus compilation failed to produce executable
FAIL: c-c++-common/cilk-plus/AN/test_sec_limits.c -g -fcilkplus (test for excess errors)
UNRESOLVED: c-c++-common/cilk-plus/AN/test_sec_limits.c -g -fcilkplus compilation failed to produce executable
FAIL: c-c++-common/cilk-plus/AN/an-if.c -g -O1 -fcilkplus (test for excess errors)
UNRESOLVED: c-c++-common/cilk-plus/AN/an-if.c -g -O1 -fcilkplus compilation failed to produce executable
FAIL: c-c++-common/cilk-plus/AN/array_test1.c -g -O1 -fcilkplus (test for excess errors)
UNRESOLVED: c-c++-common/cilk-plus/AN/array_test1.c -g -O1 -fcilkplus compilation failed to produce executable
FAIL: c-c++-common/cilk-plus/AN/array_test2.c -g -O1 -fcilkplus (test for excess errors)
UNRESOLVED: c-c++-common/cilk-plus/AN/array_test2.c -g -O1 -fcilkplus compilation failed to produce executable
FAIL: c-c++-common/cilk-plus/AN/array_test_ND.c -g -O1 -fcilkplus (test for excess errors)
UNRESOLVED: c-c++-common/cilk-plus/AN/array_test_ND.c -g -O1 -fcilkplus compilation failed to produce executable
FAIL: c-c++-common/cilk-plus/AN/builtin_fn_custom.c -g -O1 -fcilkplus (test for excess errors)
UNRESOLVED: c-c++-common/cilk-plus/AN/builtin_fn_custom.c -g -O1 -fcilkplus compilation failed to produce executable
FAIL: c-c++-common/cilk-plus/AN/builtin_fn_mutating.c -g -O1 -fcilkplus (test for excess errors)
UNRESOLVED: c-c++-common/cilk-plus/AN/builtin_fn_mutating.c -g -O1 -fcilkplus compilation failed to produce executable
FAIL: c-c++-common/cilk-plus/AN/builtin_func_double2.c -g -O1 -fcilkplus (test for excess errors)
UNRESOLVED: c-c++-common/cilk-plus/AN/builtin_func_double2.c -g -O1 -fcilkplus compilation failed to produce executable
FAIL: c-c++-common/cilk-plus/AN/comma_exp.c -g -O1 -fcilkplus (test for excess errors)
UNRESOLVED: c-c++-common/cilk-plus/AN/comma_exp.c -g -O1 -fcilkplus compilation failed to produce executable
FAIL: c-c++-common/cilk-plus/AN/conditional.c -g -O1 -fcilkplus (test for excess errors)
UNRESOLVED: c-c++-common/cilk-plus/AN/conditional.c -g -O1 -fcilkplus compilation failed to produce executable
FAIL: c-c++-common/cilk-plus/AN/exec-once.c -g -O1 -fcilkplus (test for excess errors)
UNRESOLVED: c-c++-common/cilk-plus/AN/exec-once.c -g -O1 -fcilkplus compilation failed to produce executable
FAIL: c-c++-common/cilk-plus/AN/exec-once2.c -g -O1 -fcilkplus (test for excess errors)
UNRESOLVED: c-c++-common/cilk-plus/AN/exec-once2.c -g -O1 -fcilkplus compilation failed to produce executable
FAIL: c-c++-common/cilk-plus/AN/gather_scatter.c -g -O1 -fcilkplus (test for excess errors)
UNRESOLVED: c-c++-common/cilk-plus/AN/gather_scatter.c -g -O1 -fcilkplus compilation failed to produce executable
FAIL: c-c++-common/cilk-plus/AN/if_test.c -g -O1 -fcilkplus (test for excess errors)
UNRESOLVED: c-c++-common/cilk-plus/AN/if_test.c -g -O1 -fcilkplus compilation failed to produce executable
FAIL: c-c++-common/cilk-plus/AN/n-ptr-test.c -g -O1 -fcilkplus (test for excess errors)
UNRESOLVED: c-c++-common/cilk-plus/AN/n-ptr-test.c -g -O1 -fcilkplus compilation failed to produce executable
FAIL: c-c++-common/cilk-plus/AN/pr57490.c -g -O1 -fcilkplus (test for excess errors)
UNRESOLVED: c-c++-common/cilk-plus/AN/pr57490.c -g -O1 -fcilkplus compilation failed to produce executable
FAIL: c-c++-common/cilk-plus/AN/sec_implicit_ex.c -g -O1 -fcilkplus (test for excess errors)
UNRESOLVED: c-c++-common/cilk-plus/AN/sec_implicit_ex.c -g -O1 -fcilkplus compilation failed to produce executable
FAIL: c-c++-common/cilk-plus/AN/sec_reduce_ind_same_value.c -g -O1 -fcilkplus (test for excess errors)
UNRESOLVED: c-c++-common/cilk-plus/AN/sec_reduce_ind_same_value.c -g -O1 -fcilkplus compilation failed to produce executable
FAIL: c-c++-common/cilk-plus/AN/sec_reduce_return.c -g -O1 -fcilkplus (test for excess errors)
UNRESOLVED: c-c++-common/cilk-plus/AN/sec_reduce_return.c -g -O1 -fcilkplus compilation failed to produce executable
FAIL: c-c++-common/cilk-plus/AN/side-effects-1.c -g -O1 -fcilkplus (test for excess errors)
UNRESOLVED: c-c++-common/cilk-plus/AN/side-effects-1.c -g -O1 -fcilkplus compilation failed to produce executable
FAIL: c-c++-common/cilk-plus/AN/test_builtin_return.c -g -O1 -fcilkplus (test for excess errors)
UNRESOLVED: c-c++-common/cilk-plus/AN/test_builtin_return.c -g -O1 -fcilkplus compilation failed to produce executable
FAIL: c-c++-common/cilk-plus/AN/test_sec_limits.c -g -O1 -fcilkplus (test for excess errors)
UNRESOLVED: c-c++-common/cilk-plus/AN/test_sec_limits.c -g -O1 -fcilkplus compilation failed to produce executable
FAIL: c-c++-common/cilk-plus/AN/an-if.c -g -O2 -ftree-vectorize -fcilkplus (test for excess errors)
UNRESOLVED: c-c++-common/cilk-plus/AN/an-if.c -g -O2 -ftree-vectorize -fcilkplus compilation failed to produce executable
FAIL: c-c++-common/cilk-plus/AN/array_test1.c -g -O2 -ftree-vectorize -fcilkplus (test for excess errors)
UNRESOLVED: c-c++-common/cilk-plus/AN/array_test1.c -g -O2 -ftree-vectorize -fcilkplus compilation failed to produce executable
FAIL: c-c++-common/cilk-plus/AN/array_test2.c -g -O2 -ftree-vectorize -fcilkplus (test for excess errors)
UNRESOLVED: c-c++-common/cilk-plus/AN/array_test2.c -g -O2 -ftree-vectorize -fcilkplus compilation failed to produce executable
FAIL: c-c++-common/cilk-plus/AN/array_test_ND.c -g -O2 -ftree-vectorize -fcilkplus (test for excess errors)
UNRESOLVED: c-c++-common/cilk-plus/AN/array_test_ND.c -g -O2 -ftree-vectorize -fcilkplus compilation failed to produce executable
FAIL: c-c++-common/cilk-plus/AN/builtin_fn_custom.c -g -O2 -ftree-vectorize -fcilkplus (test for excess errors)
UNRESOLVED: c-c++-common/cilk-plus/AN/builtin_fn_custom.c -g -O2 -ftree-vectorize -fcilkplus compilation failed to produce executable
FAIL: c-c++-common/cilk-plus/AN/builtin_fn_mutating.c -g -O2 -ftree-vectorize -fcilkplus (test for excess errors)
UNRESOLVED: c-c++-common/cilk-plus/AN/builtin_fn_mutating.c -g -O2 -ftree-vectorize -fcilkplus compilation failed to produce executable
FAIL: c-c++-common/cilk-plus/AN/builtin_func_double2.c -g -O2 -ftree-vectorize -fcilkplus (test for excess errors)
UNRESOLVED: c-c++-common/cilk-plus/AN/builtin_func_double2.c -g -O2 -ftree-vectorize -fcilkplus compilation failed to produce executable
FAIL: c-c++-common/cilk-plus/AN/comma_exp.c -g -O2 -ftree-vectorize -fcilkplus (test for excess errors)
UNRESOLVED: c-c++-common/cilk-plus/AN/comma_exp.c -g -O2 -ftree-vectorize -fcilkplus compilation failed to produce executable
FAIL: c-c++-common/cilk-plus/AN/conditional.c -g -O2 -ftree-vectorize -fcilkplus (test for excess errors)
UNRESOLVED: c-c++-common/cilk-plus/AN/conditional.c -g -O2 -ftree-vectorize -fcilkplus compilation failed to produce executable
FAIL: c-c++-common/cilk-plus/AN/exec-once.c -g -O2 -ftree-vectorize -fcilkplus (test for excess errors)
UNRESOLVED: c-c++-common/cilk-plus/AN/exec-once.c -g -O2 -ftree-vectorize -fcilkplus compilation failed to produce executable
FAIL: c-c++-common/cilk-plus/AN/exec-once2.c -g -O2 -ftree-vectorize -fcilkplus (test for excess errors)
UNRESOLVED: c-c++-common/cilk-plus/AN/exec-once2.c -g -O2 -ftree-vectorize -fcilkplus compilation failed to produce executable
FAIL: c-c++-common/cilk-plus/AN/gather_scatter.c -g -O2 -ftree-vectorize -fcilkplus (test for excess errors)
UNRESOLVED: c-c++-common/cilk-plus/AN/gather_scatter.c -g -O2 -ftree-vectorize -fcilkplus compilation failed to produce executable
FAIL: c-c++-common/cilk-plus/AN/if_test.c -g -O2 -ftree-vectorize -fcilkplus (test for excess errors)
UNRESOLVED: c-c++-common/cilk-plus/AN/if_test.c -g -O2 -ftree-vectorize -fcilkplus compilation failed to produce executable
FAIL: c-c++-common/cilk-plus/AN/n-ptr-test.c -g -O2 -ftree-vectorize -fcilkplus (test for excess errors)
UNRESOLVED: c-c++-common/cilk-plus/AN/n-ptr-test.c -g -O2 -ftree-vectorize -fcilkplus compilation failed to produce executable
FAIL: c-c++-common/cilk-plus/AN/pr57490.c -g -O2 -ftree-vectorize -fcilkplus (test for excess errors)
UNRESOLVED: c-c++-common/cilk-plus/AN/pr57490.c -g -O2 -ftree-vectorize -fcilkplus compilation failed to produce executable
FAIL: c-c++-common/cilk-plus/AN/sec_implicit_ex.c -g -O2 -ftree-vectorize -fcilkplus (test for excess errors)
UNRESOLVED: c-c++-common/cilk-plus/AN/sec_implicit_ex.c -g -O2 -ftree-vectorize -fcilkplus compilation failed to produce executable
FAIL: c-c++-common/cilk-plus/AN/sec_reduce_ind_same_value.c -g -O2 -ftree-vectorize -fcilkplus (test for excess errors)
UNRESOLVED: c-c++-common/cilk-plus/AN/sec_reduce_ind_same_value.c -g -O2 -ftree-vectorize -fcilkplus compilation failed to produce executable
FAIL: c-c++-common/cilk-plus/AN/sec_reduce_return.c -g -O2 -ftree-vectorize -fcilkplus (test for excess errors)
UNRESOLVED: c-c++-common/cilk-plus/AN/sec_reduce_return.c -g -O2 -ftree-vectorize -fcilkplus compilation failed to produce executable
FAIL: c-c++-common/cilk-plus/AN/side-effects-1.c -g -O2 -ftree-vectorize -fcilkplus (test for excess errors)
UNRESOLVED: c-c++-common/cilk-plus/AN/side-effects-1.c -g -O2 -ftree-vectorize -fcilkplus compilation failed to produce executable
FAIL: c-c++-common/cilk-plus/AN/test_builtin_return.c -g -O2 -ftree-vectorize -fcilkplus (test for excess errors)
UNRESOLVED: c-c++-common/cilk-plus/AN/test_builtin_return.c -g -O2 -ftree-vectorize -fcilkplus compilation failed to produce executable
FAIL: c-c++-common/cilk-plus/AN/test_sec_limits.c -g -O2 -ftree-vectorize -fcilkplus (test for excess errors)
UNRESOLVED: c-c++-common/cilk-plus/AN/test_sec_limits.c -g -O2 -ftree-vectorize -fcilkplus compilation failed to produce executable
FAIL: c-c++-common/cilk-plus/AN/an-if.c -g -O3 -fcilkplus (test for excess errors)
UNRESOLVED: c-c++-common/cilk-plus/AN/an-if.c -g -O3 -fcilkplus compilation failed to produce executable
FAIL: c-c++-common/cilk-plus/AN/array_test1.c -g -O3 -fcilkplus (test for excess errors)
UNRESOLVED: c-c++-common/cilk-plus/AN/array_test1.c -g -O3 -fcilkplus compilation failed to produce executable
FAIL: c-c++-common/cilk-plus/AN/array_test2.c -g -O3 -fcilkplus (test for excess errors)
UNRESOLVED: c-c++-common/cilk-plus/AN/array_test2.c -g -O3 -fcilkplus compilation failed to produce executable
FAIL: c-c++-common/cilk-plus/AN/array_test_ND.c -g -O3 -fcilkplus (test for excess errors)
UNRESOLVED: c-c++-common/cilk-plus/AN/array_test_ND.c -g -O3 -fcilkplus compilation failed to produce executable
FAIL: c-c++-common/cilk-plus/AN/builtin_fn_custom.c -g -O3 -fcilkplus (test for excess errors)
UNRESOLVED: c-c++-common/cilk-plus/AN/builtin_fn_custom.c -g -O3 -fcilkplus compilation failed to produce executable
FAIL: c-c++-common/cilk-plus/AN/builtin_fn_mutating.c -g -O3 -fcilkplus (test for excess errors)
UNRESOLVED: c-c++-common/cilk-plus/AN/builtin_fn_mutating.c -g -O3 -fcilkplus compilation failed to produce executable
FAIL: c-c++-common/cilk-plus/AN/builtin_func_double2.c -g -O3 -fcilkplus (test for excess errors)
UNRESOLVED: c-c++-common/cilk-plus/AN/builtin_func_double2.c -g -O3 -fcilkplus compilation failed to produce executable
FAIL: c-c++-common/cilk-plus/AN/comma_exp.c -g -O3 -fcilkplus (test for excess errors)
UNRESOLVED: c-c++-common/cilk-plus/AN/comma_exp.c -g -O3 -fcilkplus compilation failed to produce executable
FAIL: c-c++-common/cilk-plus/AN/conditional.c -g -O3 -fcilkplus (test for excess errors)
UNRESOLVED: c-c++-common/cilk-plus/AN/conditional.c -g -O3 -fcilkplus compilation failed to produce executable
FAIL: c-c++-common/cilk-plus/AN/exec-once.c -g -O3 -fcilkplus (test for excess errors)
UNRESOLVED: c-c++-common/cilk-plus/AN/exec-once.c -g -O3 -fcilkplus compilation failed to produce executable
FAIL: c-c++-common/cilk-plus/AN/exec-once2.c -g -O3 -fcilkplus (test for excess errors)
UNRESOLVED: c-c++-common/cilk-plus/AN/exec-once2.c -g -O3 -fcilkplus compilation failed to produce executable
FAIL: c-c++-common/cilk-plus/AN/gather_scatter.c -g -O3 -fcilkplus (test for excess errors)
UNRESOLVED: c-c++-common/cilk-plus/AN/gather_scatter.c -g -O3 -fcilkplus compilation failed to produce executable
FAIL: c-c++-common/cilk-plus/AN/if_test.c -g -O3 -fcilkplus (test for excess errors)
UNRESOLVED: c-c++-common/cilk-plus/AN/if_test.c -g -O3 -fcilkplus compilation failed to produce executable
FAIL: c-c++-common/cilk-plus/AN/n-ptr-test.c -g -O3 -fcilkplus (test for excess errors)
UNRESOLVED: c-c++-common/cilk-plus/AN/n-ptr-test.c -g -O3 -fcilkplus compilation failed to produce executable
FAIL: c-c++-common/cilk-plus/AN/pr57490.c -g -O3 -fcilkplus (test for excess errors)
UNRESOLVED: c-c++-common/cilk-plus/AN/pr57490.c -g -O3 -fcilkplus compilation failed to produce executable
FAIL: c-c++-common/cilk-plus/AN/sec_implicit_ex.c -g -O3 -fcilkplus (test for excess errors)
UNRESOLVED: c-c++-common/cilk-plus/AN/sec_implicit_ex.c -g -O3 -fcilkplus compilation failed to produce executable
FAIL: c-c++-common/cilk-plus/AN/sec_reduce_ind_same_value.c -g -O3 -fcilkplus (test for excess errors)
UNRESOLVED: c-c++-common/cilk-plus/AN/sec_reduce_ind_same_value.c -g -O3 -fcilkplus compilation failed to produce executable
FAIL: c-c++-common/cilk-plus/AN/sec_reduce_return.c -g -O3 -fcilkplus (test for excess errors)
UNRESOLVED: c-c++-common/cilk-plus/AN/sec_reduce_return.c -g -O3 -fcilkplus compilation failed to produce executable
FAIL: c-c++-common/cilk-plus/AN/side-effects-1.c -g -O3 -fcilkplus (test for excess errors)
UNRESOLVED: c-c++-common/cilk-plus/AN/side-effects-1.c -g -O3 -fcilkplus compilation failed to produce executable
FAIL: c-c++-common/cilk-plus/AN/test_builtin_return.c -g -O3 -fcilkplus (test for excess errors)
UNRESOLVED: c-c++-common/cilk-plus/AN/test_builtin_return.c -g -O3 -fcilkplus compilation failed to produce executable
FAIL: c-c++-common/cilk-plus/AN/test_sec_limits.c -g -O3 -fcilkplus (test for excess errors)
UNRESOLVED: c-c++-common/cilk-plus/AN/test_sec_limits.c -g -O3 -fcilkplus compilation failed to produce executable
FAIL: c-c++-common/cilk-plus/AN/an-if.c -O3 -ftree-vectorize -fcilkplus -g (test for excess errors)
UNRESOLVED: c-c++-common/cilk-plus/AN/an-if.c -O3 -ftree-vectorize -fcilkplus -g compilation failed to produce executable
FAIL: c-c++-common/cilk-plus/AN/array_test1.c -O3 -ftree-vectorize -fcilkplus -g (test for excess errors)
UNRESOLVED: c-c++-common/cilk-plus/AN/array_test1.c -O3 -ftree-vectorize -fcilkplus -g compilation failed to produce executable
FAIL: c-c++-common/cilk-plus/AN/array_test2.c -O3 -ftree-vectorize -fcilkplus -g (test for excess errors)
UNRESOLVED: c-c++-common/cilk-plus/AN/array_test2.c -O3 -ftree-vectorize -fcilkplus -g compilation failed to produce executable
FAIL: c-c++-common/cilk-plus/AN/array_test_ND.c -O3 -ftree-vectorize -fcilkplus -g (test for excess errors)
UNRESOLVED: c-c++-common/cilk-plus/AN/array_test_ND.c -O3 -ftree-vectorize -fcilkplus -g compilation failed to produce executable
FAIL: c-c++-common/cilk-plus/AN/builtin_fn_custom.c -O3 -ftree-vectorize -fcilkplus -g (test for excess errors)
UNRESOLVED: c-c++-common/cilk-plus/AN/builtin_fn_custom.c -O3 -ftree-vectorize -fcilkplus -g compilation failed to produce executable
FAIL: c-c++-common/cilk-plus/AN/builtin_fn_mutating.c -O3 -ftree-vectorize -fcilkplus -g (test for excess errors)
UNRESOLVED: c-c++-common/cilk-plus/AN/builtin_fn_mutating.c -O3 -ftree-vectorize -fcilkplus -g compilation failed to produce executable
FAIL: c-c++-common/cilk-plus/AN/builtin_func_double2.c -O3 -ftree-vectorize -fcilkplus -g (test for excess errors)
UNRESOLVED: c-c++-common/cilk-plus/AN/builtin_func_double2.c -O3 -ftree-vectorize -fcilkplus -g compilation failed to produce executable
FAIL: c-c++-common/cilk-plus/AN/comma_exp.c -O3 -ftree-vectorize -fcilkplus -g (test for excess errors)
UNRESOLVED: c-c++-common/cilk-plus/AN/comma_exp.c -O3 -ftree-vectorize -fcilkplus -g compilation failed to produce executable
FAIL: c-c++-common/cilk-plus/AN/conditional.c -O3 -ftree-vectorize -fcilkplus -g (test for excess errors)
UNRESOLVED: c-c++-common/cilk-plus/AN/conditional.c -O3 -ftree-vectorize -fcilkplus -g compilation failed to produce executable
FAIL: c-c++-common/cilk-plus/AN/exec-once.c -O3 -ftree-vectorize -fcilkplus -g (test for excess errors)
UNRESOLVED: c-c++-common/cilk-plus/AN/exec-once.c -O3 -ftree-vectorize -fcilkplus -g compilation failed to produce executable
FAIL: c-c++-common/cilk-plus/AN/exec-once2.c -O3 -ftree-vectorize -fcilkplus -g (test for excess errors)
UNRESOLVED: c-c++-common/cilk-plus/AN/exec-once2.c -O3 -ftree-vectorize -fcilkplus -g compilation failed to produce executable
FAIL: c-c++-common/cilk-plus/AN/gather_scatter.c -O3 -ftree-vectorize -fcilkplus -g (test for excess errors)
UNRESOLVED: c-c++-common/cilk-plus/AN/gather_scatter.c -O3 -ftree-vectorize -fcilkplus -g compilation failed to produce executable
FAIL: c-c++-common/cilk-plus/AN/if_test.c -O3 -ftree-vectorize -fcilkplus -g (test for excess errors)
UNRESOLVED: c-c++-common/cilk-plus/AN/if_test.c -O3 -ftree-vectorize -fcilkplus -g compilation failed to produce executable
FAIL: c-c++-common/cilk-plus/AN/n-ptr-test.c -O3 -ftree-vectorize -fcilkplus -g (test for excess errors)
UNRESOLVED: c-c++-common/cilk-plus/AN/n-ptr-test.c -O3 -ftree-vectorize -fcilkplus -g compilation failed to produce executable
FAIL: c-c++-common/cilk-plus/AN/pr57490.c -O3 -ftree-vectorize -fcilkplus -g (test for excess errors)
UNRESOLVED: c-c++-common/cilk-plus/AN/pr57490.c -O3 -ftree-vectorize -fcilkplus -g compilation failed to produce executable
FAIL: c-c++-common/cilk-plus/AN/sec_implicit_ex.c -O3 -ftree-vectorize -fcilkplus -g (test for excess errors)
UNRESOLVED: c-c++-common/cilk-plus/AN/sec_implicit_ex.c -O3 -ftree-vectorize -fcilkplus -g compilation failed to produce executable
FAIL: c-c++-common/cilk-plus/AN/sec_reduce_ind_same_value.c -O3 -ftree-vectorize -fcilkplus -g (test for excess errors)
UNRESOLVED: c-c++-common/cilk-plus/AN/sec_reduce_ind_same_value.c -O3 -ftree-vectorize -fcilkplus -g compilation failed to produce executable
FAIL: c-c++-common/cilk-plus/AN/sec_reduce_return.c -O3 -ftree-vectorize -fcilkplus -g (test for excess errors)
UNRESOLVED: c-c++-common/cilk-plus/AN/sec_reduce_return.c -O3 -ftree-vectorize -fcilkplus -g compilation failed to produce executable
FAIL: c-c++-common/cilk-plus/AN/side-effects-1.c -O3 -ftree-vectorize -fcilkplus -g (test for excess errors)
UNRESOLVED: c-c++-common/cilk-plus/AN/side-effects-1.c -O3 -ftree-vectorize -fcilkplus -g compilation failed to produce executable
FAIL: c-c++-common/cilk-plus/AN/test_builtin_return.c -O3 -ftree-vectorize -fcilkplus -g (test for excess errors)
UNRESOLVED: c-c++-common/cilk-plus/AN/test_builtin_return.c -O3 -ftree-vectorize -fcilkplus -g compilation failed to produce executable
FAIL: c-c++-common/cilk-plus/AN/test_sec_limits.c -O3 -ftree-vectorize -fcilkplus -g (test for excess errors)
UNRESOLVED: c-c++-common/cilk-plus/AN/test_sec_limits.c -O3 -ftree-vectorize -fcilkplus -g compilation failed to produce executable
FAIL: g++.dg/cilk-plus/AN/array_test1_tplt.cc -fcilkplus (test for excess errors)
UNRESOLVED: g++.dg/cilk-plus/AN/array_test1_tplt.cc -fcilkplus compilation failed to produce executable
FAIL: g++.dg/cilk-plus/AN/array_test2_tplt.cc -fcilkplus (test for excess errors)
UNRESOLVED: g++.dg/cilk-plus/AN/array_test2_tplt.cc -fcilkplus compilation failed to produce executable
FAIL: g++.dg/cilk-plus/AN/array_test_ND_tplt.cc -fcilkplus (test for excess errors)
UNRESOLVED: g++.dg/cilk-plus/AN/array_test_ND_tplt.cc -fcilkplus compilation failed to produce executable
FAIL: g++.dg/cilk-plus/AN/builtin_fn_custom_tplt.cc -fcilkplus (test for excess errors)
UNRESOLVED: g++.dg/cilk-plus/AN/builtin_fn_custom_tplt.cc -fcilkplus compilation failed to produce executable
FAIL: g++.dg/cilk-plus/AN/builtin_fn_mutating_tplt.cc -fcilkplus (test for excess errors)
UNRESOLVED: g++.dg/cilk-plus/AN/builtin_fn_mutating_tplt.cc -fcilkplus compilation failed to produce executable
FAIL: g++.dg/cilk-plus/AN/postincr_test.cc -fcilkplus (test for excess errors)
UNRESOLVED: g++.dg/cilk-plus/AN/postincr_test.cc -fcilkplus compilation failed to produce executable
FAIL: g++.dg/cilk-plus/AN/preincr_test.cc -fcilkplus (test for excess errors)
UNRESOLVED: g++.dg/cilk-plus/AN/preincr_test.cc -fcilkplus compilation failed to produce executable
FAIL: g++.dg/cilk-plus/AN/array_test1_tplt.cc -O0 -fcilkplus (test for excess errors)
UNRESOLVED: g++.dg/cilk-plus/AN/array_test1_tplt.cc -O0 -fcilkplus compilation failed to produce executable
FAIL: g++.dg/cilk-plus/AN/array_test2_tplt.cc -O0 -fcilkplus (test for excess errors)
UNRESOLVED: g++.dg/cilk-plus/AN/array_test2_tplt.cc -O0 -fcilkplus compilation failed to produce executable
FAIL: g++.dg/cilk-plus/AN/array_test_ND_tplt.cc -O0 -fcilkplus (test for excess errors)
UNRESOLVED: g++.dg/cilk-plus/AN/array_test_ND_tplt.cc -O0 -fcilkplus compilation failed to produce executable
FAIL: g++.dg/cilk-plus/AN/builtin_fn_custom_tplt.cc -O0 -fcilkplus (test for excess errors)
UNRESOLVED: g++.dg/cilk-plus/AN/builtin_fn_custom_tplt.cc -O0 -fcilkplus compilation failed to produce executable
FAIL: g++.dg/cilk-plus/AN/builtin_fn_mutating_tplt.cc -O0 -fcilkplus (test for excess errors)
UNRESOLVED: g++.dg/cilk-plus/AN/builtin_fn_mutating_tplt.cc -O0 -fcilkplus compilation failed to produce executable
FAIL: g++.dg/cilk-plus/AN/postincr_test.cc -O0 -fcilkplus (test for excess errors)
UNRESOLVED: g++.dg/cilk-plus/AN/postincr_test.cc -O0 -fcilkplus compilation failed to produce executable
FAIL: g++.dg/cilk-plus/AN/preincr_test.cc -O0 -fcilkplus (test for excess errors)
UNRESOLVED: g++.dg/cilk-plus/AN/preincr_test.cc -O0 -fcilkplus compilation failed to produce executable
FAIL: g++.dg/cilk-plus/AN/array_test1_tplt.cc -O1 -fcilkplus (test for excess errors)
UNRESOLVED: g++.dg/cilk-plus/AN/array_test1_tplt.cc -O1 -fcilkplus compilation failed to produce executable
FAIL: g++.dg/cilk-plus/AN/array_test2_tplt.cc -O1 -fcilkplus (test for excess errors)
UNRESOLVED: g++.dg/cilk-plus/AN/array_test2_tplt.cc -O1 -fcilkplus compilation failed to produce executable
FAIL: g++.dg/cilk-plus/AN/array_test_ND_tplt.cc -O1 -fcilkplus (test for excess errors)
UNRESOLVED: g++.dg/cilk-plus/AN/array_test_ND_tplt.cc -O1 -fcilkplus compilation failed to produce executable
FAIL: g++.dg/cilk-plus/AN/builtin_fn_custom_tplt.cc -O1 -fcilkplus (test for excess errors)
UNRESOLVED: g++.dg/cilk-plus/AN/builtin_fn_custom_tplt.cc -O1 -fcilkplus compilation failed to produce executable
FAIL: g++.dg/cilk-plus/AN/builtin_fn_mutating_tplt.cc -O1 -fcilkplus (test for excess errors)
UNRESOLVED: g++.dg/cilk-plus/AN/builtin_fn_mutating_tplt.cc -O1 -fcilkplus compilation failed to produce executable
FAIL: g++.dg/cilk-plus/AN/postincr_test.cc -O1 -fcilkplus (test for excess errors)
UNRESOLVED: g++.dg/cilk-plus/AN/postincr_test.cc -O1 -fcilkplus compilation failed to produce executable
FAIL: g++.dg/cilk-plus/AN/preincr_test.cc -O1 -fcilkplus (test for excess errors)
UNRESOLVED: g++.dg/cilk-plus/AN/preincr_test.cc -O1 -fcilkplus compilation failed to produce executable
FAIL: g++.dg/cilk-plus/AN/array_test1_tplt.cc -O2 -ftree-vectorize -fcilkplus (test for excess errors)
UNRESOLVED: g++.dg/cilk-plus/AN/array_test1_tplt.cc -O2 -ftree-vectorize -fcilkplus compilation failed to produce executable
FAIL: g++.dg/cilk-plus/AN/array_test2_tplt.cc -O2 -ftree-vectorize -fcilkplus (test for excess errors)
UNRESOLVED: g++.dg/cilk-plus/AN/array_test2_tplt.cc -O2 -ftree-vectorize -fcilkplus compilation failed to produce executable
FAIL: g++.dg/cilk-plus/AN/array_test_ND_tplt.cc -O2 -ftree-vectorize -fcilkplus (test for excess errors)
UNRESOLVED: g++.dg/cilk-plus/AN/array_test_ND_tplt.cc -O2 -ftree-vectorize -fcilkplus compilation failed to produce executable
FAIL: g++.dg/cilk-plus/AN/builtin_fn_custom_tplt.cc -O2 -ftree-vectorize -fcilkplus (test for excess errors)
UNRESOLVED: g++.dg/cilk-plus/AN/builtin_fn_custom_tplt.cc -O2 -ftree-vectorize -fcilkplus compilation failed to produce executable
FAIL: g++.dg/cilk-plus/AN/builtin_fn_mutating_tplt.cc -O2 -ftree-vectorize -fcilkplus (test for excess errors)
UNRESOLVED: g++.dg/cilk-plus/AN/builtin_fn_mutating_tplt.cc -O2 -ftree-vectorize -fcilkplus compilation failed to produce executable
FAIL: g++.dg/cilk-plus/AN/postincr_test.cc -O2 -ftree-vectorize -fcilkplus (test for excess errors)
UNRESOLVED: g++.dg/cilk-plus/AN/postincr_test.cc -O2 -ftree-vectorize -fcilkplus compilation failed to produce executable
FAIL: g++.dg/cilk-plus/AN/preincr_test.cc -O2 -ftree-vectorize -fcilkplus (test for excess errors)
UNRESOLVED: g++.dg/cilk-plus/AN/preincr_test.cc -O2 -ftree-vectorize -fcilkplus compilation failed to produce executable
FAIL: g++.dg/cilk-plus/AN/array_test1_tplt.cc -O3 -fcilkplus (test for excess errors)
UNRESOLVED: g++.dg/cilk-plus/AN/array_test1_tplt.cc -O3 -fcilkplus compilation failed to produce executable
FAIL: g++.dg/cilk-plus/AN/array_test2_tplt.cc -O3 -fcilkplus (test for excess errors)
UNRESOLVED: g++.dg/cilk-plus/AN/array_test2_tplt.cc -O3 -fcilkplus compilation failed to produce executable
FAIL: g++.dg/cilk-plus/AN/array_test_ND_tplt.cc -O3 -fcilkplus (test for excess errors)
UNRESOLVED: g++.dg/cilk-plus/AN/array_test_ND_tplt.cc -O3 -fcilkplus compilation failed to produce executable
FAIL: g++.dg/cilk-plus/AN/builtin_fn_custom_tplt.cc -O3 -fcilkplus (test for excess errors)
UNRESOLVED: g++.dg/cilk-plus/AN/builtin_fn_custom_tplt.cc -O3 -fcilkplus compilation failed to produce executable
FAIL: g++.dg/cilk-plus/AN/builtin_fn_mutating_tplt.cc -O3 -fcilkplus (test for excess errors)
UNRESOLVED: g++.dg/cilk-plus/AN/builtin_fn_mutating_tplt.cc -O3 -fcilkplus compilation failed to produce executable
FAIL: g++.dg/cilk-plus/AN/postincr_test.cc -O3 -fcilkplus (test for excess errors)
UNRESOLVED: g++.dg/cilk-plus/AN/postincr_test.cc -O3 -fcilkplus compilation failed to produce executable
FAIL: g++.dg/cilk-plus/AN/preincr_test.cc -O3 -fcilkplus (test for excess errors)
UNRESOLVED: g++.dg/cilk-plus/AN/preincr_test.cc -O3 -fcilkplus compilation failed to produce executable
FAIL: g++.dg/cilk-plus/AN/array_test1_tplt.cc -g -fcilkplus (test for excess errors)
UNRESOLVED: g++.dg/cilk-plus/AN/array_test1_tplt.cc -g -fcilkplus compilation failed to produce executable
FAIL: g++.dg/cilk-plus/AN/array_test2_tplt.cc -g -fcilkplus (test for excess errors)
UNRESOLVED: g++.dg/cilk-plus/AN/array_test2_tplt.cc -g -fcilkplus compilation failed to produce executable
FAIL: g++.dg/cilk-plus/AN/array_test_ND_tplt.cc -g -fcilkplus (test for excess errors)
UNRESOLVED: g++.dg/cilk-plus/AN/array_test_ND_tplt.cc -g -fcilkplus compilation failed to produce executable
FAIL: g++.dg/cilk-plus/AN/builtin_fn_custom_tplt.cc -g -fcilkplus (test for excess errors)
UNRESOLVED: g++.dg/cilk-plus/AN/builtin_fn_custom_tplt.cc -g -fcilkplus compilation failed to produce executable
FAIL: g++.dg/cilk-plus/AN/builtin_fn_mutating_tplt.cc -g -fcilkplus (test for excess errors)
UNRESOLVED: g++.dg/cilk-plus/AN/builtin_fn_mutating_tplt.cc -g -fcilkplus compilation failed to produce executable
FAIL: g++.dg/cilk-plus/AN/postincr_test.cc -g -fcilkplus (test for excess errors)
UNRESOLVED: g++.dg/cilk-plus/AN/postincr_test.cc -g -fcilkplus compilation failed to produce executable
FAIL: g++.dg/cilk-plus/AN/preincr_test.cc -g -fcilkplus (test for excess errors)
UNRESOLVED: g++.dg/cilk-plus/AN/preincr_test.cc -g -fcilkplus compilation failed to produce executable
FAIL: g++.dg/cilk-plus/AN/array_test1_tplt.cc -g -O0 -fcilkplus (test for excess errors)
UNRESOLVED: g++.dg/cilk-plus/AN/array_test1_tplt.cc -g -O0 -fcilkplus compilation failed to produce executable
FAIL: g++.dg/cilk-plus/AN/array_test2_tplt.cc -g -O0 -fcilkplus (test for excess errors)
UNRESOLVED: g++.dg/cilk-plus/AN/array_test2_tplt.cc -g -O0 -fcilkplus compilation failed to produce executable
FAIL: g++.dg/cilk-plus/AN/array_test_ND_tplt.cc -g -O0 -fcilkplus (test for excess errors)
UNRESOLVED: g++.dg/cilk-plus/AN/array_test_ND_tplt.cc -g -O0 -fcilkplus compilation failed to produce executable
FAIL: g++.dg/cilk-plus/AN/builtin_fn_custom_tplt.cc -g -O0 -fcilkplus (test for excess errors)
UNRESOLVED: g++.dg/cilk-plus/AN/builtin_fn_custom_tplt.cc -g -O0 -fcilkplus compilation failed to produce executable
FAIL: g++.dg/cilk-plus/AN/builtin_fn_mutating_tplt.cc -g -O0 -fcilkplus (test for excess errors)
UNRESOLVED: g++.dg/cilk-plus/AN/builtin_fn_mutating_tplt.cc -g -O0 -fcilkplus compilation failed to produce executable
FAIL: g++.dg/cilk-plus/AN/postincr_test.cc -g -O0 -fcilkplus (test for excess errors)
UNRESOLVED: g++.dg/cilk-plus/AN/postincr_test.cc -g -O0 -fcilkplus compilation failed to produce executable
FAIL: g++.dg/cilk-plus/AN/preincr_test.cc -g -O0 -fcilkplus (test for excess errors)
UNRESOLVED: g++.dg/cilk-plus/AN/preincr_test.cc -g -O0 -fcilkplus compilation failed to produce executable
FAIL: g++.dg/cilk-plus/AN/array_test1_tplt.cc -g -O1 -fcilkplus (test for excess errors)
UNRESOLVED: g++.dg/cilk-plus/AN/array_test1_tplt.cc -g -O1 -fcilkplus compilation failed to produce executable
FAIL: g++.dg/cilk-plus/AN/array_test2_tplt.cc -g -O1 -fcilkplus (test for excess errors)
UNRESOLVED: g++.dg/cilk-plus/AN/array_test2_tplt.cc -g -O1 -fcilkplus compilation failed to produce executable
FAIL: g++.dg/cilk-plus/AN/array_test_ND_tplt.cc -g -O1 -fcilkplus (test for excess errors)
UNRESOLVED: g++.dg/cilk-plus/AN/array_test_ND_tplt.cc -g -O1 -fcilkplus compilation failed to produce executable
FAIL: g++.dg/cilk-plus/AN/builtin_fn_custom_tplt.cc -g -O1 -fcilkplus (test for excess errors)
UNRESOLVED: g++.dg/cilk-plus/AN/builtin_fn_custom_tplt.cc -g -O1 -fcilkplus compilation failed to produce executable
FAIL: g++.dg/cilk-plus/AN/builtin_fn_mutating_tplt.cc -g -O1 -fcilkplus (test for excess errors)
UNRESOLVED: g++.dg/cilk-plus/AN/builtin_fn_mutating_tplt.cc -g -O1 -fcilkplus compilation failed to produce executable
FAIL: g++.dg/cilk-plus/AN/postincr_test.cc -g -O1 -fcilkplus (test for excess errors)
UNRESOLVED: g++.dg/cilk-plus/AN/postincr_test.cc -g -O1 -fcilkplus compilation failed to produce executable
FAIL: g++.dg/cilk-plus/AN/preincr_test.cc -g -O1 -fcilkplus (test for excess errors)
UNRESOLVED: g++.dg/cilk-plus/AN/preincr_test.cc -g -O1 -fcilkplus compilation failed to produce executable
FAIL: g++.dg/cilk-plus/AN/array_test1_tplt.cc -g -O2 -ftree-vectorize -fcilkplus (test for excess errors)
UNRESOLVED: g++.dg/cilk-plus/AN/array_test1_tplt.cc -g -O2 -ftree-vectorize -fcilkplus compilation failed to produce executable
FAIL: g++.dg/cilk-plus/AN/array_test2_tplt.cc -g -O2 -ftree-vectorize -fcilkplus (test for excess errors)
UNRESOLVED: g++.dg/cilk-plus/AN/array_test2_tplt.cc -g -O2 -ftree-vectorize -fcilkplus compilation failed to produce executable
FAIL: g++.dg/cilk-plus/AN/array_test_ND_tplt.cc -g -O2 -ftree-vectorize -fcilkplus (test for excess errors)
UNRESOLVED: g++.dg/cilk-plus/AN/array_test_ND_tplt.cc -g -O2 -ftree-vectorize -fcilkplus compilation failed to produce executable
FAIL: g++.dg/cilk-plus/AN/builtin_fn_custom_tplt.cc -g -O2 -ftree-vectorize -fcilkplus (test for excess errors)
UNRESOLVED: g++.dg/cilk-plus/AN/builtin_fn_custom_tplt.cc -g -O2 -ftree-vectorize -fcilkplus compilation failed to produce executable
FAIL: g++.dg/cilk-plus/AN/builtin_fn_mutating_tplt.cc -g -O2 -ftree-vectorize -fcilkplus (test for excess errors)
UNRESOLVED: g++.dg/cilk-plus/AN/builtin_fn_mutating_tplt.cc -g -O2 -ftree-vectorize -fcilkplus compilation failed to produce executable
FAIL: g++.dg/cilk-plus/AN/postincr_test.cc -g -O2 -ftree-vectorize -fcilkplus (test for excess errors)
UNRESOLVED: g++.dg/cilk-plus/AN/postincr_test.cc -g -O2 -ftree-vectorize -fcilkplus compilation failed to produce executable
FAIL: g++.dg/cilk-plus/AN/preincr_test.cc -g -O2 -ftree-vectorize -fcilkplus (test for excess errors)
UNRESOLVED: g++.dg/cilk-plus/AN/preincr_test.cc -g -O2 -ftree-vectorize -fcilkplus compilation failed to produce executable
FAIL: g++.dg/cilk-plus/AN/array_test1_tplt.cc -g -O3 -fcilkplus (test for excess errors)
UNRESOLVED: g++.dg/cilk-plus/AN/array_test1_tplt.cc -g -O3 -fcilkplus compilation failed to produce executable
FAIL: g++.dg/cilk-plus/AN/array_test2_tplt.cc -g -O3 -fcilkplus (test for excess errors)
UNRESOLVED: g++.dg/cilk-plus/AN/array_test2_tplt.cc -g -O3 -fcilkplus compilation failed to produce executable
FAIL: g++.dg/cilk-plus/AN/array_test_ND_tplt.cc -g -O3 -fcilkplus (test for excess errors)
UNRESOLVED: g++.dg/cilk-plus/AN/array_test_ND_tplt.cc -g -O3 -fcilkplus compilation failed to produce executable
FAIL: g++.dg/cilk-plus/AN/builtin_fn_custom_tplt.cc -g -O3 -fcilkplus (test for excess errors)
UNRESOLVED: g++.dg/cilk-plus/AN/builtin_fn_custom_tplt.cc -g -O3 -fcilkplus compilation failed to produce executable
FAIL: g++.dg/cilk-plus/AN/builtin_fn_mutating_tplt.cc -g -O3 -fcilkplus (test for excess errors)
UNRESOLVED: g++.dg/cilk-plus/AN/builtin_fn_mutating_tplt.cc -g -O3 -fcilkplus compilation failed to produce executable
FAIL: g++.dg/cilk-plus/AN/postincr_test.cc -g -O3 -fcilkplus (test for excess errors)
UNRESOLVED: g++.dg/cilk-plus/AN/postincr_test.cc -g -O3 -fcilkplus compilation failed to produce executable
FAIL: g++.dg/cilk-plus/AN/preincr_test.cc -g -O3 -fcilkplus (test for excess errors)
UNRESOLVED: g++.dg/cilk-plus/AN/preincr_test.cc -g -O3 -fcilkplus compilation failed to produce executable
FAIL: g++.dg/cilk-plus/AN/array_test1_tplt.cc -O3 -ftree-vectorize -fcilkplus -g (test for excess errors)
UNRESOLVED: g++.dg/cilk-plus/AN/array_test1_tplt.cc -O3 -ftree-vectorize -fcilkplus -g compilation failed to produce executable
FAIL: g++.dg/cilk-plus/AN/array_test2_tplt.cc -O3 -ftree-vectorize -fcilkplus -g (test for excess errors)
UNRESOLVED: g++.dg/cilk-plus/AN/array_test2_tplt.cc -O3 -ftree-vectorize -fcilkplus -g compilation failed to produce executable
FAIL: g++.dg/cilk-plus/AN/array_test_ND_tplt.cc -O3 -ftree-vectorize -fcilkplus -g (test for excess errors)
UNRESOLVED: g++.dg/cilk-plus/AN/array_test_ND_tplt.cc -O3 -ftree-vectorize -fcilkplus -g compilation failed to produce executable
FAIL: g++.dg/cilk-plus/AN/builtin_fn_custom_tplt.cc -O3 -ftree-vectorize -fcilkplus -g (test for excess errors)
UNRESOLVED: g++.dg/cilk-plus/AN/builtin_fn_custom_tplt.cc -O3 -ftree-vectorize -fcilkplus -g compilation failed to produce executable
FAIL: g++.dg/cilk-plus/AN/builtin_fn_mutating_tplt.cc -O3 -ftree-vectorize -fcilkplus -g (test for excess errors)
UNRESOLVED: g++.dg/cilk-plus/AN/builtin_fn_mutating_tplt.cc -O3 -ftree-vectorize -fcilkplus -g compilation failed to produce executable
FAIL: g++.dg/cilk-plus/AN/postincr_test.cc -O3 -ftree-vectorize -fcilkplus -g (test for excess errors)
UNRESOLVED: g++.dg/cilk-plus/AN/postincr_test.cc -O3 -ftree-vectorize -fcilkplus -g compilation failed to produce executable
FAIL: g++.dg/cilk-plus/AN/preincr_test.cc -O3 -ftree-vectorize -fcilkplus -g (test for excess errors)
UNRESOLVED: g++.dg/cilk-plus/AN/preincr_test.cc -O3 -ftree-vectorize -fcilkplus -g compilation failed to produce executable
FAIL: g++.dg/cdce3.C -std=gnu++98 (test for excess errors)
UNRESOLVED: g++.dg/cdce3.C -std=gnu++98 compilation failed to produce executable
UNRESOLVED: g++.dg/cdce3.C -std=gnu++98 scan-tree-dump cdce "cdce3.C:95: note: function call is shrink-wrapped into error conditions."
UNRESOLVED: g++.dg/cdce3.C -std=gnu++98 scan-tree-dump cdce "cdce3.C:96: note: function call is shrink-wrapped into error conditions."
UNRESOLVED: g++.dg/cdce3.C -std=gnu++98 scan-tree-dump cdce "cdce3.C:97: note: function call is shrink-wrapped into error conditions."
UNRESOLVED: g++.dg/cdce3.C -std=gnu++98 scan-tree-dump cdce "cdce3.C:98: note: function call is shrink-wrapped into error conditions."
UNRESOLVED: g++.dg/cdce3.C -std=gnu++98 scan-tree-dump cdce "cdce3.C:99: note: function call is shrink-wrapped into error conditions."
UNRESOLVED: g++.dg/cdce3.C -std=gnu++98 scan-tree-dump cdce "cdce3.C:100: note: function call is shrink-wrapped into error conditions."
UNRESOLVED: g++.dg/cdce3.C -std=gnu++98 scan-tree-dump cdce "cdce3.C:101: note: function call is shrink-wrapped into error conditions."
UNRESOLVED: g++.dg/cdce3.C -std=gnu++98 scan-tree-dump cdce "cdce3.C:102: note: function call is shrink-wrapped into error conditions."
UNRESOLVED: g++.dg/cdce3.C -std=gnu++98 scan-tree-dump cdce "cdce3.C:103: note: function call is shrink-wrapped into error conditions."
UNRESOLVED: g++.dg/cdce3.C -std=gnu++98 scan-tree-dump cdce "cdce3.C:104: note: function call is shrink-wrapped into error conditions."
UNRESOLVED: g++.dg/cdce3.C -std=gnu++98 scan-tree-dump cdce "cdce3.C:105: note: function call is shrink-wrapped into error conditions."
UNRESOLVED: g++.dg/cdce3.C -std=gnu++98 scan-tree-dump cdce "cdce3.C:106: note: function call is shrink-wrapped into error conditions."
UNRESOLVED: g++.dg/cdce3.C -std=gnu++98 scan-tree-dump cdce "cdce3.C:107: note: function call is shrink-wrapped into error conditions."
UNRESOLVED: g++.dg/cdce3.C -std=gnu++98 scan-tree-dump cdce "cdce3.C:108: note: function call is shrink-wrapped into error conditions."
FAIL: g++.dg/cdce3.C -std=gnu++11 (test for excess errors)
UNRESOLVED: g++.dg/cdce3.C -std=gnu++11 compilation failed to produce executable
UNRESOLVED: g++.dg/cdce3.C -std=gnu++11 scan-tree-dump cdce "cdce3.C:95: note: function call is shrink-wrapped into error conditions."
UNRESOLVED: g++.dg/cdce3.C -std=gnu++11 scan-tree-dump cdce "cdce3.C:96: note: function call is shrink-wrapped into error conditions."
UNRESOLVED: g++.dg/cdce3.C -std=gnu++11 scan-tree-dump cdce "cdce3.C:97: note: function call is shrink-wrapped into error conditions."
UNRESOLVED: g++.dg/cdce3.C -std=gnu++11 scan-tree-dump cdce "cdce3.C:98: note: function call is shrink-wrapped into error conditions."
UNRESOLVED: g++.dg/cdce3.C -std=gnu++11 scan-tree-dump cdce "cdce3.C:99: note: function call is shrink-wrapped into error conditions."
UNRESOLVED: g++.dg/cdce3.C -std=gnu++11 scan-tree-dump cdce "cdce3.C:100: note: function call is shrink-wrapped into error conditions."
UNRESOLVED: g++.dg/cdce3.C -std=gnu++11 scan-tree-dump cdce "cdce3.C:101: note: function call is shrink-wrapped into error conditions."
UNRESOLVED: g++.dg/cdce3.C -std=gnu++11 scan-tree-dump cdce "cdce3.C:102: note: function call is shrink-wrapped into error conditions."
UNRESOLVED: g++.dg/cdce3.C -std=gnu++11 scan-tree-dump cdce "cdce3.C:103: note: function call is shrink-wrapped into error conditions."
UNRESOLVED: g++.dg/cdce3.C -std=gnu++11 scan-tree-dump cdce "cdce3.C:104: note: function call is shrink-wrapped into error conditions."
UNRESOLVED: g++.dg/cdce3.C -std=gnu++11 scan-tree-dump cdce "cdce3.C:105: note: function call is shrink-wrapped into error conditions."
UNRESOLVED: g++.dg/cdce3.C -std=gnu++11 scan-tree-dump cdce "cdce3.C:106: note: function call is shrink-wrapped into error conditions."
UNRESOLVED: g++.dg/cdce3.C -std=gnu++11 scan-tree-dump cdce "cdce3.C:107: note: function call is shrink-wrapped into error conditions."
UNRESOLVED: g++.dg/cdce3.C -std=gnu++11 scan-tree-dump cdce "cdce3.C:108: note: function call is shrink-wrapped into error conditions."
FAIL: g++.dg/cdce3.C -std=gnu++1y (test for excess errors)
UNRESOLVED: g++.dg/cdce3.C -std=gnu++1y compilation failed to produce executable
UNRESOLVED: g++.dg/cdce3.C -std=gnu++1y scan-tree-dump cdce "cdce3.C:95: note: function call is shrink-wrapped into error conditions."
UNRESOLVED: g++.dg/cdce3.C -std=gnu++1y scan-tree-dump cdce "cdce3.C:96: note: function call is shrink-wrapped into error conditions."
UNRESOLVED: g++.dg/cdce3.C -std=gnu++1y scan-tree-dump cdce "cdce3.C:97: note: function call is shrink-wrapped into error conditions."
UNRESOLVED: g++.dg/cdce3.C -std=gnu++1y scan-tree-dump cdce "cdce3.C:98: note: function call is shrink-wrapped into error conditions."
UNRESOLVED: g++.dg/cdce3.C -std=gnu++1y scan-tree-dump cdce "cdce3.C:99: note: function call is shrink-wrapped into error conditions."
UNRESOLVED: g++.dg/cdce3.C -std=gnu++1y scan-tree-dump cdce "cdce3.C:100: note: function call is shrink-wrapped into error conditions."
UNRESOLVED: g++.dg/cdce3.C -std=gnu++1y scan-tree-dump cdce "cdce3.C:101: note: function call is shrink-wrapped into error conditions."
UNRESOLVED: g++.dg/cdce3.C -std=gnu++1y scan-tree-dump cdce "cdce3.C:102: note: function call is shrink-wrapped into error conditions."
UNRESOLVED: g++.dg/cdce3.C -std=gnu++1y scan-tree-dump cdce "cdce3.C:103: note: function call is shrink-wrapped into error conditions."
UNRESOLVED: g++.dg/cdce3.C -std=gnu++1y scan-tree-dump cdce "cdce3.C:104: note: function call is shrink-wrapped into error conditions."
UNRESOLVED: g++.dg/cdce3.C -std=gnu++1y scan-tree-dump cdce "cdce3.C:105: note: function call is shrink-wrapped into error conditions."
UNRESOLVED: g++.dg/cdce3.C -std=gnu++1y scan-tree-dump cdce "cdce3.C:106: note: function call is shrink-wrapped into error conditions."
UNRESOLVED: g++.dg/cdce3.C -std=gnu++1y scan-tree-dump cdce "cdce3.C:107: note: function call is shrink-wrapped into error conditions."
UNRESOLVED: g++.dg/cdce3.C -std=gnu++1y scan-tree-dump cdce "cdce3.C:108: note: function call is shrink-wrapped into error conditions."
FAIL: g++.dg/init/new39.C -std=c++98 execution test
FAIL: g++.dg/init/new39.C -std=c++11 execution test
FAIL: g++.dg/init/new39.C -std=c++1y execution test
WARNING: program timed out.
FAIL: g++.dg/tls/thread_local-order1.C -std=c++11 execution test
FAIL: g++.dg/tls/thread_local-order1.C -std=c++1y execution test
FAIL: g++.dg/tls/thread_local6.C -std=c++11 execution test
FAIL: g++.dg/tls/thread_local6.C -std=c++1y execution test
FAIL: g++.dg/tls/thread_local6g.C -std=c++11 execution test
FAIL: g++.dg/tls/thread_local6g.C -std=c++1y execution test
FAIL: g++.old-deja/g++.other/init18.C -std=c++98 execution test
FAIL: g++.old-deja/g++.other/init18.C -std=c++11 execution test
FAIL: g++.old-deja/g++.other/init18.C -std=c++1y execution test
FAIL: g++.old-deja/g++.other/init19.C -std=c++98 execution test
FAIL: g++.old-deja/g++.other/init19.C -std=c++11 execution test
FAIL: g++.old-deja/g++.other/init19.C -std=c++1y execution test
=== g++ Summary ===
# of expected passes 80482
# of unexpected failures 299
# of expected failures 440
# of unresolved testcases 326
# of unsupported tests 3051
/mnt/scratch/dfly/gcc/testsuite/g++/../../xg++ version 4.10.0 20140523 (experimental) (GCC)
=== gcc tests ===
Running target unix
FAIL: gcc.c-torture/compile/limits-structnest.c -O2 -flto -fno-use-linker-plugin -flto-partition=none (test for excess errors)
FAIL: gcc.c-torture/compile/pr46534.c -O0 (test for excess errors)
FAIL: gcc.c-torture/compile/pr46534.c -O1 (test for excess errors)
FAIL: gcc.c-torture/compile/pr46534.c -O2 (test for excess errors)
FAIL: gcc.c-torture/compile/pr46534.c -O3 -fomit-frame-pointer (test for excess errors)
FAIL: gcc.c-torture/compile/pr46534.c -O3 -g (test for excess errors)
FAIL: gcc.c-torture/compile/pr46534.c -Os (test for excess errors)
FAIL: gcc.c-torture/compile/pr46534.c -O2 -flto -fno-use-linker-plugin -flto-partition=none (test for excess errors)
FAIL: gcc.c-torture/compile/pr46534.c -O2 -flto -fuse-linker-plugin -fno-fat-lto-objects (test for excess errors)
WARNING: program timed out.
WARNING: program timed out.
WARNING: program timed out.
WARNING: program timed out.
WARNING: program timed out.
WARNING: program timed out.
WARNING: program timed out.
WARNING: program timed out.
WARNING: program timed out.
WARNING: program timed out.
FAIL: gcc.c-torture/unsorted/dump-noaddr.c, -O0 -dumpbase dump1/dump-noaddr.c -DMASK=1 -x c --param ggc-min-heapsize=1 -fdump-ipa-all -fdump-rtl-all -fdump-tree-all -fdump-noaddr
FAIL: gcc.c-torture/unsorted/dump-noaddr.c.000i.cgraph, -O0 comparison
WARNING: program timed out.
FAIL: gcc.c-torture/unsorted/dump-noaddr.c, -O1 -dumpbase dump1/dump-noaddr.c -DMASK=1 -x c --param ggc-min-heapsize=1 -fdump-ipa-all -fdump-rtl-all -fdump-tree-all -fdump-noaddr
FAIL: gcc.c-torture/unsorted/dump-noaddr.c.000i.cgraph, -O1 comparison
FAIL: gcc.c-torture/unsorted/dump-noaddr.c.033t.profile_estimate, -O1 comparison
FAIL: gcc.c-torture/unsorted/dump-noaddr.c.249t.statistics, -O1 comparison
WARNING: program timed out.
FAIL: gcc.c-torture/unsorted/dump-noaddr.c, -O2 -dumpbase dump1/dump-noaddr.c -DMASK=1 -x c --param ggc-min-heapsize=1 -fdump-ipa-all -fdump-rtl-all -fdump-tree-all -fdump-noaddr
FAIL: gcc.c-torture/unsorted/dump-noaddr.c.000i.cgraph, -O2 comparison
FAIL: gcc.c-torture/unsorted/dump-noaddr.c.033t.profile_estimate, -O2 comparison
FAIL: gcc.c-torture/unsorted/dump-noaddr.c.249t.statistics, -O2 comparison
WARNING: program timed out.
FAIL: gcc.c-torture/unsorted/dump-noaddr.c, -O3 -fomit-frame-pointer -dumpbase dump1/dump-noaddr.c -DMASK=1 -x c --param ggc-min-heapsize=1 -fdump-ipa-all -fdump-rtl-all -fdump-tree-all -fdump-noaddr
FAIL: gcc.c-torture/unsorted/dump-noaddr.c.000i.cgraph, -O3 -fomit-frame-pointer comparison
FAIL: gcc.c-torture/unsorted/dump-noaddr.c.033t.profile_estimate, -O3 -fomit-frame-pointer comparison
FAIL: gcc.c-torture/unsorted/dump-noaddr.c.249t.statistics, -O3 -fomit-frame-pointer comparison
WARNING: program timed out.
FAIL: gcc.c-torture/unsorted/dump-noaddr.c, -O3 -fomit-frame-pointer -funroll-loops -dumpbase dump1/dump-noaddr.c -DMASK=1 -x c --param ggc-min-heapsize=1 -fdump-ipa-all -fdump-rtl-all -fdump-tree-all -fdump-noaddr
FAIL: gcc.c-torture/unsorted/dump-noaddr.c.000i.cgraph, -O3 -fomit-frame-pointer -funroll-loops comparison
FAIL: gcc.c-torture/unsorted/dump-noaddr.c.033t.profile_estimate, -O3 -fomit-frame-pointer -funroll-loops comparison
FAIL: gcc.c-torture/unsorted/dump-noaddr.c.249t.statistics, -O3 -fomit-frame-pointer -funroll-loops comparison
WARNING: program timed out.
FAIL: gcc.c-torture/unsorted/dump-noaddr.c, -O3 -fomit-frame-pointer -funroll-all-loops -finline-functions -dumpbase dump1/dump-noaddr.c -DMASK=1 -x c --param ggc-min-heapsize=1 -fdump-ipa-all -fdump-rtl-all -fdump-tree-all -fdump-noaddr
FAIL: gcc.c-torture/unsorted/dump-noaddr.c.000i.cgraph, -O3 -fomit-frame-pointer -funroll-all-loops -finline-functions comparison
FAIL: gcc.c-torture/unsorted/dump-noaddr.c.033t.profile_estimate, -O3 -fomit-frame-pointer -funroll-all-loops -finline-functions comparison
FAIL: gcc.c-torture/unsorted/dump-noaddr.c.249t.statistics, -O3 -fomit-frame-pointer -funroll-all-loops -finline-functions comparison
WARNING: program timed out.
FAIL: gcc.c-torture/unsorted/dump-noaddr.c, -O3 -g -dumpbase dump1/dump-noaddr.c -DMASK=1 -x c --param ggc-min-heapsize=1 -fdump-ipa-all -fdump-rtl-all -fdump-tree-all -fdump-noaddr
FAIL: gcc.c-torture/unsorted/dump-noaddr.c.000i.cgraph, -O3 -g comparison
FAIL: gcc.c-torture/unsorted/dump-noaddr.c.003t.original, -O3 -g comparison
FAIL: gcc.c-torture/unsorted/dump-noaddr.c.033t.profile_estimate, -O3 -g comparison
FAIL: gcc.c-torture/unsorted/dump-noaddr.c.249t.statistics, -O3 -g comparison
WARNING: program timed out.
FAIL: gcc.c-torture/unsorted/dump-noaddr.c, -Os -dumpbase dump1/dump-noaddr.c -DMASK=1 -x c --param ggc-min-heapsize=1 -fdump-ipa-all -fdump-rtl-all -fdump-tree-all -fdump-noaddr
FAIL: gcc.c-torture/unsorted/dump-noaddr.c.000i.cgraph, -Os comparison
FAIL: gcc.c-torture/unsorted/dump-noaddr.c.003t.original, -Os comparison
FAIL: gcc.c-torture/unsorted/dump-noaddr.c.033t.profile_estimate, -Os comparison
FAIL: gcc.c-torture/unsorted/dump-noaddr.c.249t.statistics, -Os comparison
WARNING: program timed out.
FAIL: gcc.c-torture/unsorted/dump-noaddr.c, -Og -g -dumpbase dump1/dump-noaddr.c -DMASK=1 -x c --param ggc-min-heapsize=1 -fdump-ipa-all -fdump-rtl-all -fdump-tree-all -fdump-noaddr
FAIL: gcc.c-torture/unsorted/dump-noaddr.c.000i.cgraph, -Og -g comparison
FAIL: gcc.c-torture/unsorted/dump-noaddr.c.003t.original, -Og -g comparison
FAIL: gcc.c-torture/unsorted/dump-noaddr.c.033t.profile_estimate, -Og -g comparison
FAIL: gcc.c-torture/unsorted/dump-noaddr.c.249t.statistics, -Og -g comparison
WARNING: program timed out.
FAIL: gcc.c-torture/unsorted/dump-noaddr.c, -O2 -flto -fno-use-linker-plugin -flto-partition=none -dumpbase dump1/dump-noaddr.c -DMASK=1 -x c --param ggc-min-heapsize=1 -fdump-ipa-all -fdump-rtl-all -fdump-tree-all -fdump-noaddr
FAIL: gcc.c-torture/unsorted/dump-noaddr.c.000i.cgraph, -O2 -flto -fno-use-linker-plugin -flto-partition=none comparison
FAIL: gcc.c-torture/unsorted/dump-noaddr.c.003t.original, -O2 -flto -fno-use-linker-plugin -flto-partition=none comparison
FAIL: gcc.c-torture/unsorted/dump-noaddr.c.033t.profile_estimate, -O2 -flto -fno-use-linker-plugin -flto-partition=none comparison
FAIL: gcc.c-torture/unsorted/dump-noaddr.c.249t.statistics, -O2 -flto -fno-use-linker-plugin -flto-partition=none comparison
WARNING: program timed out.
FAIL: gcc.c-torture/unsorted/dump-noaddr.c, -O2 -flto -fuse-linker-plugin -fno-fat-lto-objects -dumpbase dump1/dump-noaddr.c -DMASK=1 -x c --param ggc-min-heapsize=1 -fdump-ipa-all -fdump-rtl-all -fdump-tree-all -fdump-noaddr
FAIL: gcc.c-torture/unsorted/dump-noaddr.c.000i.cgraph, -O2 -flto -fuse-linker-plugin -fno-fat-lto-objects comparison
FAIL: gcc.c-torture/unsorted/dump-noaddr.c.003t.original, -O2 -flto -fuse-linker-plugin -fno-fat-lto-objects comparison
FAIL: gcc.c-torture/unsorted/dump-noaddr.c.033t.profile_estimate, -O2 -flto -fuse-linker-plugin -fno-fat-lto-objects comparison
FAIL: gcc.c-torture/unsorted/dump-noaddr.c.249t.statistics, -O2 -flto -fuse-linker-plugin -fno-fat-lto-objects comparison
FAIL: c-c++-common/cilk-plus/PS/reduction-1.c -ftree-vectorize -fcilkplus -std=c99 (test for excess errors)
UNRESOLVED: c-c++-common/cilk-plus/PS/reduction-1.c -ftree-vectorize -fcilkplus -std=c99 compilation failed to produce executable
FAIL: c-c++-common/cilk-plus/PS/reduction-2.c -ftree-vectorize -fcilkplus -std=c99 (test for excess errors)
UNRESOLVED: c-c++-common/cilk-plus/PS/reduction-2.c -ftree-vectorize -fcilkplus -std=c99 compilation failed to produce executable
FAIL: c-c++-common/cilk-plus/PS/reduction-3.c -ftree-vectorize -fcilkplus -std=c99 (test for excess errors)
UNRESOLVED: c-c++-common/cilk-plus/PS/reduction-3.c -ftree-vectorize -fcilkplus -std=c99 compilation failed to produce executable
FAIL: c-c++-common/cilk-plus/PS/run-1.c -ftree-vectorize -fcilkplus -std=c99 (test for excess errors)
UNRESOLVED: c-c++-common/cilk-plus/PS/run-1.c -ftree-vectorize -fcilkplus -std=c99 compilation failed to produce executable
FAIL: c-c++-common/cilk-plus/AN/an-if.c -fcilkplus (test for excess errors)
UNRESOLVED: c-c++-common/cilk-plus/AN/an-if.c -fcilkplus compilation failed to produce executable
FAIL: c-c++-common/cilk-plus/AN/array_test1.c -fcilkplus (test for excess errors)
UNRESOLVED: c-c++-common/cilk-plus/AN/array_test1.c -fcilkplus compilation failed to produce executable
FAIL: c-c++-common/cilk-plus/AN/array_test2.c -fcilkplus (test for excess errors)
UNRESOLVED: c-c++-common/cilk-plus/AN/array_test2.c -fcilkplus compilation failed to produce executable
FAIL: c-c++-common/cilk-plus/AN/array_test_ND.c -fcilkplus (test for excess errors)
UNRESOLVED: c-c++-common/cilk-plus/AN/array_test_ND.c -fcilkplus compilation failed to produce executable
FAIL: c-c++-common/cilk-plus/AN/builtin_fn_custom.c -fcilkplus (test for excess errors)
UNRESOLVED: c-c++-common/cilk-plus/AN/builtin_fn_custom.c -fcilkplus compilation failed to produce executable
FAIL: c-c++-common/cilk-plus/AN/builtin_fn_mutating.c -fcilkplus (test for excess errors)
UNRESOLVED: c-c++-common/cilk-plus/AN/builtin_fn_mutating.c -fcilkplus compilation failed to produce executable
FAIL: c-c++-common/cilk-plus/AN/builtin_func_double2.c -fcilkplus (test for excess errors)
UNRESOLVED: c-c++-common/cilk-plus/AN/builtin_func_double2.c -fcilkplus compilation failed to produce executable
FAIL: c-c++-common/cilk-plus/AN/comma_exp.c -fcilkplus (test for excess errors)
UNRESOLVED: c-c++-common/cilk-plus/AN/comma_exp.c -fcilkplus compilation failed to produce executable
FAIL: c-c++-common/cilk-plus/AN/conditional.c -fcilkplus (test for excess errors)
UNRESOLVED: c-c++-common/cilk-plus/AN/conditional.c -fcilkplus compilation failed to produce executable
FAIL: c-c++-common/cilk-plus/AN/exec-once.c -fcilkplus (test for excess errors)
UNRESOLVED: c-c++-common/cilk-plus/AN/exec-once.c -fcilkplus compilation failed to produce executable
FAIL: c-c++-common/cilk-plus/AN/exec-once2.c -fcilkplus (test for excess errors)
UNRESOLVED: c-c++-common/cilk-plus/AN/exec-once2.c -fcilkplus compilation failed to produce executable
FAIL: c-c++-common/cilk-plus/AN/gather_scatter.c -fcilkplus (test for excess errors)
UNRESOLVED: c-c++-common/cilk-plus/AN/gather_scatter.c -fcilkplus compilation failed to produce executable
FAIL: c-c++-common/cilk-plus/AN/if_test.c -fcilkplus (test for excess errors)
UNRESOLVED: c-c++-common/cilk-plus/AN/if_test.c -fcilkplus compilation failed to produce executable
FAIL: c-c++-common/cilk-plus/AN/n-ptr-test.c -fcilkplus (test for excess errors)
UNRESOLVED: c-c++-common/cilk-plus/AN/n-ptr-test.c -fcilkplus compilation failed to produce executable
FAIL: c-c++-common/cilk-plus/AN/pr57490.c -fcilkplus (test for excess errors)
UNRESOLVED: c-c++-common/cilk-plus/AN/pr57490.c -fcilkplus compilation failed to produce executable
FAIL: c-c++-common/cilk-plus/AN/sec_implicit_ex.c -fcilkplus (test for excess errors)
UNRESOLVED: c-c++-common/cilk-plus/AN/sec_implicit_ex.c -fcilkplus compilation failed to produce executable
FAIL: c-c++-common/cilk-plus/AN/sec_reduce_ind_same_value.c -fcilkplus (test for excess errors)
UNRESOLVED: c-c++-common/cilk-plus/AN/sec_reduce_ind_same_value.c -fcilkplus compilation failed to produce executable
FAIL: c-c++-common/cilk-plus/AN/sec_reduce_return.c -fcilkplus (test for excess errors)
UNRESOLVED: c-c++-common/cilk-plus/AN/sec_reduce_return.c -fcilkplus compilation failed to produce executable
FAIL: c-c++-common/cilk-plus/AN/side-effects-1.c -fcilkplus (test for excess errors)
UNRESOLVED: c-c++-common/cilk-plus/AN/side-effects-1.c -fcilkplus compilation failed to produce executable
FAIL: c-c++-common/cilk-plus/AN/test_builtin_return.c -fcilkplus (test for excess errors)
UNRESOLVED: c-c++-common/cilk-plus/AN/test_builtin_return.c -fcilkplus compilation failed to produce executable
FAIL: c-c++-common/cilk-plus/AN/test_sec_limits.c -fcilkplus (test for excess errors)
UNRESOLVED: c-c++-common/cilk-plus/AN/test_sec_limits.c -fcilkplus compilation failed to produce executable
FAIL: c-c++-common/cilk-plus/AN/an-if.c -O1 -fcilkplus (test for excess errors)
UNRESOLVED: c-c++-common/cilk-plus/AN/an-if.c -O1 -fcilkplus compilation failed to produce executable
FAIL: c-c++-common/cilk-plus/AN/array_test1.c -O1 -fcilkplus (test for excess errors)
UNRESOLVED: c-c++-common/cilk-plus/AN/array_test1.c -O1 -fcilkplus compilation failed to produce executable
FAIL: c-c++-common/cilk-plus/AN/array_test2.c -O1 -fcilkplus (test for excess errors)
UNRESOLVED: c-c++-common/cilk-plus/AN/array_test2.c -O1 -fcilkplus compilation failed to produce executable
FAIL: c-c++-common/cilk-plus/AN/array_test_ND.c -O1 -fcilkplus (test for excess errors)
UNRESOLVED: c-c++-common/cilk-plus/AN/array_test_ND.c -O1 -fcilkplus compilation failed to produce executable
FAIL: c-c++-common/cilk-plus/AN/builtin_fn_custom.c -O1 -fcilkplus (test for excess errors)
UNRESOLVED: c-c++-common/cilk-plus/AN/builtin_fn_custom.c -O1 -fcilkplus compilation failed to produce executable
FAIL: c-c++-common/cilk-plus/AN/builtin_fn_mutating.c -O1 -fcilkplus (test for excess errors)
UNRESOLVED: c-c++-common/cilk-plus/AN/builtin_fn_mutating.c -O1 -fcilkplus compilation failed to produce executable
FAIL: c-c++-common/cilk-plus/AN/builtin_func_double2.c -O1 -fcilkplus (test for excess errors)
UNRESOLVED: c-c++-common/cilk-plus/AN/builtin_func_double2.c -O1 -fcilkplus compilation failed to produce executable
FAIL: c-c++-common/cilk-plus/AN/comma_exp.c -O1 -fcilkplus (test for excess errors)
UNRESOLVED: c-c++-common/cilk-plus/AN/comma_exp.c -O1 -fcilkplus compilation failed to produce executable
FAIL: c-c++-common/cilk-plus/AN/conditional.c -O1 -fcilkplus (test for excess errors)
UNRESOLVED: c-c++-common/cilk-plus/AN/conditional.c -O1 -fcilkplus compilation failed to produce executable
FAIL: c-c++-common/cilk-plus/AN/exec-once.c -O1 -fcilkplus (test for excess errors)
UNRESOLVED: c-c++-common/cilk-plus/AN/exec-once.c -O1 -fcilkplus compilation failed to produce executable
FAIL: c-c++-common/cilk-plus/AN/exec-once2.c -O1 -fcilkplus (test for excess errors)
UNRESOLVED: c-c++-common/cilk-plus/AN/exec-once2.c -O1 -fcilkplus compilation failed to produce executable
FAIL: c-c++-common/cilk-plus/AN/gather_scatter.c -O1 -fcilkplus (test for excess errors)
UNRESOLVED: c-c++-common/cilk-plus/AN/gather_scatter.c -O1 -fcilkplus compilation failed to produce executable
FAIL: c-c++-common/cilk-plus/AN/if_test.c -O1 -fcilkplus (test for excess errors)
UNRESOLVED: c-c++-common/cilk-plus/AN/if_test.c -O1 -fcilkplus compilation failed to produce executable
FAIL: c-c++-common/cilk-plus/AN/n-ptr-test.c -O1 -fcilkplus (test for excess errors)
UNRESOLVED: c-c++-common/cilk-plus/AN/n-ptr-test.c -O1 -fcilkplus compilation failed to produce executable
FAIL: c-c++-common/cilk-plus/AN/pr57490.c -O1 -fcilkplus (test for excess errors)
UNRESOLVED: c-c++-common/cilk-plus/AN/pr57490.c -O1 -fcilkplus compilation failed to produce executable
FAIL: c-c++-common/cilk-plus/AN/sec_implicit_ex.c -O1 -fcilkplus (test for excess errors)
UNRESOLVED: c-c++-common/cilk-plus/AN/sec_implicit_ex.c -O1 -fcilkplus compilation failed to produce executable
FAIL: c-c++-common/cilk-plus/AN/sec_reduce_ind_same_value.c -O1 -fcilkplus (test for excess errors)
UNRESOLVED: c-c++-common/cilk-plus/AN/sec_reduce_ind_same_value.c -O1 -fcilkplus compilation failed to produce executable
FAIL: c-c++-common/cilk-plus/AN/sec_reduce_return.c -O1 -fcilkplus (test for excess errors)
UNRESOLVED: c-c++-common/cilk-plus/AN/sec_reduce_return.c -O1 -fcilkplus compilation failed to produce executable
FAIL: c-c++-common/cilk-plus/AN/side-effects-1.c -O1 -fcilkplus (test for excess errors)
UNRESOLVED: c-c++-common/cilk-plus/AN/side-effects-1.c -O1 -fcilkplus compilation failed to produce executable
FAIL: c-c++-common/cilk-plus/AN/test_builtin_return.c -O1 -fcilkplus (test for excess errors)
UNRESOLVED: c-c++-common/cilk-plus/AN/test_builtin_return.c -O1 -fcilkplus compilation failed to produce executable
FAIL: c-c++-common/cilk-plus/AN/test_sec_limits.c -O1 -fcilkplus (test for excess errors)
UNRESOLVED: c-c++-common/cilk-plus/AN/test_sec_limits.c -O1 -fcilkplus compilation failed to produce executable
FAIL: c-c++-common/cilk-plus/AN/an-if.c -O2 -fcilkplus (test for excess errors)
UNRESOLVED: c-c++-common/cilk-plus/AN/an-if.c -O2 -fcilkplus compilation failed to produce executable
FAIL: c-c++-common/cilk-plus/AN/array_test1.c -O2 -fcilkplus (test for excess errors)
UNRESOLVED: c-c++-common/cilk-plus/AN/array_test1.c -O2 -fcilkplus compilation failed to produce executable
FAIL: c-c++-common/cilk-plus/AN/array_test2.c -O2 -fcilkplus (test for excess errors)
UNRESOLVED: c-c++-common/cilk-plus/AN/array_test2.c -O2 -fcilkplus compilation failed to produce executable
FAIL: c-c++-common/cilk-plus/AN/array_test_ND.c -O2 -fcilkplus (test for excess errors)
UNRESOLVED: c-c++-common/cilk-plus/AN/array_test_ND.c -O2 -fcilkplus compilation failed to produce executable
FAIL: c-c++-common/cilk-plus/AN/builtin_fn_custom.c -O2 -fcilkplus (test for excess errors)
UNRESOLVED: c-c++-common/cilk-plus/AN/builtin_fn_custom.c -O2 -fcilkplus compilation failed to produce executable
FAIL: c-c++-common/cilk-plus/AN/builtin_fn_mutating.c -O2 -fcilkplus (test for excess errors)
UNRESOLVED: c-c++-common/cilk-plus/AN/builtin_fn_mutating.c -O2 -fcilkplus compilation failed to produce executable
FAIL: c-c++-common/cilk-plus/AN/builtin_func_double2.c -O2 -fcilkplus (test for excess errors)
UNRESOLVED: c-c++-common/cilk-plus/AN/builtin_func_double2.c -O2 -fcilkplus compilation failed to produce executable
FAIL: c-c++-common/cilk-plus/AN/comma_exp.c -O2 -fcilkplus (test for excess errors)
UNRESOLVED: c-c++-common/cilk-plus/AN/comma_exp.c -O2 -fcilkplus compilation failed to produce executable
FAIL: c-c++-common/cilk-plus/AN/conditional.c -O2 -fcilkplus (test for excess errors)
UNRESOLVED: c-c++-common/cilk-plus/AN/conditional.c -O2 -fcilkplus compilation failed to produce executable
FAIL: c-c++-common/cilk-plus/AN/exec-once.c -O2 -fcilkplus (test for excess errors)
UNRESOLVED: c-c++-common/cilk-plus/AN/exec-once.c -O2 -fcilkplus compilation failed to produce executable
FAIL: c-c++-common/cilk-plus/AN/exec-once2.c -O2 -fcilkplus (test for excess errors)
UNRESOLVED: c-c++-common/cilk-plus/AN/exec-once2.c -O2 -fcilkplus compilation failed to produce executable
FAIL: c-c++-common/cilk-plus/AN/gather_scatter.c -O2 -fcilkplus (test for excess errors)
UNRESOLVED: c-c++-common/cilk-plus/AN/gather_scatter.c -O2 -fcilkplus compilation failed to produce executable
FAIL: c-c++-common/cilk-plus/AN/if_test.c -O2 -fcilkplus (test for excess errors)
UNRESOLVED: c-c++-common/cilk-plus/AN/if_test.c -O2 -fcilkplus compilation failed to produce executable
FAIL: c-c++-common/cilk-plus/AN/n-ptr-test.c -O2 -fcilkplus (test for excess errors)
UNRESOLVED: c-c++-common/cilk-plus/AN/n-ptr-test.c -O2 -fcilkplus compilation failed to produce executable
FAIL: c-c++-common/cilk-plus/AN/pr57490.c -O2 -fcilkplus (test for excess errors)
UNRESOLVED: c-c++-common/cilk-plus/AN/pr57490.c -O2 -fcilkplus compilation failed to produce executable
FAIL: c-c++-common/cilk-plus/AN/sec_implicit_ex.c -O2 -fcilkplus (test for excess errors)
UNRESOLVED: c-c++-common/cilk-plus/AN/sec_implicit_ex.c -O2 -fcilkplus compilation failed to produce executable
FAIL: c-c++-common/cilk-plus/AN/sec_reduce_ind_same_value.c -O2 -fcilkplus (test for excess errors)
UNRESOLVED: c-c++-common/cilk-plus/AN/sec_reduce_ind_same_value.c -O2 -fcilkplus compilation failed to produce executable
FAIL: c-c++-common/cilk-plus/AN/sec_reduce_return.c -O2 -fcilkplus (test for excess errors)
UNRESOLVED: c-c++-common/cilk-plus/AN/sec_reduce_return.c -O2 -fcilkplus compilation failed to produce executable
FAIL: c-c++-common/cilk-plus/AN/side-effects-1.c -O2 -fcilkplus (test for excess errors)
UNRESOLVED: c-c++-common/cilk-plus/AN/side-effects-1.c -O2 -fcilkplus compilation failed to produce executable
FAIL: c-c++-common/cilk-plus/AN/test_builtin_return.c -O2 -fcilkplus (test for excess errors)
UNRESOLVED: c-c++-common/cilk-plus/AN/test_builtin_return.c -O2 -fcilkplus compilation failed to produce executable
FAIL: c-c++-common/cilk-plus/AN/test_sec_limits.c -O2 -fcilkplus (test for excess errors)
UNRESOLVED: c-c++-common/cilk-plus/AN/test_sec_limits.c -O2 -fcilkplus compilation failed to produce executable
FAIL: c-c++-common/cilk-plus/AN/an-if.c -O3 -fcilkplus (test for excess errors)
UNRESOLVED: c-c++-common/cilk-plus/AN/an-if.c -O3 -fcilkplus compilation failed to produce executable
FAIL: c-c++-common/cilk-plus/AN/array_test1.c -O3 -fcilkplus (test for excess errors)
UNRESOLVED: c-c++-common/cilk-plus/AN/array_test1.c -O3 -fcilkplus compilation failed to produce executable
FAIL: c-c++-common/cilk-plus/AN/array_test2.c -O3 -fcilkplus (test for excess errors)
UNRESOLVED: c-c++-common/cilk-plus/AN/array_test2.c -O3 -fcilkplus compilation failed to produce executable
FAIL: c-c++-common/cilk-plus/AN/array_test_ND.c -O3 -fcilkplus (test for excess errors)
UNRESOLVED: c-c++-common/cilk-plus/AN/array_test_ND.c -O3 -fcilkplus compilation failed to produce executable
FAIL: c-c++-common/cilk-plus/AN/builtin_fn_custom.c -O3 -fcilkplus (test for excess errors)
UNRESOLVED: c-c++-common/cilk-plus/AN/builtin_fn_custom.c -O3 -fcilkplus compilation failed to produce executable
FAIL: c-c++-common/cilk-plus/AN/builtin_fn_mutating.c -O3 -fcilkplus (test for excess errors)
UNRESOLVED: c-c++-common/cilk-plus/AN/builtin_fn_mutating.c -O3 -fcilkplus compilation failed to produce executable
FAIL: c-c++-common/cilk-plus/AN/builtin_func_double2.c -O3 -fcilkplus (test for excess errors)
UNRESOLVED: c-c++-common/cilk-plus/AN/builtin_func_double2.c -O3 -fcilkplus compilation failed to produce executable
FAIL: c-c++-common/cilk-plus/AN/comma_exp.c -O3 -fcilkplus (test for excess errors)
UNRESOLVED: c-c++-common/cilk-plus/AN/comma_exp.c -O3 -fcilkplus compilation failed to produce executable
FAIL: c-c++-common/cilk-plus/AN/conditional.c -O3 -fcilkplus (test for excess errors)
UNRESOLVED: c-c++-common/cilk-plus/AN/conditional.c -O3 -fcilkplus compilation failed to produce executable
FAIL: c-c++-common/cilk-plus/AN/exec-once.c -O3 -fcilkplus (test for excess errors)
UNRESOLVED: c-c++-common/cilk-plus/AN/exec-once.c -O3 -fcilkplus compilation failed to produce executable
FAIL: c-c++-common/cilk-plus/AN/exec-once2.c -O3 -fcilkplus (test for excess errors)
UNRESOLVED: c-c++-common/cilk-plus/AN/exec-once2.c -O3 -fcilkplus compilation failed to produce executable
FAIL: c-c++-common/cilk-plus/AN/gather_scatter.c -O3 -fcilkplus (test for excess errors)
UNRESOLVED: c-c++-common/cilk-plus/AN/gather_scatter.c -O3 -fcilkplus compilation failed to produce executable
FAIL: c-c++-common/cilk-plus/AN/if_test.c -O3 -fcilkplus (test for excess errors)
UNRESOLVED: c-c++-common/cilk-plus/AN/if_test.c -O3 -fcilkplus compilation failed to produce executable
FAIL: c-c++-common/cilk-plus/AN/n-ptr-test.c -O3 -fcilkplus (test for excess errors)
UNRESOLVED: c-c++-common/cilk-plus/AN/n-ptr-test.c -O3 -fcilkplus compilation failed to produce executable
FAIL: c-c++-common/cilk-plus/AN/pr57490.c -O3 -fcilkplus (test for excess errors)
UNRESOLVED: c-c++-common/cilk-plus/AN/pr57490.c -O3 -fcilkplus compilation failed to produce executable
FAIL: c-c++-common/cilk-plus/AN/sec_implicit_ex.c -O3 -fcilkplus (test for excess errors)
UNRESOLVED: c-c++-common/cilk-plus/AN/sec_implicit_ex.c -O3 -fcilkplus compilation failed to produce executable
FAIL: c-c++-common/cilk-plus/AN/sec_reduce_ind_same_value.c -O3 -fcilkplus (test for excess errors)
UNRESOLVED: c-c++-common/cilk-plus/AN/sec_reduce_ind_same_value.c -O3 -fcilkplus compilation failed to produce executable
FAIL: c-c++-common/cilk-plus/AN/sec_reduce_return.c -O3 -fcilkplus (test for excess errors)
UNRESOLVED: c-c++-common/cilk-plus/AN/sec_reduce_return.c -O3 -fcilkplus compilation failed to produce executable
FAIL: c-c++-common/cilk-plus/AN/side-effects-1.c -O3 -fcilkplus (test for excess errors)
UNRESOLVED: c-c++-common/cilk-plus/AN/side-effects-1.c -O3 -fcilkplus compilation failed to produce executable
FAIL: c-c++-common/cilk-plus/AN/test_builtin_return.c -O3 -fcilkplus (test for excess errors)
UNRESOLVED: c-c++-common/cilk-plus/AN/test_builtin_return.c -O3 -fcilkplus compilation failed to produce executable
FAIL: c-c++-common/cilk-plus/AN/test_sec_limits.c -O3 -fcilkplus (test for excess errors)
UNRESOLVED: c-c++-common/cilk-plus/AN/test_sec_limits.c -O3 -fcilkplus compilation failed to produce executable
FAIL: c-c++-common/cilk-plus/AN/an-if.c -g -fcilkplus (test for excess errors)
UNRESOLVED: c-c++-common/cilk-plus/AN/an-if.c -g -fcilkplus compilation failed to produce executable
FAIL: c-c++-common/cilk-plus/AN/array_test1.c -g -fcilkplus (test for excess errors)
UNRESOLVED: c-c++-common/cilk-plus/AN/array_test1.c -g -fcilkplus compilation failed to produce executable
FAIL: c-c++-common/cilk-plus/AN/array_test2.c -g -fcilkplus (test for excess errors)
UNRESOLVED: c-c++-common/cilk-plus/AN/array_test2.c -g -fcilkplus compilation failed to produce executable
FAIL: c-c++-common/cilk-plus/AN/array_test_ND.c -g -fcilkplus (test for excess errors)
UNRESOLVED: c-c++-common/cilk-plus/AN/array_test_ND.c -g -fcilkplus compilation failed to produce executable
FAIL: c-c++-common/cilk-plus/AN/builtin_fn_custom.c -g -fcilkplus (test for excess errors)
UNRESOLVED: c-c++-common/cilk-plus/AN/builtin_fn_custom.c -g -fcilkplus compilation failed to produce executable
FAIL: c-c++-common/cilk-plus/AN/builtin_fn_mutating.c -g -fcilkplus (test for excess errors)
UNRESOLVED: c-c++-common/cilk-plus/AN/builtin_fn_mutating.c -g -fcilkplus compilation failed to produce executable
FAIL: c-c++-common/cilk-plus/AN/builtin_func_double2.c -g -fcilkplus (test for excess errors)
UNRESOLVED: c-c++-common/cilk-plus/AN/builtin_func_double2.c -g -fcilkplus compilation failed to produce executable
FAIL: c-c++-common/cilk-plus/AN/comma_exp.c -g -fcilkplus (test for excess errors)
UNRESOLVED: c-c++-common/cilk-plus/AN/comma_exp.c -g -fcilkplus compilation failed to produce executable
FAIL: c-c++-common/cilk-plus/AN/conditional.c -g -fcilkplus (test for excess errors)
UNRESOLVED: c-c++-common/cilk-plus/AN/conditional.c -g -fcilkplus compilation failed to produce executable
FAIL: c-c++-common/cilk-plus/AN/exec-once.c -g -fcilkplus (test for excess errors)
UNRESOLVED: c-c++-common/cilk-plus/AN/exec-once.c -g -fcilkplus compilation failed to produce executable
FAIL: c-c++-common/cilk-plus/AN/exec-once2.c -g -fcilkplus (test for excess errors)
UNRESOLVED: c-c++-common/cilk-plus/AN/exec-once2.c -g -fcilkplus compilation failed to produce executable
FAIL: c-c++-common/cilk-plus/AN/gather_scatter.c -g -fcilkplus (test for excess errors)
UNRESOLVED: c-c++-common/cilk-plus/AN/gather_scatter.c -g -fcilkplus compilation failed to produce executable
FAIL: c-c++-common/cilk-plus/AN/if_test.c -g -fcilkplus (test for excess errors)
UNRESOLVED: c-c++-common/cilk-plus/AN/if_test.c -g -fcilkplus compilation failed to produce executable
FAIL: c-c++-common/cilk-plus/AN/n-ptr-test.c -g -fcilkplus (test for excess errors)
UNRESOLVED: c-c++-common/cilk-plus/AN/n-ptr-test.c -g -fcilkplus compilation failed to produce executable
FAIL: c-c++-common/cilk-plus/AN/pr57490.c -g -fcilkplus (test for excess errors)
UNRESOLVED: c-c++-common/cilk-plus/AN/pr57490.c -g -fcilkplus compilation failed to produce executable
FAIL: c-c++-common/cilk-plus/AN/sec_implicit_ex.c -g -fcilkplus (test for excess errors)
UNRESOLVED: c-c++-common/cilk-plus/AN/sec_implicit_ex.c -g -fcilkplus compilation failed to produce executable
FAIL: c-c++-common/cilk-plus/AN/sec_reduce_ind_same_value.c -g -fcilkplus (test for excess errors)
UNRESOLVED: c-c++-common/cilk-plus/AN/sec_reduce_ind_same_value.c -g -fcilkplus compilation failed to produce executable
FAIL: c-c++-common/cilk-plus/AN/sec_reduce_return.c -g -fcilkplus (test for excess errors)
UNRESOLVED: c-c++-common/cilk-plus/AN/sec_reduce_return.c -g -fcilkplus compilation failed to produce executable
FAIL: c-c++-common/cilk-plus/AN/side-effects-1.c -g -fcilkplus (test for excess errors)
UNRESOLVED: c-c++-common/cilk-plus/AN/side-effects-1.c -g -fcilkplus compilation failed to produce executable
FAIL: c-c++-common/cilk-plus/AN/test_builtin_return.c -g -fcilkplus (test for excess errors)
UNRESOLVED: c-c++-common/cilk-plus/AN/test_builtin_return.c -g -fcilkplus compilation failed to produce executable
FAIL: c-c++-common/cilk-plus/AN/test_sec_limits.c -g -fcilkplus (test for excess errors)
UNRESOLVED: c-c++-common/cilk-plus/AN/test_sec_limits.c -g -fcilkplus compilation failed to produce executable
FAIL: c-c++-common/cilk-plus/AN/an-if.c -g -O2 -ftree-vectorize -fcilkplus (test for excess errors)
UNRESOLVED: c-c++-common/cilk-plus/AN/an-if.c -g -O2 -ftree-vectorize -fcilkplus compilation failed to produce executable
FAIL: c-c++-common/cilk-plus/AN/array_test1.c -g -O2 -ftree-vectorize -fcilkplus (test for excess errors)
UNRESOLVED: c-c++-common/cilk-plus/AN/array_test1.c -g -O2 -ftree-vectorize -fcilkplus compilation failed to produce executable
FAIL: c-c++-common/cilk-plus/AN/array_test2.c -g -O2 -ftree-vectorize -fcilkplus (test for excess errors)
UNRESOLVED: c-c++-common/cilk-plus/AN/array_test2.c -g -O2 -ftree-vectorize -fcilkplus compilation failed to produce executable
FAIL: c-c++-common/cilk-plus/AN/array_test_ND.c -g -O2 -ftree-vectorize -fcilkplus (test for excess errors)
UNRESOLVED: c-c++-common/cilk-plus/AN/array_test_ND.c -g -O2 -ftree-vectorize -fcilkplus compilation failed to produce executable
FAIL: c-c++-common/cilk-plus/AN/builtin_fn_custom.c -g -O2 -ftree-vectorize -fcilkplus (test for excess errors)
UNRESOLVED: c-c++-common/cilk-plus/AN/builtin_fn_custom.c -g -O2 -ftree-vectorize -fcilkplus compilation failed to produce executable
FAIL: c-c++-common/cilk-plus/AN/builtin_fn_mutating.c -g -O2 -ftree-vectorize -fcilkplus (test for excess errors)
UNRESOLVED: c-c++-common/cilk-plus/AN/builtin_fn_mutating.c -g -O2 -ftree-vectorize -fcilkplus compilation failed to produce executable
FAIL: c-c++-common/cilk-plus/AN/builtin_func_double2.c -g -O2 -ftree-vectorize -fcilkplus (test for excess errors)
UNRESOLVED: c-c++-common/cilk-plus/AN/builtin_func_double2.c -g -O2 -ftree-vectorize -fcilkplus compilation failed to produce executable
FAIL: c-c++-common/cilk-plus/AN/comma_exp.c -g -O2 -ftree-vectorize -fcilkplus (test for excess errors)
UNRESOLVED: c-c++-common/cilk-plus/AN/comma_exp.c -g -O2 -ftree-vectorize -fcilkplus compilation failed to produce executable
FAIL: c-c++-common/cilk-plus/AN/conditional.c -g -O2 -ftree-vectorize -fcilkplus (test for excess errors)
UNRESOLVED: c-c++-common/cilk-plus/AN/conditional.c -g -O2 -ftree-vectorize -fcilkplus compilation failed to produce executable
FAIL: c-c++-common/cilk-plus/AN/exec-once.c -g -O2 -ftree-vectorize -fcilkplus (test for excess errors)
UNRESOLVED: c-c++-common/cilk-plus/AN/exec-once.c -g -O2 -ftree-vectorize -fcilkplus compilation failed to produce executable
FAIL: c-c++-common/cilk-plus/AN/exec-once2.c -g -O2 -ftree-vectorize -fcilkplus (test for excess errors)
UNRESOLVED: c-c++-common/cilk-plus/AN/exec-once2.c -g -O2 -ftree-vectorize -fcilkplus compilation failed to produce executable
FAIL: c-c++-common/cilk-plus/AN/gather_scatter.c -g -O2 -ftree-vectorize -fcilkplus (test for excess errors)
UNRESOLVED: c-c++-common/cilk-plus/AN/gather_scatter.c -g -O2 -ftree-vectorize -fcilkplus compilation failed to produce executable
FAIL: c-c++-common/cilk-plus/AN/if_test.c -g -O2 -ftree-vectorize -fcilkplus (test for excess errors)
UNRESOLVED: c-c++-common/cilk-plus/AN/if_test.c -g -O2 -ftree-vectorize -fcilkplus compilation failed to produce executable
FAIL: c-c++-common/cilk-plus/AN/n-ptr-test.c -g -O2 -ftree-vectorize -fcilkplus (test for excess errors)
UNRESOLVED: c-c++-common/cilk-plus/AN/n-ptr-test.c -g -O2 -ftree-vectorize -fcilkplus compilation failed to produce executable
FAIL: c-c++-common/cilk-plus/AN/pr57490.c -g -O2 -ftree-vectorize -fcilkplus (test for excess errors)
UNRESOLVED: c-c++-common/cilk-plus/AN/pr57490.c -g -O2 -ftree-vectorize -fcilkplus compilation failed to produce executable
FAIL: c-c++-common/cilk-plus/AN/sec_implicit_ex.c -g -O2 -ftree-vectorize -fcilkplus (test for excess errors)
UNRESOLVED: c-c++-common/cilk-plus/AN/sec_implicit_ex.c -g -O2 -ftree-vectorize -fcilkplus compilation failed to produce executable
FAIL: c-c++-common/cilk-plus/AN/sec_reduce_ind_same_value.c -g -O2 -ftree-vectorize -fcilkplus (test for excess errors)
UNRESOLVED: c-c++-common/cilk-plus/AN/sec_reduce_ind_same_value.c -g -O2 -ftree-vectorize -fcilkplus compilation failed to produce executable
FAIL: c-c++-common/cilk-plus/AN/sec_reduce_return.c -g -O2 -ftree-vectorize -fcilkplus (test for excess errors)
UNRESOLVED: c-c++-common/cilk-plus/AN/sec_reduce_return.c -g -O2 -ftree-vectorize -fcilkplus compilation failed to produce executable
FAIL: c-c++-common/cilk-plus/AN/side-effects-1.c -g -O2 -ftree-vectorize -fcilkplus (test for excess errors)
UNRESOLVED: c-c++-common/cilk-plus/AN/side-effects-1.c -g -O2 -ftree-vectorize -fcilkplus compilation failed to produce executable
FAIL: c-c++-common/cilk-plus/AN/test_builtin_return.c -g -O2 -ftree-vectorize -fcilkplus (test for excess errors)
UNRESOLVED: c-c++-common/cilk-plus/AN/test_builtin_return.c -g -O2 -ftree-vectorize -fcilkplus compilation failed to produce executable
FAIL: c-c++-common/cilk-plus/AN/test_sec_limits.c -g -O2 -ftree-vectorize -fcilkplus (test for excess errors)
UNRESOLVED: c-c++-common/cilk-plus/AN/test_sec_limits.c -g -O2 -ftree-vectorize -fcilkplus compilation failed to produce executable
FAIL: c-c++-common/cilk-plus/AN/an-if.c -fcilkplus -std=c99 (test for excess errors)
UNRESOLVED: c-c++-common/cilk-plus/AN/an-if.c -fcilkplus -std=c99 compilation failed to produce executable
FAIL: c-c++-common/cilk-plus/AN/array_test1.c -fcilkplus -std=c99 (test for excess errors)
UNRESOLVED: c-c++-common/cilk-plus/AN/array_test1.c -fcilkplus -std=c99 compilation failed to produce executable
FAIL: c-c++-common/cilk-plus/AN/array_test2.c -fcilkplus -std=c99 (test for excess errors)
UNRESOLVED: c-c++-common/cilk-plus/AN/array_test2.c -fcilkplus -std=c99 compilation failed to produce executable
FAIL: c-c++-common/cilk-plus/AN/array_test_ND.c -fcilkplus -std=c99 (test for excess errors)
UNRESOLVED: c-c++-common/cilk-plus/AN/array_test_ND.c -fcilkplus -std=c99 compilation failed to produce executable
FAIL: c-c++-common/cilk-plus/AN/builtin_fn_custom.c -fcilkplus -std=c99 (test for excess errors)
UNRESOLVED: c-c++-common/cilk-plus/AN/builtin_fn_custom.c -fcilkplus -std=c99 compilation failed to produce executable
FAIL: c-c++-common/cilk-plus/AN/builtin_fn_mutating.c -fcilkplus -std=c99 (test for excess errors)
UNRESOLVED: c-c++-common/cilk-plus/AN/builtin_fn_mutating.c -fcilkplus -std=c99 compilation failed to produce executable
FAIL: c-c++-common/cilk-plus/AN/builtin_func_double2.c -fcilkplus -std=c99 (test for excess errors)
UNRESOLVED: c-c++-common/cilk-plus/AN/builtin_func_double2.c -fcilkplus -std=c99 compilation failed to produce executable
FAIL: c-c++-common/cilk-plus/AN/comma_exp.c -fcilkplus -std=c99 (test for excess errors)
UNRESOLVED: c-c++-common/cilk-plus/AN/comma_exp.c -fcilkplus -std=c99 compilation failed to produce executable
FAIL: c-c++-common/cilk-plus/AN/conditional.c -fcilkplus -std=c99 (test for excess errors)
UNRESOLVED: c-c++-common/cilk-plus/AN/conditional.c -fcilkplus -std=c99 compilation failed to produce executable
FAIL: c-c++-common/cilk-plus/AN/exec-once.c -fcilkplus -std=c99 (test for excess errors)
UNRESOLVED: c-c++-common/cilk-plus/AN/exec-once.c -fcilkplus -std=c99 compilation failed to produce executable
FAIL: c-c++-common/cilk-plus/AN/exec-once2.c -fcilkplus -std=c99 (test for excess errors)
UNRESOLVED: c-c++-common/cilk-plus/AN/exec-once2.c -fcilkplus -std=c99 compilation failed to produce executable
FAIL: c-c++-common/cilk-plus/AN/gather_scatter.c -fcilkplus -std=c99 (test for excess errors)
UNRESOLVED: c-c++-common/cilk-plus/AN/gather_scatter.c -fcilkplus -std=c99 compilation failed to produce executable
FAIL: c-c++-common/cilk-plus/AN/if_test.c -fcilkplus -std=c99 (test for excess errors)
UNRESOLVED: c-c++-common/cilk-plus/AN/if_test.c -fcilkplus -std=c99 compilation failed to produce executable
FAIL: c-c++-common/cilk-plus/AN/n-ptr-test.c -fcilkplus -std=c99 (test for excess errors)
UNRESOLVED: c-c++-common/cilk-plus/AN/n-ptr-test.c -fcilkplus -std=c99 compilation failed to produce executable
FAIL: c-c++-common/cilk-plus/AN/pr57490.c -fcilkplus -std=c99 (test for excess errors)
UNRESOLVED: c-c++-common/cilk-plus/AN/pr57490.c -fcilkplus -std=c99 compilation failed to produce executable
FAIL: c-c++-common/cilk-plus/AN/sec_implicit_ex.c -fcilkplus -std=c99 (test for excess errors)
UNRESOLVED: c-c++-common/cilk-plus/AN/sec_implicit_ex.c -fcilkplus -std=c99 compilation failed to produce executable
FAIL: c-c++-common/cilk-plus/AN/sec_reduce_ind_same_value.c -fcilkplus -std=c99 (test for excess errors)
UNRESOLVED: c-c++-common/cilk-plus/AN/sec_reduce_ind_same_value.c -fcilkplus -std=c99 compilation failed to produce executable
FAIL: c-c++-common/cilk-plus/AN/sec_reduce_return.c -fcilkplus -std=c99 (test for excess errors)
UNRESOLVED: c-c++-common/cilk-plus/AN/sec_reduce_return.c -fcilkplus -std=c99 compilation failed to produce executable
FAIL: c-c++-common/cilk-plus/AN/side-effects-1.c -fcilkplus -std=c99 (test for excess errors)
UNRESOLVED: c-c++-common/cilk-plus/AN/side-effects-1.c -fcilkplus -std=c99 compilation failed to produce executable
FAIL: c-c++-common/cilk-plus/AN/test_builtin_return.c -fcilkplus -std=c99 (test for excess errors)
UNRESOLVED: c-c++-common/cilk-plus/AN/test_builtin_return.c -fcilkplus -std=c99 compilation failed to produce executable
FAIL: c-c++-common/cilk-plus/AN/test_sec_limits.c -fcilkplus -std=c99 (test for excess errors)
UNRESOLVED: c-c++-common/cilk-plus/AN/test_sec_limits.c -fcilkplus -std=c99 compilation failed to produce executable
FAIL: c-c++-common/cilk-plus/AN/an-if.c -fcilkplus -O2 -std=c99 (test for excess errors)
UNRESOLVED: c-c++-common/cilk-plus/AN/an-if.c -fcilkplus -O2 -std=c99 compilation failed to produce executable
FAIL: c-c++-common/cilk-plus/AN/array_test1.c -fcilkplus -O2 -std=c99 (test for excess errors)
UNRESOLVED: c-c++-common/cilk-plus/AN/array_test1.c -fcilkplus -O2 -std=c99 compilation failed to produce executable
FAIL: c-c++-common/cilk-plus/AN/array_test2.c -fcilkplus -O2 -std=c99 (test for excess errors)
UNRESOLVED: c-c++-common/cilk-plus/AN/array_test2.c -fcilkplus -O2 -std=c99 compilation failed to produce executable
FAIL: c-c++-common/cilk-plus/AN/array_test_ND.c -fcilkplus -O2 -std=c99 (test for excess errors)
UNRESOLVED: c-c++-common/cilk-plus/AN/array_test_ND.c -fcilkplus -O2 -std=c99 compilation failed to produce executable
FAIL: c-c++-common/cilk-plus/AN/builtin_fn_custom.c -fcilkplus -O2 -std=c99 (test for excess errors)
UNRESOLVED: c-c++-common/cilk-plus/AN/builtin_fn_custom.c -fcilkplus -O2 -std=c99 compilation failed to produce executable
FAIL: c-c++-common/cilk-plus/AN/builtin_fn_mutating.c -fcilkplus -O2 -std=c99 (test for excess errors)
UNRESOLVED: c-c++-common/cilk-plus/AN/builtin_fn_mutating.c -fcilkplus -O2 -std=c99 compilation failed to produce executable
FAIL: c-c++-common/cilk-plus/AN/builtin_func_double2.c -fcilkplus -O2 -std=c99 (test for excess errors)
UNRESOLVED: c-c++-common/cilk-plus/AN/builtin_func_double2.c -fcilkplus -O2 -std=c99 compilation failed to produce executable
FAIL: c-c++-common/cilk-plus/AN/comma_exp.c -fcilkplus -O2 -std=c99 (test for excess errors)
UNRESOLVED: c-c++-common/cilk-plus/AN/comma_exp.c -fcilkplus -O2 -std=c99 compilation failed to produce executable
FAIL: c-c++-common/cilk-plus/AN/conditional.c -fcilkplus -O2 -std=c99 (test for excess errors)
UNRESOLVED: c-c++-common/cilk-plus/AN/conditional.c -fcilkplus -O2 -std=c99 compilation failed to produce executable
FAIL: c-c++-common/cilk-plus/AN/exec-once.c -fcilkplus -O2 -std=c99 (test for excess errors)
UNRESOLVED: c-c++-common/cilk-plus/AN/exec-once.c -fcilkplus -O2 -std=c99 compilation failed to produce executable
FAIL: c-c++-common/cilk-plus/AN/exec-once2.c -fcilkplus -O2 -std=c99 (test for excess errors)
UNRESOLVED: c-c++-common/cilk-plus/AN/exec-once2.c -fcilkplus -O2 -std=c99 compilation failed to produce executable
FAIL: c-c++-common/cilk-plus/AN/gather_scatter.c -fcilkplus -O2 -std=c99 (test for excess errors)
UNRESOLVED: c-c++-common/cilk-plus/AN/gather_scatter.c -fcilkplus -O2 -std=c99 compilation failed to produce executable
FAIL: c-c++-common/cilk-plus/AN/if_test.c -fcilkplus -O2 -std=c99 (test for excess errors)
UNRESOLVED: c-c++-common/cilk-plus/AN/if_test.c -fcilkplus -O2 -std=c99 compilation failed to produce executable
FAIL: c-c++-common/cilk-plus/AN/n-ptr-test.c -fcilkplus -O2 -std=c99 (test for excess errors)
UNRESOLVED: c-c++-common/cilk-plus/AN/n-ptr-test.c -fcilkplus -O2 -std=c99 compilation failed to produce executable
FAIL: c-c++-common/cilk-plus/AN/pr57490.c -fcilkplus -O2 -std=c99 (test for excess errors)
UNRESOLVED: c-c++-common/cilk-plus/AN/pr57490.c -fcilkplus -O2 -std=c99 compilation failed to produce executable
FAIL: c-c++-common/cilk-plus/AN/sec_implicit_ex.c -fcilkplus -O2 -std=c99 (test for excess errors)
UNRESOLVED: c-c++-common/cilk-plus/AN/sec_implicit_ex.c -fcilkplus -O2 -std=c99 compilation failed to produce executable
FAIL: c-c++-common/cilk-plus/AN/sec_reduce_ind_same_value.c -fcilkplus -O2 -std=c99 (test for excess errors)
UNRESOLVED: c-c++-common/cilk-plus/AN/sec_reduce_ind_same_value.c -fcilkplus -O2 -std=c99 compilation failed to produce executable
FAIL: c-c++-common/cilk-plus/AN/sec_reduce_return.c -fcilkplus -O2 -std=c99 (test for excess errors)
UNRESOLVED: c-c++-common/cilk-plus/AN/sec_reduce_return.c -fcilkplus -O2 -std=c99 compilation failed to produce executable
FAIL: c-c++-common/cilk-plus/AN/side-effects-1.c -fcilkplus -O2 -std=c99 (test for excess errors)
UNRESOLVED: c-c++-common/cilk-plus/AN/side-effects-1.c -fcilkplus -O2 -std=c99 compilation failed to produce executable
FAIL: c-c++-common/cilk-plus/AN/test_builtin_return.c -fcilkplus -O2 -std=c99 (test for excess errors)
UNRESOLVED: c-c++-common/cilk-plus/AN/test_builtin_return.c -fcilkplus -O2 -std=c99 compilation failed to produce executable
FAIL: c-c++-common/cilk-plus/AN/test_sec_limits.c -fcilkplus -O2 -std=c99 (test for excess errors)
UNRESOLVED: c-c++-common/cilk-plus/AN/test_sec_limits.c -fcilkplus -O2 -std=c99 compilation failed to produce executable
FAIL: c-c++-common/cilk-plus/AN/an-if.c -fcilkplus -O3 -std=c99 (test for excess errors)
UNRESOLVED: c-c++-common/cilk-plus/AN/an-if.c -fcilkplus -O3 -std=c99 compilation failed to produce executable
FAIL: c-c++-common/cilk-plus/AN/array_test1.c -fcilkplus -O3 -std=c99 (test for excess errors)
UNRESOLVED: c-c++-common/cilk-plus/AN/array_test1.c -fcilkplus -O3 -std=c99 compilation failed to produce executable
FAIL: c-c++-common/cilk-plus/AN/array_test2.c -fcilkplus -O3 -std=c99 (test for excess errors)
UNRESOLVED: c-c++-common/cilk-plus/AN/array_test2.c -fcilkplus -O3 -std=c99 compilation failed to produce executable
FAIL: c-c++-common/cilk-plus/AN/array_test_ND.c -fcilkplus -O3 -std=c99 (test for excess errors)
UNRESOLVED: c-c++-common/cilk-plus/AN/array_test_ND.c -fcilkplus -O3 -std=c99 compilation failed to produce executable
FAIL: c-c++-common/cilk-plus/AN/builtin_fn_custom.c -fcilkplus -O3 -std=c99 (test for excess errors)
UNRESOLVED: c-c++-common/cilk-plus/AN/builtin_fn_custom.c -fcilkplus -O3 -std=c99 compilation failed to produce executable
FAIL: c-c++-common/cilk-plus/AN/builtin_fn_mutating.c -fcilkplus -O3 -std=c99 (test for excess errors)
UNRESOLVED: c-c++-common/cilk-plus/AN/builtin_fn_mutating.c -fcilkplus -O3 -std=c99 compilation failed to produce executable
FAIL: c-c++-common/cilk-plus/AN/builtin_func_double2.c -fcilkplus -O3 -std=c99 (test for excess errors)
UNRESOLVED: c-c++-common/cilk-plus/AN/builtin_func_double2.c -fcilkplus -O3 -std=c99 compilation failed to produce executable
FAIL: c-c++-common/cilk-plus/AN/comma_exp.c -fcilkplus -O3 -std=c99 (test for excess errors)
UNRESOLVED: c-c++-common/cilk-plus/AN/comma_exp.c -fcilkplus -O3 -std=c99 compilation failed to produce executable
FAIL: c-c++-common/cilk-plus/AN/conditional.c -fcilkplus -O3 -std=c99 (test for excess errors)
UNRESOLVED: c-c++-common/cilk-plus/AN/conditional.c -fcilkplus -O3 -std=c99 compilation failed to produce executable
FAIL: c-c++-common/cilk-plus/AN/exec-once.c -fcilkplus -O3 -std=c99 (test for excess errors)
UNRESOLVED: c-c++-common/cilk-plus/AN/exec-once.c -fcilkplus -O3 -std=c99 compilation failed to produce executable
FAIL: c-c++-common/cilk-plus/AN/exec-once2.c -fcilkplus -O3 -std=c99 (test for excess errors)
UNRESOLVED: c-c++-common/cilk-plus/AN/exec-once2.c -fcilkplus -O3 -std=c99 compilation failed to produce executable
FAIL: c-c++-common/cilk-plus/AN/gather_scatter.c -fcilkplus -O3 -std=c99 (test for excess errors)
UNRESOLVED: c-c++-common/cilk-plus/AN/gather_scatter.c -fcilkplus -O3 -std=c99 compilation failed to produce executable
FAIL: c-c++-common/cilk-plus/AN/if_test.c -fcilkplus -O3 -std=c99 (test for excess errors)
UNRESOLVED: c-c++-common/cilk-plus/AN/if_test.c -fcilkplus -O3 -std=c99 compilation failed to produce executable
FAIL: c-c++-common/cilk-plus/AN/n-ptr-test.c -fcilkplus -O3 -std=c99 (test for excess errors)
UNRESOLVED: c-c++-common/cilk-plus/AN/n-ptr-test.c -fcilkplus -O3 -std=c99 compilation failed to produce executable
FAIL: c-c++-common/cilk-plus/AN/pr57490.c -fcilkplus -O3 -std=c99 (test for excess errors)
UNRESOLVED: c-c++-common/cilk-plus/AN/pr57490.c -fcilkplus -O3 -std=c99 compilation failed to produce executable
FAIL: c-c++-common/cilk-plus/AN/sec_implicit_ex.c -fcilkplus -O3 -std=c99 (test for excess errors)
UNRESOLVED: c-c++-common/cilk-plus/AN/sec_implicit_ex.c -fcilkplus -O3 -std=c99 compilation failed to produce executable
FAIL: c-c++-common/cilk-plus/AN/sec_reduce_ind_same_value.c -fcilkplus -O3 -std=c99 (test for excess errors)
UNRESOLVED: c-c++-common/cilk-plus/AN/sec_reduce_ind_same_value.c -fcilkplus -O3 -std=c99 compilation failed to produce executable
FAIL: c-c++-common/cilk-plus/AN/sec_reduce_return.c -fcilkplus -O3 -std=c99 (test for excess errors)
UNRESOLVED: c-c++-common/cilk-plus/AN/sec_reduce_return.c -fcilkplus -O3 -std=c99 compilation failed to produce executable
FAIL: c-c++-common/cilk-plus/AN/side-effects-1.c -fcilkplus -O3 -std=c99 (test for excess errors)
UNRESOLVED: c-c++-common/cilk-plus/AN/side-effects-1.c -fcilkplus -O3 -std=c99 compilation failed to produce executable
FAIL: c-c++-common/cilk-plus/AN/test_builtin_return.c -fcilkplus -O3 -std=c99 (test for excess errors)
UNRESOLVED: c-c++-common/cilk-plus/AN/test_builtin_return.c -fcilkplus -O3 -std=c99 compilation failed to produce executable
FAIL: c-c++-common/cilk-plus/AN/test_sec_limits.c -fcilkplus -O3 -std=c99 (test for excess errors)
UNRESOLVED: c-c++-common/cilk-plus/AN/test_sec_limits.c -fcilkplus -O3 -std=c99 compilation failed to produce executable
FAIL: c-c++-common/cilk-plus/AN/an-if.c -fcilkplus -g -O0 -std=c99 (test for excess errors)
UNRESOLVED: c-c++-common/cilk-plus/AN/an-if.c -fcilkplus -g -O0 -std=c99 compilation failed to produce executable
FAIL: c-c++-common/cilk-plus/AN/array_test1.c -fcilkplus -g -O0 -std=c99 (test for excess errors)
UNRESOLVED: c-c++-common/cilk-plus/AN/array_test1.c -fcilkplus -g -O0 -std=c99 compilation failed to produce executable
FAIL: c-c++-common/cilk-plus/AN/array_test2.c -fcilkplus -g -O0 -std=c99 (test for excess errors)
UNRESOLVED: c-c++-common/cilk-plus/AN/array_test2.c -fcilkplus -g -O0 -std=c99 compilation failed to produce executable
FAIL: c-c++-common/cilk-plus/AN/array_test_ND.c -fcilkplus -g -O0 -std=c99 (test for excess errors)
UNRESOLVED: c-c++-common/cilk-plus/AN/array_test_ND.c -fcilkplus -g -O0 -std=c99 compilation failed to produce executable
FAIL: c-c++-common/cilk-plus/AN/builtin_fn_custom.c -fcilkplus -g -O0 -std=c99 (test for excess errors)
UNRESOLVED: c-c++-common/cilk-plus/AN/builtin_fn_custom.c -fcilkplus -g -O0 -std=c99 compilation failed to produce executable
FAIL: c-c++-common/cilk-plus/AN/builtin_fn_mutating.c -fcilkplus -g -O0 -std=c99 (test for excess errors)
UNRESOLVED: c-c++-common/cilk-plus/AN/builtin_fn_mutating.c -fcilkplus -g -O0 -std=c99 compilation failed to produce executable
FAIL: c-c++-common/cilk-plus/AN/builtin_func_double2.c -fcilkplus -g -O0 -std=c99 (test for excess errors)
UNRESOLVED: c-c++-common/cilk-plus/AN/builtin_func_double2.c -fcilkplus -g -O0 -std=c99 compilation failed to produce executable
FAIL: c-c++-common/cilk-plus/AN/comma_exp.c -fcilkplus -g -O0 -std=c99 (test for excess errors)
UNRESOLVED: c-c++-common/cilk-plus/AN/comma_exp.c -fcilkplus -g -O0 -std=c99 compilation failed to produce executable
FAIL: c-c++-common/cilk-plus/AN/conditional.c -fcilkplus -g -O0 -std=c99 (test for excess errors)
UNRESOLVED: c-c++-common/cilk-plus/AN/conditional.c -fcilkplus -g -O0 -std=c99 compilation failed to produce executable
FAIL: c-c++-common/cilk-plus/AN/exec-once.c -fcilkplus -g -O0 -std=c99 (test for excess errors)
UNRESOLVED: c-c++-common/cilk-plus/AN/exec-once.c -fcilkplus -g -O0 -std=c99 compilation failed to produce executable
FAIL: c-c++-common/cilk-plus/AN/exec-once2.c -fcilkplus -g -O0 -std=c99 (test for excess errors)
UNRESOLVED: c-c++-common/cilk-plus/AN/exec-once2.c -fcilkplus -g -O0 -std=c99 compilation failed to produce executable
FAIL: c-c++-common/cilk-plus/AN/gather_scatter.c -fcilkplus -g -O0 -std=c99 (test for excess errors)
UNRESOLVED: c-c++-common/cilk-plus/AN/gather_scatter.c -fcilkplus -g -O0 -std=c99 compilation failed to produce executable
FAIL: c-c++-common/cilk-plus/AN/if_test.c -fcilkplus -g -O0 -std=c99 (test for excess errors)
UNRESOLVED: c-c++-common/cilk-plus/AN/if_test.c -fcilkplus -g -O0 -std=c99 compilation failed to produce executable
FAIL: c-c++-common/cilk-plus/AN/n-ptr-test.c -fcilkplus -g -O0 -std=c99 (test for excess errors)
UNRESOLVED: c-c++-common/cilk-plus/AN/n-ptr-test.c -fcilkplus -g -O0 -std=c99 compilation failed to produce executable
FAIL: c-c++-common/cilk-plus/AN/pr57490.c -fcilkplus -g -O0 -std=c99 (test for excess errors)
UNRESOLVED: c-c++-common/cilk-plus/AN/pr57490.c -fcilkplus -g -O0 -std=c99 compilation failed to produce executable
FAIL: c-c++-common/cilk-plus/AN/sec_implicit_ex.c -fcilkplus -g -O0 -std=c99 (test for excess errors)
UNRESOLVED: c-c++-common/cilk-plus/AN/sec_implicit_ex.c -fcilkplus -g -O0 -std=c99 compilation failed to produce executable
FAIL: c-c++-common/cilk-plus/AN/sec_reduce_ind_same_value.c -fcilkplus -g -O0 -std=c99 (test for excess errors)
UNRESOLVED: c-c++-common/cilk-plus/AN/sec_reduce_ind_same_value.c -fcilkplus -g -O0 -std=c99 compilation failed to produce executable
FAIL: c-c++-common/cilk-plus/AN/sec_reduce_return.c -fcilkplus -g -O0 -std=c99 (test for excess errors)
UNRESOLVED: c-c++-common/cilk-plus/AN/sec_reduce_return.c -fcilkplus -g -O0 -std=c99 compilation failed to produce executable
FAIL: c-c++-common/cilk-plus/AN/side-effects-1.c -fcilkplus -g -O0 -std=c99 (test for excess errors)
UNRESOLVED: c-c++-common/cilk-plus/AN/side-effects-1.c -fcilkplus -g -O0 -std=c99 compilation failed to produce executable
FAIL: c-c++-common/cilk-plus/AN/test_builtin_return.c -fcilkplus -g -O0 -std=c99 (test for excess errors)
UNRESOLVED: c-c++-common/cilk-plus/AN/test_builtin_return.c -fcilkplus -g -O0 -std=c99 compilation failed to produce executable
FAIL: c-c++-common/cilk-plus/AN/test_sec_limits.c -fcilkplus -g -O0 -std=c99 (test for excess errors)
UNRESOLVED: c-c++-common/cilk-plus/AN/test_sec_limits.c -fcilkplus -g -O0 -std=c99 compilation failed to produce executable
FAIL: gcc.dg/builtins-20.c (test for excess errors)
FAIL: gcc.dg/builtins-55.c (test for excess errors)
FAIL: gcc.dg/builtins-57.c (test for excess errors)
FAIL: gcc.dg/builtins-58.c scan-assembler-not pow
FAIL: gcc.dg/builtins-59.c scan-tree-dump gimple "__builtin_cexpi"
FAIL: gcc.dg/builtins-59.c scan-tree-dump-not gimple "sincos"
FAIL: gcc.dg/builtins-61.c scan-tree-dump optimized "cexpi"
FAIL: gcc.dg/builtins-61.c scan-tree-dump optimized "sin"
FAIL: gcc.dg/builtins-61.c scan-tree-dump optimized "cos"
FAIL: gcc.dg/builtins-61.c scan-tree-dump optimized "return 0.0"
FAIL: gcc.dg/builtins-62.c scan-tree-dump-times optimized "cexpi" 3
FAIL: gcc.dg/builtins-65.c (test for excess errors)
FAIL: gcc.dg/c99-tgmath-2.c (test for excess errors)
FAIL: gcc.dg/c99-tgmath-3.c (test for excess errors)
FAIL: gcc.dg/c99-tgmath-4.c (test for excess errors)
UNRESOLVED: gcc.dg/c99-tgmath-4.c scan-assembler cpowf
FAIL: gcc.dg/utf-array-short-wchar.c (test for errors, line 39)
FAIL: gcc.dg/utf-array-short-wchar.c (test for errors, line 41)
FAIL: gcc.dg/utf-array-short-wchar.c (test for excess errors)
WARNING: program timed out.
WARNING: program timed out.
FAIL: largefile.c -O0 -g -I. -Dwith_PCH (test for excess errors)
FAIL: gcc.dg/pch/largefile.c -O0 -g assembly comparison
WARNING: program timed out.
FAIL: largefile.c -O0 -I. -Dwith_PCH (test for excess errors)
FAIL: gcc.dg/pch/largefile.c -O0 assembly comparison
WARNING: program timed out.
FAIL: largefile.c -O1 -I. -Dwith_PCH (test for excess errors)
FAIL: gcc.dg/pch/largefile.c -O1 assembly comparison
WARNING: program timed out.
FAIL: largefile.c -O2 -I. -Dwith_PCH (test for excess errors)
FAIL: gcc.dg/pch/largefile.c -O2 assembly comparison
WARNING: program timed out.
FAIL: largefile.c -O3 -fomit-frame-pointer -I. -Dwith_PCH (test for excess errors)
FAIL: gcc.dg/pch/largefile.c -O3 -fomit-frame-pointer assembly comparison
WARNING: program timed out.
FAIL: largefile.c -O3 -g -I. -Dwith_PCH (test for excess errors)
FAIL: gcc.dg/pch/largefile.c -O3 -g assembly comparison
WARNING: program timed out.
FAIL: largefile.c -Os -I. -Dwith_PCH (test for excess errors)
FAIL: gcc.dg/pch/largefile.c -Os assembly comparison
FAIL: gcc.dg/torture/builtin-convert-1.c -O1 (test for excess errors)
FAIL: gcc.dg/torture/builtin-convert-1.c -O2 (test for excess errors)
FAIL: gcc.dg/torture/builtin-convert-1.c -O3 -fomit-frame-pointer (test for excess errors)
FAIL: gcc.dg/torture/builtin-convert-1.c -O3 -g (test for excess errors)
FAIL: gcc.dg/torture/builtin-convert-1.c -Os (test for excess errors)
FAIL: gcc.dg/torture/builtin-convert-1.c -O2 -flto -fno-use-linker-plugin -flto-partition=none (test for excess errors)
FAIL: gcc.dg/torture/builtin-convert-2.c -O1 (test for excess errors)
FAIL: gcc.dg/torture/builtin-convert-2.c -O2 (test for excess errors)
FAIL: gcc.dg/torture/builtin-convert-2.c -O3 -fomit-frame-pointer (test for excess errors)
FAIL: gcc.dg/torture/builtin-convert-2.c -O3 -g (test for excess errors)
FAIL: gcc.dg/torture/builtin-convert-2.c -Os (test for excess errors)
FAIL: gcc.dg/torture/builtin-convert-2.c -O2 -flto -fno-use-linker-plugin -flto-partition=none (test for excess errors)
FAIL: gcc.dg/torture/builtin-convert-3.c -O1 (test for excess errors)
FAIL: gcc.dg/torture/builtin-convert-3.c -O2 (test for excess errors)
FAIL: gcc.dg/torture/builtin-convert-3.c -O3 -fomit-frame-pointer (test for excess errors)
FAIL: gcc.dg/torture/builtin-convert-3.c -O3 -g (test for excess errors)
FAIL: gcc.dg/torture/builtin-convert-3.c -Os (test for excess errors)
FAIL: gcc.dg/torture/builtin-convert-3.c -O2 -flto -fno-use-linker-plugin -flto-partition=none (test for excess errors)
FAIL: gcc.dg/torture/builtin-power-1.c -O1 (test for excess errors)
FAIL: gcc.dg/torture/builtin-power-1.c -O2 (test for excess errors)
FAIL: gcc.dg/torture/builtin-power-1.c -O3 -fomit-frame-pointer (test for excess errors)
FAIL: gcc.dg/torture/builtin-power-1.c -O3 -g (test for excess errors)
FAIL: gcc.dg/torture/builtin-power-1.c -Os (test for excess errors)
FAIL: gcc.dg/torture/builtin-power-1.c -O2 -flto -fno-use-linker-plugin -flto-partition=none (test for excess errors)
FAIL: gcc.dg/torture/pr60092.c -O0 execution test
FAIL: gcc.dg/torture/pr60092.c -O1 execution test
FAIL: gcc.dg/torture/pr60092.c -O2 execution test
FAIL: gcc.dg/torture/pr60092.c -O3 -fomit-frame-pointer execution test
FAIL: gcc.dg/torture/pr60092.c -O3 -g execution test
FAIL: gcc.dg/torture/pr60092.c -Os execution test
FAIL: gcc.dg/torture/pr60092.c -O2 -flto -fno-use-linker-plugin -flto-partition=none execution test
FAIL: gcc.dg/torture/pr60092.c -O2 -flto -fuse-linker-plugin -fno-fat-lto-objects execution test
FAIL: gcc.target/i386/avx512f-ceil-sfix-vec-2.c scan-assembler vrndscalepd[^\\n]*zmm[0-9]
FAIL: gcc.target/i386/avx512f-ceil-sfix-vec-2.c scan-assembler vcvttpd2dq[^\\n]*zmm[0-9]
FAIL: gcc.target/i386/avx512f-floor-sfix-vec-2.c scan-assembler vrndscalepd[^\\n]*zmm[0-9]
FAIL: gcc.target/i386/avx512f-floor-sfix-vec-2.c scan-assembler vcvttpd2dq[^\\n]*zmm[0-9]
=== gcc Summary ===
# of expected passes 98616
# of unexpected failures 338
# of expected failures 247
# of unresolved testcases 215
# of unsupported tests 1821
/mnt/scratch/dfly/gcc/xgcc version 4.10.0 20140523 (experimental) (GCC)
=== gfortran tests ===
Running target unix
FAIL: gfortran.dg/large_real_kind_2.F90 -O0 (test for excess errors)
UNRESOLVED: gfortran.dg/large_real_kind_2.F90 -O0 compilation failed to produce executable
FAIL: gfortran.dg/large_real_kind_2.F90 -O1 (test for excess errors)
UNRESOLVED: gfortran.dg/large_real_kind_2.F90 -O1 compilation failed to produce executable
FAIL: gfortran.dg/large_real_kind_2.F90 -O2 (test for excess errors)
UNRESOLVED: gfortran.dg/large_real_kind_2.F90 -O2 compilation failed to produce executable
FAIL: gfortran.dg/large_real_kind_2.F90 -O3 -fomit-frame-pointer (test for excess errors)
UNRESOLVED: gfortran.dg/large_real_kind_2.F90 -O3 -fomit-frame-pointer compilation failed to produce executable
FAIL: gfortran.dg/large_real_kind_2.F90 -O3 -fomit-frame-pointer -funroll-loops (test for excess errors)
UNRESOLVED: gfortran.dg/large_real_kind_2.F90 -O3 -fomit-frame-pointer -funroll-loops compilation failed to produce executable
FAIL: gfortran.dg/large_real_kind_2.F90 -O3 -fomit-frame-pointer -funroll-all-loops -finline-functions (test for excess errors)
UNRESOLVED: gfortran.dg/large_real_kind_2.F90 -O3 -fomit-frame-pointer -funroll-all-loops -finline-functions compilation failed to produce executable
FAIL: gfortran.dg/large_real_kind_2.F90 -O3 -g (test for excess errors)
UNRESOLVED: gfortran.dg/large_real_kind_2.F90 -O3 -g compilation failed to produce executable
FAIL: gfortran.dg/large_real_kind_2.F90 -Os (test for excess errors)
UNRESOLVED: gfortran.dg/large_real_kind_2.F90 -Os compilation failed to produce executable
FAIL: gfortran.dg/open_errors.f90 -O0 execution test
FAIL: gfortran.dg/open_errors.f90 -O1 execution test
FAIL: gfortran.dg/open_errors.f90 -O2 execution test
FAIL: gfortran.dg/open_errors.f90 -O3 -fomit-frame-pointer execution test
FAIL: gfortran.dg/open_errors.f90 -O3 -fomit-frame-pointer -funroll-loops execution test
FAIL: gfortran.dg/open_errors.f90 -O3 -fomit-frame-pointer -funroll-all-loops -finline-functions execution test
FAIL: gfortran.dg/open_errors.f90 -O3 -g execution test
FAIL: gfortran.dg/open_errors.f90 -Os execution test
FAIL: gfortran.dg/wextra_1.f -O (test for warnings, line 4)
=== gfortran Summary ===
# of expected passes 45657
# of unexpected failures 17
# of expected failures 38
# of unresolved testcases 8
# of unsupported tests 70
/mnt/scratch/dfly/gcc/testsuite/gfortran/../../gfortran version 4.10.0 20140523 (experimental) (GCC)
=== objc tests ===
Running target unix
=== objc Summary ===
# of expected passes 3004
# of expected failures 6
# of unsupported tests 74
/mnt/scratch/dfly/gcc/xgcc version 4.10.0 20140523 (experimental) (GCC)
=== libgomp tests ===
Running target unix
=== libgomp Summary ===
# of expected passes 2603
# of unsupported tests 4
=== libitm tests ===
Running target unix
=== libitm Summary ===
# of expected passes 26
# of expected failures 3
# of unsupported tests 1
=== libstdc++ tests ===
Running target unix
FAIL: 20_util/shared_ptr/thread/mutex_weaktoshared.cc execution test
FAIL: 22_locale/codecvt/encoding/wchar_t/wrapped_env.cc execution test
FAIL: 22_locale/codecvt/max_length/wchar_t/wrapped_env.cc execution test
FAIL: 22_locale/collate/compare/char/2.cc execution test
FAIL: 22_locale/collate/compare/char/3.cc execution test
FAIL: 22_locale/collate/compare/char/wrapped_env.cc execution test
FAIL: 22_locale/collate/compare/wchar_t/2.cc execution test
FAIL: 22_locale/collate/compare/wchar_t/3.cc execution test
FAIL: 22_locale/collate/compare/wchar_t/wrapped_env.cc execution test
FAIL: 22_locale/collate/transform/char/2.cc execution test
FAIL: 22_locale/collate/transform/char/3.cc execution test
FAIL: 22_locale/collate/transform/char/wrapped_env.cc execution test
FAIL: 22_locale/collate/transform/wchar_t/2.cc execution test
FAIL: 22_locale/collate/transform/wchar_t/3.cc execution test
FAIL: 22_locale/collate/transform/wchar_t/wrapped_env.cc execution test
FAIL: 22_locale/collate_byname/named_equivalence.cc execution test
FAIL: 22_locale/ctype/is/char/wrapped_env.cc execution test
XPASS: 22_locale/ctype/is/wchar_t/2.cc execution test
FAIL: 22_locale/ctype/is/wchar_t/wrapped_env.cc execution test
FAIL: 22_locale/facet/25421.cc execution test
FAIL: 22_locale/locale/cons/12438.cc execution test
FAIL: 22_locale/locale/cons/12658_thread-1.cc execution test
FAIL: 22_locale/locale/cons/2.cc execution test
FAIL: 22_locale/locale/cons/29217.cc execution test
FAIL: 22_locale/locale/cons/38368.cc execution test
FAIL: 22_locale/locale/cons/7.cc execution test
FAIL: 22_locale/locale/global_locale_objects/14071.cc execution test
FAIL: 22_locale/messages/members/char/1.cc execution test
FAIL: 22_locale/messages/members/char/2.cc execution test
FAIL: 22_locale/messages/members/char/wrapped_env.cc execution test
FAIL: 22_locale/messages_byname/named_equivalence.cc execution test
FAIL: 22_locale/money_get/get/char/1.cc execution test
FAIL: 22_locale/money_get/get/char/10.cc execution test
FAIL: 22_locale/money_get/get/char/11.cc execution test
FAIL: 22_locale/money_get/get/char/11528.cc execution test
FAIL: 22_locale/money_get/get/char/12.cc execution test
FAIL: 22_locale/money_get/get/char/13.cc execution test
FAIL: 22_locale/money_get/get/char/15.cc execution test
FAIL: 22_locale/money_get/get/char/17.cc execution test
FAIL: 22_locale/money_get/get/char/3.cc execution test
FAIL: 22_locale/money_get/get/wchar_t/1.cc execution test
FAIL: 22_locale/money_get/get/wchar_t/10.cc execution test
FAIL: 22_locale/money_get/get/wchar_t/11.cc execution test
FAIL: 22_locale/money_get/get/wchar_t/11528.cc execution test
FAIL: 22_locale/money_get/get/wchar_t/12.cc execution test
FAIL: 22_locale/money_get/get/wchar_t/13.cc execution test
FAIL: 22_locale/money_get/get/wchar_t/15.cc execution test
FAIL: 22_locale/money_get/get/wchar_t/17.cc execution test
FAIL: 22_locale/money_get/get/wchar_t/3.cc execution test
FAIL: 22_locale/money_put/put/char/1.cc execution test
FAIL: 22_locale/money_put/put/char/3.cc execution test
FAIL: 22_locale/money_put/put/char/9780-3.cc execution test
FAIL: 22_locale/money_put/put/wchar_t/1.cc execution test
FAIL: 22_locale/money_put/put/wchar_t/3.cc execution test
FAIL: 22_locale/moneypunct/members/char/2.cc execution test
FAIL: 22_locale/moneypunct/members/char/wrapped_env.cc execution test
FAIL: 22_locale/moneypunct/members/wchar_t/2.cc execution test
FAIL: 22_locale/moneypunct/members/wchar_t/wrapped_env.cc execution test
FAIL: 22_locale/moneypunct_byname/named_equivalence.cc execution test
FAIL: 22_locale/num_get/get/char/1.cc execution test
FAIL: 22_locale/num_get/get/char/5.cc execution test
FAIL: 22_locale/num_get/get/char/6.cc execution test
FAIL: 22_locale/num_get/get/wchar_t/1.cc execution test
FAIL: 22_locale/num_get/get/wchar_t/5.cc execution test
FAIL: 22_locale/num_get/get/wchar_t/6.cc execution test
FAIL: 22_locale/num_put/put/char/1.cc execution test
FAIL: 22_locale/num_put/put/char/20914.cc execution test
FAIL: 22_locale/num_put/put/wchar_t/1.cc execution test
FAIL: 22_locale/num_put/put/wchar_t/20914.cc execution test
FAIL: 22_locale/numpunct/members/char/2.cc execution test
FAIL: 22_locale/numpunct/members/char/wrapped_env.cc execution test
FAIL: 22_locale/numpunct/members/wchar_t/2.cc execution test
FAIL: 22_locale/numpunct/members/wchar_t/wrapped_env.cc execution test
FAIL: 22_locale/numpunct_byname/named_equivalence.cc execution test
FAIL: 22_locale/time_get/get_date/char/12750.cc execution test
FAIL: 22_locale/time_get/get_date/char/26701.cc execution test
FAIL: 22_locale/time_get/get_date/wchar_t/12750.cc execution test
FAIL: 22_locale/time_get/get_date/wchar_t/26701.cc execution test
FAIL: 22_locale/time_get/get_date/wchar_t/4.cc execution test
FAIL: 22_locale/time_put/put/char/4.cc execution test
FAIL: 22_locale/time_put/put/wchar_t/4.cc execution test
FAIL: ext/mt_allocator/deallocate_global_thread-1.cc execution test
FAIL: ext/mt_allocator/deallocate_global_thread-3.cc execution test
WARNING: program timed out.
=== libstdc++ Summary ===
# of expected passes 3619
# of unexpected failures 82
# of unexpected successes 1
# of expected failures 6
# of unsupported tests 230
Compiler version: 4.10.0 20140523 (experimental) (GCC)
Platform: x86_64-unknown-dragonfly3.6
configure flags: --prefix=/home/jwakely/gcc/4.x --with-gmp=/usr/local/ --with-mpfr=/usr/local/ --with-mpc=/usr/local/ --disable-werror --enable-languages=c,c++,objc,fortran --disable-bootstrap
More information about the Gcc-testresults
mailing list