Results for 4.10.0 20140521 (experimental) [trunk revision 210687] (GCC) testsuite on powerpc64-unknown-linux-gnu
Pat Haugen
pthaugen@us.ibm.com
Fri May 23 17:37:00 GMT 2014
Linux 2.6.16.60-0.83.2-ppc64 ppc64
GNU C Library stable release version 2.4 (20110922)
GNU ld (GNU Binutils) 2.21.1
GNU assembler (GNU Binutils) 2.21.1
GNU Make 3.80
DejaGnu:
Expect version is 5.43.0
Tcl version is 8.4
Framework version is 1.4.4
32-bit biarch default32
LAST_UPDATED: Wed May 21 10:11:23 UTC 2014 (revision 210687)
Native configuration is powerpc64-unknown-linux-gnu
=== gcc tests ===
Running target unix/-m32
FAIL: gcc.c-torture/compile/pr60655-2.c -O3 -g (test for excess errors)
FAIL: gcc.dg/atomic/c11-atomic-exec-5.c -O0 execution test
FAIL: gcc.dg/atomic/c11-atomic-exec-5.c -O1 execution test
FAIL: gcc.dg/atomic/c11-atomic-exec-5.c -O2 execution test
FAIL: gcc.dg/atomic/c11-atomic-exec-5.c -O3 -fomit-frame-pointer execution test
FAIL: gcc.dg/atomic/c11-atomic-exec-5.c -O3 -fomit-frame-pointer -funroll-loops execution test
FAIL: gcc.dg/atomic/c11-atomic-exec-5.c -O3 -fomit-frame-pointer -funroll-all-loops -finline-functions execution test
FAIL: gcc.dg/atomic/c11-atomic-exec-5.c -O3 -g execution test
FAIL: gcc.dg/atomic/c11-atomic-exec-5.c -Os execution test
FAIL: gcc.dg/atomic/c11-atomic-exec-5.c -O2 -flto -fno-use-linker-plugin -flto-partition=none execution test
FAIL: gcc.dg/atomic/c11-atomic-exec-5.c -O2 -flto -fuse-linker-plugin -fno-fat-lto-objects execution test
FAIL: gcc.dg/Wstrict-overflow-18.c (test for bogus messages, line 20)
FAIL: gcc.dg/and-1.c scan-assembler-not nand
FAIL: gcc.dg/binop-xor1.c scan-tree-dump-times optimized "\\\\^" 1
FAIL: gcc.dg/cproj-fails-with-broken-glibc.c execution test
FAIL: gcc.dg/pr34856.c (internal compiler error)
FAIL: gcc.dg/pr34856.c (test for excess errors)
FAIL: gcc.dg/tree-ssa/loop-19.c scan-tree-dump-times optimized "MEM.(base: &|symbol: )a," 2
FAIL: gcc.dg/tree-ssa/loop-19.c scan-tree-dump-times optimized "MEM.(base: &|symbol: )c," 2
FAIL: gcc.dg/tree-ssa/sra-12.c scan-tree-dump-times release_ssa "l;" 0
FAIL: gcc.dg/tree-ssa/ssa-dom-thread-4.c scan-tree-dump-times dom1 "Threaded" 3
FAIL: gcc.dg/tree-ssa/vrp47.c scan-tree-dump-times vrp1 "[xy][^ ]* !=" 0
FAIL: gcc.dg/vect/costmodel/ppc/costmodel-bb-slp-9a.c scan-tree-dump-times slp "basic block vectorized using SLP" 1
FAIL: gcc.dg/vect/no-vfa-vect-depend-2.c scan-tree-dump-times vect "vectorized 1 loops" 1
FAIL: gcc.dg/vect/no-vfa-vect-depend-3.c scan-tree-dump-times vect "vectorized 1 loops" 4
FAIL: gcc.dg/vmx/gcc-bug-5.c -O3 -g (internal compiler error)
FAIL: gcc.dg/vmx/gcc-bug-5.c -O3 -g (test for excess errors)
FAIL: gcc.dg/vmx/gcc-bug-6.c -O3 -g (internal compiler error)
FAIL: gcc.dg/vmx/gcc-bug-6.c -O3 -g (test for excess errors)
FAIL: gcc.dg/vmx/varargs-7.c -O3 -g (internal compiler error)
FAIL: gcc.dg/vmx/varargs-7.c -O3 -g (test for excess errors)
FAIL: gcc.target/powerpc/405-dlmzb-strlen-1.c scan-assembler dlmzb\\\\.
FAIL: gcc.target/powerpc/440-dlmzb-strlen-1.c scan-assembler dlmzb\\\\.
FAIL: gcc.target/powerpc/pr53199.c scan-assembler-times lwbrx 6
FAIL: gcc.target/powerpc/pr53199.c scan-assembler-times stwbrx 6
FAIL: gcc.target/powerpc/vsxcopy.c scan-assembler lxvd2x
FAIL: gcc.target/powerpc/vsxcopy.c scan-assembler stxvd2x
=== gcc Summary for unix/-m32 ===
# of expected passes 91757
# of unexpected failures 37
# of expected failures 212
# of unsupported tests 1569
Running target unix/-m64
FAIL: gcc.dg/atomic/c11-atomic-exec-5.c -O0 execution test
FAIL: gcc.dg/atomic/c11-atomic-exec-5.c -O1 execution test
FAIL: gcc.dg/atomic/c11-atomic-exec-5.c -O2 execution test
FAIL: gcc.dg/atomic/c11-atomic-exec-5.c -O3 -fomit-frame-pointer execution test
FAIL: gcc.dg/atomic/c11-atomic-exec-5.c -O3 -fomit-frame-pointer -funroll-loops execution test
FAIL: gcc.dg/atomic/c11-atomic-exec-5.c -O3 -fomit-frame-pointer -funroll-all-loops -finline-functions execution test
FAIL: gcc.dg/atomic/c11-atomic-exec-5.c -O3 -g execution test
FAIL: gcc.dg/atomic/c11-atomic-exec-5.c -Os execution test
FAIL: gcc.dg/atomic/c11-atomic-exec-5.c -O2 -flto -fno-use-linker-plugin -flto-partition=none execution test
FAIL: gcc.dg/atomic/c11-atomic-exec-5.c -O2 -flto -fuse-linker-plugin -fno-fat-lto-objects execution test
FAIL: gcc.dg/Wstrict-overflow-18.c (test for bogus messages, line 20)
FAIL: gcc.dg/and-1.c scan-assembler-not nand
FAIL: gcc.dg/binop-xor1.c scan-tree-dump-times optimized "\\\\^" 1
FAIL: gcc.dg/cproj-fails-with-broken-glibc.c execution test
FAIL: gcc.dg/pr44194-1.c scan-rtl-dump dse1 "global deletions = (2|3)"
FAIL: gcc.dg/sms-4.c scan-rtl-dump-times sms "SMS succeeded" 1
FAIL: gcc.dg/stack-usage-1.c scan-file foo\\t(256|264)\\tstatic
FAIL: gcc.dg/tree-ssa/loop-19.c scan-tree-dump-times optimized "MEM.(base: &|symbol: )a," 2
FAIL: gcc.dg/tree-ssa/loop-19.c scan-tree-dump-times optimized "MEM.(base: &|symbol: )c," 2
FAIL: gcc.dg/tree-ssa/ssa-dom-thread-4.c scan-tree-dump-times dom1 "Threaded" 3
FAIL: gcc.dg/tree-ssa/vrp47.c scan-tree-dump-times vrp1 "[xy][^ ]* !=" 0
FAIL: gcc.dg/vect/costmodel/ppc/costmodel-bb-slp-9a.c scan-tree-dump-times slp "basic block vectorized using SLP" 1
FAIL: gcc.dg/vect/no-vfa-vect-depend-2.c scan-tree-dump-times vect "vectorized 1 loops" 1
FAIL: gcc.dg/vect/no-vfa-vect-depend-3.c scan-tree-dump-times vect "vectorized 1 loops" 4
FAIL: gcc.dg/vmx/gcc-bug-5.c -O3 -g (internal compiler error)
FAIL: gcc.dg/vmx/gcc-bug-5.c -O3 -g (test for excess errors)
FAIL: gcc.dg/vmx/gcc-bug-6.c -O3 -g (internal compiler error)
FAIL: gcc.dg/vmx/gcc-bug-6.c -O3 -g (test for excess errors)
FAIL: gcc.dg/vmx/varargs-7.c -O3 -g (internal compiler error)
FAIL: gcc.dg/vmx/varargs-7.c -O3 -g (test for excess errors)
FAIL: gcc.target/powerpc/vsxcopy.c scan-assembler lxvd2x
FAIL: gcc.target/powerpc/vsxcopy.c scan-assembler stxvd2x
=== gcc Summary for unix/-m64 ===
# of expected passes 92547
# of unexpected failures 32
# of expected failures 225
# of unsupported tests 1581
=== gcc Summary ===
# of expected passes 184304
# of unexpected failures 69
# of expected failures 437
# of unsupported tests 3150
/home/gccbuild/build/nightly/build-gcc-trunk/gcc/xgcc version 4.10.0 20140521 (experimental) [trunk revision 210687] (GCC)
=== gfortran tests ===
Running target unix/-m32
XPASS: gfortran.dg/default_format_denormal_2.f90 -O0 execution test
XPASS: gfortran.dg/default_format_denormal_2.f90 -O1 execution test
XPASS: gfortran.dg/default_format_denormal_2.f90 -O2 execution test
XPASS: gfortran.dg/default_format_denormal_2.f90 -O3 -fomit-frame-pointer execution test
XPASS: gfortran.dg/default_format_denormal_2.f90 -O3 -fomit-frame-pointer -funroll-loops execution test
XPASS: gfortran.dg/default_format_denormal_2.f90 -O3 -fomit-frame-pointer -funroll-all-loops -finline-functions execution test
XPASS: gfortran.dg/default_format_denormal_2.f90 -O3 -g execution test
XPASS: gfortran.dg/default_format_denormal_2.f90 -Os execution test
FAIL: gfortran.dg/wextra_1.f -O (test for warnings, line 4)
FAIL: gfortran.dg/vect/pr48329.f90 -O scan-tree-dump-times vect "vectorized 1 loops" 1
=== gfortran Summary for unix/-m32 ===
# of expected passes 44779
# of unexpected failures 2
# of unexpected successes 8
# of expected failures 55
# of unsupported tests 246
Running target unix/-m64
XPASS: gfortran.dg/default_format_denormal_2.f90 -O0 execution test
XPASS: gfortran.dg/default_format_denormal_2.f90 -O1 execution test
XPASS: gfortran.dg/default_format_denormal_2.f90 -O2 execution test
XPASS: gfortran.dg/default_format_denormal_2.f90 -O3 -fomit-frame-pointer execution test
XPASS: gfortran.dg/default_format_denormal_2.f90 -O3 -fomit-frame-pointer -funroll-loops execution test
XPASS: gfortran.dg/default_format_denormal_2.f90 -O3 -fomit-frame-pointer -funroll-all-loops -finline-functions execution test
XPASS: gfortran.dg/default_format_denormal_2.f90 -O3 -g execution test
XPASS: gfortran.dg/default_format_denormal_2.f90 -Os execution test
FAIL: gfortran.dg/wextra_1.f -O (test for warnings, line 4)
FAIL: gfortran.dg/vect/pr48329.f90 -O scan-tree-dump-times vect "vectorized 1 loops" 1
=== gfortran Summary for unix/-m64 ===
# of expected passes 45106
# of unexpected failures 2
# of unexpected successes 8
# of expected failures 55
# of unsupported tests 85
=== gfortran Summary ===
# of expected passes 89885
# of unexpected failures 4
# of unexpected successes 16
# of expected failures 110
# of unsupported tests 331
/home/gccbuild/build/nightly/build-gcc-trunk/gcc/testsuite/gfortran/../../gfortran version 4.10.0 20140521 (experimental) [trunk revision 210687] (GCC)
=== g++ tests ===
Running target unix/-m32
FAIL: g++.dg/ipa/devirt-15.C -std=gnu++98 scan-ipa-dump devirt "Speculatively devirtualizing call"
FAIL: g++.dg/ipa/devirt-15.C -std=gnu++11 scan-ipa-dump devirt "Speculatively devirtualizing call"
FAIL: g++.dg/ipa/devirt-15.C -std=gnu++1y scan-ipa-dump devirt "Speculatively devirtualizing call"
FAIL: g++.dg/ipa/devirt-16.C -std=gnu++98 scan-ipa-dump whole-program "Devirtualizing"
FAIL: g++.dg/ipa/devirt-16.C -std=gnu++11 scan-ipa-dump whole-program "Devirtualizing"
FAIL: g++.dg/ipa/devirt-16.C -std=gnu++1y scan-ipa-dump whole-program "Devirtualizing"
FAIL: g++.dg/ipa/devirt-17.C -std=gnu++98 scan-ipa-dump whole-program "Devirtualizing"
FAIL: g++.dg/ipa/devirt-17.C -std=gnu++11 scan-ipa-dump whole-program "Devirtualizing"
FAIL: g++.dg/ipa/devirt-17.C -std=gnu++1y scan-ipa-dump whole-program "Devirtualizing"
FAIL: g++.dg/ipa/devirt-26.C -std=gnu++98 scan-ipa-dump devirt "Speculatively devirtualizing"
FAIL: g++.dg/ipa/devirt-26.C -std=gnu++11 scan-ipa-dump devirt "Speculatively devirtualizing"
FAIL: g++.dg/ipa/devirt-26.C -std=gnu++1y scan-ipa-dump devirt "Speculatively devirtualizing"
FAIL: g++.dg/ipa/imm-devirt-1.C -std=gnu++98 scan-tree-dump fre1 "Replacing call target with foo"
FAIL: g++.dg/ipa/imm-devirt-1.C -std=gnu++11 scan-tree-dump fre1 "Replacing call target with foo"
FAIL: g++.dg/ipa/imm-devirt-1.C -std=gnu++1y scan-tree-dump fre1 "Replacing call target with foo"
FAIL: g++.dg/ipa/imm-devirt-2.C -std=gnu++98 scan-tree-dump fre1 "Replacing call target"
FAIL: g++.dg/ipa/imm-devirt-2.C -std=gnu++11 scan-tree-dump fre1 "Replacing call target"
FAIL: g++.dg/ipa/imm-devirt-2.C -std=gnu++1y scan-tree-dump fre1 "Replacing call target"
FAIL: g++.dg/tree-ssa/pr8781.C -std=gnu++98 scan-tree-dump fre1 "Replacing call target with f"
FAIL: g++.dg/tree-ssa/pr8781.C -std=gnu++11 scan-tree-dump fre1 "Replacing call target with f"
FAIL: g++.dg/tree-ssa/pr8781.C -std=gnu++1y scan-tree-dump fre1 "Replacing call target with f"
=== g++ Summary for unix/-m32 ===
# of expected passes 78289
# of unexpected failures 21
# of expected failures 440
# of unsupported tests 3044
Running target unix/-m64
FAIL: g++.dg/ipa/devirt-15.C -std=gnu++98 scan-ipa-dump devirt "Speculatively devirtualizing call"
FAIL: g++.dg/ipa/devirt-15.C -std=gnu++11 scan-ipa-dump devirt "Speculatively devirtualizing call"
FAIL: g++.dg/ipa/devirt-15.C -std=gnu++1y scan-ipa-dump devirt "Speculatively devirtualizing call"
FAIL: g++.dg/ipa/devirt-16.C -std=gnu++98 scan-ipa-dump whole-program "Devirtualizing"
FAIL: g++.dg/ipa/devirt-16.C -std=gnu++11 scan-ipa-dump whole-program "Devirtualizing"
FAIL: g++.dg/ipa/devirt-16.C -std=gnu++1y scan-ipa-dump whole-program "Devirtualizing"
FAIL: g++.dg/ipa/devirt-17.C -std=gnu++98 scan-ipa-dump whole-program "Devirtualizing"
FAIL: g++.dg/ipa/devirt-17.C -std=gnu++11 scan-ipa-dump whole-program "Devirtualizing"
FAIL: g++.dg/ipa/devirt-17.C -std=gnu++1y scan-ipa-dump whole-program "Devirtualizing"
FAIL: g++.dg/ipa/devirt-26.C -std=gnu++98 scan-ipa-dump devirt "Speculatively devirtualizing"
FAIL: g++.dg/ipa/devirt-26.C -std=gnu++11 scan-ipa-dump devirt "Speculatively devirtualizing"
FAIL: g++.dg/ipa/devirt-26.C -std=gnu++1y scan-ipa-dump devirt "Speculatively devirtualizing"
FAIL: g++.dg/ipa/imm-devirt-1.C -std=gnu++98 scan-tree-dump fre1 "Replacing call target with foo"
FAIL: g++.dg/ipa/imm-devirt-1.C -std=gnu++11 scan-tree-dump fre1 "Replacing call target with foo"
FAIL: g++.dg/ipa/imm-devirt-1.C -std=gnu++1y scan-tree-dump fre1 "Replacing call target with foo"
FAIL: g++.dg/ipa/imm-devirt-2.C -std=gnu++98 scan-tree-dump fre1 "Replacing call target"
FAIL: g++.dg/ipa/imm-devirt-2.C -std=gnu++11 scan-tree-dump fre1 "Replacing call target"
FAIL: g++.dg/ipa/imm-devirt-2.C -std=gnu++1y scan-tree-dump fre1 "Replacing call target"
FAIL: g++.dg/tree-ssa/pr8781.C -std=gnu++98 scan-tree-dump fre1 "Replacing call target with f"
FAIL: g++.dg/tree-ssa/pr8781.C -std=gnu++11 scan-tree-dump fre1 "Replacing call target with f"
FAIL: g++.dg/tree-ssa/pr8781.C -std=gnu++1y scan-tree-dump fre1 "Replacing call target with f"
=== g++ Summary for unix/-m64 ===
# of expected passes 80116
# of unexpected failures 21
# of expected failures 440
# of unsupported tests 3061
=== g++ Summary ===
# of expected passes 158405
# of unexpected failures 42
# of expected failures 880
# of unsupported tests 6105
/home/gccbuild/build/nightly/build-gcc-trunk/gcc/testsuite/g++/../../xg++ version 4.10.0 20140521 (experimental) [trunk revision 210687] (GCC)
=== libatomic tests ===
Running target unix/-m32
=== libatomic Summary for unix/-m32 ===
# of expected passes 44
# of unsupported tests 5
Running target unix/-m64
=== libatomic Summary for unix/-m64 ===
# of expected passes 54
=== libatomic Summary ===
# of expected passes 98
# of unsupported tests 5
=== libgomp tests ===
Running target unix/-m32
=== libgomp Summary for unix/-m32 ===
# of expected passes 2607
# of unsupported tests 2
Running target unix/-m64
=== libgomp Summary for unix/-m64 ===
# of expected passes 2607
# of unsupported tests 2
=== libgomp Summary ===
# of expected passes 5214
# of unsupported tests 4
=== libitm tests ===
Running target unix/-m32
=== libitm Summary for unix/-m32 ===
# of expected passes 26
# of expected failures 3
# of unsupported tests 1
Running target unix/-m64
=== libitm Summary for unix/-m64 ===
# of expected passes 26
# of expected failures 3
# of unsupported tests 1
=== libitm Summary ===
# of expected passes 52
# of expected failures 6
# of unsupported tests 2
=== libstdc++ tests ===
Running target unix/-m32
=== libstdc++ Summary for unix/-m32 ===
=== libstdc++ Summary for unix/-m64 ===
=== libstdc++ Summary ===
Running target unix/-m32
Compiler version: 4.10.0 20140521 (experimental) [trunk revision 210687] (GCC)
Platform: powerpc64-unknown-linux-gnu
configure flags: --prefix=/opt/gcc-nightly/trunk --build=powerpc64-linux --host=powerpc64-linux --target=powerpc64-linux --with-cpu=default32 --with-as=/opt/gcc-nightly/binutils-2.21.1/bin/as --with-ld=/opt/gcc-nightly/binutils-2.21.1/bin/ld --enable-threads=posix --enable-shared --enable-__cxa_atexit --enable-languages=c,c++,fortran --with-long-double-128 --enable-secureplt --enable-checking --disable-alsa --enable-decimal-float --with-gmp=/opt/gcc-nightly/gcc-host-libs --with-mpfr=/opt/gcc-nightly/gcc-host-libs --with-mpc=/opt/gcc-nightly/gcc-host-libs --with-libelf=/opt/gcc-nightly/gcc-host-libs --without-ppl --without-cloog --disable-libsanitizer
=== Test Framework Summary ===
# of expected passes 2531
More information about the Gcc-testresults
mailing list