Results for 4.10.0 20140516 (experimental) [trunk revision 210514] (GCC) testsuite on i386-pc-solaris2.10
Rainer Orth
ro@CeBiTec.Uni-Bielefeld.DE
Fri May 16 20:32:00 GMT 2014
LAST_UPDATED: Fri May 16 12:34:32 UTC 2014 (revision 210514)
=== acats tests ===
=== acats Summary ===
# of expected passes 2320
# of unexpected failures 0
Native configuration is i386-pc-solaris2.10
=== g++ tests ===
Running target unix
FAIL: g++.dg/cilk-plus/CK/catch_exc.cc -O1 -fcilkplus execution test
FAIL: g++.dg/cilk-plus/CK/catch_exc.cc -O3 -fcilkplus execution test
FAIL: g++.dg/cilk-plus/CK/catch_exc.cc -g -fcilkplus execution test
FAIL: g++.dg/cilk-plus/CK/catch_exc.cc -g -O2 -fcilkplus execution test
=== g++ Summary for unix ===
# of expected passes 79804
# of unexpected failures 4
# of expected failures 443
# of unsupported tests 2818
Running target unix/-m64
=== g++ Summary for unix/-m64 ===
# of expected passes 81107
# of expected failures 443
# of unsupported tests 3100
=== g++ Summary ===
# of expected passes 160911
# of unexpected failures 4
# of expected failures 886
# of unsupported tests 5918
/var/gcc/regression/trunk/10-gcc-gas/build/gcc/testsuite/g++/../../xg++ version 4.10.0 20140516 (experimental) [trunk revision 210514] (GCC)
=== gcc tests ===
Running target unix
FAIL: gcc.target/i386/pr49095.c scan-assembler-not test[lq]
FAIL: gcc.target/i386/pr58066.c scan-assembler-times .cfi_def_cfa_offset 16 2
=== gcc Summary for unix ===
# of expected passes 101884
# of unexpected failures 2
# of expected failures 248
# of unsupported tests 1265
Running target unix/-m64
=== gcc Summary for unix/-m64 ===
# of expected passes 102528
# of expected failures 251
# of unsupported tests 1510
=== gcc Summary ===
# of expected passes 204412
# of unexpected failures 2
# of expected failures 499
# of unsupported tests 2775
/var/gcc/regression/trunk/10-gcc-gas/build/gcc/xgcc version 4.10.0 20140516 (experimental) [trunk revision 210514] (GCC)
=== gfortran tests ===
Running target unix
FAIL: gfortran.dg/wextra_1.f -O (test for warnings, line 4)
=== gfortran Summary for unix ===
# of expected passes 45466
# of unexpected failures 1
# of expected failures 52
# of unsupported tests 230
Running target unix/-m64
FAIL: gfortran.dg/wextra_1.f -O (test for warnings, line 4)
=== gfortran Summary for unix/-m64 ===
# of expected passes 45769
# of unexpected failures 1
# of expected failures 52
# of unsupported tests 84
=== gfortran Summary ===
# of expected passes 91235
# of unexpected failures 2
# of expected failures 104
# of unsupported tests 314
/var/gcc/regression/trunk/10-gcc-gas/build/gcc/testsuite/gfortran/../../gfortran version 4.10.0 20140516 (experimental) [trunk revision 210514] (GCC)
=== gnat tests ===
Running target unix
=== gnat Summary for unix ===
# of expected passes 1230
# of expected failures 18
# of unsupported tests 6
Running target unix/-m64
=== gnat Summary for unix/-m64 ===
# of expected passes 1230
# of expected failures 18
# of unsupported tests 6
=== gnat Summary ===
# of expected passes 2460
# of expected failures 36
# of unsupported tests 12
/var/gcc/regression/trunk/10-gcc-gas/build/gcc/gnatmake version 4.10.0 20140516 (experimental) [trunk revision 210514]
=== go tests ===
Running target unix
=== go Summary for unix ===
# of expected passes 7371
# of expected failures 1
# of untested testcases 9
# of unsupported tests 2
Running target unix/-m64
FAIL: go.test/test/fixedbugs/issue4348.go -O (test for excess errors)
FAIL: go.test/test/fixedbugs/issue6036.go -O (internal compiler error)
FAIL: go.test/test/fixedbugs/issue6036.go -O (test for excess errors)
=== go Summary for unix/-m64 ===
# of expected passes 7250
# of unexpected failures 3
# of expected failures 1
# of untested testcases 9
# of unsupported tests 1
=== go Summary ===
# of expected passes 14621
# of unexpected failures 3
# of expected failures 2
# of untested testcases 18
# of unsupported tests 3
/var/gcc/regression/trunk/10-gcc-gas/build/gcc/testsuite/go/../../gccgo version 4.10.0 20140516 (experimental) [trunk revision 210514] (GCC)
=== obj-c++ tests ===
Running target unix
=== obj-c++ Summary for unix ===
# of expected passes 1447
# of expected failures 2
# of unsupported tests 86
Running target unix/-m64
=== obj-c++ Summary for unix/-m64 ===
# of expected passes 1439
# of expected failures 10
# of unsupported tests 86
=== obj-c++ Summary ===
# of expected passes 2886
# of expected failures 12
# of unsupported tests 172
/var/gcc/regression/trunk/10-gcc-gas/build/gcc/testsuite/obj-c++/../../xg++ version 4.10.0 20140516 (experimental) [trunk revision 210514] (GCC)
=== objc tests ===
Running target unix
=== objc Summary for unix ===
# of expected passes 3004
# of expected failures 6
# of unsupported tests 74
Running target unix/-m64
=== objc Summary for unix/-m64 ===
# of expected passes 3004
# of expected failures 6
# of unsupported tests 74
=== objc Summary ===
# of expected passes 6008
# of expected failures 12
# of unsupported tests 148
/var/gcc/regression/trunk/10-gcc-gas/build/gcc/xgcc version 4.10.0 20140516 (experimental) [trunk revision 210514] (GCC)
=== boehm-gc tests ===
Running target unix
=== boehm-gc Summary for unix ===
# of expected passes 12
# of unsupported tests 1
Running target unix/-m64
=== boehm-gc Summary for unix/-m64 ===
# of expected passes 12
# of unsupported tests 1
=== boehm-gc Summary ===
# of expected passes 24
# of unsupported tests 2
=== libatomic tests ===
Running target unix
=== libatomic Summary for unix ===
# of expected passes 44
# of unsupported tests 5
Running target unix/-m64
=== libatomic Summary for unix/-m64 ===
# of expected passes 54
=== libatomic Summary ===
# of expected passes 98
# of unsupported tests 5
=== libffi tests ===
Running target unix
=== libffi Summary for unix ===
# of expected passes 1819
# of unsupported tests 55
Running target unix/-m64
=== libffi Summary for unix/-m64 ===
# of expected passes 1819
# of unsupported tests 55
=== libffi Summary ===
# of expected passes 3638
# of unsupported tests 110
=== libgo tests ===
Running target unix
FAIL: net
FAIL: runtime
=== libgo Summary for unix ===
# of expected passes 120
# of unexpected failures 2
Running target unix/-m64
FAIL: time
=== libgo Summary for unix/-m64 ===
# of expected passes 121
# of unexpected failures 1
=== libgo Summary ===
# of expected passes 241
# of unexpected failures 3
/var/gcc/regression/trunk/10-gcc-gas/build/./gcc/gccgo version 4.10.0 20140516 (experimental) [trunk revision 210514] (GCC)
=== libgomp tests ===
Running target unix
=== libgomp Summary for unix ===
# of expected passes 2650
# of unsupported tests 4
Running target unix/-m64
=== libgomp Summary for unix/-m64 ===
# of expected passes 2650
# of unsupported tests 4
=== libgomp Summary ===
# of expected passes 5300
# of unsupported tests 8
=== libitm tests ===
Running target unix
=== libitm Summary for unix ===
# of expected passes 26
# of expected failures 3
# of unsupported tests 1
Running target unix/-m64
=== libitm Summary for unix/-m64 ===
# of expected passes 26
# of expected failures 3
# of unsupported tests 1
=== libitm Summary ===
# of expected passes 52
# of expected failures 6
# of unsupported tests 2
=== libjava tests ===
Running target unix
=== libjava Summary for unix ===
# of expected passes 2582
# of expected failures 4
Running target unix/-m64
=== libjava Summary for unix/-m64 ===
# of expected passes 2582
# of expected failures 4
=== libjava Summary ===
# of expected passes 5164
# of expected failures 8
=== libstdc++ tests ===
Running target unix
FAIL: 20_util/make_unsigned/requirements/typedefs-1.cc (test for excess errors)
FAIL: 20_util/make_unsigned/requirements/typedefs-2.cc (test for excess errors)
FAIL: ext/random/hypergeometric_distribution/operators/values.cc execution test
FAIL: tr1/2_general_utilities/shared_ptr/modifiers/reset_neg.cc (test for errors, line 36)
=== libstdc++ Summary for unix ===
# of expected passes 9018
# of unexpected failures 4
# of expected failures 70
# of unsupported tests 597
Running target unix/-m64
FAIL: ext/random/hypergeometric_distribution/operators/values.cc execution test
FAIL: tr1/2_general_utilities/shared_ptr/modifiers/reset_neg.cc (test for errors, line 36)
=== libstdc++ Summary for unix/-m64 ===
# of expected passes 9020
# of unexpected failures 2
# of expected failures 70
# of unsupported tests 597
=== libstdc++ Summary ===
# of expected passes 18038
# of unexpected failures 6
# of expected failures 140
# of unsupported tests 1194
Compiler version: 4.10.0 20140516 (experimental) [trunk revision 210514] (GCC)
Platform: i386-pc-solaris2.10
configure flags: --prefix=/vol/gcc --target=i386-pc-solaris2.10 --enable-objc-gc --with-as=/vol/gcc/bin/gas-2.24 --with-gnu-as --with-gmp-include=/vol/gcc/include --with-gmp-lib=/vol/gcc/lib --with-mpfr-include=/vol/gcc/include --with-mpfr-lib=/vol/gcc/lib --with-mpc-include=/vol/gcc/include --with-mpc-lib=/vol/gcc/lib --enable-languages=all,ada,obj-c++,go --with-isl-include=/vol/gcc/include --with-isl-lib=/vol/gcc/lib --with-cloog-include=/vol/gcc/include --with-cloog-lib=/vol/gcc/lib --enable-cloog-backend=isl
BOOT_CFLAGS=-g -O2
More information about the Gcc-testresults
mailing list