Results for 4.10.0 20140512 (experimental) (GCC) testsuite on avr-unknown-none
Senthil Kumar Selvaraj mega
avrtestbot@gmail.com
Mon May 12 05:16:00 GMT 2014
Target is avr-unknown-none
Host is x86_64-unknown-linux-gnu
=== g++ tests ===
Running target atmega128-sim
FAIL: g++.dg/compat/abi/bitfield1 cp_compat_x_tst.o-cp_compat_y_tst.o link
UNRESOLVED: g++.dg/compat/abi/bitfield1 cp_compat_x_tst.o-cp_compat_y_tst.o execute "-Os -mno-interrupts -mcall-prologues","-Os -mno-interrupts -mcall-prologues"
FAIL: g++.dg/compat/abi/bitfield2 cp_compat_x_tst.o-cp_compat_y_tst.o link
UNRESOLVED: g++.dg/compat/abi/bitfield2 cp_compat_x_tst.o-cp_compat_y_tst.o execute "-Os -mno-interrupts -mcall-prologues","-Os -mno-interrupts -mcall-prologues"
FAIL: g++.dg/compat/abi/vbase8-10 cp_compat_x_tst.o-cp_compat_y_tst.o link
UNRESOLVED: g++.dg/compat/abi/vbase8-10 cp_compat_x_tst.o-cp_compat_y_tst.o execute "-Os -mno-interrupts -mcall-prologues","-Os -mno-interrupts -mcall-prologues"
FAIL: g++.dg/compat/abi/vbase8-21 cp_compat_x_tst.o-cp_compat_y_tst.o link
UNRESOLVED: g++.dg/compat/abi/vbase8-21 cp_compat_x_tst.o-cp_compat_y_tst.o execute "-Os -mno-interrupts -mcall-prologues","-Os -mno-interrupts -mcall-prologues"
FAIL: g++.dg/compat/abi/vbase8-22 cp_compat_x_tst.o-cp_compat_y_tst.o link
UNRESOLVED: g++.dg/compat/abi/vbase8-22 cp_compat_x_tst.o-cp_compat_y_tst.o execute "-Os -mno-interrupts -mcall-prologues","-Os -mno-interrupts -mcall-prologues"
=== g++ Summary ===
# of expected passes 17
# of unexpected failures 5
# of unresolved testcases 5
# of unsupported tests 37
/home/saaadhu/scratch/avr/gcc-build/gcc/testsuite/g++/../../xg++ version 4.10.0 20140512 (experimental) (GCC)
Host is x86_64-unknown-linux-gnu
=== gcc tests ===
Running target atmega128-sim
FAIL: gcc.c-torture/compile/20101217-1.c -O0 (test for excess errors)
FAIL: gcc.c-torture/compile/20101217-1.c -O1 (test for excess errors)
FAIL: gcc.c-torture/compile/20101217-1.c -O2 (test for excess errors)
FAIL: gcc.c-torture/compile/20101217-1.c -O3 -fomit-frame-pointer (test for excess errors)
FAIL: gcc.c-torture/compile/20101217-1.c -O3 -fomit-frame-pointer -funroll-loops (test for excess errors)
FAIL: gcc.c-torture/compile/20101217-1.c -O3 -fomit-frame-pointer -funroll-all-loops -finline-functions (test for excess errors)
FAIL: gcc.c-torture/compile/20101217-1.c -O3 -g (test for excess errors)
FAIL: gcc.c-torture/compile/20101217-1.c -Os (test for excess errors)
FAIL: gcc.c-torture/compile/20101217-1.c -O2 -flto -flto-partition=none (test for excess errors)
FAIL: gcc.c-torture/compile/20101217-1.c -O2 -flto (test for excess errors)
FAIL: gcc.c-torture/compile/990625-1.c -O0 (test for excess errors)
FAIL: gcc.c-torture/compile/990625-1.c -O1 (test for excess errors)
FAIL: gcc.c-torture/compile/990625-1.c -O2 (test for excess errors)
FAIL: gcc.c-torture/compile/990625-1.c -O3 -fomit-frame-pointer (test for excess errors)
FAIL: gcc.c-torture/compile/990625-1.c -O3 -fomit-frame-pointer -funroll-loops (test for excess errors)
FAIL: gcc.c-torture/compile/990625-1.c -O3 -fomit-frame-pointer -funroll-all-loops -finline-functions (test for excess errors)
FAIL: gcc.c-torture/compile/990625-1.c -O3 -g (test for excess errors)
FAIL: gcc.c-torture/compile/990625-1.c -Os (test for excess errors)
FAIL: gcc.c-torture/compile/990625-1.c -O2 -flto -flto-partition=none (test for excess errors)
FAIL: gcc.c-torture/compile/990625-1.c -O2 -flto (test for excess errors)
=== gcc Summary ===
# of expected passes 7982
# of unexpected failures 20
# of unsupported tests 220
/home/saaadhu/scratch/avr/gcc-build/gcc/xgcc version 4.10.0 20140512 (experimental) (GCC)
Compiler version: 4.10.0 20140512 (experimental) (GCC)
Platform: avr-unknown-none
configure flags: --prefix=/home/saaadhu/scratch/avr/install --target=avr --with-dwarf2 --disable-doc --enable-languages=c,c++
More information about the Gcc-testresults
mailing list