FW: Results for 4.10.0 20140507 (experimental) (GCC) testsuite on x86_64-unknown-linux-gnu
Pinski, Andrew
Andrew.Pinski@caviumnetworks.com
Wed May 7 11:53:00 GMT 2014
________________________________________
From: jenkins@blackduck.caveonetworks.com
Sent: Wednesday, May 07, 2014 4:53:03 AM (UTC-08:00) Pacific Time (US & Canada)
To: apinski@cavium.com
Subject: Results for 4.10.0 20140507 (experimental) (GCC) testsuite on x86_64-unknown-linux-gnu
Native configuration is x86_64-unknown-linux-gnu
=== gcc tests ===
Running target unix//-m32
FAIL: gcc.dg/cproj-fails-with-broken-glibc.c execution test
FAIL: gcc.dg/torture/tls/run-ld.c -O1 -pie -fpie execution test
FAIL: gcc.dg/torture/tls/run-ld.c -O2 -pie -fpie execution test
FAIL: gcc.dg/torture/tls/run-ld.c -O3 -fomit-frame-pointer -pie -fpie execution test
FAIL: gcc.dg/torture/tls/run-ld.c -O3 -g -pie -fpie execution test
FAIL: gcc.dg/torture/tls/run-ld.c -Os -pie -fpie execution test
FAIL: gcc.dg/torture/tls/run-ld.c -O1 -pie -fPIE execution test
FAIL: gcc.dg/torture/tls/run-ld.c -O2 -pie -fPIE execution test
FAIL: gcc.dg/torture/tls/run-ld.c -O3 -fomit-frame-pointer -pie -fPIE execution test
FAIL: gcc.dg/torture/tls/run-ld.c -O3 -g -pie -fPIE execution test
FAIL: gcc.dg/torture/tls/run-ld.c -Os -pie -fPIE execution test
=== gcc Summary for unix//-m32 ===
# of expected passes 103571
# of unexpected failures 11
# of expected failures 244
# of unsupported tests 1805
Running target unix//-m64
FAIL: gcc.dg/cproj-fails-with-broken-glibc.c execution test
FAIL: c-c++-common/tsan/atomic_stack.c -O0 output pattern test, is ==31951==WARNING: Program is run with unlimited stack size, which wouldn't work with ThreadSanitizer.
FAIL: c-c++-common/tsan/atomic_stack.c -O2 output pattern test, is ==32126==WARNING: Program is run with unlimited stack size, which wouldn't work with ThreadSanitizer.
FAIL: c-c++-common/tsan/fd_pipe_race.c -O0 output pattern test, is ==32277==WARNING: Program is run with unlimited stack size, which wouldn't work with ThreadSanitizer.
FAIL: c-c++-common/tsan/fd_pipe_race.c -O2 output pattern test, is ==32475==WARNING: Program is run with unlimited stack size, which wouldn't work with ThreadSanitizer.
FAIL: c-c++-common/tsan/free_race.c -O0 output pattern test, is ==32690==WARNING: Program is run with unlimited stack size, which wouldn't work with ThreadSanitizer.
FAIL: c-c++-common/tsan/free_race.c -O2 output pattern test, is ==392==WARNING: Program is run with unlimited stack size, which wouldn't work with ThreadSanitizer.
FAIL: c-c++-common/tsan/free_race2.c -O0 output pattern test, is ==564==WARNING: Program is run with unlimited stack size, which wouldn't work with ThreadSanitizer.
FAIL: c-c++-common/tsan/free_race2.c -O2 output pattern test, is ==754==WARNING: Program is run with unlimited stack size, which wouldn't work with ThreadSanitizer.
FAIL: c-c++-common/tsan/mutexset1.c -O0 output pattern test, is ==978==WARNING: Program is run with unlimited stack size, which wouldn't work with ThreadSanitizer.
FAIL: c-c++-common/tsan/mutexset1.c -O2 output pattern test, is ==1243==WARNING: Program is run with unlimited stack size, which wouldn't work with ThreadSanitizer.
FAIL: c-c++-common/tsan/race_on_barrier.c -O0 output pattern test, is ==1445==WARNING: Program is run with unlimited stack size, which wouldn't work with ThreadSanitizer.
FAIL: c-c++-common/tsan/race_on_barrier.c -O2 output pattern test, is ==1657==WARNING: Program is run with unlimited stack size, which wouldn't work with ThreadSanitizer.
FAIL: c-c++-common/tsan/race_on_barrier2.c -O0 output pattern test, is ==1853==WARNING: Program is run with unlimited stack size, which wouldn't work with ThreadSanitizer.
FAIL: c-c++-common/tsan/race_on_barrier2.c -O2 output pattern test, is ==2141==WARNING: Program is run with unlimited stack size, which wouldn't work with ThreadSanitizer.
FAIL: c-c++-common/tsan/race_on_mutex.c -O0 output pattern test, is ==2319==WARNING: Program is run with unlimited stack size, which wouldn't work with ThreadSanitizer.
FAIL: c-c++-common/tsan/race_on_mutex.c -O2 output pattern test, is ==2548==WARNING: Program is run with unlimited stack size, which wouldn't work with ThreadSanitizer.
FAIL: c-c++-common/tsan/race_on_mutex2.c -O0 output pattern test, is ==2726==WARNING: Program is run with unlimited stack size, which wouldn't work with ThreadSanitizer.
FAIL: c-c++-common/tsan/race_on_mutex2.c -O2 output pattern test, is ==2894==WARNING: Program is run with unlimited stack size, which wouldn't work with ThreadSanitizer.
FAIL: c-c++-common/tsan/simple_race.c -O0 output pattern test, is ==3040==WARNING: Program is run with unlimited stack size, which wouldn't work with ThreadSanitizer.
FAIL: c-c++-common/tsan/simple_race.c -O2 output pattern test, is ==3224==WARNING: Program is run with unlimited stack size, which wouldn't work with ThreadSanitizer.
FAIL: c-c++-common/tsan/simple_stack.c -O0 output pattern test, is ==3361==WARNING: Program is run with unlimited stack size, which wouldn't work with ThreadSanitizer.
FAIL: c-c++-common/tsan/simple_stack.c -O2 output pattern test, is ==3547==WARNING: Program is run with unlimited stack size, which wouldn't work with ThreadSanitizer.
FAIL: c-c++-common/tsan/thread_leak.c -O0 execution test
FAIL: c-c++-common/tsan/thread_leak.c -O2 execution test
FAIL: c-c++-common/tsan/thread_leak1.c -O0 output pattern test, is ==4280==WARNING: Program is run with unlimited stack size, which wouldn't work with ThreadSanitizer.
FAIL: c-c++-common/tsan/thread_leak1.c -O2 output pattern test, is ==4406==WARNING: Program is run with unlimited stack size, which wouldn't work with ThreadSanitizer.
FAIL: c-c++-common/tsan/thread_leak2.c -O0 output pattern test, is ==4554==WARNING: Program is run with unlimited stack size, which wouldn't work with ThreadSanitizer.
FAIL: c-c++-common/tsan/thread_leak2.c -O2 output pattern test, is ==4697==WARNING: Program is run with unlimited stack size, which wouldn't work with ThreadSanitizer.
FAIL: c-c++-common/tsan/tiny_race.c -O0 output pattern test, is ==4877==WARNING: Program is run with unlimited stack size, which wouldn't work with ThreadSanitizer.
FAIL: c-c++-common/tsan/tiny_race.c -O2 output pattern test, is ==5041==WARNING: Program is run with unlimited stack size, which wouldn't work with ThreadSanitizer.
FAIL: c-c++-common/tsan/tls_race.c -O0 output pattern test, is ==5235==WARNING: Program is run with unlimited stack size, which wouldn't work with ThreadSanitizer.
FAIL: c-c++-common/tsan/tls_race.c -O2 output pattern test, is ==5352==WARNING: Program is run with unlimited stack size, which wouldn't work with ThreadSanitizer.
FAIL: c-c++-common/tsan/write_in_reader_lock.c -O0 output pattern test, is ==5531==WARNING: Program is run with unlimited stack size, which wouldn't work with ThreadSanitizer.
FAIL: c-c++-common/tsan/write_in_reader_lock.c -O2 output pattern test, is ==5641==WARNING: Program is run with unlimited stack size, which wouldn't work with ThreadSanitizer.
FAIL: gcc.target/i386/pr56114.c (test for excess errors)
=== gcc Summary for unix//-m64 ===
# of expected passes 104199
# of unexpected failures 36
# of expected failures 247
# of unsupported tests 2056
=== gcc Summary ===
# of expected passes 207770
# of unexpected failures 47
# of expected failures 491
# of unsupported tests 3861
/var/lib/jenkins/workspace/GCCupstream/objdir/gcc/xgcc version 4.10.0 20140507 (experimental) (GCC)
=== gfortran tests ===
Running target unix//-m32
=== gfortran Summary for unix//-m32 ===
# of expected passes 45340
# of expected failures 38
# of unsupported tests 219
Running target unix//-m64
=== gfortran Summary for unix//-m64 ===
# of expected passes 45629
# of expected failures 38
# of unsupported tests 79
=== gfortran Summary ===
# of expected passes 90969
# of expected failures 76
# of unsupported tests 298
/var/lib/jenkins/workspace/GCCupstream/objdir/gcc/testsuite/gfortran/../../gfortran version 4.10.0 20140507 (experimental) (GCC)
=== g++ tests ===
Running target unix//-m32
FAIL: g++.dg/other/anon5.C -std=gnu++98 (test for excess errors)
FAIL: g++.dg/other/anon5.C -std=gnu++11 (test for excess errors)
FAIL: g++.dg/other/anon5.C -std=gnu++1y (test for excess errors)
FAIL: g++.dg/other/pr59492.C -std=gnu++98 (test for excess errors)
FAIL: g++.dg/other/pr59492.C -std=gnu++11 (test for excess errors)
FAIL: g++.dg/other/pr59492.C -std=gnu++1y (test for excess errors)
=== g++ Summary for unix//-m32 ===
# of expected passes 86321
# of unexpected failures 6
# of expected failures 443
# of unsupported tests 2725
Running target unix//-m64
FAIL: g++.dg/other/anon5.C -std=gnu++98 (test for excess errors)
FAIL: g++.dg/other/anon5.C -std=gnu++11 (test for excess errors)
FAIL: g++.dg/other/anon5.C -std=gnu++1y (test for excess errors)
FAIL: c-c++-common/tsan/atomic_stack.c -O0 output pattern test, is ==17458==WARNING: Program is run with unlimited stack size, which wouldn't work with ThreadSanitizer.
FAIL: c-c++-common/tsan/atomic_stack.c -O2 output pattern test, is ==17556==WARNING: Program is run with unlimited stack size, which wouldn't work with ThreadSanitizer.
FAIL: c-c++-common/tsan/fd_pipe_race.c -O0 output pattern test, is ==17711==WARNING: Program is run with unlimited stack size, which wouldn't work with ThreadSanitizer.
FAIL: c-c++-common/tsan/fd_pipe_race.c -O2 output pattern test, is ==17818==WARNING: Program is run with unlimited stack size, which wouldn't work with ThreadSanitizer.
FAIL: c-c++-common/tsan/free_race.c -O0 output pattern test, is ==17875==WARNING: Program is run with unlimited stack size, which wouldn't work with ThreadSanitizer.
FAIL: c-c++-common/tsan/free_race.c -O2 output pattern test, is ==17957==WARNING: Program is run with unlimited stack size, which wouldn't work with ThreadSanitizer.
FAIL: c-c++-common/tsan/free_race2.c -O0 output pattern test, is ==18035==WARNING: Program is run with unlimited stack size, which wouldn't work with ThreadSanitizer.
FAIL: c-c++-common/tsan/free_race2.c -O2 output pattern test, is ==18117==WARNING: Program is run with unlimited stack size, which wouldn't work with ThreadSanitizer.
FAIL: c-c++-common/tsan/mutexset1.c -O0 output pattern test, is ==18182==WARNING: Program is run with unlimited stack size, which wouldn't work with ThreadSanitizer.
FAIL: c-c++-common/tsan/mutexset1.c -O2 output pattern test, is ==18247==WARNING: Program is run with unlimited stack size, which wouldn't work with ThreadSanitizer.
FAIL: c-c++-common/tsan/race_on_barrier.c -O0 output pattern test, is ==18337==WARNING: Program is run with unlimited stack size, which wouldn't work with ThreadSanitizer.
FAIL: c-c++-common/tsan/race_on_barrier.c -O2 output pattern test, is ==18429==WARNING: Program is run with unlimited stack size, which wouldn't work with ThreadSanitizer.
FAIL: c-c++-common/tsan/race_on_barrier2.c -O0 output pattern test, is ==18530==WARNING: Program is run with unlimited stack size, which wouldn't work with ThreadSanitizer.
FAIL: c-c++-common/tsan/race_on_barrier2.c -O2 output pattern test, is ==18622==WARNING: Program is run with unlimited stack size, which wouldn't work with ThreadSanitizer.
FAIL: c-c++-common/tsan/race_on_mutex.c -O0 output pattern test, is ==18703==WARNING: Program is run with unlimited stack size, which wouldn't work with ThreadSanitizer.
FAIL: c-c++-common/tsan/race_on_mutex.c -O2 output pattern test, is ==18833==WARNING: Program is run with unlimited stack size, which wouldn't work with ThreadSanitizer.
FAIL: c-c++-common/tsan/race_on_mutex2.c -O0 output pattern test, is ==18932==WARNING: Program is run with unlimited stack size, which wouldn't work with ThreadSanitizer.
FAIL: c-c++-common/tsan/race_on_mutex2.c -O2 output pattern test, is ==19024==WARNING: Program is run with unlimited stack size, which wouldn't work with ThreadSanitizer.
FAIL: c-c++-common/tsan/simple_race.c -O0 output pattern test, is ==19140==WARNING: Program is run with unlimited stack size, which wouldn't work with ThreadSanitizer.
FAIL: c-c++-common/tsan/simple_race.c -O2 output pattern test, is ==19266==WARNING: Program is run with unlimited stack size, which wouldn't work with ThreadSanitizer.
FAIL: c-c++-common/tsan/simple_stack.c -O0 output pattern test, is ==19385==WARNING: Program is run with unlimited stack size, which wouldn't work with ThreadSanitizer.
FAIL: c-c++-common/tsan/simple_stack.c -O2 output pattern test, is ==19558==WARNING: Program is run with unlimited stack size, which wouldn't work with ThreadSanitizer.
FAIL: c-c++-common/tsan/thread_leak.c -O0 execution test
FAIL: c-c++-common/tsan/thread_leak.c -O2 execution test
FAIL: c-c++-common/tsan/thread_leak1.c -O0 output pattern test, is ==20047==WARNING: Program is run with unlimited stack size, which wouldn't work with ThreadSanitizer.
FAIL: c-c++-common/tsan/thread_leak1.c -O2 output pattern test, is ==20188==WARNING: Program is run with unlimited stack size, which wouldn't work with ThreadSanitizer.
FAIL: c-c++-common/tsan/thread_leak2.c -O0 output pattern test, is ==20277==WARNING: Program is run with unlimited stack size, which wouldn't work with ThreadSanitizer.
FAIL: c-c++-common/tsan/thread_leak2.c -O2 output pattern test, is ==20395==WARNING: Program is run with unlimited stack size, which wouldn't work with ThreadSanitizer.
FAIL: c-c++-common/tsan/tiny_race.c -O0 output pattern test, is ==20505==WARNING: Program is run with unlimited stack size, which wouldn't work with ThreadSanitizer.
FAIL: c-c++-common/tsan/tiny_race.c -O2 output pattern test, is ==20610==WARNING: Program is run with unlimited stack size, which wouldn't work with ThreadSanitizer.
FAIL: c-c++-common/tsan/tls_race.c -O0 output pattern test, is ==20779==WARNING: Program is run with unlimited stack size, which wouldn't work with ThreadSanitizer.
FAIL: c-c++-common/tsan/tls_race.c -O2 output pattern test, is ==20961==WARNING: Program is run with unlimited stack size, which wouldn't work with ThreadSanitizer.
FAIL: c-c++-common/tsan/write_in_reader_lock.c -O0 output pattern test, is ==21097==WARNING: Program is run with unlimited stack size, which wouldn't work with ThreadSanitizer.
FAIL: c-c++-common/tsan/write_in_reader_lock.c -O2 output pattern test, is ==21210==WARNING: Program is run with unlimited stack size, which wouldn't work with ThreadSanitizer.
FAIL: g++.dg/tsan/aligned_vs_unaligned_race.C -O0 execution test
FAIL: g++.dg/tsan/aligned_vs_unaligned_race.C -O2 execution test
FAIL: g++.dg/tsan/atomic_free.C -O0 output pattern test, is ==21587==WARNING: Program is run with unlimited stack size, which wouldn't work with ThreadSanitizer.
FAIL: g++.dg/tsan/atomic_free.C -O2 output pattern test, is ==21681==WARNING: Program is run with unlimited stack size, which wouldn't work with ThreadSanitizer.
FAIL: g++.dg/tsan/atomic_free2.C -O0 output pattern test, is ==21749==WARNING: Program is run with unlimited stack size, which wouldn't work with ThreadSanitizer.
FAIL: g++.dg/tsan/atomic_free2.C -O2 output pattern test, is ==21876==WARNING: Program is run with unlimited stack size, which wouldn't work with ThreadSanitizer.
FAIL: g++.dg/tsan/benign_race.C -O0 execution test
FAIL: g++.dg/tsan/benign_race.C -O2 execution test
FAIL: g++.dg/tsan/cond_race.C -O0 output pattern test, is ==22275==WARNING: Program is run with unlimited stack size, which wouldn't work with ThreadSanitizer.
FAIL: g++.dg/tsan/cond_race.C -O2 output pattern test, is ==22405==WARNING: Program is run with unlimited stack size, which wouldn't work with ThreadSanitizer.
FAIL: g++.dg/tsan/default_options.C -O0 execution test
FAIL: g++.dg/tsan/default_options.C -O2 execution test
FAIL: g++.dg/tsan/fd_close_norace.C -O0 execution test
FAIL: g++.dg/tsan/fd_close_norace.C -O2 execution test
FAIL: g++.dg/tsan/fd_close_norace2.C -O0 execution test
FAIL: g++.dg/tsan/fd_close_norace2.C -O2 execution test
=== g++ Summary for unix//-m64 ===
# of expected passes 87728
# of unexpected failures 53
# of expected failures 443
# of unsupported tests 2996
=== g++ Summary ===
# of expected passes 174049
# of unexpected failures 59
# of expected failures 886
# of unsupported tests 5721
/var/lib/jenkins/workspace/GCCupstream/objdir/gcc/testsuite/g++/../../xg++ version 4.10.0 20140507 (experimental) (GCC)
=== objc tests ===
Running target unix//-m32
=== objc Summary for unix//-m32 ===
# of expected passes 2988
# of expected failures 6
# of unsupported tests 74
Running target unix//-m64
=== objc Summary for unix//-m64 ===
# of expected passes 2988
# of expected failures 6
# of unsupported tests 74
=== objc Summary ===
# of expected passes 5976
# of expected failures 12
# of unsupported tests 148
/var/lib/jenkins/workspace/GCCupstream/objdir/gcc/xgcc version 4.10.0 20140507 (experimental) (GCC)
=== boehm-gc tests ===
Running target unix//-m32
=== boehm-gc Summary for unix//-m32 ===
# of expected passes 12
# of unsupported tests 1
Running target unix//-m64
=== boehm-gc Summary for unix//-m64 ===
# of expected passes 12
# of unsupported tests 1
=== boehm-gc Summary ===
# of expected passes 24
# of unsupported tests 2
=== libatomic tests ===
Running target unix//-m32
=== libatomic Summary for unix//-m32 ===
# of expected passes 44
# of unsupported tests 5
Running target unix//-m64
=== libatomic Summary for unix//-m64 ===
# of expected passes 54
=== libatomic Summary ===
# of expected passes 98
# of unsupported tests 5
=== libffi tests ===
Running target unix//-m32
=== libffi Summary for unix//-m32 ===
# of expected passes 1819
# of unsupported tests 55
Running target unix//-m64
=== libffi Summary for unix//-m64 ===
# of expected passes 1819
# of unsupported tests 55
=== libffi Summary ===
# of expected passes 3638
# of unsupported tests 110
=== libgomp tests ===
Running target unix//-m32
=== libgomp Summary for unix//-m32 ===
# of expected passes 2379
Running target unix//-m64
=== libgomp Summary for unix//-m64 ===
# of expected passes 2379
=== libgomp Summary ===
# of expected passes 4758
=== libitm tests ===
Running target unix//-m32
=== libitm Summary for unix//-m32 ===
# of expected passes 26
# of expected failures 3
# of unsupported tests 1
Running target unix//-m64
=== libitm Summary for unix//-m64 ===
# of expected passes 26
# of expected failures 3
# of unsupported tests 1
=== libitm Summary ===
# of expected passes 52
# of expected failures 6
# of unsupported tests 2
=== libjava tests ===
Running target unix//-m32
=== libjava Summary for unix//-m32 ===
# of expected passes 2582
# of expected failures 4
Running target unix//-m64
=== libjava Summary for unix//-m64 ===
# of expected passes 2582
# of expected failures 4
=== libjava Summary ===
# of expected passes 5164
# of expected failures 8
=== libstdc++ tests ===
Running target unix//-m32
=== libstdc++ Summary for unix//-m32 ===
# of expected passes 9337
# of expected failures 69
# of unsupported tests 532
Running target unix//-m64
=== libstdc++ Summary for unix//-m64 ===
# of expected passes 9329
# of expected failures 69
# of unsupported tests 536
=== libstdc++ Summary ===
# of expected passes 18666
# of expected failures 138
# of unsupported tests 1068
Compiler version: 4.10.0 20140507 (experimental) (GCC)
Platform: x86_64-unknown-linux-gnu
configure flags: --prefix=/var/lib/jenkins/workspace/GCCupstream/objdir/install
More information about the Gcc-testresults
mailing list