Results for 4.10.0 20140501 (experimental) [trunk revision 209966] (GCC) testsuite on sh4-unknown-linux-gnu
Kaz Kojima
kkojima@rr.iij4u.or.jp
Thu May 1 11:55:00 GMT 2014
Remote host: linux 2.6.22 sh4
GNU C Library version 2.7.90
LAST_UPDATED: Thu May 1 00:23:59 UTC 2014 (revision 209966)
Target is sh4-unknown-linux-gnu
Host is i686-pc-linux-gnu
=== g++ tests ===
Running target unix
WARNING: Assuming target board is the local machine (which is probably wrong).
=== g++ Summary ===
# of expected passes 78727
# of expected failures 440
# of unsupported tests 3216
/home/ldroot/dodes/xsh-gcc-orig/gcc/testsuite/g++/../../xg++ version 4.10.0 20140501 (experimental) [trunk revision 209966] (GCC)
Host is i686-pc-linux-gnu
=== gcc tests ===
Running target unix
WARNING: Assuming target board is the local machine (which is probably wrong).
FAIL: gcc.c-torture/compile/pr28865.c -O0 (test for excess errors)
FAIL: gcc.c-torture/execute/builtin-prefetch-6.c execution, -O3 -fomit-frame-pointer -funroll-loops
FAIL: gcc.c-torture/execute/builtin-prefetch-6.c execution, -O3 -fomit-frame-pointer -funroll-all-loops -finline-functions
FAIL: gcc.dg/atomic/c11-atomic-exec-4.c -Os (internal compiler error)
FAIL: gcc.dg/atomic/c11-atomic-exec-4.c -Os (test for excess errors)
UNRESOLVED: gcc.dg/atomic/c11-atomic-exec-4.c -Os compilation failed to produce executable
FAIL: gcc.dg/cproj-fails-with-broken-glibc.c execution test
FAIL: gcc.dg/delay-slot-2.c scan-assembler printf
FAIL: gcc.dg/tree-prof/cold_partition_label.c compilation, -fprofile-use -D_PROFILE_USE (internal compiler error)
UNRESOLVED: gcc.dg/tree-prof/cold_partition_label.c execution, -fprofile-use -D_PROFILE_USE
FAIL: gcc.dg/tree-prof/pr52027.c compilation, -fprofile-use -D_PROFILE_USE (internal compiler error)
UNRESOLVED: gcc.dg/tree-prof/pr52027.c execution, -fprofile-use -D_PROFILE_USE
FAIL: gcc.dg/tree-prof/va-arg-pack-1.c compilation, -fprofile-use -D_PROFILE_USE (internal compiler error)
UNRESOLVED: gcc.dg/tree-prof/va-arg-pack-1.c execution, -fprofile-use -D_PROFILE_USE
XPASS: gcc.dg/tree-ssa/20040204-1.c scan-tree-dump-times optimized "link_error" 0
FAIL: gcc.dg/tree-ssa/sra-12.c scan-tree-dump-times release_ssa "l;" 0
FAIL: gcc.target/sh/pr51244-14.c scan-assembler-not xor|extu
FAIL: gcc.target/sh/pr51244-8.c scan-assembler-not shad|neg
FAIL: gcc.target/sh/pr52933-2.c scan-assembler-not tst
FAIL: gcc.target/sh/pr53976-1.c scan-assembler-times clrt 2
FAIL: gcc.target/sh/sp-switch.c scan-assembler .long\\t_alt_stack
=== gcc Summary ===
# of expected passes 85071
# of unexpected failures 16
# of unexpected successes 1
# of expected failures 118
# of unresolved testcases 4
# of unsupported tests 1489
/home/ldroot/dodes/xsh-gcc-orig/gcc/xgcc version 4.10.0 20140501 (experimental) [trunk revision 209966] (GCC)
Host is i686-pc-linux-gnu
=== gfortran tests ===
Running target unix
WARNING: Assuming target board is the local machine (which is probably wrong).
FAIL: gfortran.dg/assumed_rank_1.f90 -O2 execution test
FAIL: gfortran.dg/assumed_rank_2.f90 -O2 execution test
FAIL: gfortran.dg/assumed_rank_bounds_1.f90 -O2 execution test
FAIL: gfortran.dg/coarray_lib_this_image_1.f90 -O scan-tree-dump-times original "bar \\\\(real\\\\(kind=4\\\\)\\\\[2\\\\] \\\\* restrict x, void \\\\* restrict caf_token.., integer\\\\(kind=8\\\\) caf_offset..\\\\)" 1
FAIL: gfortran.dg/coarray_lib_this_image_1.f90 -O scan-tree-dump-times original "myucobound = \\\\(integer\\\\(kind=4\\\\)\\\\) \\\\(\\\\(\\\\(unsigned int\\\\) parm...dim\\\\[1\\\\].lbound \\\\+ \\\\(unsigned int\\\\) _gfortran_caf_num_images \\\\(0, -1\\\\)\\\\) \\\\+ 4294967295\\\\);" 1
FAIL: gfortran.dg/coarray_lib_this_image_2.f90 -O scan-tree-dump-times original "bar \\\\(struct array1_real\\\\(kind=4\\\\) & restrict x, void \\\\* restrict caf_token.., integer\\\\(kind=8\\\\) caf_offset..\\\\)" 1
FAIL: gfortran.dg/coarray_lib_this_image_2.f90 -O scan-tree-dump-times original "myucobound = \\\\(integer\\\\(kind=4\\\\)\\\\) \\\\(\\\\(\\\\(unsigned int\\\\) parm...dim\\\\[1\\\\].lbound \\\\+ \\\\(unsigned int\\\\) _gfortran_caf_num_images \\\\(0, -1\\\\)\\\\) \\\\+ 4294967295\\\\);" 1
FAIL: gfortran.dg/coarray_lib_this_image_2.f90 -O scan-tree-dump-times original "mylbound = parm...dim\\\\[0\\\\].stride >= 0 && parm...dim\\\\[0\\\\].ubound >= parm...dim\\\\[0\\\\].lbound \\\\|\\\\| parm...dim\\\\[0\\\\].stride < 0 \\\\? \\\\(integer\\\\(kind=4\\\\)\\\\) parm...dim\\\\[0\\\\].lbound : 1;" 1
FAIL: gfortran.dg/coarray_lib_this_image_2.f90 -O scan-tree-dump-times original "bar \\\\(&parm.[0-9]+, caf_token.[0-9]+, \\\\(integer\\\\(kind=8\\\\)\\\\) parm.[0-9]+.data - \\\\(integer\\\\(kind=8\\\\)\\\\) x\\\\);" 1
FAIL: gfortran.dg/coarray_poly_6.f90 -O scan-tree-dump-times original "foo \\\\(struct __class_MAIN___T_0_1t & restrict x, void \\\\* restrict caf_token.., integer\\\\(kind=8\\\\) caf_offset..\\\\)" 1
FAIL: gfortran.dg/coarray_poly_6.f90 -O scan-tree-dump-times original "bar \\\\(struct __class_MAIN___T_0_1t \\\\* x, void \\\\* restrict caf_token.., integer\\\\(kind=8\\\\) caf_offset..\\\\)" 1
FAIL: gfortran.dg/coarray_poly_6.f90 -O scan-tree-dump-times original "foo \\\\(&class.., y._data._data.token, \\\\(integer\\\\(kind=8\\\\)\\\\) class..._data.data - \\\\(integer\\\\(kind=8\\\\)\\\\) y._data._data.data\\\\);" 1
FAIL: gfortran.dg/coarray_poly_7.f90 -O scan-tree-dump-times original "foo \\\\(struct __class_MAIN___T_1_1t & restrict x, void \\\\* restrict caf_token.., integer\\\\(kind=8\\\\) caf_offset..\\\\)" 1
FAIL: gfortran.dg/coarray_poly_7.f90 -O scan-tree-dump-times original "bar \\\\(struct __class_MAIN___T_1_1t \\\\* x, void \\\\* restrict caf_token.., integer\\\\(kind=8\\\\) caf_offset..\\\\)" 1
FAIL: gfortran.dg/coarray_poly_7.f90 -O scan-tree-dump-times original "foo \\\\(&class.., y._data._data.token, \\\\(integer\\\\(kind=8\\\\)\\\\) class..._data.data - \\\\(integer\\\\(kind=8\\\\)\\\\) y._data._data.data\\\\);" 1
FAIL: gfortran.dg/coarray_poly_8.f90 -O scan-tree-dump-times original "foo \\\\(struct __class_MAIN___T_1_1t & restrict x, void \\\\* restrict caf_token.., integer\\\\(kind=8\\\\) caf_offset..\\\\)" 1
FAIL: gfortran.dg/coarray_poly_8.f90 -O scan-tree-dump-times original "bar \\\\(struct __class_MAIN___T_1_1t \\\\* x, void \\\\* restrict caf_token.., integer\\\\(kind=8\\\\) caf_offset..\\\\)" 1
FAIL: gfortran.dg/coarray_poly_8.f90 -O scan-tree-dump-times original "foo \\\\(&class.., y._data._data.token, \\\\(integer\\\\(kind=8\\\\)\\\\) class..._data.data - \\\\(integer\\\\(kind=8\\\\)\\\\) y._data._data.data\\\\);" 1
FAIL: gfortran.dg/common_14.f90 -O (test for warnings, line 16)
FAIL: gfortran.dg/common_14.f90 -O (test for warnings, line 22)
FAIL: gfortran.dg/common_14.f90 -O (test for excess errors)
FAIL: gfortran.dg/nearest_1.f90 -O0 execution test
FAIL: gfortran.dg/nearest_1.f90 -O1 execution test
FAIL: gfortran.dg/nearest_1.f90 -O2 execution test
FAIL: gfortran.dg/nearest_1.f90 -O3 -fomit-frame-pointer execution test
FAIL: gfortran.dg/nearest_1.f90 -O3 -fomit-frame-pointer -funroll-loops execution test
FAIL: gfortran.dg/nearest_1.f90 -O3 -fomit-frame-pointer -funroll-all-loops -finline-functions execution test
FAIL: gfortran.dg/nearest_1.f90 -O3 -g execution test
FAIL: gfortran.dg/nearest_1.f90 -Os execution test
=== gfortran Summary ===
# of expected passes 44279
# of unexpected failures 29
# of expected failures 38
# of unsupported tests 401
/home/ldroot/dodes/xsh-gcc-orig/gcc/testsuite/gfortran/../../gfortran version 4.10.0 20140501 (experimental) [trunk revision 209966] (GCC)
Host is i686-pc-linux-gnu
=== objc tests ===
Running target unix
WARNING: Assuming target board is the local machine (which is probably wrong).
=== objc Summary ===
# of expected passes 2994
# of unsupported tests 74
/home/ldroot/dodes/xsh-gcc-orig/gcc/xgcc version 4.10.0 20140501 (experimental) [trunk revision 209966] (GCC)
Host is sh4-unknown-linux-gnu
=== boehm-gc tests ===
Running target unix
WARNING: Assuming target board is the local machine (which is probably wrong).
=== boehm-gc Summary ===
# of expected passes 12
# of unsupported tests 1
Host is sh4-unknown-linux-gnu
=== libatomic tests ===
Running target unix
WARNING: Assuming target board is the local machine (which is probably wrong).
=== libatomic Summary ===
# of expected passes 44
# of unsupported tests 5
Host is sh4-unknown-linux-gnu
=== libffi tests ===
Running target unix
WARNING: Assuming target board is the local machine (which is probably wrong).
=== libffi Summary ===
# of expected passes 1819
# of unsupported tests 55
Host is sh4-unknown-linux-gnu
=== libgomp tests ===
Running target unix
WARNING: Assuming target board is the local machine (which is probably wrong).
FAIL: libgomp.c/depend-3.c execution test
=== libgomp Summary ===
# of expected passes 2354
# of unexpected failures 1
# of unsupported tests 8
Host is sh4-unknown-linux-gnu
=== libitm tests ===
Running target unix
WARNING: Assuming target board is the local machine (which is probably wrong).
=== libitm Summary ===
# of expected passes 26
# of expected failures 3
# of unsupported tests 1
Host is sh4-unknown-linux-gnu
=== libjava tests ===
Running target unix
WARNING: Assuming target board is the local machine (which is probably wrong).
=== libjava Summary ===
# of expected passes 2413
# of expected failures 4
# of untested testcases 4
Host is sh4-unknown-linux-gnu
=== libstdc++ tests ===
Running target unix
WARNING: Assuming target board is the local machine (which is probably wrong).
=== libstdc++ Summary ===
# of expected passes 8781
# of expected failures 41
# of unsupported tests 652
Compiler version: 4.10.0 20140501 (experimental) [trunk revision 209966] (GCC)
Platform: sh4-unknown-linux-gnu
configure flags: --target=sh4-unknown-linux-gnu --enable-build-with-cxx --enable-lto --enable-shared --enable-threads=posix --enable-clocale=gnu --enable-libitm --enable-libgcj --with-ld=/usr/local/bin/sh4-unknown-linux-gnu-ld --with-as=/usr/local/bin/sh4-unknown-linux-gnu-as --with-sysroot=/exp/ldroot --with-mpfr=/opt3/i686-pc-linux-gnu --with-mpc=/opt3/i686-pc-linux-gnu --with-libelf=/opt3/i686-pc-linux-gnu --with-ppl=no target_alias=sh4-unknown-linux-gnu --enable-languages=c,c++,fortran,java,lto,objc
More information about the Gcc-testresults
mailing list