Results for 4.10.0 20140429 (experimental) [trunk revision 209888] (GCC) testsuite on hppa-unknown-linux-gnu
Dave Anglin
dave.anglin@bell.net
Thu May 1 01:51:00 GMT 2014
LAST_UPDATED: Tue Apr 29 03:38:42 UTC 2014 (revision 209888)
=== acats tests ===
=== acats Summary ===
# of expected passes 2320
# of unexpected failures 0
Native configuration is hppa-unknown-linux-gnu
=== gcc tests ===
Running target unix
FAIL: gcc.dg/atomic/c11-atomic-exec-5.c -O0 execution test
FAIL: gcc.dg/atomic/c11-atomic-exec-5.c -O1 execution test
FAIL: gcc.dg/atomic/c11-atomic-exec-5.c -O2 execution test
FAIL: gcc.dg/atomic/c11-atomic-exec-5.c -O3 -fomit-frame-pointer execution test
FAIL: gcc.dg/atomic/c11-atomic-exec-5.c -O3 -fomit-frame-pointer -funroll-loops execution test
FAIL: gcc.dg/atomic/c11-atomic-exec-5.c -O3 -fomit-frame-pointer -funroll-all-loops -finline-functions execution test
FAIL: gcc.dg/atomic/c11-atomic-exec-5.c -O3 -g execution test
FAIL: gcc.dg/atomic/c11-atomic-exec-5.c -Os execution test
FAIL: gcc.dg/atomic/c11-atomic-exec-5.c -O2 -flto -fno-use-linker-plugin -flto-partition=none execution test
FAIL: gcc.dg/atomic/c11-atomic-exec-5.c -O2 -flto -fuse-linker-plugin -fno-fat-lto-objects execution test
FAIL: gcc.dg/large-size-array-6.c (internal compiler error)
FAIL: gcc.dg/large-size-array-6.c (test for errors, line 6)
FAIL: gcc.dg/large-size-array-6.c (test for excess errors)
XPASS: gcc.dg/tree-ssa/loop-1.c scan-assembler-times foo 5
=== gcc Summary ===
# of expected passes 84902
# of unexpected failures 13
# of unexpected successes 1
# of expected failures 103
# of unsupported tests 1387
/home/dave/gnu/gcc/objdir/gcc/xgcc version 4.10.0 20140429 (experimental) [trunk revision 209888] (GCC)
=== gfortran tests ===
Running target unix
FAIL: gfortran.dg/namelist_utf8.f90 -O0 execution test
FAIL: gfortran.dg/namelist_utf8.f90 -O1 execution test
FAIL: gfortran.dg/namelist_utf8.f90 -O2 execution test
FAIL: gfortran.dg/namelist_utf8.f90 -O3 -fomit-frame-pointer execution test
FAIL: gfortran.dg/namelist_utf8.f90 -O3 -fomit-frame-pointer -funroll-loops execution test
FAIL: gfortran.dg/namelist_utf8.f90 -O3 -fomit-frame-pointer -funroll-all-loops -finline-functions execution test
FAIL: gfortran.dg/namelist_utf8.f90 -O3 -g execution test
FAIL: gfortran.dg/namelist_utf8.f90 -Os execution test
FAIL: gfortran.dg/pr45636.f90 -O scan-tree-dump-times forwprop2 "memset" 0
=== gfortran Summary ===
# of expected passes 44268
# of unexpected failures 9
# of expected failures 38
# of unsupported tests 408
/home/dave/gnu/gcc/objdir/gcc/testsuite/gfortran/../../gfortran version 4.10.0 20140429 (experimental) [trunk revision 209888] (GCC)
=== g++ tests ===
Running target unix
=== g++ Summary ===
# of expected passes 79180
# of expected failures 445
# of unsupported tests 3124
/home/dave/gnu/gcc/objdir/gcc/testsuite/g++/../../xg++ version 4.10.0 20140429 (experimental) [trunk revision 209888] (GCC)
=== gnat tests ===
Running target unix
=== gnat Summary ===
# of expected passes 1211
# of expected failures 18
# of unsupported tests 14
/home/dave/gnu/gcc/objdir/gcc/gnatmake version 4.10.0 20140429 (experimental) [trunk revision 209888]
=== obj-c++ tests ===
Running target unix
=== obj-c++ Summary ===
# of expected passes 1449
# of expected failures 2
# of unsupported tests 86
/home/dave/gnu/gcc/objdir/gcc/testsuite/obj-c++/../../xg++ version 4.10.0 20140429 (experimental) [trunk revision 209888] (GCC)
=== objc tests ===
Running target unix
=== objc Summary ===
# of expected passes 2994
# of unsupported tests 74
/home/dave/gnu/gcc/objdir/gcc/xgcc version 4.10.0 20140429 (experimental) [trunk revision 209888] (GCC)
=== libstdc++ tests ===
Running target unix
=== libstdc++ Summary ===
# of expected passes 1894
# of expected failures 2
# of unsupported tests 21
Compiler version: 4.10.0 20140429 (experimental) [trunk revision 209888] (GCC)
Platform: hppa-unknown-linux-gnu
configure flags: --with-gnu-as --with-gnu-ld --enable-shared --enable-multiarch --enable-linker-build-id --build=hppa-linux-gnu --host=hppa-linux-gnu --target=hppa-linux-gnu --prefix=/home/dave/opt/gnu/gcc/gcc-4.10 --with-local-prefix=/home/dave/opt/gnu --enable-threads=posix --enable-__cxa_atexit --build=hppa-linux-gnu --enable-clocale=gnu --enable-java-gc=boehm --enable-languages=c,c++,objc,fortran,obj-c++,java,ada,lto
More information about the Gcc-testresults
mailing list