Results for 4.9.0 20140314 (experimental) [trunk revision 208568] (GCC) testsuite on x86_64-pc-solaris2.11
Rainer Orth
ro@CeBiTec.Uni-Bielefeld.DE
Sun Mar 16 00:17:00 GMT 2014
LAST_UPDATED: Fri Mar 14 13:58:37 UTC 2014 (revision 208568)
Native configuration is x86_64-pc-solaris2.11
=== boehm-gc tests ===
Running target unix/-m32
=== boehm-gc Summary for unix/-m32 ===
# of expected passes 12
# of unsupported tests 1
Running target unix
=== boehm-gc Summary for unix ===
# of expected passes 12
# of unsupported tests 1
=== boehm-gc Summary ===
# of expected passes 24
# of unsupported tests 2
=== libatomic tests ===
Running target unix/-m32
=== libatomic Summary for unix/-m32 ===
# of expected passes 44
# of unsupported tests 5
Running target unix
=== libatomic Summary for unix ===
# of expected passes 54
=== libatomic Summary ===
# of expected passes 98
# of unsupported tests 5
=== libffi tests ===
Running target unix/-m32
=== libffi Summary for unix/-m32 ===
# of expected passes 1819
# of unsupported tests 55
Running target unix
=== libffi Summary for unix ===
# of expected passes 1819
# of unsupported tests 55
=== libffi Summary ===
# of expected passes 3638
# of unsupported tests 110
=== libgo tests ===
Running target unix
FAIL: bufio
FAIL: bytes
FAIL: errors
FAIL: expvar
FAIL: flag
FAIL: fmt
FAIL: html
FAIL: image
FAIL: io
FAIL: log
FAIL: math
FAIL: mime
FAIL: net
FAIL: os
FAIL: path
FAIL: reflect
FAIL: regexp
FAIL: runtime
FAIL: sort
FAIL: strconv
FAIL: strings
FAIL: sync
FAIL: syscall
FAIL: time
FAIL: unicode
FAIL: archive/tar
FAIL: archive/zip
FAIL: compress/bzip2
FAIL: compress/flate
FAIL: compress/gzip
FAIL: compress/lzw
FAIL: compress/zlib
FAIL: container/heap
FAIL: container/list
FAIL: container/ring
FAIL: crypto/aes
FAIL: crypto/cipher
FAIL: crypto/des
FAIL: crypto/dsa
FAIL: crypto/ecdsa
FAIL: crypto/elliptic
FAIL: crypto/hmac
FAIL: crypto/md5
FAIL: crypto/rand
FAIL: crypto/rc4
FAIL: crypto/rsa
FAIL: crypto/sha1
FAIL: crypto/sha256
FAIL: crypto/sha512
FAIL: crypto/subtle
FAIL: crypto/tls
FAIL: crypto/x509
FAIL: database/sql
FAIL: database/sql/driver
FAIL: debug/dwarf
FAIL: debug/macho
FAIL: debug/pe
FAIL: encoding/ascii85
FAIL: encoding/asn1
FAIL: encoding/base32
FAIL: encoding/base64
FAIL: encoding/binary
FAIL: encoding/csv
FAIL: encoding/gob
FAIL: encoding/hex
FAIL: encoding/json
FAIL: encoding/pem
FAIL: encoding/xml
FAIL: exp/proxy
FAIL: exp/terminal
FAIL: html/template
FAIL: go/ast
FAIL: go/format
FAIL: go/parser
FAIL: go/printer
FAIL: go/scanner
FAIL: go/token
FAIL: hash/adler32
FAIL: hash/crc32
FAIL: hash/crc64
FAIL: hash/fnv
FAIL: image/color
FAIL: image/draw
FAIL: image/jpeg
FAIL: image/png
FAIL: index/suffixarray
FAIL: io/ioutil
FAIL: log/syslog
FAIL: math/big
FAIL: math/cmplx
FAIL: math/rand
FAIL: mime/multipart
FAIL: net/http
FAIL: net/http/cgi
FAIL: net/http/cookiejar
FAIL: net/http/fcgi
FAIL: net/http/httptest
FAIL: net/http/httputil
FAIL: net/mail
FAIL: net/rpc
FAIL: net/smtp
FAIL: net/textproto
FAIL: net/url
FAIL: net/rpc/jsonrpc
FAIL: old/regexp
FAIL: old/template
FAIL: os/exec
FAIL: os/signal
FAIL: os/user
FAIL: path/filepath
FAIL: regexp/syntax
FAIL: runtime/pprof
FAIL: sync/atomic
FAIL: text/scanner
FAIL: text/tabwriter
FAIL: text/template/parse
FAIL: testing/quick
FAIL: unicode/utf16
FAIL: unicode/utf8
=== libgo Summary for unix ===
# of expected passes 3
# of unexpected failures 119
Running target unix/-m32
FAIL: net
FAIL: runtime
FAIL: log/syslog
FAIL: net/http
FAIL: sync/atomic
=== libgo Summary for unix/-m32 ===
# of expected passes 117
# of unexpected failures 5
=== libgo Summary ===
# of expected passes 120
# of unexpected failures 124
/var/gcc/regression/trunk/11-gcc-gas-64/build/./gcc/gccgo version 4.9.0 20140314 (experimental) [trunk revision 208568] (GCC)
=== libgomp tests ===
Running target unix/-m32
=== libgomp Summary for unix/-m32 ===
# of expected passes 2388
# of unsupported tests 3
Running target unix
=== libgomp Summary for unix ===
# of expected passes 2388
# of unsupported tests 3
=== libgomp Summary ===
# of expected passes 4776
# of unsupported tests 6
=== libitm tests ===
Running target unix/-m32
=== libitm Summary for unix/-m32 ===
# of expected passes 26
# of expected failures 3
# of unsupported tests 1
Running target unix
=== libitm Summary for unix ===
# of expected passes 26
# of expected failures 3
# of unsupported tests 1
=== libitm Summary ===
# of expected passes 52
# of expected failures 6
# of unsupported tests 2
=== libjava tests ===
Running target unix/-m32
=== libjava Summary for unix/-m32 ===
# of expected passes 2582
# of expected failures 4
Running target unix
=== libjava Summary for unix ===
# of expected passes 2582
# of expected failures 4
=== libjava Summary ===
# of expected passes 5164
# of expected failures 8
=== libstdc++ tests ===
Running target unix
FAIL: ext/random/hypergeometric_distribution/operators/values.cc execution test
=== libstdc++ Summary for unix ===
# of expected passes 8966
# of unexpected failures 1
# of expected failures 41
# of unsupported tests 591
Running target unix/-m32
FAIL: ext/random/hypergeometric_distribution/operators/values.cc execution test
=== libstdc++ Summary for unix/-m32 ===
# of expected passes 8966
# of unexpected failures 1
# of expected failures 41
# of unsupported tests 591
=== libstdc++ Summary ===
# of expected passes 17932
# of unexpected failures 2
# of expected failures 82
# of unsupported tests 1182
=== acats tests ===
=== acats Summary ===
# of expected passes 2320
# of unexpected failures 0
=== g++ tests ===
Running target unix
=== g++ Summary for unix ===
# of expected passes 82683
# of expected failures 442
# of unsupported tests 3009
Running target unix/-m32
FAIL: g++.dg/cilk-plus/CK/catch_exc.cc -O1 -fcilkplus execution test
FAIL: g++.dg/cilk-plus/CK/catch_exc.cc -O3 -fcilkplus execution test
FAIL: g++.dg/cilk-plus/CK/catch_exc.cc -g -fcilkplus execution test
FAIL: g++.dg/cilk-plus/CK/catch_exc.cc -g -O2 -fcilkplus execution test
=== g++ Summary for unix/-m32 ===
# of expected passes 81347
# of unexpected failures 4
# of expected failures 442
# of unsupported tests 2749
=== g++ Summary ===
# of expected passes 164030
# of unexpected failures 4
# of expected failures 884
# of unsupported tests 5758
/var/gcc/regression/trunk/11-gcc-gas-64/build/gcc/testsuite/g++/../../xg++ version 4.9.0 20140314 (experimental) [trunk revision 208568] (GCC)
=== gcc tests ===
Running target unix
FAIL: gcc.dg/unroll_1.c (test for warnings, line 14)
FAIL: gcc.dg/unroll_1.c (test for warnings, line 24)
=== gcc Summary for unix ===
# of expected passes 101970
# of unexpected failures 2
# of expected failures 256
# of unsupported tests 1451
Running target unix/-m32
FAIL: gcc.dg/unroll_1.c (test for warnings, line 14)
FAIL: gcc.dg/unroll_1.c (test for warnings, line 24)
FAIL: gcc.dg/lto/pr55113 c_lto_pr55113_0.o assemble, -flto -fshort-double -O0 (internal compiler error)
UNRESOLVED: gcc.dg/lto/pr55113 c_lto_pr55113_0.o-c_lto_pr55113_0.o link -flto -fshort-double -O0
UNRESOLVED: gcc.dg/lto/pr55113 c_lto_pr55113_0.o-c_lto_pr55113_0.o execute -flto -fshort-double -O0
=== gcc Summary for unix/-m32 ===
# of expected passes 101303
# of unexpected failures 3
# of expected failures 253
# of unresolved testcases 2
# of unsupported tests 1230
=== gcc Summary ===
# of expected passes 203273
# of unexpected failures 5
# of expected failures 509
# of unresolved testcases 2
# of unsupported tests 2681
/var/gcc/regression/trunk/11-gcc-gas-64/build/gcc/xgcc version 4.9.0 20140314 (experimental) [trunk revision 208568] (GCC)
=== gfortran tests ===
Running target unix
=== gfortran Summary for unix ===
# of expected passes 45495
# of expected failures 52
# of unsupported tests 80
Running target unix/-m32
=== gfortran Summary for unix/-m32 ===
# of expected passes 45208
# of expected failures 52
# of unsupported tests 218
=== gfortran Summary ===
# of expected passes 90703
# of expected failures 104
# of unsupported tests 298
/var/gcc/regression/trunk/11-gcc-gas-64/build/gcc/testsuite/gfortran/../../gfortran version 4.9.0 20140314 (experimental) [trunk revision 208568] (GCC)
=== gnat tests ===
Running target unix/-m32
=== gnat Summary for unix/-m32 ===
# of expected passes 1219
# of expected failures 18
# of unsupported tests 6
Running target unix
=== gnat Summary for unix ===
# of expected passes 1219
# of expected failures 18
# of unsupported tests 6
=== gnat Summary ===
# of expected passes 2438
# of expected failures 36
# of unsupported tests 12
/var/gcc/regression/trunk/11-gcc-gas-64/build/gcc/gnatmake version 4.9.0 20140314 (experimental) [trunk revision 208568]
=== go tests ===
Running target unix
FAIL: go.go-torture/execute/array-2.go execution, -O2 -fomit-frame-pointer -finline-functions
FAIL: go.go-torture/execute/array-2.go execution, -O2 -fomit-frame-pointer -finline-functions -funroll-loops
FAIL: go.go-torture/execute/method-1.go execution, -O2 -fomit-frame-pointer -finline-functions
FAIL: go.go-torture/execute/method-1.go execution, -O2 -fomit-frame-pointer -finline-functions -funroll-loops
FAIL: go.go-torture/execute/pointer-1.go execution, -O2 -fomit-frame-pointer -finline-functions
FAIL: go.go-torture/execute/pointer-1.go execution, -O2 -fomit-frame-pointer -finline-functions -funroll-loops
FAIL: go.go-torture/execute/string-2.go execution, -O2 -fomit-frame-pointer -finline-functions
FAIL: go.go-torture/execute/string-2.go execution, -O2 -fomit-frame-pointer -finline-functions -funroll-loops
FAIL: go.test/test/chan/nonblock.go execution, -O2 -g
FAIL: go.test/test/chan/select3.go execution, -O2 -g
FAIL: go.test/test/fixedbugs/bug147.go execution, -O2 -g
FAIL: go.test/test/goprint.go execution
FAIL: go.test/test/nil.go execution, -O2 -g
=== go Summary for unix ===
# of expected passes 7238
# of unexpected failures 13
# of expected failures 1
# of untested testcases 10
# of unsupported tests 1
Running target unix/-m32
=== go Summary for unix/-m32 ===
# of expected passes 7371
# of expected failures 1
# of untested testcases 9
# of unsupported tests 2
=== go Summary ===
# of expected passes 14609
# of unexpected failures 13
# of expected failures 2
# of untested testcases 19
# of unsupported tests 3
/var/gcc/regression/trunk/11-gcc-gas-64/build/gcc/testsuite/go/../../gccgo version 4.9.0 20140314 (experimental) [trunk revision 208568] (GCC)
=== obj-c++ tests ===
Running target unix/-m32
=== obj-c++ Summary for unix/-m32 ===
# of expected passes 1449
# of expected failures 2
# of unsupported tests 86
Running target unix
=== obj-c++ Summary for unix ===
# of expected passes 1441
# of expected failures 10
# of unsupported tests 86
=== obj-c++ Summary ===
# of expected passes 2890
# of expected failures 12
# of unsupported tests 172
/var/gcc/regression/trunk/11-gcc-gas-64/build/gcc/testsuite/obj-c++/../../xg++ version 4.9.0 20140314 (experimental) [trunk revision 208568] (GCC)
=== objc tests ===
Running target unix
=== objc Summary for unix ===
# of expected passes 2988
# of expected failures 6
# of unsupported tests 74
Running target unix/-m32
=== objc Summary for unix/-m32 ===
# of expected passes 2988
# of expected failures 6
# of unsupported tests 74
=== objc Summary ===
# of expected passes 5976
# of expected failures 12
# of unsupported tests 148
/var/gcc/regression/trunk/11-gcc-gas-64/build/gcc/xgcc version 4.9.0 20140314 (experimental) [trunk revision 208568] (GCC)
Compiler version: 4.9.0 20140314 (experimental) [trunk revision 208568] (GCC)
Platform: x86_64-pc-solaris2.11
configure flags: --prefix=/vol/gcc --target=amd64-pc-solaris2.11 --enable-objc-gc --enable-libmudflap --with-as=/vol/gcc/bin/gas-2.24 --with-gnu-as --with-gmp-include=/vol/gcc/include --with-gmp-lib=/vol/gcc/lib/amd64 --with-mpfr-include=/vol/gcc/include --with-mpfr-lib=/vol/gcc/lib/amd64 --with-mpc-include=/vol/gcc/include --with-mpc-lib=/vol/gcc/lib/amd64 --enable-languages=all,ada,obj-c++,go --with-isl-include=/vol/gcc/include --with-isl-lib=/vol/gcc/lib/amd64 --with-cloog-include=/vol/gcc/include --with-cloog-lib=/vol/gcc/lib/amd64 --enable-cloog-backend=isl --build=amd64-pc-solaris2.11 --host=amd64-pc-solaris2.11
BOOT_CFLAGS=-g -O2
More information about the Gcc-testresults
mailing list