Results for 4.9.0 20140307 (experimental) [trunk revision 208392] (GCC) testsuite on x86_64-unknown-linux-gnu
H.J. Lu x32
x32@gnu-35.sc.intel.com
Fri Mar 7 08:19:00 GMT 2014
Native configuration is x86_64-unknown-linux-gnu
=== gcc tests ===
Running target unix/-mx32
FAIL: c-c++-common/asan/global-overflow-1.c -O0 (test for excess errors)
UNRESOLVED: c-c++-common/asan/global-overflow-1.c -O0 compilation failed to produce executable
FAIL: c-c++-common/asan/global-overflow-1.c -O1 (test for excess errors)
UNRESOLVED: c-c++-common/asan/global-overflow-1.c -O1 compilation failed to produce executable
FAIL: c-c++-common/asan/global-overflow-1.c -O2 (test for excess errors)
UNRESOLVED: c-c++-common/asan/global-overflow-1.c -O2 compilation failed to produce executable
FAIL: c-c++-common/asan/global-overflow-1.c -O3 -fomit-frame-pointer (test for excess errors)
UNRESOLVED: c-c++-common/asan/global-overflow-1.c -O3 -fomit-frame-pointer compilation failed to produce executable
FAIL: c-c++-common/asan/global-overflow-1.c -O3 -g (test for excess errors)
UNRESOLVED: c-c++-common/asan/global-overflow-1.c -O3 -g compilation failed to produce executable
FAIL: c-c++-common/asan/global-overflow-1.c -Os (test for excess errors)
UNRESOLVED: c-c++-common/asan/global-overflow-1.c -Os compilation failed to produce executable
FAIL: c-c++-common/asan/global-overflow-1.c -O2 -flto -fno-use-linker-plugin -flto-partition=none (test for excess errors)
UNRESOLVED: c-c++-common/asan/global-overflow-1.c -O2 -flto -fno-use-linker-plugin -flto-partition=none compilation failed to produce executable
FAIL: c-c++-common/asan/global-overflow-1.c -O2 -flto -fuse-linker-plugin -fno-fat-lto-objects (test for excess errors)
UNRESOLVED: c-c++-common/asan/global-overflow-1.c -O2 -flto -fuse-linker-plugin -fno-fat-lto-objects compilation failed to produce executable
FAIL: c-c++-common/asan/heap-overflow-1.c -O0 (test for excess errors)
UNRESOLVED: c-c++-common/asan/heap-overflow-1.c -O0 compilation failed to produce executable
FAIL: c-c++-common/asan/heap-overflow-1.c -O1 (test for excess errors)
UNRESOLVED: c-c++-common/asan/heap-overflow-1.c -O1 compilation failed to produce executable
FAIL: c-c++-common/asan/heap-overflow-1.c -O2 (test for excess errors)
UNRESOLVED: c-c++-common/asan/heap-overflow-1.c -O2 compilation failed to produce executable
FAIL: c-c++-common/asan/heap-overflow-1.c -O3 -fomit-frame-pointer (test for excess errors)
UNRESOLVED: c-c++-common/asan/heap-overflow-1.c -O3 -fomit-frame-pointer compilation failed to produce executable
FAIL: c-c++-common/asan/heap-overflow-1.c -O3 -g (test for excess errors)
UNRESOLVED: c-c++-common/asan/heap-overflow-1.c -O3 -g compilation failed to produce executable
FAIL: c-c++-common/asan/heap-overflow-1.c -Os (test for excess errors)
UNRESOLVED: c-c++-common/asan/heap-overflow-1.c -Os compilation failed to produce executable
FAIL: c-c++-common/asan/heap-overflow-1.c -O2 -flto -fno-use-linker-plugin -flto-partition=none (test for excess errors)
UNRESOLVED: c-c++-common/asan/heap-overflow-1.c -O2 -flto -fno-use-linker-plugin -flto-partition=none compilation failed to produce executable
FAIL: c-c++-common/asan/heap-overflow-1.c -O2 -flto -fuse-linker-plugin -fno-fat-lto-objects (test for excess errors)
UNRESOLVED: c-c++-common/asan/heap-overflow-1.c -O2 -flto -fuse-linker-plugin -fno-fat-lto-objects compilation failed to produce executable
FAIL: c-c++-common/asan/memcmp-1.c -O0 (test for excess errors)
UNRESOLVED: c-c++-common/asan/memcmp-1.c -O0 compilation failed to produce executable
FAIL: c-c++-common/asan/memcmp-1.c -O1 (test for excess errors)
UNRESOLVED: c-c++-common/asan/memcmp-1.c -O1 compilation failed to produce executable
FAIL: c-c++-common/asan/memcmp-1.c -O2 (test for excess errors)
UNRESOLVED: c-c++-common/asan/memcmp-1.c -O2 compilation failed to produce executable
FAIL: c-c++-common/asan/memcmp-1.c -O3 -fomit-frame-pointer (test for excess errors)
UNRESOLVED: c-c++-common/asan/memcmp-1.c -O3 -fomit-frame-pointer compilation failed to produce executable
FAIL: c-c++-common/asan/memcmp-1.c -O3 -g (test for excess errors)
UNRESOLVED: c-c++-common/asan/memcmp-1.c -O3 -g compilation failed to produce executable
FAIL: c-c++-common/asan/memcmp-1.c -Os (test for excess errors)
UNRESOLVED: c-c++-common/asan/memcmp-1.c -Os compilation failed to produce executable
FAIL: c-c++-common/asan/memcmp-1.c -O2 -flto -fno-use-linker-plugin -flto-partition=none (test for excess errors)
UNRESOLVED: c-c++-common/asan/memcmp-1.c -O2 -flto -fno-use-linker-plugin -flto-partition=none compilation failed to produce executable
FAIL: c-c++-common/asan/memcmp-1.c -O2 -flto -fuse-linker-plugin -fno-fat-lto-objects (test for excess errors)
UNRESOLVED: c-c++-common/asan/memcmp-1.c -O2 -flto -fuse-linker-plugin -fno-fat-lto-objects compilation failed to produce executable
FAIL: c-c++-common/asan/null-deref-1.c -O0 (test for excess errors)
UNRESOLVED: c-c++-common/asan/null-deref-1.c -O0 compilation failed to produce executable
FAIL: c-c++-common/asan/null-deref-1.c -O1 (test for excess errors)
UNRESOLVED: c-c++-common/asan/null-deref-1.c -O1 compilation failed to produce executable
FAIL: c-c++-common/asan/null-deref-1.c -O2 (test for excess errors)
UNRESOLVED: c-c++-common/asan/null-deref-1.c -O2 compilation failed to produce executable
FAIL: c-c++-common/asan/null-deref-1.c -O3 -fomit-frame-pointer (test for excess errors)
UNRESOLVED: c-c++-common/asan/null-deref-1.c -O3 -fomit-frame-pointer compilation failed to produce executable
FAIL: c-c++-common/asan/null-deref-1.c -O3 -g (test for excess errors)
UNRESOLVED: c-c++-common/asan/null-deref-1.c -O3 -g compilation failed to produce executable
FAIL: c-c++-common/asan/null-deref-1.c -Os (test for excess errors)
UNRESOLVED: c-c++-common/asan/null-deref-1.c -Os compilation failed to produce executable
FAIL: c-c++-common/asan/null-deref-1.c -O2 -flto -fno-use-linker-plugin -flto-partition=none (test for excess errors)
UNRESOLVED: c-c++-common/asan/null-deref-1.c -O2 -flto -fno-use-linker-plugin -flto-partition=none compilation failed to produce executable
FAIL: c-c++-common/asan/null-deref-1.c -O2 -flto -fuse-linker-plugin -fno-fat-lto-objects (test for excess errors)
UNRESOLVED: c-c++-common/asan/null-deref-1.c -O2 -flto -fuse-linker-plugin -fno-fat-lto-objects compilation failed to produce executable
FAIL: c-c++-common/asan/pr59063-1.c -O0 (test for excess errors)
UNRESOLVED: c-c++-common/asan/pr59063-1.c -O0 compilation failed to produce executable
FAIL: c-c++-common/asan/pr59063-1.c -O1 (test for excess errors)
UNRESOLVED: c-c++-common/asan/pr59063-1.c -O1 compilation failed to produce executable
FAIL: c-c++-common/asan/pr59063-1.c -O2 (test for excess errors)
UNRESOLVED: c-c++-common/asan/pr59063-1.c -O2 compilation failed to produce executable
FAIL: c-c++-common/asan/pr59063-1.c -O3 -fomit-frame-pointer (test for excess errors)
UNRESOLVED: c-c++-common/asan/pr59063-1.c -O3 -fomit-frame-pointer compilation failed to produce executable
FAIL: c-c++-common/asan/pr59063-1.c -O3 -g (test for excess errors)
UNRESOLVED: c-c++-common/asan/pr59063-1.c -O3 -g compilation failed to produce executable
FAIL: c-c++-common/asan/pr59063-1.c -Os (test for excess errors)
UNRESOLVED: c-c++-common/asan/pr59063-1.c -Os compilation failed to produce executable
FAIL: c-c++-common/asan/pr59063-1.c -O2 -flto -fno-use-linker-plugin -flto-partition=none (test for excess errors)
UNRESOLVED: c-c++-common/asan/pr59063-1.c -O2 -flto -fno-use-linker-plugin -flto-partition=none compilation failed to produce executable
FAIL: c-c++-common/asan/pr59063-1.c -O2 -flto -fuse-linker-plugin -fno-fat-lto-objects (test for excess errors)
UNRESOLVED: c-c++-common/asan/pr59063-1.c -O2 -flto -fuse-linker-plugin -fno-fat-lto-objects compilation failed to produce executable
FAIL: c-c++-common/asan/pr59063-2.c -O0 (test for excess errors)
UNRESOLVED: c-c++-common/asan/pr59063-2.c -O0 compilation failed to produce executable
FAIL: c-c++-common/asan/pr59063-2.c -O1 (test for excess errors)
UNRESOLVED: c-c++-common/asan/pr59063-2.c -O1 compilation failed to produce executable
FAIL: c-c++-common/asan/pr59063-2.c -O2 (test for excess errors)
UNRESOLVED: c-c++-common/asan/pr59063-2.c -O2 compilation failed to produce executable
FAIL: c-c++-common/asan/pr59063-2.c -O3 -fomit-frame-pointer (test for excess errors)
UNRESOLVED: c-c++-common/asan/pr59063-2.c -O3 -fomit-frame-pointer compilation failed to produce executable
FAIL: c-c++-common/asan/pr59063-2.c -O3 -g (test for excess errors)
UNRESOLVED: c-c++-common/asan/pr59063-2.c -O3 -g compilation failed to produce executable
FAIL: c-c++-common/asan/pr59063-2.c -Os (test for excess errors)
UNRESOLVED: c-c++-common/asan/pr59063-2.c -Os compilation failed to produce executable
FAIL: c-c++-common/asan/pr59063-2.c -O2 -flto -fno-use-linker-plugin -flto-partition=none (test for excess errors)
UNRESOLVED: c-c++-common/asan/pr59063-2.c -O2 -flto -fno-use-linker-plugin -flto-partition=none compilation failed to produce executable
FAIL: c-c++-common/asan/pr59063-2.c -O2 -flto -fuse-linker-plugin -fno-fat-lto-objects (test for excess errors)
UNRESOLVED: c-c++-common/asan/pr59063-2.c -O2 -flto -fuse-linker-plugin -fno-fat-lto-objects compilation failed to produce executable
FAIL: c-c++-common/asan/sanity-check-pure-c-1.c -O0 (test for excess errors)
UNRESOLVED: c-c++-common/asan/sanity-check-pure-c-1.c -O0 compilation failed to produce executable
FAIL: c-c++-common/asan/sanity-check-pure-c-1.c -O1 (test for excess errors)
UNRESOLVED: c-c++-common/asan/sanity-check-pure-c-1.c -O1 compilation failed to produce executable
FAIL: c-c++-common/asan/sanity-check-pure-c-1.c -O2 (test for excess errors)
UNRESOLVED: c-c++-common/asan/sanity-check-pure-c-1.c -O2 compilation failed to produce executable
FAIL: c-c++-common/asan/sanity-check-pure-c-1.c -O3 -fomit-frame-pointer (test for excess errors)
UNRESOLVED: c-c++-common/asan/sanity-check-pure-c-1.c -O3 -fomit-frame-pointer compilation failed to produce executable
FAIL: c-c++-common/asan/sanity-check-pure-c-1.c -O3 -g (test for excess errors)
UNRESOLVED: c-c++-common/asan/sanity-check-pure-c-1.c -O3 -g compilation failed to produce executable
FAIL: c-c++-common/asan/sanity-check-pure-c-1.c -Os (test for excess errors)
UNRESOLVED: c-c++-common/asan/sanity-check-pure-c-1.c -Os compilation failed to produce executable
FAIL: c-c++-common/asan/sanity-check-pure-c-1.c -O2 -flto -fno-use-linker-plugin -flto-partition=none (test for excess errors)
UNRESOLVED: c-c++-common/asan/sanity-check-pure-c-1.c -O2 -flto -fno-use-linker-plugin -flto-partition=none compilation failed to produce executable
FAIL: c-c++-common/asan/sanity-check-pure-c-1.c -O2 -flto -fuse-linker-plugin -fno-fat-lto-objects (test for excess errors)
UNRESOLVED: c-c++-common/asan/sanity-check-pure-c-1.c -O2 -flto -fuse-linker-plugin -fno-fat-lto-objects compilation failed to produce executable
FAIL: c-c++-common/asan/sleep-before-dying-1.c -O2 (test for excess errors)
UNRESOLVED: c-c++-common/asan/sleep-before-dying-1.c -O2 compilation failed to produce executable
FAIL: c-c++-common/asan/sleep-before-dying-1.c -O2 -flto -fno-use-linker-plugin -flto-partition=none (test for excess errors)
UNRESOLVED: c-c++-common/asan/sleep-before-dying-1.c -O2 -flto -fno-use-linker-plugin -flto-partition=none compilation failed to produce executable
FAIL: c-c++-common/asan/sleep-before-dying-1.c -O2 -flto -fuse-linker-plugin -fno-fat-lto-objects (test for excess errors)
UNRESOLVED: c-c++-common/asan/sleep-before-dying-1.c -O2 -flto -fuse-linker-plugin -fno-fat-lto-objects compilation failed to produce executable
FAIL: c-c++-common/asan/stack-overflow-1.c -O0 (test for excess errors)
UNRESOLVED: c-c++-common/asan/stack-overflow-1.c -O0 compilation failed to produce executable
FAIL: c-c++-common/asan/stack-overflow-1.c -O1 (test for excess errors)
UNRESOLVED: c-c++-common/asan/stack-overflow-1.c -O1 compilation failed to produce executable
FAIL: c-c++-common/asan/stack-overflow-1.c -O2 (test for excess errors)
UNRESOLVED: c-c++-common/asan/stack-overflow-1.c -O2 compilation failed to produce executable
FAIL: c-c++-common/asan/stack-overflow-1.c -O3 -fomit-frame-pointer (test for excess errors)
UNRESOLVED: c-c++-common/asan/stack-overflow-1.c -O3 -fomit-frame-pointer compilation failed to produce executable
FAIL: c-c++-common/asan/stack-overflow-1.c -O3 -g (test for excess errors)
UNRESOLVED: c-c++-common/asan/stack-overflow-1.c -O3 -g compilation failed to produce executable
FAIL: c-c++-common/asan/stack-overflow-1.c -Os (test for excess errors)
UNRESOLVED: c-c++-common/asan/stack-overflow-1.c -Os compilation failed to produce executable
FAIL: c-c++-common/asan/stack-overflow-1.c -O2 -flto -fno-use-linker-plugin -flto-partition=none (test for excess errors)
UNRESOLVED: c-c++-common/asan/stack-overflow-1.c -O2 -flto -fno-use-linker-plugin -flto-partition=none compilation failed to produce executable
FAIL: c-c++-common/asan/stack-overflow-1.c -O2 -flto -fuse-linker-plugin -fno-fat-lto-objects (test for excess errors)
UNRESOLVED: c-c++-common/asan/stack-overflow-1.c -O2 -flto -fuse-linker-plugin -fno-fat-lto-objects compilation failed to produce executable
FAIL: c-c++-common/asan/strip-path-prefix-1.c -O2 (test for excess errors)
UNRESOLVED: c-c++-common/asan/strip-path-prefix-1.c -O2 compilation failed to produce executable
FAIL: c-c++-common/asan/strip-path-prefix-1.c -O2 -flto -fno-use-linker-plugin -flto-partition=none (test for excess errors)
UNRESOLVED: c-c++-common/asan/strip-path-prefix-1.c -O2 -flto -fno-use-linker-plugin -flto-partition=none compilation failed to produce executable
FAIL: c-c++-common/asan/strip-path-prefix-1.c -O2 -flto -fuse-linker-plugin -fno-fat-lto-objects (test for excess errors)
UNRESOLVED: c-c++-common/asan/strip-path-prefix-1.c -O2 -flto -fuse-linker-plugin -fno-fat-lto-objects compilation failed to produce executable
FAIL: c-c++-common/asan/strncpy-overflow-1.c -O0 (test for excess errors)
UNRESOLVED: c-c++-common/asan/strncpy-overflow-1.c -O0 compilation failed to produce executable
FAIL: c-c++-common/asan/strncpy-overflow-1.c -O1 (test for excess errors)
UNRESOLVED: c-c++-common/asan/strncpy-overflow-1.c -O1 compilation failed to produce executable
FAIL: c-c++-common/asan/strncpy-overflow-1.c -O2 (test for excess errors)
UNRESOLVED: c-c++-common/asan/strncpy-overflow-1.c -O2 compilation failed to produce executable
FAIL: c-c++-common/asan/strncpy-overflow-1.c -O3 -fomit-frame-pointer (test for excess errors)
UNRESOLVED: c-c++-common/asan/strncpy-overflow-1.c -O3 -fomit-frame-pointer compilation failed to produce executable
FAIL: c-c++-common/asan/strncpy-overflow-1.c -O3 -g (test for excess errors)
UNRESOLVED: c-c++-common/asan/strncpy-overflow-1.c -O3 -g compilation failed to produce executable
FAIL: c-c++-common/asan/strncpy-overflow-1.c -Os (test for excess errors)
UNRESOLVED: c-c++-common/asan/strncpy-overflow-1.c -Os compilation failed to produce executable
FAIL: c-c++-common/asan/strncpy-overflow-1.c -O2 -flto -fno-use-linker-plugin -flto-partition=none (test for excess errors)
UNRESOLVED: c-c++-common/asan/strncpy-overflow-1.c -O2 -flto -fno-use-linker-plugin -flto-partition=none compilation failed to produce executable
FAIL: c-c++-common/asan/strncpy-overflow-1.c -O2 -flto -fuse-linker-plugin -fno-fat-lto-objects (test for excess errors)
UNRESOLVED: c-c++-common/asan/strncpy-overflow-1.c -O2 -flto -fuse-linker-plugin -fno-fat-lto-objects compilation failed to produce executable
FAIL: c-c++-common/asan/use-after-free-1.c -O0 (test for excess errors)
UNRESOLVED: c-c++-common/asan/use-after-free-1.c -O0 compilation failed to produce executable
FAIL: c-c++-common/asan/use-after-free-1.c -O1 (test for excess errors)
UNRESOLVED: c-c++-common/asan/use-after-free-1.c -O1 compilation failed to produce executable
FAIL: c-c++-common/asan/use-after-free-1.c -O2 (test for excess errors)
UNRESOLVED: c-c++-common/asan/use-after-free-1.c -O2 compilation failed to produce executable
FAIL: c-c++-common/asan/use-after-free-1.c -O3 -fomit-frame-pointer (test for excess errors)
UNRESOLVED: c-c++-common/asan/use-after-free-1.c -O3 -fomit-frame-pointer compilation failed to produce executable
FAIL: c-c++-common/asan/use-after-free-1.c -O3 -g (test for excess errors)
UNRESOLVED: c-c++-common/asan/use-after-free-1.c -O3 -g compilation failed to produce executable
FAIL: c-c++-common/asan/use-after-free-1.c -Os (test for excess errors)
UNRESOLVED: c-c++-common/asan/use-after-free-1.c -Os compilation failed to produce executable
FAIL: c-c++-common/asan/use-after-free-1.c -O2 -flto -fno-use-linker-plugin -flto-partition=none (test for excess errors)
UNRESOLVED: c-c++-common/asan/use-after-free-1.c -O2 -flto -fno-use-linker-plugin -flto-partition=none compilation failed to produce executable
FAIL: c-c++-common/asan/use-after-free-1.c -O2 -flto -fuse-linker-plugin -fno-fat-lto-objects (test for excess errors)
UNRESOLVED: c-c++-common/asan/use-after-free-1.c -O2 -flto -fuse-linker-plugin -fno-fat-lto-objects compilation failed to produce executable
FAIL: c-c++-common/asan/use-after-return-1.c -O0 (test for excess errors)
UNRESOLVED: c-c++-common/asan/use-after-return-1.c -O0 compilation failed to produce executable
FAIL: c-c++-common/asan/use-after-return-1.c -O1 (test for excess errors)
UNRESOLVED: c-c++-common/asan/use-after-return-1.c -O1 compilation failed to produce executable
FAIL: c-c++-common/asan/use-after-return-1.c -O2 (test for excess errors)
UNRESOLVED: c-c++-common/asan/use-after-return-1.c -O2 compilation failed to produce executable
FAIL: c-c++-common/asan/use-after-return-1.c -O3 -fomit-frame-pointer (test for excess errors)
UNRESOLVED: c-c++-common/asan/use-after-return-1.c -O3 -fomit-frame-pointer compilation failed to produce executable
FAIL: c-c++-common/asan/use-after-return-1.c -O3 -g (test for excess errors)
UNRESOLVED: c-c++-common/asan/use-after-return-1.c -O3 -g compilation failed to produce executable
FAIL: c-c++-common/asan/use-after-return-1.c -Os (test for excess errors)
UNRESOLVED: c-c++-common/asan/use-after-return-1.c -Os compilation failed to produce executable
FAIL: c-c++-common/asan/use-after-return-1.c -O2 -flto -fno-use-linker-plugin -flto-partition=none (test for excess errors)
UNRESOLVED: c-c++-common/asan/use-after-return-1.c -O2 -flto -fno-use-linker-plugin -flto-partition=none compilation failed to produce executable
FAIL: c-c++-common/asan/use-after-return-1.c -O2 -flto -fuse-linker-plugin -fno-fat-lto-objects (test for excess errors)
UNRESOLVED: c-c++-common/asan/use-after-return-1.c -O2 -flto -fuse-linker-plugin -fno-fat-lto-objects compilation failed to produce executable
FAIL: gcc.dg/asan/nosanitize-and-inline.c -O0 (test for excess errors)
UNRESOLVED: gcc.dg/asan/nosanitize-and-inline.c -O0 compilation failed to produce executable
FAIL: gcc.dg/asan/nosanitize-and-inline.c -O1 (test for excess errors)
UNRESOLVED: gcc.dg/asan/nosanitize-and-inline.c -O1 compilation failed to produce executable
FAIL: gcc.dg/asan/nosanitize-and-inline.c -O2 (test for excess errors)
UNRESOLVED: gcc.dg/asan/nosanitize-and-inline.c -O2 compilation failed to produce executable
FAIL: gcc.dg/asan/nosanitize-and-inline.c -O3 -fomit-frame-pointer (test for excess errors)
UNRESOLVED: gcc.dg/asan/nosanitize-and-inline.c -O3 -fomit-frame-pointer compilation failed to produce executable
FAIL: gcc.dg/asan/nosanitize-and-inline.c -O3 -fomit-frame-pointer -funroll-loops (test for excess errors)
UNRESOLVED: gcc.dg/asan/nosanitize-and-inline.c -O3 -fomit-frame-pointer -funroll-loops compilation failed to produce executable
FAIL: gcc.dg/asan/nosanitize-and-inline.c -O3 -fomit-frame-pointer -funroll-all-loops -finline-functions (test for excess errors)
UNRESOLVED: gcc.dg/asan/nosanitize-and-inline.c -O3 -fomit-frame-pointer -funroll-all-loops -finline-functions compilation failed to produce executable
FAIL: gcc.dg/asan/nosanitize-and-inline.c -O3 -g (test for excess errors)
UNRESOLVED: gcc.dg/asan/nosanitize-and-inline.c -O3 -g compilation failed to produce executable
FAIL: gcc.dg/asan/nosanitize-and-inline.c -Os (test for excess errors)
UNRESOLVED: gcc.dg/asan/nosanitize-and-inline.c -Os compilation failed to produce executable
FAIL: gcc.dg/asan/nosanitize-and-inline.c -O2 -flto -fno-use-linker-plugin -flto-partition=none (test for excess errors)
UNRESOLVED: gcc.dg/asan/nosanitize-and-inline.c -O2 -flto -fno-use-linker-plugin -flto-partition=none compilation failed to produce executable
FAIL: gcc.dg/asan/nosanitize-and-inline.c -O2 -flto -fuse-linker-plugin -fno-fat-lto-objects (test for excess errors)
UNRESOLVED: gcc.dg/asan/nosanitize-and-inline.c -O2 -flto -fuse-linker-plugin -fno-fat-lto-objects compilation failed to produce executable
XPASS: gcc.dg/guality/example.c -O0 execution test
XPASS: gcc.dg/guality/guality.c -O0 execution test
XPASS: gcc.dg/guality/guality.c -O1 execution test
XPASS: gcc.dg/guality/guality.c -O2 execution test
XPASS: gcc.dg/guality/guality.c -O3 -fomit-frame-pointer execution test
XPASS: gcc.dg/guality/guality.c -O3 -g execution test
XPASS: gcc.dg/guality/guality.c -Os execution test
XPASS: gcc.dg/guality/guality.c -O2 -flto -fno-use-linker-plugin -flto-partition=none execution test
XPASS: gcc.dg/guality/guality.c -O2 -flto -fuse-linker-plugin -fno-fat-lto-objects execution test
XPASS: gcc.dg/guality/inline-params.c -O2 execution test
XPASS: gcc.dg/guality/inline-params.c -O3 -fomit-frame-pointer execution test
XPASS: gcc.dg/guality/inline-params.c -O3 -g execution test
XPASS: gcc.dg/guality/inline-params.c -Os execution test
XPASS: gcc.dg/guality/inline-params.c -O2 -flto -fno-use-linker-plugin -flto-partition=none execution test
FAIL: gcc.dg/guality/param-3.c -O1 line 20 str.pa == 31415927
FAIL: gcc.dg/guality/param-3.c -O1 line 20 str.pb == 27182818
XPASS: gcc.dg/guality/pr41353-1.c -O0 line 28 j == 28 + 37
XPASS: gcc.dg/guality/pr41353-1.c -O1 line 28 j == 28 + 37
XPASS: gcc.dg/guality/pr41353-1.c -O2 line 28 j == 28 + 37
XPASS: gcc.dg/guality/pr41353-1.c -O3 -fomit-frame-pointer line 28 j == 28 + 37
XPASS: gcc.dg/guality/pr41353-1.c -O3 -g line 28 j == 28 + 37
XPASS: gcc.dg/guality/pr41353-1.c -Os line 28 j == 28 + 37
XPASS: gcc.dg/guality/pr41353-1.c -O2 -flto -fno-use-linker-plugin -flto-partition=none line 28 j == 28 + 37
XPASS: gcc.dg/guality/pr41353-1.c -O2 -flto -fuse-linker-plugin -fno-fat-lto-objects line 28 j == 28 + 37
XPASS: gcc.dg/guality/pr41447-1.c -O0 execution test
XPASS: gcc.dg/guality/pr41447-1.c -O1 execution test
XPASS: gcc.dg/guality/pr41447-1.c -O2 -flto -fuse-linker-plugin -fno-fat-lto-objects execution test
XPASS: gcc.dg/guality/pr41616-1.c -O0 execution test
XPASS: gcc.dg/guality/pr41616-1.c -O1 execution test
XPASS: gcc.dg/guality/pr41616-1.c -O2 execution test
XPASS: gcc.dg/guality/pr41616-1.c -O3 -fomit-frame-pointer execution test
XPASS: gcc.dg/guality/pr41616-1.c -O3 -g execution test
XPASS: gcc.dg/guality/pr41616-1.c -Os execution test
XPASS: gcc.dg/guality/pr41616-1.c -O2 -flto -fno-use-linker-plugin -flto-partition=none execution test
FAIL: gcc.dg/guality/pr43051-1.c -O1 line 41 e == &a[1]
FAIL: gcc.dg/guality/pr43051-1.c -O2 line 36 e == &a[1]
FAIL: gcc.dg/guality/pr43051-1.c -O2 line 41 e == &a[1]
FAIL: gcc.dg/guality/pr43051-1.c -O3 -fomit-frame-pointer line 36 e == &a[1]
FAIL: gcc.dg/guality/pr43051-1.c -O3 -fomit-frame-pointer line 41 e == &a[1]
FAIL: gcc.dg/guality/pr43051-1.c -O3 -fomit-frame-pointer -funroll-loops line 36 e == &a[1]
FAIL: gcc.dg/guality/pr43051-1.c -O3 -fomit-frame-pointer -funroll-loops line 39 c == &a[0]
FAIL: gcc.dg/guality/pr43051-1.c -O3 -fomit-frame-pointer -funroll-loops line 41 e == &a[1]
FAIL: gcc.dg/guality/pr43051-1.c -O3 -fomit-frame-pointer -funroll-all-loops -finline-functions line 36 e == &a[1]
FAIL: gcc.dg/guality/pr43051-1.c -O3 -fomit-frame-pointer -funroll-all-loops -finline-functions line 39 c == &a[0]
FAIL: gcc.dg/guality/pr43051-1.c -O3 -fomit-frame-pointer -funroll-all-loops -finline-functions line 41 e == &a[1]
FAIL: gcc.dg/guality/pr43051-1.c -O3 -g line 36 e == &a[1]
FAIL: gcc.dg/guality/pr43051-1.c -O3 -g line 41 e == &a[1]
FAIL: gcc.dg/guality/pr43051-1.c -Os line 36 e == &a[1]
FAIL: gcc.dg/guality/pr43051-1.c -Os line 41 e == &a[1]
FAIL: gcc.dg/guality/pr43051-1.c -O2 -flto -fno-use-linker-plugin -flto-partition=none line 36 e == &a[1]
FAIL: gcc.dg/guality/pr43051-1.c -O2 -flto -fno-use-linker-plugin -flto-partition=none line 41 e == &a[1]
FAIL: gcc.dg/guality/pr43051-1.c -O2 -flto -fuse-linker-plugin -fno-fat-lto-objects line 36 e == &a[1]
FAIL: gcc.dg/guality/pr43051-1.c -O2 -flto -fuse-linker-plugin -fno-fat-lto-objects line 41 e == &a[1]
FAIL: gcc.dg/guality/pr48437.c -O2 -flto -fno-use-linker-plugin -flto-partition=none line 14 i == 0
FAIL: gcc.dg/guality/pr48437.c -O2 -flto -fuse-linker-plugin -fno-fat-lto-objects line 14 i == 0
FAIL: gcc.dg/guality/pr54200.c -Os line 20 z == 3
FAIL: gcc.dg/guality/pr54519-1.c -O2 -flto -fno-use-linker-plugin -flto-partition=none line 20 y == 25
FAIL: gcc.dg/guality/pr54519-1.c -O2 -flto -fno-use-linker-plugin -flto-partition=none line 20 z == 6
FAIL: gcc.dg/guality/pr54519-1.c -O2 -flto -fno-use-linker-plugin -flto-partition=none line 23 y == 117
FAIL: gcc.dg/guality/pr54519-1.c -O2 -flto -fno-use-linker-plugin -flto-partition=none line 23 z == 8
FAIL: gcc.dg/guality/pr54519-1.c -O2 -flto -fuse-linker-plugin -fno-fat-lto-objects line 20 y == 25
FAIL: gcc.dg/guality/pr54519-1.c -O2 -flto -fuse-linker-plugin -fno-fat-lto-objects line 20 z == 6
FAIL: gcc.dg/guality/pr54519-2.c -O2 -flto -fno-use-linker-plugin -flto-partition=none line 17 y == 25
FAIL: gcc.dg/guality/pr54519-2.c -O2 -flto -fuse-linker-plugin -fno-fat-lto-objects line 17 y == 25
FAIL: gcc.dg/guality/pr54519-3.c -O2 -flto -fno-use-linker-plugin -flto-partition=none line 20 y == 25
FAIL: gcc.dg/guality/pr54519-3.c -O2 -flto -fno-use-linker-plugin -flto-partition=none line 20 z == 6
FAIL: gcc.dg/guality/pr54519-3.c -O2 -flto -fno-use-linker-plugin -flto-partition=none line 23 y == 117
FAIL: gcc.dg/guality/pr54519-3.c -O2 -flto -fno-use-linker-plugin -flto-partition=none line 23 z == 8
FAIL: gcc.dg/guality/pr54519-3.c -O2 -flto -fuse-linker-plugin -fno-fat-lto-objects line 20 y == 25
FAIL: gcc.dg/guality/pr54519-3.c -O2 -flto -fuse-linker-plugin -fno-fat-lto-objects line 20 z == 6
FAIL: gcc.dg/guality/pr54519-3.c -O2 -flto -fuse-linker-plugin -fno-fat-lto-objects line 23 y == 117
FAIL: gcc.dg/guality/pr54519-3.c -O2 -flto -fuse-linker-plugin -fno-fat-lto-objects line 23 z == 8
FAIL: gcc.dg/guality/pr54519-4.c -O2 -flto -fno-use-linker-plugin -flto-partition=none line 17 y == 25
FAIL: gcc.dg/guality/pr54519-4.c -O2 -flto -fuse-linker-plugin -fno-fat-lto-objects line 17 y == 25
FAIL: gcc.dg/guality/pr54519-5.c -O2 -flto -fno-use-linker-plugin -flto-partition=none line 17 y == 25
FAIL: gcc.dg/guality/pr54519-5.c -O2 -flto -fuse-linker-plugin -fno-fat-lto-objects line 17 y == 25
FAIL: gcc.dg/guality/pr54693-2.c -O3 -fomit-frame-pointer -funroll-loops line 21 i == v + 1
FAIL: gcc.dg/guality/pr54693-2.c -O3 -fomit-frame-pointer -funroll-all-loops -finline-functions line 21 i == v + 1
FAIL: gcc.dg/guality/pr54693-2.c -Os line 21 x == 10 - i
FAIL: gcc.dg/guality/pr54693-2.c -Os line 21 y == 20 - 2 * i
FAIL: gcc.dg/guality/sra-1.c -O2 line 43 a.j == 14
FAIL: gcc.dg/guality/sra-1.c -O3 -fomit-frame-pointer line 43 a.j == 14
FAIL: gcc.dg/guality/sra-1.c -O3 -g line 43 a.j == 14
FAIL: gcc.dg/guality/sra-1.c -Os line 43 a.j == 14
FAIL: gcc.dg/guality/sra-1.c -O2 -flto -fno-use-linker-plugin -flto-partition=none line 43 a.j == 14
FAIL: gcc.dg/guality/sra-1.c -O2 -flto -fuse-linker-plugin -fno-fat-lto-objects line 43 a.j == 14
FAIL: c-c++-common/ubsan/div-by-zero-1.c -O0 (test for excess errors)
UNRESOLVED: c-c++-common/ubsan/div-by-zero-1.c -O0 compilation failed to produce executable
FAIL: c-c++-common/ubsan/div-by-zero-1.c -O1 (test for excess errors)
UNRESOLVED: c-c++-common/ubsan/div-by-zero-1.c -O1 compilation failed to produce executable
FAIL: c-c++-common/ubsan/div-by-zero-1.c -O2 (test for excess errors)
UNRESOLVED: c-c++-common/ubsan/div-by-zero-1.c -O2 compilation failed to produce executable
FAIL: c-c++-common/ubsan/div-by-zero-1.c -O3 -fomit-frame-pointer (test for excess errors)
UNRESOLVED: c-c++-common/ubsan/div-by-zero-1.c -O3 -fomit-frame-pointer compilation failed to produce executable
FAIL: c-c++-common/ubsan/div-by-zero-1.c -O3 -g (test for excess errors)
UNRESOLVED: c-c++-common/ubsan/div-by-zero-1.c -O3 -g compilation failed to produce executable
FAIL: c-c++-common/ubsan/div-by-zero-1.c -Os (test for excess errors)
UNRESOLVED: c-c++-common/ubsan/div-by-zero-1.c -Os compilation failed to produce executable
FAIL: c-c++-common/ubsan/div-by-zero-1.c -O2 -flto -fno-use-linker-plugin -flto-partition=none (test for excess errors)
UNRESOLVED: c-c++-common/ubsan/div-by-zero-1.c -O2 -flto -fno-use-linker-plugin -flto-partition=none compilation failed to produce executable
FAIL: c-c++-common/ubsan/div-by-zero-1.c -O2 -flto -fuse-linker-plugin -fno-fat-lto-objects (test for excess errors)
UNRESOLVED: c-c++-common/ubsan/div-by-zero-1.c -O2 -flto -fuse-linker-plugin -fno-fat-lto-objects compilation failed to produce executable
FAIL: c-c++-common/ubsan/div-by-zero-2.c -O0 (test for excess errors)
UNRESOLVED: c-c++-common/ubsan/div-by-zero-2.c -O0 compilation failed to produce executable
FAIL: c-c++-common/ubsan/div-by-zero-2.c -O1 (test for excess errors)
UNRESOLVED: c-c++-common/ubsan/div-by-zero-2.c -O1 compilation failed to produce executable
FAIL: c-c++-common/ubsan/div-by-zero-2.c -O2 (test for excess errors)
UNRESOLVED: c-c++-common/ubsan/div-by-zero-2.c -O2 compilation failed to produce executable
FAIL: c-c++-common/ubsan/div-by-zero-2.c -O3 -fomit-frame-pointer (test for excess errors)
UNRESOLVED: c-c++-common/ubsan/div-by-zero-2.c -O3 -fomit-frame-pointer compilation failed to produce executable
FAIL: c-c++-common/ubsan/div-by-zero-2.c -O3 -g (test for excess errors)
UNRESOLVED: c-c++-common/ubsan/div-by-zero-2.c -O3 -g compilation failed to produce executable
FAIL: c-c++-common/ubsan/div-by-zero-2.c -Os (test for excess errors)
UNRESOLVED: c-c++-common/ubsan/div-by-zero-2.c -Os compilation failed to produce executable
FAIL: c-c++-common/ubsan/div-by-zero-2.c -O2 -flto -fno-use-linker-plugin -flto-partition=none (test for excess errors)
UNRESOLVED: c-c++-common/ubsan/div-by-zero-2.c -O2 -flto -fno-use-linker-plugin -flto-partition=none compilation failed to produce executable
FAIL: c-c++-common/ubsan/div-by-zero-2.c -O2 -flto -fuse-linker-plugin -fno-fat-lto-objects (test for excess errors)
UNRESOLVED: c-c++-common/ubsan/div-by-zero-2.c -O2 -flto -fuse-linker-plugin -fno-fat-lto-objects compilation failed to produce executable
FAIL: c-c++-common/ubsan/div-by-zero-3.c -O0 (test for excess errors)
UNRESOLVED: c-c++-common/ubsan/div-by-zero-3.c -O0 compilation failed to produce executable
FAIL: c-c++-common/ubsan/div-by-zero-3.c -O1 (test for excess errors)
UNRESOLVED: c-c++-common/ubsan/div-by-zero-3.c -O1 compilation failed to produce executable
FAIL: c-c++-common/ubsan/div-by-zero-3.c -O2 (test for excess errors)
UNRESOLVED: c-c++-common/ubsan/div-by-zero-3.c -O2 compilation failed to produce executable
FAIL: c-c++-common/ubsan/div-by-zero-3.c -O3 -fomit-frame-pointer (test for excess errors)
UNRESOLVED: c-c++-common/ubsan/div-by-zero-3.c -O3 -fomit-frame-pointer compilation failed to produce executable
FAIL: c-c++-common/ubsan/div-by-zero-3.c -O3 -g (test for excess errors)
UNRESOLVED: c-c++-common/ubsan/div-by-zero-3.c -O3 -g compilation failed to produce executable
FAIL: c-c++-common/ubsan/div-by-zero-3.c -Os (test for excess errors)
UNRESOLVED: c-c++-common/ubsan/div-by-zero-3.c -Os compilation failed to produce executable
FAIL: c-c++-common/ubsan/div-by-zero-3.c -O2 -flto -fno-use-linker-plugin -flto-partition=none (test for excess errors)
UNRESOLVED: c-c++-common/ubsan/div-by-zero-3.c -O2 -flto -fno-use-linker-plugin -flto-partition=none compilation failed to produce executable
FAIL: c-c++-common/ubsan/div-by-zero-3.c -O2 -flto -fuse-linker-plugin -fno-fat-lto-objects (test for excess errors)
UNRESOLVED: c-c++-common/ubsan/div-by-zero-3.c -O2 -flto -fuse-linker-plugin -fno-fat-lto-objects compilation failed to produce executable
FAIL: c-c++-common/ubsan/div-by-zero-4.c -O0 (test for excess errors)
UNRESOLVED: c-c++-common/ubsan/div-by-zero-4.c -O0 compilation failed to produce executable
FAIL: c-c++-common/ubsan/div-by-zero-4.c -O1 (test for excess errors)
UNRESOLVED: c-c++-common/ubsan/div-by-zero-4.c -O1 compilation failed to produce executable
FAIL: c-c++-common/ubsan/div-by-zero-4.c -O2 (test for excess errors)
UNRESOLVED: c-c++-common/ubsan/div-by-zero-4.c -O2 compilation failed to produce executable
FAIL: c-c++-common/ubsan/div-by-zero-4.c -O3 -fomit-frame-pointer (test for excess errors)
UNRESOLVED: c-c++-common/ubsan/div-by-zero-4.c -O3 -fomit-frame-pointer compilation failed to produce executable
FAIL: c-c++-common/ubsan/div-by-zero-4.c -O3 -g (test for excess errors)
UNRESOLVED: c-c++-common/ubsan/div-by-zero-4.c -O3 -g compilation failed to produce executable
FAIL: c-c++-common/ubsan/div-by-zero-4.c -Os (test for excess errors)
UNRESOLVED: c-c++-common/ubsan/div-by-zero-4.c -Os compilation failed to produce executable
FAIL: c-c++-common/ubsan/div-by-zero-4.c -O2 -flto -fno-use-linker-plugin -flto-partition=none (test for excess errors)
UNRESOLVED: c-c++-common/ubsan/div-by-zero-4.c -O2 -flto -fno-use-linker-plugin -flto-partition=none compilation failed to produce executable
FAIL: c-c++-common/ubsan/div-by-zero-4.c -O2 -flto -fuse-linker-plugin -fno-fat-lto-objects (test for excess errors)
UNRESOLVED: c-c++-common/ubsan/div-by-zero-4.c -O2 -flto -fuse-linker-plugin -fno-fat-lto-objects compilation failed to produce executable
FAIL: c-c++-common/ubsan/load-bool-enum.c -O0 (test for excess errors)
UNRESOLVED: c-c++-common/ubsan/load-bool-enum.c -O0 compilation failed to produce executable
FAIL: c-c++-common/ubsan/load-bool-enum.c -O1 (test for excess errors)
UNRESOLVED: c-c++-common/ubsan/load-bool-enum.c -O1 compilation failed to produce executable
FAIL: c-c++-common/ubsan/load-bool-enum.c -O2 (test for excess errors)
UNRESOLVED: c-c++-common/ubsan/load-bool-enum.c -O2 compilation failed to produce executable
FAIL: c-c++-common/ubsan/load-bool-enum.c -O3 -fomit-frame-pointer (test for excess errors)
UNRESOLVED: c-c++-common/ubsan/load-bool-enum.c -O3 -fomit-frame-pointer compilation failed to produce executable
FAIL: c-c++-common/ubsan/load-bool-enum.c -O3 -fomit-frame-pointer -funroll-loops (test for excess errors)
UNRESOLVED: c-c++-common/ubsan/load-bool-enum.c -O3 -fomit-frame-pointer -funroll-loops compilation failed to produce executable
FAIL: c-c++-common/ubsan/load-bool-enum.c -O3 -fomit-frame-pointer -funroll-all-loops -finline-functions (test for excess errors)
UNRESOLVED: c-c++-common/ubsan/load-bool-enum.c -O3 -fomit-frame-pointer -funroll-all-loops -finline-functions compilation failed to produce executable
FAIL: c-c++-common/ubsan/load-bool-enum.c -O3 -g (test for excess errors)
UNRESOLVED: c-c++-common/ubsan/load-bool-enum.c -O3 -g compilation failed to produce executable
FAIL: c-c++-common/ubsan/load-bool-enum.c -Os (test for excess errors)
UNRESOLVED: c-c++-common/ubsan/load-bool-enum.c -Os compilation failed to produce executable
FAIL: c-c++-common/ubsan/load-bool-enum.c -O2 -flto -fno-use-linker-plugin -flto-partition=none (test for excess errors)
UNRESOLVED: c-c++-common/ubsan/load-bool-enum.c -O2 -flto -fno-use-linker-plugin -flto-partition=none compilation failed to produce executable
FAIL: c-c++-common/ubsan/load-bool-enum.c -O2 -flto -fuse-linker-plugin -fno-fat-lto-objects (test for excess errors)
UNRESOLVED: c-c++-common/ubsan/load-bool-enum.c -O2 -flto -fuse-linker-plugin -fno-fat-lto-objects compilation failed to produce executable
FAIL: c-c++-common/ubsan/null-1.c -O0 (test for excess errors)
UNRESOLVED: c-c++-common/ubsan/null-1.c -O0 compilation failed to produce executable
FAIL: c-c++-common/ubsan/null-1.c -O1 (test for excess errors)
UNRESOLVED: c-c++-common/ubsan/null-1.c -O1 compilation failed to produce executable
FAIL: c-c++-common/ubsan/null-1.c -O2 (test for excess errors)
UNRESOLVED: c-c++-common/ubsan/null-1.c -O2 compilation failed to produce executable
FAIL: c-c++-common/ubsan/null-1.c -O3 -fomit-frame-pointer (test for excess errors)
UNRESOLVED: c-c++-common/ubsan/null-1.c -O3 -fomit-frame-pointer compilation failed to produce executable
FAIL: c-c++-common/ubsan/null-1.c -O3 -g (test for excess errors)
UNRESOLVED: c-c++-common/ubsan/null-1.c -O3 -g compilation failed to produce executable
FAIL: c-c++-common/ubsan/null-1.c -Os (test for excess errors)
UNRESOLVED: c-c++-common/ubsan/null-1.c -Os compilation failed to produce executable
FAIL: c-c++-common/ubsan/null-10.c -O0 (test for excess errors)
UNRESOLVED: c-c++-common/ubsan/null-10.c -O0 compilation failed to produce executable
FAIL: c-c++-common/ubsan/null-10.c -O1 (test for excess errors)
UNRESOLVED: c-c++-common/ubsan/null-10.c -O1 compilation failed to produce executable
FAIL: c-c++-common/ubsan/null-10.c -O2 (test for excess errors)
UNRESOLVED: c-c++-common/ubsan/null-10.c -O2 compilation failed to produce executable
FAIL: c-c++-common/ubsan/null-10.c -O3 -fomit-frame-pointer (test for excess errors)
UNRESOLVED: c-c++-common/ubsan/null-10.c -O3 -fomit-frame-pointer compilation failed to produce executable
FAIL: c-c++-common/ubsan/null-10.c -O3 -g (test for excess errors)
UNRESOLVED: c-c++-common/ubsan/null-10.c -O3 -g compilation failed to produce executable
FAIL: c-c++-common/ubsan/null-10.c -Os (test for excess errors)
UNRESOLVED: c-c++-common/ubsan/null-10.c -Os compilation failed to produce executable
FAIL: c-c++-common/ubsan/null-11.c -O0 (test for excess errors)
UNRESOLVED: c-c++-common/ubsan/null-11.c -O0 compilation failed to produce executable
FAIL: c-c++-common/ubsan/null-11.c -O1 (test for excess errors)
UNRESOLVED: c-c++-common/ubsan/null-11.c -O1 compilation failed to produce executable
FAIL: c-c++-common/ubsan/null-11.c -O2 (test for excess errors)
UNRESOLVED: c-c++-common/ubsan/null-11.c -O2 compilation failed to produce executable
FAIL: c-c++-common/ubsan/null-11.c -O3 -fomit-frame-pointer (test for excess errors)
UNRESOLVED: c-c++-common/ubsan/null-11.c -O3 -fomit-frame-pointer compilation failed to produce executable
FAIL: c-c++-common/ubsan/null-11.c -O3 -g (test for excess errors)
UNRESOLVED: c-c++-common/ubsan/null-11.c -O3 -g compilation failed to produce executable
FAIL: c-c++-common/ubsan/null-11.c -Os (test for excess errors)
UNRESOLVED: c-c++-common/ubsan/null-11.c -Os compilation failed to produce executable
FAIL: c-c++-common/ubsan/null-2.c -O0 (test for excess errors)
UNRESOLVED: c-c++-common/ubsan/null-2.c -O0 compilation failed to produce executable
FAIL: c-c++-common/ubsan/null-2.c -O1 (test for excess errors)
UNRESOLVED: c-c++-common/ubsan/null-2.c -O1 compilation failed to produce executable
FAIL: c-c++-common/ubsan/null-2.c -O2 (test for excess errors)
UNRESOLVED: c-c++-common/ubsan/null-2.c -O2 compilation failed to produce executable
FAIL: c-c++-common/ubsan/null-2.c -O3 -fomit-frame-pointer (test for excess errors)
UNRESOLVED: c-c++-common/ubsan/null-2.c -O3 -fomit-frame-pointer compilation failed to produce executable
FAIL: c-c++-common/ubsan/null-2.c -O3 -g (test for excess errors)
UNRESOLVED: c-c++-common/ubsan/null-2.c -O3 -g compilation failed to produce executable
FAIL: c-c++-common/ubsan/null-2.c -Os (test for excess errors)
UNRESOLVED: c-c++-common/ubsan/null-2.c -Os compilation failed to produce executable
FAIL: c-c++-common/ubsan/null-3.c -O0 (test for excess errors)
UNRESOLVED: c-c++-common/ubsan/null-3.c -O0 compilation failed to produce executable
FAIL: c-c++-common/ubsan/null-3.c -O1 (test for excess errors)
UNRESOLVED: c-c++-common/ubsan/null-3.c -O1 compilation failed to produce executable
FAIL: c-c++-common/ubsan/null-3.c -O2 (test for excess errors)
UNRESOLVED: c-c++-common/ubsan/null-3.c -O2 compilation failed to produce executable
FAIL: c-c++-common/ubsan/null-3.c -O3 -fomit-frame-pointer (test for excess errors)
UNRESOLVED: c-c++-common/ubsan/null-3.c -O3 -fomit-frame-pointer compilation failed to produce executable
FAIL: c-c++-common/ubsan/null-3.c -O3 -g (test for excess errors)
UNRESOLVED: c-c++-common/ubsan/null-3.c -O3 -g compilation failed to produce executable
FAIL: c-c++-common/ubsan/null-3.c -Os (test for excess errors)
UNRESOLVED: c-c++-common/ubsan/null-3.c -Os compilation failed to produce executable
FAIL: c-c++-common/ubsan/null-4.c -O0 (test for excess errors)
UNRESOLVED: c-c++-common/ubsan/null-4.c -O0 compilation failed to produce executable
FAIL: c-c++-common/ubsan/null-4.c -O1 (test for excess errors)
UNRESOLVED: c-c++-common/ubsan/null-4.c -O1 compilation failed to produce executable
FAIL: c-c++-common/ubsan/null-4.c -O2 (test for excess errors)
UNRESOLVED: c-c++-common/ubsan/null-4.c -O2 compilation failed to produce executable
FAIL: c-c++-common/ubsan/null-4.c -O3 -fomit-frame-pointer (test for excess errors)
UNRESOLVED: c-c++-common/ubsan/null-4.c -O3 -fomit-frame-pointer compilation failed to produce executable
FAIL: c-c++-common/ubsan/null-4.c -O3 -g (test for excess errors)
UNRESOLVED: c-c++-common/ubsan/null-4.c -O3 -g compilation failed to produce executable
FAIL: c-c++-common/ubsan/null-4.c -Os (test for excess errors)
UNRESOLVED: c-c++-common/ubsan/null-4.c -Os compilation failed to produce executable
FAIL: c-c++-common/ubsan/null-5.c -O0 (test for excess errors)
UNRESOLVED: c-c++-common/ubsan/null-5.c -O0 compilation failed to produce executable
FAIL: c-c++-common/ubsan/null-5.c -O1 (test for excess errors)
UNRESOLVED: c-c++-common/ubsan/null-5.c -O1 compilation failed to produce executable
FAIL: c-c++-common/ubsan/null-5.c -O2 (test for excess errors)
UNRESOLVED: c-c++-common/ubsan/null-5.c -O2 compilation failed to produce executable
FAIL: c-c++-common/ubsan/null-5.c -O3 -fomit-frame-pointer (test for excess errors)
UNRESOLVED: c-c++-common/ubsan/null-5.c -O3 -fomit-frame-pointer compilation failed to produce executable
FAIL: c-c++-common/ubsan/null-5.c -O3 -g (test for excess errors)
UNRESOLVED: c-c++-common/ubsan/null-5.c -O3 -g compilation failed to produce executable
FAIL: c-c++-common/ubsan/null-5.c -Os (test for excess errors)
UNRESOLVED: c-c++-common/ubsan/null-5.c -Os compilation failed to produce executable
FAIL: c-c++-common/ubsan/null-6.c -O0 (test for excess errors)
UNRESOLVED: c-c++-common/ubsan/null-6.c -O0 compilation failed to produce executable
FAIL: c-c++-common/ubsan/null-6.c -O1 (test for excess errors)
UNRESOLVED: c-c++-common/ubsan/null-6.c -O1 compilation failed to produce executable
FAIL: c-c++-common/ubsan/null-6.c -O2 (test for excess errors)
UNRESOLVED: c-c++-common/ubsan/null-6.c -O2 compilation failed to produce executable
FAIL: c-c++-common/ubsan/null-6.c -O3 -fomit-frame-pointer (test for excess errors)
UNRESOLVED: c-c++-common/ubsan/null-6.c -O3 -fomit-frame-pointer compilation failed to produce executable
FAIL: c-c++-common/ubsan/null-6.c -O3 -g (test for excess errors)
UNRESOLVED: c-c++-common/ubsan/null-6.c -O3 -g compilation failed to produce executable
FAIL: c-c++-common/ubsan/null-6.c -Os (test for excess errors)
UNRESOLVED: c-c++-common/ubsan/null-6.c -Os compilation failed to produce executable
FAIL: c-c++-common/ubsan/null-7.c -O0 (test for excess errors)
UNRESOLVED: c-c++-common/ubsan/null-7.c -O0 compilation failed to produce executable
FAIL: c-c++-common/ubsan/null-7.c -O1 (test for excess errors)
UNRESOLVED: c-c++-common/ubsan/null-7.c -O1 compilation failed to produce executable
FAIL: c-c++-common/ubsan/null-7.c -O2 (test for excess errors)
UNRESOLVED: c-c++-common/ubsan/null-7.c -O2 compilation failed to produce executable
FAIL: c-c++-common/ubsan/null-7.c -O3 -fomit-frame-pointer (test for excess errors)
UNRESOLVED: c-c++-common/ubsan/null-7.c -O3 -fomit-frame-pointer compilation failed to produce executable
FAIL: c-c++-common/ubsan/null-7.c -O3 -g (test for excess errors)
UNRESOLVED: c-c++-common/ubsan/null-7.c -O3 -g compilation failed to produce executable
FAIL: c-c++-common/ubsan/null-7.c -Os (test for excess errors)
UNRESOLVED: c-c++-common/ubsan/null-7.c -Os compilation failed to produce executable
FAIL: c-c++-common/ubsan/null-8.c -O0 (test for excess errors)
UNRESOLVED: c-c++-common/ubsan/null-8.c -O0 compilation failed to produce executable
FAIL: c-c++-common/ubsan/null-8.c -O1 (test for excess errors)
UNRESOLVED: c-c++-common/ubsan/null-8.c -O1 compilation failed to produce executable
FAIL: c-c++-common/ubsan/null-8.c -O2 (test for excess errors)
UNRESOLVED: c-c++-common/ubsan/null-8.c -O2 compilation failed to produce executable
FAIL: c-c++-common/ubsan/null-8.c -O3 -fomit-frame-pointer (test for excess errors)
UNRESOLVED: c-c++-common/ubsan/null-8.c -O3 -fomit-frame-pointer compilation failed to produce executable
FAIL: c-c++-common/ubsan/null-8.c -O3 -g (test for excess errors)
UNRESOLVED: c-c++-common/ubsan/null-8.c -O3 -g compilation failed to produce executable
FAIL: c-c++-common/ubsan/null-8.c -Os (test for excess errors)
UNRESOLVED: c-c++-common/ubsan/null-8.c -Os compilation failed to produce executable
FAIL: c-c++-common/ubsan/null-9.c -O0 (test for excess errors)
UNRESOLVED: c-c++-common/ubsan/null-9.c -O0 compilation failed to produce executable
FAIL: c-c++-common/ubsan/null-9.c -O1 (test for excess errors)
UNRESOLVED: c-c++-common/ubsan/null-9.c -O1 compilation failed to produce executable
FAIL: c-c++-common/ubsan/null-9.c -O2 (test for excess errors)
UNRESOLVED: c-c++-common/ubsan/null-9.c -O2 compilation failed to produce executable
FAIL: c-c++-common/ubsan/null-9.c -O3 -fomit-frame-pointer (test for excess errors)
UNRESOLVED: c-c++-common/ubsan/null-9.c -O3 -fomit-frame-pointer compilation failed to produce executable
FAIL: c-c++-common/ubsan/null-9.c -O3 -g (test for excess errors)
UNRESOLVED: c-c++-common/ubsan/null-9.c -O3 -g compilation failed to produce executable
FAIL: c-c++-common/ubsan/null-9.c -Os (test for excess errors)
UNRESOLVED: c-c++-common/ubsan/null-9.c -Os compilation failed to produce executable
FAIL: c-c++-common/ubsan/overflow-1.c -O0 (test for excess errors)
UNRESOLVED: c-c++-common/ubsan/overflow-1.c -O0 compilation failed to produce executable
FAIL: c-c++-common/ubsan/overflow-1.c -O1 (test for excess errors)
UNRESOLVED: c-c++-common/ubsan/overflow-1.c -O1 compilation failed to produce executable
FAIL: c-c++-common/ubsan/overflow-1.c -O2 (test for excess errors)
UNRESOLVED: c-c++-common/ubsan/overflow-1.c -O2 compilation failed to produce executable
FAIL: c-c++-common/ubsan/overflow-1.c -O3 -fomit-frame-pointer (test for excess errors)
UNRESOLVED: c-c++-common/ubsan/overflow-1.c -O3 -fomit-frame-pointer compilation failed to produce executable
FAIL: c-c++-common/ubsan/overflow-1.c -O3 -g (test for excess errors)
UNRESOLVED: c-c++-common/ubsan/overflow-1.c -O3 -g compilation failed to produce executable
FAIL: c-c++-common/ubsan/overflow-1.c -Os (test for excess errors)
UNRESOLVED: c-c++-common/ubsan/overflow-1.c -Os compilation failed to produce executable
FAIL: c-c++-common/ubsan/overflow-2.c -O0 (test for excess errors)
UNRESOLVED: c-c++-common/ubsan/overflow-2.c -O0 compilation failed to produce executable
FAIL: c-c++-common/ubsan/overflow-2.c -O1 (test for excess errors)
UNRESOLVED: c-c++-common/ubsan/overflow-2.c -O1 compilation failed to produce executable
FAIL: c-c++-common/ubsan/overflow-2.c -O2 (test for excess errors)
UNRESOLVED: c-c++-common/ubsan/overflow-2.c -O2 compilation failed to produce executable
FAIL: c-c++-common/ubsan/overflow-2.c -O3 -fomit-frame-pointer (test for excess errors)
UNRESOLVED: c-c++-common/ubsan/overflow-2.c -O3 -fomit-frame-pointer compilation failed to produce executable
FAIL: c-c++-common/ubsan/overflow-2.c -O3 -g (test for excess errors)
UNRESOLVED: c-c++-common/ubsan/overflow-2.c -O3 -g compilation failed to produce executable
FAIL: c-c++-common/ubsan/overflow-2.c -Os (test for excess errors)
UNRESOLVED: c-c++-common/ubsan/overflow-2.c -Os compilation failed to produce executable
FAIL: c-c++-common/ubsan/overflow-add-1.c -O0 (test for excess errors)
UNRESOLVED: c-c++-common/ubsan/overflow-add-1.c -O0 compilation failed to produce executable
FAIL: c-c++-common/ubsan/overflow-add-1.c -O1 (test for excess errors)
UNRESOLVED: c-c++-common/ubsan/overflow-add-1.c -O1 compilation failed to produce executable
FAIL: c-c++-common/ubsan/overflow-add-1.c -O2 (test for excess errors)
UNRESOLVED: c-c++-common/ubsan/overflow-add-1.c -O2 compilation failed to produce executable
FAIL: c-c++-common/ubsan/overflow-add-1.c -O3 -fomit-frame-pointer (test for excess errors)
UNRESOLVED: c-c++-common/ubsan/overflow-add-1.c -O3 -fomit-frame-pointer compilation failed to produce executable
FAIL: c-c++-common/ubsan/overflow-add-1.c -O3 -g (test for excess errors)
UNRESOLVED: c-c++-common/ubsan/overflow-add-1.c -O3 -g compilation failed to produce executable
FAIL: c-c++-common/ubsan/overflow-add-1.c -Os (test for excess errors)
UNRESOLVED: c-c++-common/ubsan/overflow-add-1.c -Os compilation failed to produce executable
FAIL: c-c++-common/ubsan/overflow-add-2.c -O0 (test for excess errors)
UNRESOLVED: c-c++-common/ubsan/overflow-add-2.c -O0 compilation failed to produce executable
FAIL: c-c++-common/ubsan/overflow-add-2.c -O1 (test for excess errors)
UNRESOLVED: c-c++-common/ubsan/overflow-add-2.c -O1 compilation failed to produce executable
FAIL: c-c++-common/ubsan/overflow-add-2.c -O2 (test for excess errors)
UNRESOLVED: c-c++-common/ubsan/overflow-add-2.c -O2 compilation failed to produce executable
FAIL: c-c++-common/ubsan/overflow-add-2.c -O3 -fomit-frame-pointer (test for excess errors)
UNRESOLVED: c-c++-common/ubsan/overflow-add-2.c -O3 -fomit-frame-pointer compilation failed to produce executable
FAIL: c-c++-common/ubsan/overflow-add-2.c -O3 -g (test for excess errors)
UNRESOLVED: c-c++-common/ubsan/overflow-add-2.c -O3 -g compilation failed to produce executable
FAIL: c-c++-common/ubsan/overflow-add-2.c -Os (test for excess errors)
UNRESOLVED: c-c++-common/ubsan/overflow-add-2.c -Os compilation failed to produce executable
FAIL: c-c++-common/ubsan/overflow-int128.c -O0 (test for excess errors)
UNRESOLVED: c-c++-common/ubsan/overflow-int128.c -O0 compilation failed to produce executable
FAIL: c-c++-common/ubsan/overflow-int128.c -O1 (test for excess errors)
UNRESOLVED: c-c++-common/ubsan/overflow-int128.c -O1 compilation failed to produce executable
FAIL: c-c++-common/ubsan/overflow-int128.c -O2 (test for excess errors)
UNRESOLVED: c-c++-common/ubsan/overflow-int128.c -O2 compilation failed to produce executable
FAIL: c-c++-common/ubsan/overflow-int128.c -O3 -fomit-frame-pointer (test for excess errors)
UNRESOLVED: c-c++-common/ubsan/overflow-int128.c -O3 -fomit-frame-pointer compilation failed to produce executable
FAIL: c-c++-common/ubsan/overflow-int128.c -O3 -g (test for excess errors)
UNRESOLVED: c-c++-common/ubsan/overflow-int128.c -O3 -g compilation failed to produce executable
FAIL: c-c++-common/ubsan/overflow-int128.c -Os (test for excess errors)
UNRESOLVED: c-c++-common/ubsan/overflow-int128.c -Os compilation failed to produce executable
FAIL: c-c++-common/ubsan/overflow-mul-1.c -O0 (test for excess errors)
UNRESOLVED: c-c++-common/ubsan/overflow-mul-1.c -O0 compilation failed to produce executable
FAIL: c-c++-common/ubsan/overflow-mul-1.c -O1 (test for excess errors)
UNRESOLVED: c-c++-common/ubsan/overflow-mul-1.c -O1 compilation failed to produce executable
FAIL: c-c++-common/ubsan/overflow-mul-1.c -O2 (test for excess errors)
UNRESOLVED: c-c++-common/ubsan/overflow-mul-1.c -O2 compilation failed to produce executable
FAIL: c-c++-common/ubsan/overflow-mul-1.c -O3 -fomit-frame-pointer (test for excess errors)
UNRESOLVED: c-c++-common/ubsan/overflow-mul-1.c -O3 -fomit-frame-pointer compilation failed to produce executable
FAIL: c-c++-common/ubsan/overflow-mul-1.c -O3 -g (test for excess errors)
UNRESOLVED: c-c++-common/ubsan/overflow-mul-1.c -O3 -g compilation failed to produce executable
FAIL: c-c++-common/ubsan/overflow-mul-1.c -Os (test for excess errors)
UNRESOLVED: c-c++-common/ubsan/overflow-mul-1.c -Os compilation failed to produce executable
FAIL: c-c++-common/ubsan/overflow-mul-2.c -O0 (test for excess errors)
UNRESOLVED: c-c++-common/ubsan/overflow-mul-2.c -O0 compilation failed to produce executable
FAIL: c-c++-common/ubsan/overflow-mul-2.c -O1 (test for excess errors)
UNRESOLVED: c-c++-common/ubsan/overflow-mul-2.c -O1 compilation failed to produce executable
FAIL: c-c++-common/ubsan/overflow-mul-2.c -O2 (test for excess errors)
UNRESOLVED: c-c++-common/ubsan/overflow-mul-2.c -O2 compilation failed to produce executable
FAIL: c-c++-common/ubsan/overflow-mul-2.c -O3 -fomit-frame-pointer (test for excess errors)
UNRESOLVED: c-c++-common/ubsan/overflow-mul-2.c -O3 -fomit-frame-pointer compilation failed to produce executable
FAIL: c-c++-common/ubsan/overflow-mul-2.c -O3 -g (test for excess errors)
UNRESOLVED: c-c++-common/ubsan/overflow-mul-2.c -O3 -g compilation failed to produce executable
FAIL: c-c++-common/ubsan/overflow-mul-2.c -Os (test for excess errors)
UNRESOLVED: c-c++-common/ubsan/overflow-mul-2.c -Os compilation failed to produce executable
FAIL: c-c++-common/ubsan/overflow-mul-3.c -O0 (test for excess errors)
UNRESOLVED: c-c++-common/ubsan/overflow-mul-3.c -O0 compilation failed to produce executable
FAIL: c-c++-common/ubsan/overflow-mul-3.c -O1 (test for excess errors)
UNRESOLVED: c-c++-common/ubsan/overflow-mul-3.c -O1 compilation failed to produce executable
FAIL: c-c++-common/ubsan/overflow-mul-3.c -O2 (test for excess errors)
UNRESOLVED: c-c++-common/ubsan/overflow-mul-3.c -O2 compilation failed to produce executable
FAIL: c-c++-common/ubsan/overflow-mul-3.c -O3 -fomit-frame-pointer (test for excess errors)
UNRESOLVED: c-c++-common/ubsan/overflow-mul-3.c -O3 -fomit-frame-pointer compilation failed to produce executable
FAIL: c-c++-common/ubsan/overflow-mul-3.c -O3 -fomit-frame-pointer -funroll-loops (test for excess errors)
UNRESOLVED: c-c++-common/ubsan/overflow-mul-3.c -O3 -fomit-frame-pointer -funroll-loops compilation failed to produce executable
FAIL: c-c++-common/ubsan/overflow-mul-3.c -O3 -fomit-frame-pointer -funroll-all-loops -finline-functions (test for excess errors)
UNRESOLVED: c-c++-common/ubsan/overflow-mul-3.c -O3 -fomit-frame-pointer -funroll-all-loops -finline-functions compilation failed to produce executable
FAIL: c-c++-common/ubsan/overflow-mul-3.c -O3 -g (test for excess errors)
UNRESOLVED: c-c++-common/ubsan/overflow-mul-3.c -O3 -g compilation failed to produce executable
FAIL: c-c++-common/ubsan/overflow-mul-3.c -Os (test for excess errors)
UNRESOLVED: c-c++-common/ubsan/overflow-mul-3.c -Os compilation failed to produce executable
FAIL: c-c++-common/ubsan/overflow-mul-4.c -O0 (test for excess errors)
UNRESOLVED: c-c++-common/ubsan/overflow-mul-4.c -O0 compilation failed to produce executable
FAIL: c-c++-common/ubsan/overflow-mul-4.c -O1 (test for excess errors)
UNRESOLVED: c-c++-common/ubsan/overflow-mul-4.c -O1 compilation failed to produce executable
FAIL: c-c++-common/ubsan/overflow-mul-4.c -O2 (test for excess errors)
UNRESOLVED: c-c++-common/ubsan/overflow-mul-4.c -O2 compilation failed to produce executable
FAIL: c-c++-common/ubsan/overflow-mul-4.c -O3 -fomit-frame-pointer (test for excess errors)
UNRESOLVED: c-c++-common/ubsan/overflow-mul-4.c -O3 -fomit-frame-pointer compilation failed to produce executable
FAIL: c-c++-common/ubsan/overflow-mul-4.c -O3 -fomit-frame-pointer -funroll-loops (test for excess errors)
UNRESOLVED: c-c++-common/ubsan/overflow-mul-4.c -O3 -fomit-frame-pointer -funroll-loops compilation failed to produce executable
FAIL: c-c++-common/ubsan/overflow-mul-4.c -O3 -fomit-frame-pointer -funroll-all-loops -finline-functions (test for excess errors)
UNRESOLVED: c-c++-common/ubsan/overflow-mul-4.c -O3 -fomit-frame-pointer -funroll-all-loops -finline-functions compilation failed to produce executable
FAIL: c-c++-common/ubsan/overflow-mul-4.c -O3 -g (test for excess errors)
UNRESOLVED: c-c++-common/ubsan/overflow-mul-4.c -O3 -g compilation failed to produce executable
FAIL: c-c++-common/ubsan/overflow-mul-4.c -Os (test for excess errors)
UNRESOLVED: c-c++-common/ubsan/overflow-mul-4.c -Os compilation failed to produce executable
FAIL: c-c++-common/ubsan/overflow-negate-1.c -O0 (test for excess errors)
UNRESOLVED: c-c++-common/ubsan/overflow-negate-1.c -O0 compilation failed to produce executable
FAIL: c-c++-common/ubsan/overflow-negate-1.c -O1 (test for excess errors)
UNRESOLVED: c-c++-common/ubsan/overflow-negate-1.c -O1 compilation failed to produce executable
FAIL: c-c++-common/ubsan/overflow-negate-1.c -O2 (test for excess errors)
UNRESOLVED: c-c++-common/ubsan/overflow-negate-1.c -O2 compilation failed to produce executable
FAIL: c-c++-common/ubsan/overflow-negate-1.c -O3 -fomit-frame-pointer (test for excess errors)
UNRESOLVED: c-c++-common/ubsan/overflow-negate-1.c -O3 -fomit-frame-pointer compilation failed to produce executable
FAIL: c-c++-common/ubsan/overflow-negate-1.c -O3 -g (test for excess errors)
UNRESOLVED: c-c++-common/ubsan/overflow-negate-1.c -O3 -g compilation failed to produce executable
FAIL: c-c++-common/ubsan/overflow-negate-1.c -Os (test for excess errors)
UNRESOLVED: c-c++-common/ubsan/overflow-negate-1.c -Os compilation failed to produce executable
FAIL: c-c++-common/ubsan/overflow-negate-2.c -O0 (test for excess errors)
UNRESOLVED: c-c++-common/ubsan/overflow-negate-2.c -O0 compilation failed to produce executable
FAIL: c-c++-common/ubsan/overflow-negate-2.c -O1 (test for excess errors)
UNRESOLVED: c-c++-common/ubsan/overflow-negate-2.c -O1 compilation failed to produce executable
FAIL: c-c++-common/ubsan/overflow-negate-2.c -O2 (test for excess errors)
UNRESOLVED: c-c++-common/ubsan/overflow-negate-2.c -O2 compilation failed to produce executable
FAIL: c-c++-common/ubsan/overflow-negate-2.c -O3 -fomit-frame-pointer (test for excess errors)
UNRESOLVED: c-c++-common/ubsan/overflow-negate-2.c -O3 -fomit-frame-pointer compilation failed to produce executable
FAIL: c-c++-common/ubsan/overflow-negate-2.c -O3 -g (test for excess errors)
UNRESOLVED: c-c++-common/ubsan/overflow-negate-2.c -O3 -g compilation failed to produce executable
FAIL: c-c++-common/ubsan/overflow-negate-2.c -Os (test for excess errors)
UNRESOLVED: c-c++-common/ubsan/overflow-negate-2.c -Os compilation failed to produce executable
FAIL: c-c++-common/ubsan/overflow-sub-1.c -O0 (test for excess errors)
UNRESOLVED: c-c++-common/ubsan/overflow-sub-1.c -O0 compilation failed to produce executable
FAIL: c-c++-common/ubsan/overflow-sub-1.c -O1 (test for excess errors)
UNRESOLVED: c-c++-common/ubsan/overflow-sub-1.c -O1 compilation failed to produce executable
FAIL: c-c++-common/ubsan/overflow-sub-1.c -O2 (test for excess errors)
UNRESOLVED: c-c++-common/ubsan/overflow-sub-1.c -O2 compilation failed to produce executable
FAIL: c-c++-common/ubsan/overflow-sub-1.c -O3 -fomit-frame-pointer (test for excess errors)
UNRESOLVED: c-c++-common/ubsan/overflow-sub-1.c -O3 -fomit-frame-pointer compilation failed to produce executable
FAIL: c-c++-common/ubsan/overflow-sub-1.c -O3 -g (test for excess errors)
UNRESOLVED: c-c++-common/ubsan/overflow-sub-1.c -O3 -g compilation failed to produce executable
FAIL: c-c++-common/ubsan/overflow-sub-1.c -Os (test for excess errors)
UNRESOLVED: c-c++-common/ubsan/overflow-sub-1.c -Os compilation failed to produce executable
FAIL: c-c++-common/ubsan/overflow-sub-2.c -O0 (test for excess errors)
UNRESOLVED: c-c++-common/ubsan/overflow-sub-2.c -O0 compilation failed to produce executable
FAIL: c-c++-common/ubsan/overflow-sub-2.c -O1 (test for excess errors)
UNRESOLVED: c-c++-common/ubsan/overflow-sub-2.c -O1 compilation failed to produce executable
FAIL: c-c++-common/ubsan/overflow-sub-2.c -O2 (test for excess errors)
UNRESOLVED: c-c++-common/ubsan/overflow-sub-2.c -O2 compilation failed to produce executable
FAIL: c-c++-common/ubsan/overflow-sub-2.c -O3 -fomit-frame-pointer (test for excess errors)
UNRESOLVED: c-c++-common/ubsan/overflow-sub-2.c -O3 -fomit-frame-pointer compilation failed to produce executable
FAIL: c-c++-common/ubsan/overflow-sub-2.c -O3 -g (test for excess errors)
UNRESOLVED: c-c++-common/ubsan/overflow-sub-2.c -O3 -g compilation failed to produce executable
FAIL: c-c++-common/ubsan/overflow-sub-2.c -Os (test for excess errors)
UNRESOLVED: c-c++-common/ubsan/overflow-sub-2.c -Os compilation failed to produce executable
FAIL: c-c++-common/ubsan/pr59333.c -O0 (test for excess errors)
UNRESOLVED: c-c++-common/ubsan/pr59333.c -O0 compilation failed to produce executable
FAIL: c-c++-common/ubsan/pr59333.c -O1 (test for excess errors)
UNRESOLVED: c-c++-common/ubsan/pr59333.c -O1 compilation failed to produce executable
FAIL: c-c++-common/ubsan/pr59333.c -O2 (test for excess errors)
UNRESOLVED: c-c++-common/ubsan/pr59333.c -O2 compilation failed to produce executable
FAIL: c-c++-common/ubsan/pr59333.c -O3 -fomit-frame-pointer (test for excess errors)
UNRESOLVED: c-c++-common/ubsan/pr59333.c -O3 -fomit-frame-pointer compilation failed to produce executable
FAIL: c-c++-common/ubsan/pr59333.c -O3 -g (test for excess errors)
UNRESOLVED: c-c++-common/ubsan/pr59333.c -O3 -g compilation failed to produce executable
FAIL: c-c++-common/ubsan/pr59333.c -Os (test for excess errors)
UNRESOLVED: c-c++-common/ubsan/pr59333.c -Os compilation failed to produce executable
FAIL: c-c++-common/ubsan/pr59503.c -O0 (test for excess errors)
UNRESOLVED: c-c++-common/ubsan/pr59503.c -O0 compilation failed to produce executable
FAIL: c-c++-common/ubsan/pr59503.c -O1 (test for excess errors)
UNRESOLVED: c-c++-common/ubsan/pr59503.c -O1 compilation failed to produce executable
FAIL: c-c++-common/ubsan/pr59503.c -O2 (test for excess errors)
UNRESOLVED: c-c++-common/ubsan/pr59503.c -O2 compilation failed to produce executable
FAIL: c-c++-common/ubsan/pr59503.c -O3 -fomit-frame-pointer (test for excess errors)
UNRESOLVED: c-c++-common/ubsan/pr59503.c -O3 -fomit-frame-pointer compilation failed to produce executable
FAIL: c-c++-common/ubsan/pr59503.c -O3 -g (test for excess errors)
UNRESOLVED: c-c++-common/ubsan/pr59503.c -O3 -g compilation failed to produce executable
FAIL: c-c++-common/ubsan/pr59503.c -Os (test for excess errors)
UNRESOLVED: c-c++-common/ubsan/pr59503.c -Os compilation failed to produce executable
FAIL: c-c++-common/ubsan/pr59667.c -O0 (test for excess errors)
UNRESOLVED: c-c++-common/ubsan/pr59667.c -O0 compilation failed to produce executable
FAIL: c-c++-common/ubsan/pr59667.c -O1 (test for excess errors)
UNRESOLVED: c-c++-common/ubsan/pr59667.c -O1 compilation failed to produce executable
FAIL: c-c++-common/ubsan/pr59667.c -O2 (test for excess errors)
UNRESOLVED: c-c++-common/ubsan/pr59667.c -O2 compilation failed to produce executable
FAIL: c-c++-common/ubsan/pr59667.c -O3 -fomit-frame-pointer (test for excess errors)
UNRESOLVED: c-c++-common/ubsan/pr59667.c -O3 -fomit-frame-pointer compilation failed to produce executable
FAIL: c-c++-common/ubsan/pr59667.c -O3 -g (test for excess errors)
UNRESOLVED: c-c++-common/ubsan/pr59667.c -O3 -g compilation failed to produce executable
FAIL: c-c++-common/ubsan/pr59667.c -Os (test for excess errors)
UNRESOLVED: c-c++-common/ubsan/pr59667.c -Os compilation failed to produce executable
FAIL: c-c++-common/ubsan/shift-1.c -O0 (test for excess errors)
UNRESOLVED: c-c++-common/ubsan/shift-1.c -O0 compilation failed to produce executable
FAIL: c-c++-common/ubsan/shift-1.c -O1 (test for excess errors)
UNRESOLVED: c-c++-common/ubsan/shift-1.c -O1 compilation failed to produce executable
FAIL: c-c++-common/ubsan/shift-1.c -O2 (test for excess errors)
UNRESOLVED: c-c++-common/ubsan/shift-1.c -O2 compilation failed to produce executable
FAIL: c-c++-common/ubsan/shift-1.c -O3 -fomit-frame-pointer (test for excess errors)
UNRESOLVED: c-c++-common/ubsan/shift-1.c -O3 -fomit-frame-pointer compilation failed to produce executable
FAIL: c-c++-common/ubsan/shift-1.c -O3 -fomit-frame-pointer -funroll-loops (test for excess errors)
UNRESOLVED: c-c++-common/ubsan/shift-1.c -O3 -fomit-frame-pointer -funroll-loops compilation failed to produce executable
FAIL: c-c++-common/ubsan/shift-1.c -O3 -fomit-frame-pointer -funroll-all-loops -finline-functions (test for excess errors)
UNRESOLVED: c-c++-common/ubsan/shift-1.c -O3 -fomit-frame-pointer -funroll-all-loops -finline-functions compilation failed to produce executable
FAIL: c-c++-common/ubsan/shift-1.c -O3 -g (test for excess errors)
UNRESOLVED: c-c++-common/ubsan/shift-1.c -O3 -g compilation failed to produce executable
FAIL: c-c++-common/ubsan/shift-1.c -Os (test for excess errors)
UNRESOLVED: c-c++-common/ubsan/shift-1.c -Os compilation failed to produce executable
FAIL: c-c++-common/ubsan/shift-1.c -O2 -flto -fno-use-linker-plugin -flto-partition=none (test for excess errors)
UNRESOLVED: c-c++-common/ubsan/shift-1.c -O2 -flto -fno-use-linker-plugin -flto-partition=none compilation failed to produce executable
FAIL: c-c++-common/ubsan/shift-1.c -O2 -flto -fuse-linker-plugin -fno-fat-lto-objects (test for excess errors)
UNRESOLVED: c-c++-common/ubsan/shift-1.c -O2 -flto -fuse-linker-plugin -fno-fat-lto-objects compilation failed to produce executable
FAIL: c-c++-common/ubsan/shift-2.c -O0 (test for excess errors)
UNRESOLVED: c-c++-common/ubsan/shift-2.c -O0 compilation failed to produce executable
FAIL: c-c++-common/ubsan/shift-2.c -O1 (test for excess errors)
UNRESOLVED: c-c++-common/ubsan/shift-2.c -O1 compilation failed to produce executable
FAIL: c-c++-common/ubsan/shift-2.c -O2 (test for excess errors)
UNRESOLVED: c-c++-common/ubsan/shift-2.c -O2 compilation failed to produce executable
FAIL: c-c++-common/ubsan/shift-2.c -O3 -fomit-frame-pointer (test for excess errors)
UNRESOLVED: c-c++-common/ubsan/shift-2.c -O3 -fomit-frame-pointer compilation failed to produce executable
FAIL: c-c++-common/ubsan/shift-2.c -O3 -g (test for excess errors)
UNRESOLVED: c-c++-common/ubsan/shift-2.c -O3 -g compilation failed to produce executable
FAIL: c-c++-common/ubsan/shift-2.c -Os (test for excess errors)
UNRESOLVED: c-c++-common/ubsan/shift-2.c -Os compilation failed to produce executable
FAIL: c-c++-common/ubsan/shift-2.c -O2 -flto -fno-use-linker-plugin -flto-partition=none (test for excess errors)
UNRESOLVED: c-c++-common/ubsan/shift-2.c -O2 -flto -fno-use-linker-plugin -flto-partition=none compilation failed to produce executable
FAIL: c-c++-common/ubsan/shift-2.c -O2 -flto -fuse-linker-plugin -fno-fat-lto-objects (test for excess errors)
UNRESOLVED: c-c++-common/ubsan/shift-2.c -O2 -flto -fuse-linker-plugin -fno-fat-lto-objects compilation failed to produce executable
FAIL: c-c++-common/ubsan/shift-3.c -O0 (test for excess errors)
UNRESOLVED: c-c++-common/ubsan/shift-3.c -O0 compilation failed to produce executable
FAIL: c-c++-common/ubsan/shift-3.c -O1 (test for excess errors)
UNRESOLVED: c-c++-common/ubsan/shift-3.c -O1 compilation failed to produce executable
FAIL: c-c++-common/ubsan/shift-3.c -O2 (test for excess errors)
UNRESOLVED: c-c++-common/ubsan/shift-3.c -O2 compilation failed to produce executable
FAIL: c-c++-common/ubsan/shift-3.c -O3 -fomit-frame-pointer (test for excess errors)
UNRESOLVED: c-c++-common/ubsan/shift-3.c -O3 -fomit-frame-pointer compilation failed to produce executable
FAIL: c-c++-common/ubsan/shift-3.c -O3 -g (test for excess errors)
UNRESOLVED: c-c++-common/ubsan/shift-3.c -O3 -g compilation failed to produce executable
FAIL: c-c++-common/ubsan/shift-3.c -Os (test for excess errors)
UNRESOLVED: c-c++-common/ubsan/shift-3.c -Os compilation failed to produce executable
FAIL: c-c++-common/ubsan/shift-3.c -O2 -flto -fno-use-linker-plugin -flto-partition=none (test for excess errors)
UNRESOLVED: c-c++-common/ubsan/shift-3.c -O2 -flto -fno-use-linker-plugin -flto-partition=none compilation failed to produce executable
FAIL: c-c++-common/ubsan/shift-3.c -O2 -flto -fuse-linker-plugin -fno-fat-lto-objects (test for excess errors)
UNRESOLVED: c-c++-common/ubsan/shift-3.c -O2 -flto -fuse-linker-plugin -fno-fat-lto-objects compilation failed to produce executable
FAIL: c-c++-common/ubsan/shift-4.c -O0 (test for excess errors)
UNRESOLVED: c-c++-common/ubsan/shift-4.c -O0 compilation failed to produce executable
FAIL: c-c++-common/ubsan/shift-4.c -O1 (test for excess errors)
UNRESOLVED: c-c++-common/ubsan/shift-4.c -O1 compilation failed to produce executable
FAIL: c-c++-common/ubsan/shift-4.c -O2 (test for excess errors)
UNRESOLVED: c-c++-common/ubsan/shift-4.c -O2 compilation failed to produce executable
FAIL: c-c++-common/ubsan/shift-4.c -O3 -fomit-frame-pointer (test for excess errors)
UNRESOLVED: c-c++-common/ubsan/shift-4.c -O3 -fomit-frame-pointer compilation failed to produce executable
FAIL: c-c++-common/ubsan/shift-4.c -O3 -g (test for excess errors)
UNRESOLVED: c-c++-common/ubsan/shift-4.c -O3 -g compilation failed to produce executable
FAIL: c-c++-common/ubsan/shift-4.c -Os (test for excess errors)
UNRESOLVED: c-c++-common/ubsan/shift-4.c -Os compilation failed to produce executable
FAIL: c-c++-common/ubsan/shift-4.c -O2 -flto -fno-use-linker-plugin -flto-partition=none (test for excess errors)
UNRESOLVED: c-c++-common/ubsan/shift-4.c -O2 -flto -fno-use-linker-plugin -flto-partition=none compilation failed to produce executable
FAIL: c-c++-common/ubsan/shift-4.c -O2 -flto -fuse-linker-plugin -fno-fat-lto-objects (test for excess errors)
UNRESOLVED: c-c++-common/ubsan/shift-4.c -O2 -flto -fuse-linker-plugin -fno-fat-lto-objects compilation failed to produce executable
FAIL: c-c++-common/ubsan/shift-6.c -O0 (test for excess errors)
UNRESOLVED: c-c++-common/ubsan/shift-6.c -O0 compilation failed to produce executable
FAIL: c-c++-common/ubsan/shift-6.c -O1 (test for excess errors)
UNRESOLVED: c-c++-common/ubsan/shift-6.c -O1 compilation failed to produce executable
FAIL: c-c++-common/ubsan/shift-6.c -O2 (test for excess errors)
UNRESOLVED: c-c++-common/ubsan/shift-6.c -O2 compilation failed to produce executable
FAIL: c-c++-common/ubsan/shift-6.c -O3 -fomit-frame-pointer (test for excess errors)
UNRESOLVED: c-c++-common/ubsan/shift-6.c -O3 -fomit-frame-pointer compilation failed to produce executable
FAIL: c-c++-common/ubsan/shift-6.c -O3 -g (test for excess errors)
UNRESOLVED: c-c++-common/ubsan/shift-6.c -O3 -g compilation failed to produce executable
FAIL: c-c++-common/ubsan/shift-6.c -Os (test for excess errors)
UNRESOLVED: c-c++-common/ubsan/shift-6.c -Os compilation failed to produce executable
FAIL: c-c++-common/ubsan/shift-6.c -O2 -flto -fno-use-linker-plugin -flto-partition=none (test for excess errors)
UNRESOLVED: c-c++-common/ubsan/shift-6.c -O2 -flto -fno-use-linker-plugin -flto-partition=none compilation failed to produce executable
FAIL: c-c++-common/ubsan/shift-6.c -O2 -flto -fuse-linker-plugin -fno-fat-lto-objects (test for excess errors)
UNRESOLVED: c-c++-common/ubsan/shift-6.c -O2 -flto -fuse-linker-plugin -fno-fat-lto-objects compilation failed to produce executable
FAIL: c-c++-common/ubsan/undefined-1.c -O0 (test for excess errors)
UNRESOLVED: c-c++-common/ubsan/undefined-1.c -O0 compilation failed to produce executable
FAIL: c-c++-common/ubsan/undefined-1.c -O1 (test for excess errors)
UNRESOLVED: c-c++-common/ubsan/undefined-1.c -O1 compilation failed to produce executable
FAIL: c-c++-common/ubsan/undefined-1.c -O2 (test for excess errors)
UNRESOLVED: c-c++-common/ubsan/undefined-1.c -O2 compilation failed to produce executable
FAIL: c-c++-common/ubsan/undefined-1.c -O3 -fomit-frame-pointer (test for excess errors)
UNRESOLVED: c-c++-common/ubsan/undefined-1.c -O3 -fomit-frame-pointer compilation failed to produce executable
FAIL: c-c++-common/ubsan/undefined-1.c -O3 -g (test for excess errors)
UNRESOLVED: c-c++-common/ubsan/undefined-1.c -O3 -g compilation failed to produce executable
FAIL: c-c++-common/ubsan/undefined-1.c -Os (test for excess errors)
UNRESOLVED: c-c++-common/ubsan/undefined-1.c -Os compilation failed to produce executable
FAIL: c-c++-common/ubsan/unreachable-1.c -O0 (test for excess errors)
UNRESOLVED: c-c++-common/ubsan/unreachable-1.c -O0 compilation failed to produce executable
FAIL: c-c++-common/ubsan/unreachable-1.c -O1 (test for excess errors)
UNRESOLVED: c-c++-common/ubsan/unreachable-1.c -O1 compilation failed to produce executable
FAIL: c-c++-common/ubsan/unreachable-1.c -O2 (test for excess errors)
UNRESOLVED: c-c++-common/ubsan/unreachable-1.c -O2 compilation failed to produce executable
FAIL: c-c++-common/ubsan/unreachable-1.c -O3 -fomit-frame-pointer (test for excess errors)
UNRESOLVED: c-c++-common/ubsan/unreachable-1.c -O3 -fomit-frame-pointer compilation failed to produce executable
FAIL: c-c++-common/ubsan/unreachable-1.c -O3 -g (test for excess errors)
UNRESOLVED: c-c++-common/ubsan/unreachable-1.c -O3 -g compilation failed to produce executable
FAIL: c-c++-common/ubsan/unreachable-1.c -Os (test for excess errors)
UNRESOLVED: c-c++-common/ubsan/unreachable-1.c -Os compilation failed to produce executable
FAIL: c-c++-common/ubsan/unreachable-1.c -O2 -flto -fno-use-linker-plugin -flto-partition=none (test for excess errors)
UNRESOLVED: c-c++-common/ubsan/unreachable-1.c -O2 -flto -fno-use-linker-plugin -flto-partition=none compilation failed to produce executable
FAIL: c-c++-common/ubsan/unreachable-1.c -O2 -flto -fuse-linker-plugin -fno-fat-lto-objects (test for excess errors)
UNRESOLVED: c-c++-common/ubsan/unreachable-1.c -O2 -flto -fuse-linker-plugin -fno-fat-lto-objects compilation failed to produce executable
FAIL: c-c++-common/ubsan/vla-1.c -O0 (test for excess errors)
UNRESOLVED: c-c++-common/ubsan/vla-1.c -O0 compilation failed to produce executable
FAIL: c-c++-common/ubsan/vla-1.c -O1 (test for excess errors)
UNRESOLVED: c-c++-common/ubsan/vla-1.c -O1 compilation failed to produce executable
FAIL: c-c++-common/ubsan/vla-1.c -O2 (test for excess errors)
UNRESOLVED: c-c++-common/ubsan/vla-1.c -O2 compilation failed to produce executable
FAIL: c-c++-common/ubsan/vla-1.c -O3 -fomit-frame-pointer (test for excess errors)
UNRESOLVED: c-c++-common/ubsan/vla-1.c -O3 -fomit-frame-pointer compilation failed to produce executable
FAIL: c-c++-common/ubsan/vla-1.c -O3 -g (test for excess errors)
UNRESOLVED: c-c++-common/ubsan/vla-1.c -O3 -g compilation failed to produce executable
FAIL: c-c++-common/ubsan/vla-1.c -Os (test for excess errors)
UNRESOLVED: c-c++-common/ubsan/vla-1.c -Os compilation failed to produce executable
FAIL: c-c++-common/ubsan/vla-1.c -O2 -flto -fno-use-linker-plugin -flto-partition=none (test for excess errors)
UNRESOLVED: c-c++-common/ubsan/vla-1.c -O2 -flto -fno-use-linker-plugin -flto-partition=none compilation failed to produce executable
FAIL: c-c++-common/ubsan/vla-1.c -O2 -flto -fuse-linker-plugin -fno-fat-lto-objects (test for excess errors)
UNRESOLVED: c-c++-common/ubsan/vla-1.c -O2 -flto -fuse-linker-plugin -fno-fat-lto-objects compilation failed to produce executable
FAIL: c-c++-common/ubsan/vla-2.c -O0 (test for excess errors)
UNRESOLVED: c-c++-common/ubsan/vla-2.c -O0 compilation failed to produce executable
FAIL: c-c++-common/ubsan/vla-2.c -O1 (test for excess errors)
UNRESOLVED: c-c++-common/ubsan/vla-2.c -O1 compilation failed to produce executable
FAIL: c-c++-common/ubsan/vla-2.c -O2 (test for excess errors)
UNRESOLVED: c-c++-common/ubsan/vla-2.c -O2 compilation failed to produce executable
FAIL: c-c++-common/ubsan/vla-2.c -O3 -fomit-frame-pointer (test for excess errors)
UNRESOLVED: c-c++-common/ubsan/vla-2.c -O3 -fomit-frame-pointer compilation failed to produce executable
FAIL: c-c++-common/ubsan/vla-2.c -O3 -g (test for excess errors)
UNRESOLVED: c-c++-common/ubsan/vla-2.c -O3 -g compilation failed to produce executable
FAIL: c-c++-common/ubsan/vla-2.c -Os (test for excess errors)
UNRESOLVED: c-c++-common/ubsan/vla-2.c -Os compilation failed to produce executable
FAIL: c-c++-common/ubsan/vla-2.c -O2 -flto -fno-use-linker-plugin -flto-partition=none (test for excess errors)
UNRESOLVED: c-c++-common/ubsan/vla-2.c -O2 -flto -fno-use-linker-plugin -flto-partition=none compilation failed to produce executable
FAIL: c-c++-common/ubsan/vla-2.c -O2 -flto -fuse-linker-plugin -fno-fat-lto-objects (test for excess errors)
UNRESOLVED: c-c++-common/ubsan/vla-2.c -O2 -flto -fuse-linker-plugin -fno-fat-lto-objects compilation failed to produce executable
FAIL: c-c++-common/ubsan/vla-3.c -O0 (test for excess errors)
UNRESOLVED: c-c++-common/ubsan/vla-3.c -O0 compilation failed to produce executable
FAIL: c-c++-common/ubsan/vla-3.c -O1 (test for excess errors)
UNRESOLVED: c-c++-common/ubsan/vla-3.c -O1 compilation failed to produce executable
FAIL: c-c++-common/ubsan/vla-3.c -O2 (test for excess errors)
UNRESOLVED: c-c++-common/ubsan/vla-3.c -O2 compilation failed to produce executable
FAIL: c-c++-common/ubsan/vla-3.c -O3 -fomit-frame-pointer (test for excess errors)
UNRESOLVED: c-c++-common/ubsan/vla-3.c -O3 -fomit-frame-pointer compilation failed to produce executable
FAIL: c-c++-common/ubsan/vla-3.c -O3 -g (test for excess errors)
UNRESOLVED: c-c++-common/ubsan/vla-3.c -O3 -g compilation failed to produce executable
FAIL: c-c++-common/ubsan/vla-3.c -Os (test for excess errors)
UNRESOLVED: c-c++-common/ubsan/vla-3.c -Os compilation failed to produce executable
FAIL: c-c++-common/ubsan/vla-3.c -O2 -flto -fno-use-linker-plugin -flto-partition=none (test for excess errors)
UNRESOLVED: c-c++-common/ubsan/vla-3.c -O2 -flto -fno-use-linker-plugin -flto-partition=none compilation failed to produce executable
FAIL: c-c++-common/ubsan/vla-3.c -O2 -flto -fuse-linker-plugin -fno-fat-lto-objects (test for excess errors)
UNRESOLVED: c-c++-common/ubsan/vla-3.c -O2 -flto -fuse-linker-plugin -fno-fat-lto-objects compilation failed to produce executable
FAIL: c-c++-common/ubsan/vla-4.c -O0 (test for excess errors)
UNRESOLVED: c-c++-common/ubsan/vla-4.c -O0 compilation failed to produce executable
FAIL: c-c++-common/ubsan/vla-4.c -O1 (test for excess errors)
UNRESOLVED: c-c++-common/ubsan/vla-4.c -O1 compilation failed to produce executable
FAIL: c-c++-common/ubsan/vla-4.c -O2 (test for excess errors)
UNRESOLVED: c-c++-common/ubsan/vla-4.c -O2 compilation failed to produce executable
FAIL: c-c++-common/ubsan/vla-4.c -O3 -fomit-frame-pointer (test for excess errors)
UNRESOLVED: c-c++-common/ubsan/vla-4.c -O3 -fomit-frame-pointer compilation failed to produce executable
FAIL: c-c++-common/ubsan/vla-4.c -O3 -g (test for excess errors)
UNRESOLVED: c-c++-common/ubsan/vla-4.c -O3 -g compilation failed to produce executable
FAIL: c-c++-common/ubsan/vla-4.c -Os (test for excess errors)
UNRESOLVED: c-c++-common/ubsan/vla-4.c -Os compilation failed to produce executable
FAIL: c-c++-common/ubsan/vla-4.c -O2 -flto -fno-use-linker-plugin -flto-partition=none (test for excess errors)
UNRESOLVED: c-c++-common/ubsan/vla-4.c -O2 -flto -fno-use-linker-plugin -flto-partition=none compilation failed to produce executable
FAIL: c-c++-common/ubsan/vla-4.c -O2 -flto -fuse-linker-plugin -fno-fat-lto-objects (test for excess errors)
UNRESOLVED: c-c++-common/ubsan/vla-4.c -O2 -flto -fuse-linker-plugin -fno-fat-lto-objects compilation failed to produce executable
FAIL: gcc.dg/ubsan/c99-shift-1.c -O0 (test for excess errors)
UNRESOLVED: gcc.dg/ubsan/c99-shift-1.c -O0 compilation failed to produce executable
FAIL: gcc.dg/ubsan/c99-shift-1.c -O1 (test for excess errors)
UNRESOLVED: gcc.dg/ubsan/c99-shift-1.c -O1 compilation failed to produce executable
FAIL: gcc.dg/ubsan/c99-shift-1.c -O2 (test for excess errors)
UNRESOLVED: gcc.dg/ubsan/c99-shift-1.c -O2 compilation failed to produce executable
FAIL: gcc.dg/ubsan/c99-shift-1.c -O3 -fomit-frame-pointer (test for excess errors)
UNRESOLVED: gcc.dg/ubsan/c99-shift-1.c -O3 -fomit-frame-pointer compilation failed to produce executable
FAIL: gcc.dg/ubsan/c99-shift-1.c -O3 -g (test for excess errors)
UNRESOLVED: gcc.dg/ubsan/c99-shift-1.c -O3 -g compilation failed to produce executable
FAIL: gcc.dg/ubsan/c99-shift-1.c -Os (test for excess errors)
UNRESOLVED: gcc.dg/ubsan/c99-shift-1.c -Os compilation failed to produce executable
FAIL: gcc.dg/ubsan/c99-shift-1.c -O2 -flto -fno-use-linker-plugin -flto-partition=none (test for excess errors)
UNRESOLVED: gcc.dg/ubsan/c99-shift-1.c -O2 -flto -fno-use-linker-plugin -flto-partition=none compilation failed to produce executable
FAIL: gcc.dg/ubsan/c99-shift-1.c -O2 -flto -fuse-linker-plugin -fno-fat-lto-objects (test for excess errors)
UNRESOLVED: gcc.dg/ubsan/c99-shift-1.c -O2 -flto -fuse-linker-plugin -fno-fat-lto-objects compilation failed to produce executable
FAIL: gcc.dg/ubsan/c99-shift-2.c -O0 (test for excess errors)
UNRESOLVED: gcc.dg/ubsan/c99-shift-2.c -O0 compilation failed to produce executable
FAIL: gcc.dg/ubsan/c99-shift-2.c -O1 (test for excess errors)
UNRESOLVED: gcc.dg/ubsan/c99-shift-2.c -O1 compilation failed to produce executable
FAIL: gcc.dg/ubsan/c99-shift-2.c -O2 (test for excess errors)
UNRESOLVED: gcc.dg/ubsan/c99-shift-2.c -O2 compilation failed to produce executable
FAIL: gcc.dg/ubsan/c99-shift-2.c -O3 -fomit-frame-pointer (test for excess errors)
UNRESOLVED: gcc.dg/ubsan/c99-shift-2.c -O3 -fomit-frame-pointer compilation failed to produce executable
FAIL: gcc.dg/ubsan/c99-shift-2.c -O3 -g (test for excess errors)
UNRESOLVED: gcc.dg/ubsan/c99-shift-2.c -O3 -g compilation failed to produce executable
FAIL: gcc.dg/ubsan/c99-shift-2.c -Os (test for excess errors)
UNRESOLVED: gcc.dg/ubsan/c99-shift-2.c -Os compilation failed to produce executable
FAIL: gcc.dg/ubsan/c99-shift-2.c -O2 -flto -fno-use-linker-plugin -flto-partition=none (test for excess errors)
UNRESOLVED: gcc.dg/ubsan/c99-shift-2.c -O2 -flto -fno-use-linker-plugin -flto-partition=none compilation failed to produce executable
FAIL: gcc.dg/ubsan/c99-shift-2.c -O2 -flto -fuse-linker-plugin -fno-fat-lto-objects (test for excess errors)
UNRESOLVED: gcc.dg/ubsan/c99-shift-2.c -O2 -flto -fuse-linker-plugin -fno-fat-lto-objects compilation failed to produce executable
FAIL: gcc.target/i386/avx256-unaligned-store-2.c scan-assembler vmovups.*\\\\*movv16qi_internal/3
=== gcc Summary ===
# of expected passes 105742
# of unexpected failures 471
# of unexpected successes 32
# of expected failures 264
# of unresolved testcases 416
# of unsupported tests 1608
/export/gnu/import/git/gcc-test-x32/bld/gcc/xgcc version 4.9.0 20140307 (experimental) [trunk revision 208392] (GCC)
=== gfortran tests ===
Running target unix/-mx32
=== gfortran Summary ===
# of expected passes 45412
# of expected failures 38
# of unsupported tests 52
/export/gnu/import/git/gcc-test-x32/bld/gcc/testsuite/gfortran/../../gfortran version 4.9.0 20140307 (experimental) [trunk revision 208392] (GCC)
=== g++ tests ===
Running target unix/-mx32
FAIL: c-c++-common/asan/global-overflow-1.c -O0 (test for excess errors)
UNRESOLVED: c-c++-common/asan/global-overflow-1.c -O0 compilation failed to produce executable
FAIL: c-c++-common/asan/global-overflow-1.c -O1 (test for excess errors)
UNRESOLVED: c-c++-common/asan/global-overflow-1.c -O1 compilation failed to produce executable
FAIL: c-c++-common/asan/global-overflow-1.c -O2 (test for excess errors)
UNRESOLVED: c-c++-common/asan/global-overflow-1.c -O2 compilation failed to produce executable
FAIL: c-c++-common/asan/global-overflow-1.c -O3 -fomit-frame-pointer (test for excess errors)
UNRESOLVED: c-c++-common/asan/global-overflow-1.c -O3 -fomit-frame-pointer compilation failed to produce executable
FAIL: c-c++-common/asan/global-overflow-1.c -O3 -g (test for excess errors)
UNRESOLVED: c-c++-common/asan/global-overflow-1.c -O3 -g compilation failed to produce executable
FAIL: c-c++-common/asan/global-overflow-1.c -Os (test for excess errors)
UNRESOLVED: c-c++-common/asan/global-overflow-1.c -Os compilation failed to produce executable
FAIL: c-c++-common/asan/global-overflow-1.c -O2 -flto -fno-use-linker-plugin -flto-partition=none (test for excess errors)
UNRESOLVED: c-c++-common/asan/global-overflow-1.c -O2 -flto -fno-use-linker-plugin -flto-partition=none compilation failed to produce executable
FAIL: c-c++-common/asan/global-overflow-1.c -O2 -flto -fuse-linker-plugin -fno-fat-lto-objects (test for excess errors)
UNRESOLVED: c-c++-common/asan/global-overflow-1.c -O2 -flto -fuse-linker-plugin -fno-fat-lto-objects compilation failed to produce executable
FAIL: c-c++-common/asan/heap-overflow-1.c -O0 (test for excess errors)
UNRESOLVED: c-c++-common/asan/heap-overflow-1.c -O0 compilation failed to produce executable
FAIL: c-c++-common/asan/heap-overflow-1.c -O1 (test for excess errors)
UNRESOLVED: c-c++-common/asan/heap-overflow-1.c -O1 compilation failed to produce executable
FAIL: c-c++-common/asan/heap-overflow-1.c -O2 (test for excess errors)
UNRESOLVED: c-c++-common/asan/heap-overflow-1.c -O2 compilation failed to produce executable
FAIL: c-c++-common/asan/heap-overflow-1.c -O3 -fomit-frame-pointer (test for excess errors)
UNRESOLVED: c-c++-common/asan/heap-overflow-1.c -O3 -fomit-frame-pointer compilation failed to produce executable
FAIL: c-c++-common/asan/heap-overflow-1.c -O3 -g (test for excess errors)
UNRESOLVED: c-c++-common/asan/heap-overflow-1.c -O3 -g compilation failed to produce executable
FAIL: c-c++-common/asan/heap-overflow-1.c -Os (test for excess errors)
UNRESOLVED: c-c++-common/asan/heap-overflow-1.c -Os compilation failed to produce executable
FAIL: c-c++-common/asan/heap-overflow-1.c -O2 -flto -fno-use-linker-plugin -flto-partition=none (test for excess errors)
UNRESOLVED: c-c++-common/asan/heap-overflow-1.c -O2 -flto -fno-use-linker-plugin -flto-partition=none compilation failed to produce executable
FAIL: c-c++-common/asan/heap-overflow-1.c -O2 -flto -fuse-linker-plugin -fno-fat-lto-objects (test for excess errors)
UNRESOLVED: c-c++-common/asan/heap-overflow-1.c -O2 -flto -fuse-linker-plugin -fno-fat-lto-objects compilation failed to produce executable
FAIL: c-c++-common/asan/memcmp-1.c -O0 (test for excess errors)
UNRESOLVED: c-c++-common/asan/memcmp-1.c -O0 compilation failed to produce executable
FAIL: c-c++-common/asan/memcmp-1.c -O1 (test for excess errors)
UNRESOLVED: c-c++-common/asan/memcmp-1.c -O1 compilation failed to produce executable
FAIL: c-c++-common/asan/memcmp-1.c -O2 (test for excess errors)
UNRESOLVED: c-c++-common/asan/memcmp-1.c -O2 compilation failed to produce executable
FAIL: c-c++-common/asan/memcmp-1.c -O3 -fomit-frame-pointer (test for excess errors)
UNRESOLVED: c-c++-common/asan/memcmp-1.c -O3 -fomit-frame-pointer compilation failed to produce executable
FAIL: c-c++-common/asan/memcmp-1.c -O3 -g (test for excess errors)
UNRESOLVED: c-c++-common/asan/memcmp-1.c -O3 -g compilation failed to produce executable
FAIL: c-c++-common/asan/memcmp-1.c -Os (test for excess errors)
UNRESOLVED: c-c++-common/asan/memcmp-1.c -Os compilation failed to produce executable
FAIL: c-c++-common/asan/memcmp-1.c -O2 -flto -fno-use-linker-plugin -flto-partition=none (test for excess errors)
UNRESOLVED: c-c++-common/asan/memcmp-1.c -O2 -flto -fno-use-linker-plugin -flto-partition=none compilation failed to produce executable
FAIL: c-c++-common/asan/memcmp-1.c -O2 -flto -fuse-linker-plugin -fno-fat-lto-objects (test for excess errors)
UNRESOLVED: c-c++-common/asan/memcmp-1.c -O2 -flto -fuse-linker-plugin -fno-fat-lto-objects compilation failed to produce executable
FAIL: c-c++-common/asan/null-deref-1.c -O0 (test for excess errors)
UNRESOLVED: c-c++-common/asan/null-deref-1.c -O0 compilation failed to produce executable
FAIL: c-c++-common/asan/null-deref-1.c -O1 (test for excess errors)
UNRESOLVED: c-c++-common/asan/null-deref-1.c -O1 compilation failed to produce executable
FAIL: c-c++-common/asan/null-deref-1.c -O2 (test for excess errors)
UNRESOLVED: c-c++-common/asan/null-deref-1.c -O2 compilation failed to produce executable
FAIL: c-c++-common/asan/null-deref-1.c -O3 -fomit-frame-pointer (test for excess errors)
UNRESOLVED: c-c++-common/asan/null-deref-1.c -O3 -fomit-frame-pointer compilation failed to produce executable
FAIL: c-c++-common/asan/null-deref-1.c -O3 -g (test for excess errors)
UNRESOLVED: c-c++-common/asan/null-deref-1.c -O3 -g compilation failed to produce executable
FAIL: c-c++-common/asan/null-deref-1.c -Os (test for excess errors)
UNRESOLVED: c-c++-common/asan/null-deref-1.c -Os compilation failed to produce executable
FAIL: c-c++-common/asan/null-deref-1.c -O2 -flto -fno-use-linker-plugin -flto-partition=none (test for excess errors)
UNRESOLVED: c-c++-common/asan/null-deref-1.c -O2 -flto -fno-use-linker-plugin -flto-partition=none compilation failed to produce executable
FAIL: c-c++-common/asan/null-deref-1.c -O2 -flto -fuse-linker-plugin -fno-fat-lto-objects (test for excess errors)
UNRESOLVED: c-c++-common/asan/null-deref-1.c -O2 -flto -fuse-linker-plugin -fno-fat-lto-objects compilation failed to produce executable
FAIL: c-c++-common/asan/pr59063-1.c -O0 (test for excess errors)
UNRESOLVED: c-c++-common/asan/pr59063-1.c -O0 compilation failed to produce executable
FAIL: c-c++-common/asan/pr59063-1.c -O1 (test for excess errors)
UNRESOLVED: c-c++-common/asan/pr59063-1.c -O1 compilation failed to produce executable
FAIL: c-c++-common/asan/pr59063-1.c -O2 (test for excess errors)
UNRESOLVED: c-c++-common/asan/pr59063-1.c -O2 compilation failed to produce executable
FAIL: c-c++-common/asan/pr59063-1.c -O3 -fomit-frame-pointer (test for excess errors)
UNRESOLVED: c-c++-common/asan/pr59063-1.c -O3 -fomit-frame-pointer compilation failed to produce executable
FAIL: c-c++-common/asan/pr59063-1.c -O3 -g (test for excess errors)
UNRESOLVED: c-c++-common/asan/pr59063-1.c -O3 -g compilation failed to produce executable
FAIL: c-c++-common/asan/pr59063-1.c -Os (test for excess errors)
UNRESOLVED: c-c++-common/asan/pr59063-1.c -Os compilation failed to produce executable
FAIL: c-c++-common/asan/pr59063-1.c -O2 -flto -fno-use-linker-plugin -flto-partition=none (test for excess errors)
UNRESOLVED: c-c++-common/asan/pr59063-1.c -O2 -flto -fno-use-linker-plugin -flto-partition=none compilation failed to produce executable
FAIL: c-c++-common/asan/pr59063-1.c -O2 -flto -fuse-linker-plugin -fno-fat-lto-objects (test for excess errors)
UNRESOLVED: c-c++-common/asan/pr59063-1.c -O2 -flto -fuse-linker-plugin -fno-fat-lto-objects compilation failed to produce executable
FAIL: c-c++-common/asan/pr59063-2.c -O0 (test for excess errors)
UNRESOLVED: c-c++-common/asan/pr59063-2.c -O0 compilation failed to produce executable
FAIL: c-c++-common/asan/pr59063-2.c -O1 (test for excess errors)
UNRESOLVED: c-c++-common/asan/pr59063-2.c -O1 compilation failed to produce executable
FAIL: c-c++-common/asan/pr59063-2.c -O2 (test for excess errors)
UNRESOLVED: c-c++-common/asan/pr59063-2.c -O2 compilation failed to produce executable
FAIL: c-c++-common/asan/pr59063-2.c -O3 -fomit-frame-pointer (test for excess errors)
UNRESOLVED: c-c++-common/asan/pr59063-2.c -O3 -fomit-frame-pointer compilation failed to produce executable
FAIL: c-c++-common/asan/pr59063-2.c -O3 -g (test for excess errors)
UNRESOLVED: c-c++-common/asan/pr59063-2.c -O3 -g compilation failed to produce executable
FAIL: c-c++-common/asan/pr59063-2.c -Os (test for excess errors)
UNRESOLVED: c-c++-common/asan/pr59063-2.c -Os compilation failed to produce executable
FAIL: c-c++-common/asan/pr59063-2.c -O2 -flto -fno-use-linker-plugin -flto-partition=none (test for excess errors)
UNRESOLVED: c-c++-common/asan/pr59063-2.c -O2 -flto -fno-use-linker-plugin -flto-partition=none compilation failed to produce executable
FAIL: c-c++-common/asan/pr59063-2.c -O2 -flto -fuse-linker-plugin -fno-fat-lto-objects (test for excess errors)
UNRESOLVED: c-c++-common/asan/pr59063-2.c -O2 -flto -fuse-linker-plugin -fno-fat-lto-objects compilation failed to produce executable
FAIL: c-c++-common/asan/sanity-check-pure-c-1.c -O0 (test for excess errors)
UNRESOLVED: c-c++-common/asan/sanity-check-pure-c-1.c -O0 compilation failed to produce executable
FAIL: c-c++-common/asan/sanity-check-pure-c-1.c -O1 (test for excess errors)
UNRESOLVED: c-c++-common/asan/sanity-check-pure-c-1.c -O1 compilation failed to produce executable
FAIL: c-c++-common/asan/sanity-check-pure-c-1.c -O2 (test for excess errors)
UNRESOLVED: c-c++-common/asan/sanity-check-pure-c-1.c -O2 compilation failed to produce executable
FAIL: c-c++-common/asan/sanity-check-pure-c-1.c -O3 -fomit-frame-pointer (test for excess errors)
UNRESOLVED: c-c++-common/asan/sanity-check-pure-c-1.c -O3 -fomit-frame-pointer compilation failed to produce executable
FAIL: c-c++-common/asan/sanity-check-pure-c-1.c -O3 -g (test for excess errors)
UNRESOLVED: c-c++-common/asan/sanity-check-pure-c-1.c -O3 -g compilation failed to produce executable
FAIL: c-c++-common/asan/sanity-check-pure-c-1.c -Os (test for excess errors)
UNRESOLVED: c-c++-common/asan/sanity-check-pure-c-1.c -Os compilation failed to produce executable
FAIL: c-c++-common/asan/sanity-check-pure-c-1.c -O2 -flto -fno-use-linker-plugin -flto-partition=none (test for excess errors)
UNRESOLVED: c-c++-common/asan/sanity-check-pure-c-1.c -O2 -flto -fno-use-linker-plugin -flto-partition=none compilation failed to produce executable
FAIL: c-c++-common/asan/sanity-check-pure-c-1.c -O2 -flto -fuse-linker-plugin -fno-fat-lto-objects (test for excess errors)
UNRESOLVED: c-c++-common/asan/sanity-check-pure-c-1.c -O2 -flto -fuse-linker-plugin -fno-fat-lto-objects compilation failed to produce executable
FAIL: c-c++-common/asan/sleep-before-dying-1.c -O2 (test for excess errors)
UNRESOLVED: c-c++-common/asan/sleep-before-dying-1.c -O2 compilation failed to produce executable
FAIL: c-c++-common/asan/sleep-before-dying-1.c -O2 -flto -fno-use-linker-plugin -flto-partition=none (test for excess errors)
UNRESOLVED: c-c++-common/asan/sleep-before-dying-1.c -O2 -flto -fno-use-linker-plugin -flto-partition=none compilation failed to produce executable
FAIL: c-c++-common/asan/sleep-before-dying-1.c -O2 -flto -fuse-linker-plugin -fno-fat-lto-objects (test for excess errors)
UNRESOLVED: c-c++-common/asan/sleep-before-dying-1.c -O2 -flto -fuse-linker-plugin -fno-fat-lto-objects compilation failed to produce executable
FAIL: c-c++-common/asan/stack-overflow-1.c -O0 (test for excess errors)
UNRESOLVED: c-c++-common/asan/stack-overflow-1.c -O0 compilation failed to produce executable
FAIL: c-c++-common/asan/stack-overflow-1.c -O1 (test for excess errors)
UNRESOLVED: c-c++-common/asan/stack-overflow-1.c -O1 compilation failed to produce executable
FAIL: c-c++-common/asan/stack-overflow-1.c -O2 (test for excess errors)
UNRESOLVED: c-c++-common/asan/stack-overflow-1.c -O2 compilation failed to produce executable
FAIL: c-c++-common/asan/stack-overflow-1.c -O3 -fomit-frame-pointer (test for excess errors)
UNRESOLVED: c-c++-common/asan/stack-overflow-1.c -O3 -fomit-frame-pointer compilation failed to produce executable
FAIL: c-c++-common/asan/stack-overflow-1.c -O3 -g (test for excess errors)
UNRESOLVED: c-c++-common/asan/stack-overflow-1.c -O3 -g compilation failed to produce executable
FAIL: c-c++-common/asan/stack-overflow-1.c -Os (test for excess errors)
UNRESOLVED: c-c++-common/asan/stack-overflow-1.c -Os compilation failed to produce executable
FAIL: c-c++-common/asan/stack-overflow-1.c -O2 -flto -fno-use-linker-plugin -flto-partition=none (test for excess errors)
UNRESOLVED: c-c++-common/asan/stack-overflow-1.c -O2 -flto -fno-use-linker-plugin -flto-partition=none compilation failed to produce executable
FAIL: c-c++-common/asan/stack-overflow-1.c -O2 -flto -fuse-linker-plugin -fno-fat-lto-objects (test for excess errors)
UNRESOLVED: c-c++-common/asan/stack-overflow-1.c -O2 -flto -fuse-linker-plugin -fno-fat-lto-objects compilation failed to produce executable
FAIL: c-c++-common/asan/strip-path-prefix-1.c -O2 (test for excess errors)
UNRESOLVED: c-c++-common/asan/strip-path-prefix-1.c -O2 compilation failed to produce executable
FAIL: c-c++-common/asan/strip-path-prefix-1.c -O2 -flto -fno-use-linker-plugin -flto-partition=none (test for excess errors)
UNRESOLVED: c-c++-common/asan/strip-path-prefix-1.c -O2 -flto -fno-use-linker-plugin -flto-partition=none compilation failed to produce executable
FAIL: c-c++-common/asan/strip-path-prefix-1.c -O2 -flto -fuse-linker-plugin -fno-fat-lto-objects (test for excess errors)
UNRESOLVED: c-c++-common/asan/strip-path-prefix-1.c -O2 -flto -fuse-linker-plugin -fno-fat-lto-objects compilation failed to produce executable
FAIL: c-c++-common/asan/strncpy-overflow-1.c -O0 (test for excess errors)
UNRESOLVED: c-c++-common/asan/strncpy-overflow-1.c -O0 compilation failed to produce executable
FAIL: c-c++-common/asan/strncpy-overflow-1.c -O1 (test for excess errors)
UNRESOLVED: c-c++-common/asan/strncpy-overflow-1.c -O1 compilation failed to produce executable
FAIL: c-c++-common/asan/strncpy-overflow-1.c -O2 (test for excess errors)
UNRESOLVED: c-c++-common/asan/strncpy-overflow-1.c -O2 compilation failed to produce executable
FAIL: c-c++-common/asan/strncpy-overflow-1.c -O3 -fomit-frame-pointer (test for excess errors)
UNRESOLVED: c-c++-common/asan/strncpy-overflow-1.c -O3 -fomit-frame-pointer compilation failed to produce executable
FAIL: c-c++-common/asan/strncpy-overflow-1.c -O3 -g (test for excess errors)
UNRESOLVED: c-c++-common/asan/strncpy-overflow-1.c -O3 -g compilation failed to produce executable
FAIL: c-c++-common/asan/strncpy-overflow-1.c -Os (test for excess errors)
UNRESOLVED: c-c++-common/asan/strncpy-overflow-1.c -Os compilation failed to produce executable
FAIL: c-c++-common/asan/strncpy-overflow-1.c -O2 -flto -fno-use-linker-plugin -flto-partition=none (test for excess errors)
UNRESOLVED: c-c++-common/asan/strncpy-overflow-1.c -O2 -flto -fno-use-linker-plugin -flto-partition=none compilation failed to produce executable
FAIL: c-c++-common/asan/strncpy-overflow-1.c -O2 -flto -fuse-linker-plugin -fno-fat-lto-objects (test for excess errors)
UNRESOLVED: c-c++-common/asan/strncpy-overflow-1.c -O2 -flto -fuse-linker-plugin -fno-fat-lto-objects compilation failed to produce executable
FAIL: c-c++-common/asan/use-after-free-1.c -O0 (test for excess errors)
UNRESOLVED: c-c++-common/asan/use-after-free-1.c -O0 compilation failed to produce executable
FAIL: c-c++-common/asan/use-after-free-1.c -O1 (test for excess errors)
UNRESOLVED: c-c++-common/asan/use-after-free-1.c -O1 compilation failed to produce executable
FAIL: c-c++-common/asan/use-after-free-1.c -O2 (test for excess errors)
UNRESOLVED: c-c++-common/asan/use-after-free-1.c -O2 compilation failed to produce executable
FAIL: c-c++-common/asan/use-after-free-1.c -O3 -fomit-frame-pointer (test for excess errors)
UNRESOLVED: c-c++-common/asan/use-after-free-1.c -O3 -fomit-frame-pointer compilation failed to produce executable
FAIL: c-c++-common/asan/use-after-free-1.c -O3 -g (test for excess errors)
UNRESOLVED: c-c++-common/asan/use-after-free-1.c -O3 -g compilation failed to produce executable
FAIL: c-c++-common/asan/use-after-free-1.c -Os (test for excess errors)
UNRESOLVED: c-c++-common/asan/use-after-free-1.c -Os compilation failed to produce executable
FAIL: c-c++-common/asan/use-after-free-1.c -O2 -flto -fno-use-linker-plugin -flto-partition=none (test for excess errors)
UNRESOLVED: c-c++-common/asan/use-after-free-1.c -O2 -flto -fno-use-linker-plugin -flto-partition=none compilation failed to produce executable
FAIL: c-c++-common/asan/use-after-free-1.c -O2 -flto -fuse-linker-plugin -fno-fat-lto-objects (test for excess errors)
UNRESOLVED: c-c++-common/asan/use-after-free-1.c -O2 -flto -fuse-linker-plugin -fno-fat-lto-objects compilation failed to produce executable
FAIL: c-c++-common/asan/use-after-return-1.c -O0 (test for excess errors)
UNRESOLVED: c-c++-common/asan/use-after-return-1.c -O0 compilation failed to produce executable
FAIL: c-c++-common/asan/use-after-return-1.c -O1 (test for excess errors)
UNRESOLVED: c-c++-common/asan/use-after-return-1.c -O1 compilation failed to produce executable
FAIL: c-c++-common/asan/use-after-return-1.c -O2 (test for excess errors)
UNRESOLVED: c-c++-common/asan/use-after-return-1.c -O2 compilation failed to produce executable
FAIL: c-c++-common/asan/use-after-return-1.c -O3 -fomit-frame-pointer (test for excess errors)
UNRESOLVED: c-c++-common/asan/use-after-return-1.c -O3 -fomit-frame-pointer compilation failed to produce executable
FAIL: c-c++-common/asan/use-after-return-1.c -O3 -g (test for excess errors)
UNRESOLVED: c-c++-common/asan/use-after-return-1.c -O3 -g compilation failed to produce executable
FAIL: c-c++-common/asan/use-after-return-1.c -Os (test for excess errors)
UNRESOLVED: c-c++-common/asan/use-after-return-1.c -Os compilation failed to produce executable
FAIL: c-c++-common/asan/use-after-return-1.c -O2 -flto -fno-use-linker-plugin -flto-partition=none (test for excess errors)
UNRESOLVED: c-c++-common/asan/use-after-return-1.c -O2 -flto -fno-use-linker-plugin -flto-partition=none compilation failed to produce executable
FAIL: c-c++-common/asan/use-after-return-1.c -O2 -flto -fuse-linker-plugin -fno-fat-lto-objects (test for excess errors)
UNRESOLVED: c-c++-common/asan/use-after-return-1.c -O2 -flto -fuse-linker-plugin -fno-fat-lto-objects compilation failed to produce executable
FAIL: g++.dg/asan/deep-stack-uaf-1.C -O0 (test for excess errors)
UNRESOLVED: g++.dg/asan/deep-stack-uaf-1.C -O0 compilation failed to produce executable
FAIL: g++.dg/asan/deep-stack-uaf-1.C -O1 (test for excess errors)
UNRESOLVED: g++.dg/asan/deep-stack-uaf-1.C -O1 compilation failed to produce executable
FAIL: g++.dg/asan/deep-stack-uaf-1.C -O2 (test for excess errors)
UNRESOLVED: g++.dg/asan/deep-stack-uaf-1.C -O2 compilation failed to produce executable
FAIL: g++.dg/asan/deep-stack-uaf-1.C -O3 -fomit-frame-pointer (test for excess errors)
UNRESOLVED: g++.dg/asan/deep-stack-uaf-1.C -O3 -fomit-frame-pointer compilation failed to produce executable
FAIL: g++.dg/asan/deep-stack-uaf-1.C -O3 -g (test for excess errors)
UNRESOLVED: g++.dg/asan/deep-stack-uaf-1.C -O3 -g compilation failed to produce executable
FAIL: g++.dg/asan/deep-stack-uaf-1.C -Os (test for excess errors)
UNRESOLVED: g++.dg/asan/deep-stack-uaf-1.C -Os compilation failed to produce executable
FAIL: g++.dg/asan/deep-tail-call-1.C -O0 (test for excess errors)
UNRESOLVED: g++.dg/asan/deep-tail-call-1.C -O0 compilation failed to produce executable
FAIL: g++.dg/asan/deep-tail-call-1.C -O1 (test for excess errors)
UNRESOLVED: g++.dg/asan/deep-tail-call-1.C -O1 compilation failed to produce executable
FAIL: g++.dg/asan/deep-tail-call-1.C -O2 (test for excess errors)
UNRESOLVED: g++.dg/asan/deep-tail-call-1.C -O2 compilation failed to produce executable
FAIL: g++.dg/asan/deep-tail-call-1.C -O3 -fomit-frame-pointer (test for excess errors)
UNRESOLVED: g++.dg/asan/deep-tail-call-1.C -O3 -fomit-frame-pointer compilation failed to produce executable
FAIL: g++.dg/asan/deep-tail-call-1.C -O3 -g (test for excess errors)
UNRESOLVED: g++.dg/asan/deep-tail-call-1.C -O3 -g compilation failed to produce executable
FAIL: g++.dg/asan/deep-tail-call-1.C -Os (test for excess errors)
UNRESOLVED: g++.dg/asan/deep-tail-call-1.C -Os compilation failed to produce executable
FAIL: g++.dg/asan/deep-tail-call-1.C -O2 -flto -fno-use-linker-plugin -flto-partition=none (test for excess errors)
UNRESOLVED: g++.dg/asan/deep-tail-call-1.C -O2 -flto -fno-use-linker-plugin -flto-partition=none compilation failed to produce executable
FAIL: g++.dg/asan/deep-tail-call-1.C -O2 -flto -fuse-linker-plugin -fno-fat-lto-objects (test for excess errors)
UNRESOLVED: g++.dg/asan/deep-tail-call-1.C -O2 -flto -fuse-linker-plugin -fno-fat-lto-objects compilation failed to produce executable
FAIL: g++.dg/asan/deep-thread-stack-1.C -O0 (test for excess errors)
UNRESOLVED: g++.dg/asan/deep-thread-stack-1.C -O0 compilation failed to produce executable
FAIL: g++.dg/asan/deep-thread-stack-1.C -O1 (test for excess errors)
UNRESOLVED: g++.dg/asan/deep-thread-stack-1.C -O1 compilation failed to produce executable
FAIL: g++.dg/asan/deep-thread-stack-1.C -O2 (test for excess errors)
UNRESOLVED: g++.dg/asan/deep-thread-stack-1.C -O2 compilation failed to produce executable
FAIL: g++.dg/asan/deep-thread-stack-1.C -O3 -fomit-frame-pointer (test for excess errors)
UNRESOLVED: g++.dg/asan/deep-thread-stack-1.C -O3 -fomit-frame-pointer compilation failed to produce executable
FAIL: g++.dg/asan/deep-thread-stack-1.C -O3 -g (test for excess errors)
UNRESOLVED: g++.dg/asan/deep-thread-stack-1.C -O3 -g compilation failed to produce executable
FAIL: g++.dg/asan/deep-thread-stack-1.C -Os (test for excess errors)
UNRESOLVED: g++.dg/asan/deep-thread-stack-1.C -Os compilation failed to produce executable
FAIL: g++.dg/asan/deep-thread-stack-1.C -O2 -flto -fno-use-linker-plugin -flto-partition=none (test for excess errors)
UNRESOLVED: g++.dg/asan/deep-thread-stack-1.C -O2 -flto -fno-use-linker-plugin -flto-partition=none compilation failed to produce executable
FAIL: g++.dg/asan/deep-thread-stack-1.C -O2 -flto -fuse-linker-plugin -fno-fat-lto-objects (test for excess errors)
UNRESOLVED: g++.dg/asan/deep-thread-stack-1.C -O2 -flto -fuse-linker-plugin -fno-fat-lto-objects compilation failed to produce executable
FAIL: g++.dg/asan/default-options-1.C -O0 (test for excess errors)
UNRESOLVED: g++.dg/asan/default-options-1.C -O0 compilation failed to produce executable
FAIL: g++.dg/asan/default-options-1.C -O1 (test for excess errors)
UNRESOLVED: g++.dg/asan/default-options-1.C -O1 compilation failed to produce executable
FAIL: g++.dg/asan/default-options-1.C -O2 (test for excess errors)
UNRESOLVED: g++.dg/asan/default-options-1.C -O2 compilation failed to produce executable
FAIL: g++.dg/asan/default-options-1.C -O3 -fomit-frame-pointer (test for excess errors)
UNRESOLVED: g++.dg/asan/default-options-1.C -O3 -fomit-frame-pointer compilation failed to produce executable
FAIL: g++.dg/asan/default-options-1.C -O3 -g (test for excess errors)
UNRESOLVED: g++.dg/asan/default-options-1.C -O3 -g compilation failed to produce executable
FAIL: g++.dg/asan/default-options-1.C -Os (test for excess errors)
UNRESOLVED: g++.dg/asan/default-options-1.C -Os compilation failed to produce executable
FAIL: g++.dg/asan/default-options-1.C -O2 -flto -fno-use-linker-plugin -flto-partition=none (test for excess errors)
UNRESOLVED: g++.dg/asan/default-options-1.C -O2 -flto -fno-use-linker-plugin -flto-partition=none compilation failed to produce executable
FAIL: g++.dg/asan/default-options-1.C -O2 -flto -fuse-linker-plugin -fno-fat-lto-objects (test for excess errors)
UNRESOLVED: g++.dg/asan/default-options-1.C -O2 -flto -fuse-linker-plugin -fno-fat-lto-objects compilation failed to produce executable
FAIL: g++.dg/asan/interception-failure-test-1.C -O0 (test for excess errors)
UNRESOLVED: g++.dg/asan/interception-failure-test-1.C -O0 compilation failed to produce executable
FAIL: g++.dg/asan/interception-failure-test-1.C -O1 (test for excess errors)
UNRESOLVED: g++.dg/asan/interception-failure-test-1.C -O1 compilation failed to produce executable
FAIL: g++.dg/asan/interception-failure-test-1.C -O2 (test for excess errors)
UNRESOLVED: g++.dg/asan/interception-failure-test-1.C -O2 compilation failed to produce executable
FAIL: g++.dg/asan/interception-failure-test-1.C -O3 -fomit-frame-pointer (test for excess errors)
UNRESOLVED: g++.dg/asan/interception-failure-test-1.C -O3 -fomit-frame-pointer compilation failed to produce executable
FAIL: g++.dg/asan/interception-failure-test-1.C -O3 -g (test for excess errors)
UNRESOLVED: g++.dg/asan/interception-failure-test-1.C -O3 -g compilation failed to produce executable
FAIL: g++.dg/asan/interception-failure-test-1.C -Os (test for excess errors)
UNRESOLVED: g++.dg/asan/interception-failure-test-1.C -Os compilation failed to produce executable
FAIL: g++.dg/asan/interception-failure-test-1.C -O2 -flto -fno-use-linker-plugin -flto-partition=none (test for excess errors)
UNRESOLVED: g++.dg/asan/interception-failure-test-1.C -O2 -flto -fno-use-linker-plugin -flto-partition=none compilation failed to produce executable
FAIL: g++.dg/asan/interception-failure-test-1.C -O2 -flto -fuse-linker-plugin -fno-fat-lto-objects (test for excess errors)
UNRESOLVED: g++.dg/asan/interception-failure-test-1.C -O2 -flto -fuse-linker-plugin -fno-fat-lto-objects compilation failed to produce executable
FAIL: g++.dg/asan/interception-malloc-test-1.C -O0 (test for excess errors)
UNRESOLVED: g++.dg/asan/interception-malloc-test-1.C -O0 compilation failed to produce executable
FAIL: g++.dg/asan/interception-malloc-test-1.C -O1 (test for excess errors)
UNRESOLVED: g++.dg/asan/interception-malloc-test-1.C -O1 compilation failed to produce executable
FAIL: g++.dg/asan/interception-malloc-test-1.C -O2 (test for excess errors)
UNRESOLVED: g++.dg/asan/interception-malloc-test-1.C -O2 compilation failed to produce executable
FAIL: g++.dg/asan/interception-malloc-test-1.C -O3 -fomit-frame-pointer (test for excess errors)
UNRESOLVED: g++.dg/asan/interception-malloc-test-1.C -O3 -fomit-frame-pointer compilation failed to produce executable
FAIL: g++.dg/asan/interception-malloc-test-1.C -O3 -g (test for excess errors)
UNRESOLVED: g++.dg/asan/interception-malloc-test-1.C -O3 -g compilation failed to produce executable
FAIL: g++.dg/asan/interception-malloc-test-1.C -Os (test for excess errors)
UNRESOLVED: g++.dg/asan/interception-malloc-test-1.C -Os compilation failed to produce executable
FAIL: g++.dg/asan/interception-malloc-test-1.C -O2 -flto -fno-use-linker-plugin -flto-partition=none (test for excess errors)
UNRESOLVED: g++.dg/asan/interception-malloc-test-1.C -O2 -flto -fno-use-linker-plugin -flto-partition=none compilation failed to produce executable
FAIL: g++.dg/asan/interception-malloc-test-1.C -O2 -flto -fuse-linker-plugin -fno-fat-lto-objects (test for excess errors)
UNRESOLVED: g++.dg/asan/interception-malloc-test-1.C -O2 -flto -fuse-linker-plugin -fno-fat-lto-objects compilation failed to produce executable
FAIL: g++.dg/asan/interception-test-1.C -O0 (test for excess errors)
UNRESOLVED: g++.dg/asan/interception-test-1.C -O0 compilation failed to produce executable
FAIL: g++.dg/asan/interception-test-1.C -O1 (test for excess errors)
UNRESOLVED: g++.dg/asan/interception-test-1.C -O1 compilation failed to produce executable
FAIL: g++.dg/asan/interception-test-1.C -O2 (test for excess errors)
UNRESOLVED: g++.dg/asan/interception-test-1.C -O2 compilation failed to produce executable
FAIL: g++.dg/asan/interception-test-1.C -O3 -fomit-frame-pointer (test for excess errors)
UNRESOLVED: g++.dg/asan/interception-test-1.C -O3 -fomit-frame-pointer compilation failed to produce executable
FAIL: g++.dg/asan/interception-test-1.C -O3 -g (test for excess errors)
UNRESOLVED: g++.dg/asan/interception-test-1.C -O3 -g compilation failed to produce executable
FAIL: g++.dg/asan/interception-test-1.C -Os (test for excess errors)
UNRESOLVED: g++.dg/asan/interception-test-1.C -Os compilation failed to produce executable
FAIL: g++.dg/asan/interception-test-1.C -O2 -flto -fno-use-linker-plugin -flto-partition=none (test for excess errors)
UNRESOLVED: g++.dg/asan/interception-test-1.C -O2 -flto -fno-use-linker-plugin -flto-partition=none compilation failed to produce executable
FAIL: g++.dg/asan/interception-test-1.C -O2 -flto -fuse-linker-plugin -fno-fat-lto-objects (test for excess errors)
UNRESOLVED: g++.dg/asan/interception-test-1.C -O2 -flto -fuse-linker-plugin -fno-fat-lto-objects compilation failed to produce executable
FAIL: g++.dg/asan/large-func-test-1.C -O0 (test for excess errors)
UNRESOLVED: g++.dg/asan/large-func-test-1.C -O0 compilation failed to produce executable
FAIL: g++.dg/asan/large-func-test-1.C -O1 (test for excess errors)
UNRESOLVED: g++.dg/asan/large-func-test-1.C -O1 compilation failed to produce executable
FAIL: g++.dg/asan/large-func-test-1.C -O2 (test for excess errors)
UNRESOLVED: g++.dg/asan/large-func-test-1.C -O2 compilation failed to produce executable
FAIL: g++.dg/asan/large-func-test-1.C -O3 -fomit-frame-pointer (test for excess errors)
UNRESOLVED: g++.dg/asan/large-func-test-1.C -O3 -fomit-frame-pointer compilation failed to produce executable
FAIL: g++.dg/asan/large-func-test-1.C -O3 -g (test for excess errors)
UNRESOLVED: g++.dg/asan/large-func-test-1.C -O3 -g compilation failed to produce executable
FAIL: g++.dg/asan/large-func-test-1.C -Os (test for excess errors)
UNRESOLVED: g++.dg/asan/large-func-test-1.C -Os compilation failed to produce executable
FAIL: g++.dg/asan/large-func-test-1.C -O2 -flto -fno-use-linker-plugin -flto-partition=none (test for excess errors)
UNRESOLVED: g++.dg/asan/large-func-test-1.C -O2 -flto -fno-use-linker-plugin -flto-partition=none compilation failed to produce executable
FAIL: g++.dg/asan/large-func-test-1.C -O2 -flto -fuse-linker-plugin -fno-fat-lto-objects (test for excess errors)
UNRESOLVED: g++.dg/asan/large-func-test-1.C -O2 -flto -fuse-linker-plugin -fno-fat-lto-objects compilation failed to produce executable
FAIL: g++.dg/asan/pr55617.C -O0 (test for excess errors)
UNRESOLVED: g++.dg/asan/pr55617.C -O0 compilation failed to produce executable
FAIL: g++.dg/asan/pr55617.C -O1 (test for excess errors)
UNRESOLVED: g++.dg/asan/pr55617.C -O1 compilation failed to produce executable
FAIL: g++.dg/asan/pr55617.C -O2 (test for excess errors)
UNRESOLVED: g++.dg/asan/pr55617.C -O2 compilation failed to produce executable
FAIL: g++.dg/asan/pr55617.C -O3 -fomit-frame-pointer (test for excess errors)
UNRESOLVED: g++.dg/asan/pr55617.C -O3 -fomit-frame-pointer compilation failed to produce executable
FAIL: g++.dg/asan/pr55617.C -O3 -g (test for excess errors)
UNRESOLVED: g++.dg/asan/pr55617.C -O3 -g compilation failed to produce executable
FAIL: g++.dg/asan/pr55617.C -Os (test for excess errors)
UNRESOLVED: g++.dg/asan/pr55617.C -Os compilation failed to produce executable
FAIL: g++.dg/asan/pr55617.C -O2 -flto -fno-use-linker-plugin -flto-partition=none (test for excess errors)
UNRESOLVED: g++.dg/asan/pr55617.C -O2 -flto -fno-use-linker-plugin -flto-partition=none compilation failed to produce executable
FAIL: g++.dg/asan/pr55617.C -O2 -flto -fuse-linker-plugin -fno-fat-lto-objects (test for excess errors)
UNRESOLVED: g++.dg/asan/pr55617.C -O2 -flto -fuse-linker-plugin -fno-fat-lto-objects compilation failed to produce executable
FAIL: g++.dg/asan/symbolize-callback-1.C -O2 (test for excess errors)
UNRESOLVED: g++.dg/asan/symbolize-callback-1.C -O2 compilation failed to produce executable
FAIL: g++.dg/asan/symbolize-callback-1.C -O2 -flto -fno-use-linker-plugin -flto-partition=none (test for excess errors)
UNRESOLVED: g++.dg/asan/symbolize-callback-1.C -O2 -flto -fno-use-linker-plugin -flto-partition=none compilation failed to produce executable
FAIL: g++.dg/asan/symbolize-callback-1.C -O2 -flto -fuse-linker-plugin -fno-fat-lto-objects (test for excess errors)
UNRESOLVED: g++.dg/asan/symbolize-callback-1.C -O2 -flto -fuse-linker-plugin -fno-fat-lto-objects compilation failed to produce executable
FAIL: g++.dg/guality/pr55665.C -O2 line 23 p == 40
FAIL: g++.dg/guality/pr55665.C -O3 -fomit-frame-pointer line 23 p == 40
FAIL: g++.dg/guality/pr55665.C -O3 -g line 23 p == 40
FAIL: c-c++-common/ubsan/div-by-zero-1.c -O0 (test for excess errors)
UNRESOLVED: c-c++-common/ubsan/div-by-zero-1.c -O0 compilation failed to produce executable
FAIL: c-c++-common/ubsan/div-by-zero-1.c -O1 (test for excess errors)
UNRESOLVED: c-c++-common/ubsan/div-by-zero-1.c -O1 compilation failed to produce executable
FAIL: c-c++-common/ubsan/div-by-zero-1.c -O2 (test for excess errors)
UNRESOLVED: c-c++-common/ubsan/div-by-zero-1.c -O2 compilation failed to produce executable
FAIL: c-c++-common/ubsan/div-by-zero-1.c -O3 -fomit-frame-pointer (test for excess errors)
UNRESOLVED: c-c++-common/ubsan/div-by-zero-1.c -O3 -fomit-frame-pointer compilation failed to produce executable
FAIL: c-c++-common/ubsan/div-by-zero-1.c -O3 -g (test for excess errors)
UNRESOLVED: c-c++-common/ubsan/div-by-zero-1.c -O3 -g compilation failed to produce executable
FAIL: c-c++-common/ubsan/div-by-zero-1.c -Os (test for excess errors)
UNRESOLVED: c-c++-common/ubsan/div-by-zero-1.c -Os compilation failed to produce executable
FAIL: c-c++-common/ubsan/div-by-zero-1.c -O2 -flto -fno-use-linker-plugin -flto-partition=none (test for excess errors)
UNRESOLVED: c-c++-common/ubsan/div-by-zero-1.c -O2 -flto -fno-use-linker-plugin -flto-partition=none compilation failed to produce executable
FAIL: c-c++-common/ubsan/div-by-zero-1.c -O2 -flto -fuse-linker-plugin -fno-fat-lto-objects (test for excess errors)
UNRESOLVED: c-c++-common/ubsan/div-by-zero-1.c -O2 -flto -fuse-linker-plugin -fno-fat-lto-objects compilation failed to produce executable
FAIL: c-c++-common/ubsan/div-by-zero-2.c -O0 (test for excess errors)
UNRESOLVED: c-c++-common/ubsan/div-by-zero-2.c -O0 compilation failed to produce executable
FAIL: c-c++-common/ubsan/div-by-zero-2.c -O1 (test for excess errors)
UNRESOLVED: c-c++-common/ubsan/div-by-zero-2.c -O1 compilation failed to produce executable
FAIL: c-c++-common/ubsan/div-by-zero-2.c -O2 (test for excess errors)
UNRESOLVED: c-c++-common/ubsan/div-by-zero-2.c -O2 compilation failed to produce executable
FAIL: c-c++-common/ubsan/div-by-zero-2.c -O3 -fomit-frame-pointer (test for excess errors)
UNRESOLVED: c-c++-common/ubsan/div-by-zero-2.c -O3 -fomit-frame-pointer compilation failed to produce executable
FAIL: c-c++-common/ubsan/div-by-zero-2.c -O3 -g (test for excess errors)
UNRESOLVED: c-c++-common/ubsan/div-by-zero-2.c -O3 -g compilation failed to produce executable
FAIL: c-c++-common/ubsan/div-by-zero-2.c -Os (test for excess errors)
UNRESOLVED: c-c++-common/ubsan/div-by-zero-2.c -Os compilation failed to produce executable
FAIL: c-c++-common/ubsan/div-by-zero-2.c -O2 -flto -fno-use-linker-plugin -flto-partition=none (test for excess errors)
UNRESOLVED: c-c++-common/ubsan/div-by-zero-2.c -O2 -flto -fno-use-linker-plugin -flto-partition=none compilation failed to produce executable
FAIL: c-c++-common/ubsan/div-by-zero-2.c -O2 -flto -fuse-linker-plugin -fno-fat-lto-objects (test for excess errors)
UNRESOLVED: c-c++-common/ubsan/div-by-zero-2.c -O2 -flto -fuse-linker-plugin -fno-fat-lto-objects compilation failed to produce executable
FAIL: c-c++-common/ubsan/div-by-zero-3.c -O0 (test for excess errors)
UNRESOLVED: c-c++-common/ubsan/div-by-zero-3.c -O0 compilation failed to produce executable
FAIL: c-c++-common/ubsan/div-by-zero-3.c -O1 (test for excess errors)
UNRESOLVED: c-c++-common/ubsan/div-by-zero-3.c -O1 compilation failed to produce executable
FAIL: c-c++-common/ubsan/div-by-zero-3.c -O2 (test for excess errors)
UNRESOLVED: c-c++-common/ubsan/div-by-zero-3.c -O2 compilation failed to produce executable
FAIL: c-c++-common/ubsan/div-by-zero-3.c -O3 -fomit-frame-pointer (test for excess errors)
UNRESOLVED: c-c++-common/ubsan/div-by-zero-3.c -O3 -fomit-frame-pointer compilation failed to produce executable
FAIL: c-c++-common/ubsan/div-by-zero-3.c -O3 -g (test for excess errors)
UNRESOLVED: c-c++-common/ubsan/div-by-zero-3.c -O3 -g compilation failed to produce executable
FAIL: c-c++-common/ubsan/div-by-zero-3.c -Os (test for excess errors)
UNRESOLVED: c-c++-common/ubsan/div-by-zero-3.c -Os compilation failed to produce executable
FAIL: c-c++-common/ubsan/div-by-zero-3.c -O2 -flto -fno-use-linker-plugin -flto-partition=none (test for excess errors)
UNRESOLVED: c-c++-common/ubsan/div-by-zero-3.c -O2 -flto -fno-use-linker-plugin -flto-partition=none compilation failed to produce executable
FAIL: c-c++-common/ubsan/div-by-zero-3.c -O2 -flto -fuse-linker-plugin -fno-fat-lto-objects (test for excess errors)
UNRESOLVED: c-c++-common/ubsan/div-by-zero-3.c -O2 -flto -fuse-linker-plugin -fno-fat-lto-objects compilation failed to produce executable
FAIL: c-c++-common/ubsan/div-by-zero-4.c -O0 (test for excess errors)
UNRESOLVED: c-c++-common/ubsan/div-by-zero-4.c -O0 compilation failed to produce executable
FAIL: c-c++-common/ubsan/div-by-zero-4.c -O1 (test for excess errors)
UNRESOLVED: c-c++-common/ubsan/div-by-zero-4.c -O1 compilation failed to produce executable
FAIL: c-c++-common/ubsan/div-by-zero-4.c -O2 (test for excess errors)
UNRESOLVED: c-c++-common/ubsan/div-by-zero-4.c -O2 compilation failed to produce executable
FAIL: c-c++-common/ubsan/div-by-zero-4.c -O3 -fomit-frame-pointer (test for excess errors)
UNRESOLVED: c-c++-common/ubsan/div-by-zero-4.c -O3 -fomit-frame-pointer compilation failed to produce executable
FAIL: c-c++-common/ubsan/div-by-zero-4.c -O3 -g (test for excess errors)
UNRESOLVED: c-c++-common/ubsan/div-by-zero-4.c -O3 -g compilation failed to produce executable
FAIL: c-c++-common/ubsan/div-by-zero-4.c -Os (test for excess errors)
UNRESOLVED: c-c++-common/ubsan/div-by-zero-4.c -Os compilation failed to produce executable
FAIL: c-c++-common/ubsan/div-by-zero-4.c -O2 -flto -fno-use-linker-plugin -flto-partition=none (test for excess errors)
UNRESOLVED: c-c++-common/ubsan/div-by-zero-4.c -O2 -flto -fno-use-linker-plugin -flto-partition=none compilation failed to produce executable
FAIL: c-c++-common/ubsan/div-by-zero-4.c -O2 -flto -fuse-linker-plugin -fno-fat-lto-objects (test for excess errors)
UNRESOLVED: c-c++-common/ubsan/div-by-zero-4.c -O2 -flto -fuse-linker-plugin -fno-fat-lto-objects compilation failed to produce executable
FAIL: c-c++-common/ubsan/load-bool-enum.c -O0 (test for excess errors)
UNRESOLVED: c-c++-common/ubsan/load-bool-enum.c -O0 compilation failed to produce executable
FAIL: c-c++-common/ubsan/load-bool-enum.c -O1 (test for excess errors)
UNRESOLVED: c-c++-common/ubsan/load-bool-enum.c -O1 compilation failed to produce executable
FAIL: c-c++-common/ubsan/load-bool-enum.c -O2 (test for excess errors)
UNRESOLVED: c-c++-common/ubsan/load-bool-enum.c -O2 compilation failed to produce executable
FAIL: c-c++-common/ubsan/load-bool-enum.c -O3 -fomit-frame-pointer (test for excess errors)
UNRESOLVED: c-c++-common/ubsan/load-bool-enum.c -O3 -fomit-frame-pointer compilation failed to produce executable
FAIL: c-c++-common/ubsan/load-bool-enum.c -O3 -fomit-frame-pointer -funroll-loops (test for excess errors)
UNRESOLVED: c-c++-common/ubsan/load-bool-enum.c -O3 -fomit-frame-pointer -funroll-loops compilation failed to produce executable
FAIL: c-c++-common/ubsan/load-bool-enum.c -O3 -fomit-frame-pointer -funroll-all-loops -finline-functions (test for excess errors)
UNRESOLVED: c-c++-common/ubsan/load-bool-enum.c -O3 -fomit-frame-pointer -funroll-all-loops -finline-functions compilation failed to produce executable
FAIL: c-c++-common/ubsan/load-bool-enum.c -O3 -g (test for excess errors)
UNRESOLVED: c-c++-common/ubsan/load-bool-enum.c -O3 -g compilation failed to produce executable
FAIL: c-c++-common/ubsan/load-bool-enum.c -Os (test for excess errors)
UNRESOLVED: c-c++-common/ubsan/load-bool-enum.c -Os compilation failed to produce executable
FAIL: c-c++-common/ubsan/load-bool-enum.c -O2 -flto -fno-use-linker-plugin -flto-partition=none (test for excess errors)
UNRESOLVED: c-c++-common/ubsan/load-bool-enum.c -O2 -flto -fno-use-linker-plugin -flto-partition=none compilation failed to produce executable
FAIL: c-c++-common/ubsan/load-bool-enum.c -O2 -flto -fuse-linker-plugin -fno-fat-lto-objects (test for excess errors)
UNRESOLVED: c-c++-common/ubsan/load-bool-enum.c -O2 -flto -fuse-linker-plugin -fno-fat-lto-objects compilation failed to produce executable
FAIL: c-c++-common/ubsan/null-1.c -O0 (test for excess errors)
UNRESOLVED: c-c++-common/ubsan/null-1.c -O0 compilation failed to produce executable
FAIL: c-c++-common/ubsan/null-1.c -O1 (test for excess errors)
UNRESOLVED: c-c++-common/ubsan/null-1.c -O1 compilation failed to produce executable
FAIL: c-c++-common/ubsan/null-1.c -O2 (test for excess errors)
UNRESOLVED: c-c++-common/ubsan/null-1.c -O2 compilation failed to produce executable
FAIL: c-c++-common/ubsan/null-1.c -O3 -fomit-frame-pointer (test for excess errors)
UNRESOLVED: c-c++-common/ubsan/null-1.c -O3 -fomit-frame-pointer compilation failed to produce executable
FAIL: c-c++-common/ubsan/null-1.c -O3 -g (test for excess errors)
UNRESOLVED: c-c++-common/ubsan/null-1.c -O3 -g compilation failed to produce executable
FAIL: c-c++-common/ubsan/null-1.c -Os (test for excess errors)
UNRESOLVED: c-c++-common/ubsan/null-1.c -Os compilation failed to produce executable
FAIL: c-c++-common/ubsan/null-10.c -O0 (test for excess errors)
UNRESOLVED: c-c++-common/ubsan/null-10.c -O0 compilation failed to produce executable
FAIL: c-c++-common/ubsan/null-10.c -O1 (test for excess errors)
UNRESOLVED: c-c++-common/ubsan/null-10.c -O1 compilation failed to produce executable
FAIL: c-c++-common/ubsan/null-10.c -O2 (test for excess errors)
UNRESOLVED: c-c++-common/ubsan/null-10.c -O2 compilation failed to produce executable
FAIL: c-c++-common/ubsan/null-10.c -O3 -fomit-frame-pointer (test for excess errors)
UNRESOLVED: c-c++-common/ubsan/null-10.c -O3 -fomit-frame-pointer compilation failed to produce executable
FAIL: c-c++-common/ubsan/null-10.c -O3 -g (test for excess errors)
UNRESOLVED: c-c++-common/ubsan/null-10.c -O3 -g compilation failed to produce executable
FAIL: c-c++-common/ubsan/null-10.c -Os (test for excess errors)
UNRESOLVED: c-c++-common/ubsan/null-10.c -Os compilation failed to produce executable
FAIL: c-c++-common/ubsan/null-11.c -O0 (test for excess errors)
UNRESOLVED: c-c++-common/ubsan/null-11.c -O0 compilation failed to produce executable
FAIL: c-c++-common/ubsan/null-11.c -O1 (test for excess errors)
UNRESOLVED: c-c++-common/ubsan/null-11.c -O1 compilation failed to produce executable
FAIL: c-c++-common/ubsan/null-11.c -O2 (test for excess errors)
UNRESOLVED: c-c++-common/ubsan/null-11.c -O2 compilation failed to produce executable
FAIL: c-c++-common/ubsan/null-11.c -O3 -fomit-frame-pointer (test for excess errors)
UNRESOLVED: c-c++-common/ubsan/null-11.c -O3 -fomit-frame-pointer compilation failed to produce executable
FAIL: c-c++-common/ubsan/null-11.c -O3 -g (test for excess errors)
UNRESOLVED: c-c++-common/ubsan/null-11.c -O3 -g compilation failed to produce executable
FAIL: c-c++-common/ubsan/null-11.c -Os (test for excess errors)
UNRESOLVED: c-c++-common/ubsan/null-11.c -Os compilation failed to produce executable
FAIL: c-c++-common/ubsan/null-2.c -O0 (test for excess errors)
UNRESOLVED: c-c++-common/ubsan/null-2.c -O0 compilation failed to produce executable
FAIL: c-c++-common/ubsan/null-2.c -O1 (test for excess errors)
UNRESOLVED: c-c++-common/ubsan/null-2.c -O1 compilation failed to produce executable
FAIL: c-c++-common/ubsan/null-2.c -O2 (test for excess errors)
UNRESOLVED: c-c++-common/ubsan/null-2.c -O2 compilation failed to produce executable
FAIL: c-c++-common/ubsan/null-2.c -O3 -fomit-frame-pointer (test for excess errors)
UNRESOLVED: c-c++-common/ubsan/null-2.c -O3 -fomit-frame-pointer compilation failed to produce executable
FAIL: c-c++-common/ubsan/null-2.c -O3 -g (test for excess errors)
UNRESOLVED: c-c++-common/ubsan/null-2.c -O3 -g compilation failed to produce executable
FAIL: c-c++-common/ubsan/null-2.c -Os (test for excess errors)
UNRESOLVED: c-c++-common/ubsan/null-2.c -Os compilation failed to produce executable
FAIL: c-c++-common/ubsan/null-3.c -O0 (test for excess errors)
UNRESOLVED: c-c++-common/ubsan/null-3.c -O0 compilation failed to produce executable
FAIL: c-c++-common/ubsan/null-3.c -O1 (test for excess errors)
UNRESOLVED: c-c++-common/ubsan/null-3.c -O1 compilation failed to produce executable
FAIL: c-c++-common/ubsan/null-3.c -O2 (test for excess errors)
UNRESOLVED: c-c++-common/ubsan/null-3.c -O2 compilation failed to produce executable
FAIL: c-c++-common/ubsan/null-3.c -O3 -fomit-frame-pointer (test for excess errors)
UNRESOLVED: c-c++-common/ubsan/null-3.c -O3 -fomit-frame-pointer compilation failed to produce executable
FAIL: c-c++-common/ubsan/null-3.c -O3 -g (test for excess errors)
UNRESOLVED: c-c++-common/ubsan/null-3.c -O3 -g compilation failed to produce executable
FAIL: c-c++-common/ubsan/null-3.c -Os (test for excess errors)
UNRESOLVED: c-c++-common/ubsan/null-3.c -Os compilation failed to produce executable
FAIL: c-c++-common/ubsan/null-4.c -O0 (test for excess errors)
UNRESOLVED: c-c++-common/ubsan/null-4.c -O0 compilation failed to produce executable
FAIL: c-c++-common/ubsan/null-4.c -O1 (test for excess errors)
UNRESOLVED: c-c++-common/ubsan/null-4.c -O1 compilation failed to produce executable
FAIL: c-c++-common/ubsan/null-4.c -O2 (test for excess errors)
UNRESOLVED: c-c++-common/ubsan/null-4.c -O2 compilation failed to produce executable
FAIL: c-c++-common/ubsan/null-4.c -O3 -fomit-frame-pointer (test for excess errors)
UNRESOLVED: c-c++-common/ubsan/null-4.c -O3 -fomit-frame-pointer compilation failed to produce executable
FAIL: c-c++-common/ubsan/null-4.c -O3 -g (test for excess errors)
UNRESOLVED: c-c++-common/ubsan/null-4.c -O3 -g compilation failed to produce executable
FAIL: c-c++-common/ubsan/null-4.c -Os (test for excess errors)
UNRESOLVED: c-c++-common/ubsan/null-4.c -Os compilation failed to produce executable
FAIL: c-c++-common/ubsan/null-5.c -O0 (test for excess errors)
UNRESOLVED: c-c++-common/ubsan/null-5.c -O0 compilation failed to produce executable
FAIL: c-c++-common/ubsan/null-5.c -O1 (test for excess errors)
UNRESOLVED: c-c++-common/ubsan/null-5.c -O1 compilation failed to produce executable
FAIL: c-c++-common/ubsan/null-5.c -O2 (test for excess errors)
UNRESOLVED: c-c++-common/ubsan/null-5.c -O2 compilation failed to produce executable
FAIL: c-c++-common/ubsan/null-5.c -O3 -fomit-frame-pointer (test for excess errors)
UNRESOLVED: c-c++-common/ubsan/null-5.c -O3 -fomit-frame-pointer compilation failed to produce executable
FAIL: c-c++-common/ubsan/null-5.c -O3 -g (test for excess errors)
UNRESOLVED: c-c++-common/ubsan/null-5.c -O3 -g compilation failed to produce executable
FAIL: c-c++-common/ubsan/null-5.c -Os (test for excess errors)
UNRESOLVED: c-c++-common/ubsan/null-5.c -Os compilation failed to produce executable
FAIL: c-c++-common/ubsan/null-6.c -O0 (test for excess errors)
UNRESOLVED: c-c++-common/ubsan/null-6.c -O0 compilation failed to produce executable
FAIL: c-c++-common/ubsan/null-6.c -O1 (test for excess errors)
UNRESOLVED: c-c++-common/ubsan/null-6.c -O1 compilation failed to produce executable
FAIL: c-c++-common/ubsan/null-6.c -O2 (test for excess errors)
UNRESOLVED: c-c++-common/ubsan/null-6.c -O2 compilation failed to produce executable
FAIL: c-c++-common/ubsan/null-6.c -O3 -fomit-frame-pointer (test for excess errors)
UNRESOLVED: c-c++-common/ubsan/null-6.c -O3 -fomit-frame-pointer compilation failed to produce executable
FAIL: c-c++-common/ubsan/null-6.c -O3 -g (test for excess errors)
UNRESOLVED: c-c++-common/ubsan/null-6.c -O3 -g compilation failed to produce executable
FAIL: c-c++-common/ubsan/null-6.c -Os (test for excess errors)
UNRESOLVED: c-c++-common/ubsan/null-6.c -Os compilation failed to produce executable
FAIL: c-c++-common/ubsan/null-7.c -O0 (test for excess errors)
UNRESOLVED: c-c++-common/ubsan/null-7.c -O0 compilation failed to produce executable
FAIL: c-c++-common/ubsan/null-7.c -O1 (test for excess errors)
UNRESOLVED: c-c++-common/ubsan/null-7.c -O1 compilation failed to produce executable
FAIL: c-c++-common/ubsan/null-7.c -O2 (test for excess errors)
UNRESOLVED: c-c++-common/ubsan/null-7.c -O2 compilation failed to produce executable
FAIL: c-c++-common/ubsan/null-7.c -O3 -fomit-frame-pointer (test for excess errors)
UNRESOLVED: c-c++-common/ubsan/null-7.c -O3 -fomit-frame-pointer compilation failed to produce executable
FAIL: c-c++-common/ubsan/null-7.c -O3 -g (test for excess errors)
UNRESOLVED: c-c++-common/ubsan/null-7.c -O3 -g compilation failed to produce executable
FAIL: c-c++-common/ubsan/null-7.c -Os (test for excess errors)
UNRESOLVED: c-c++-common/ubsan/null-7.c -Os compilation failed to produce executable
FAIL: c-c++-common/ubsan/null-8.c -O0 (test for excess errors)
UNRESOLVED: c-c++-common/ubsan/null-8.c -O0 compilation failed to produce executable
FAIL: c-c++-common/ubsan/null-8.c -O1 (test for excess errors)
UNRESOLVED: c-c++-common/ubsan/null-8.c -O1 compilation failed to produce executable
FAIL: c-c++-common/ubsan/null-8.c -O2 (test for excess errors)
UNRESOLVED: c-c++-common/ubsan/null-8.c -O2 compilation failed to produce executable
FAIL: c-c++-common/ubsan/null-8.c -O3 -fomit-frame-pointer (test for excess errors)
UNRESOLVED: c-c++-common/ubsan/null-8.c -O3 -fomit-frame-pointer compilation failed to produce executable
FAIL: c-c++-common/ubsan/null-8.c -O3 -g (test for excess errors)
UNRESOLVED: c-c++-common/ubsan/null-8.c -O3 -g compilation failed to produce executable
FAIL: c-c++-common/ubsan/null-8.c -Os (test for excess errors)
UNRESOLVED: c-c++-common/ubsan/null-8.c -Os compilation failed to produce executable
FAIL: c-c++-common/ubsan/null-9.c -O0 (test for excess errors)
UNRESOLVED: c-c++-common/ubsan/null-9.c -O0 compilation failed to produce executable
FAIL: c-c++-common/ubsan/null-9.c -O1 (test for excess errors)
UNRESOLVED: c-c++-common/ubsan/null-9.c -O1 compilation failed to produce executable
FAIL: c-c++-common/ubsan/null-9.c -O2 (test for excess errors)
UNRESOLVED: c-c++-common/ubsan/null-9.c -O2 compilation failed to produce executable
FAIL: c-c++-common/ubsan/null-9.c -O3 -fomit-frame-pointer (test for excess errors)
UNRESOLVED: c-c++-common/ubsan/null-9.c -O3 -fomit-frame-pointer compilation failed to produce executable
FAIL: c-c++-common/ubsan/null-9.c -O3 -g (test for excess errors)
UNRESOLVED: c-c++-common/ubsan/null-9.c -O3 -g compilation failed to produce executable
FAIL: c-c++-common/ubsan/null-9.c -Os (test for excess errors)
UNRESOLVED: c-c++-common/ubsan/null-9.c -Os compilation failed to produce executable
FAIL: c-c++-common/ubsan/overflow-1.c -O0 (test for excess errors)
UNRESOLVED: c-c++-common/ubsan/overflow-1.c -O0 compilation failed to produce executable
FAIL: c-c++-common/ubsan/overflow-1.c -O1 (test for excess errors)
UNRESOLVED: c-c++-common/ubsan/overflow-1.c -O1 compilation failed to produce executable
FAIL: c-c++-common/ubsan/overflow-1.c -O2 (test for excess errors)
UNRESOLVED: c-c++-common/ubsan/overflow-1.c -O2 compilation failed to produce executable
FAIL: c-c++-common/ubsan/overflow-1.c -O3 -fomit-frame-pointer (test for excess errors)
UNRESOLVED: c-c++-common/ubsan/overflow-1.c -O3 -fomit-frame-pointer compilation failed to produce executable
FAIL: c-c++-common/ubsan/overflow-1.c -O3 -g (test for excess errors)
UNRESOLVED: c-c++-common/ubsan/overflow-1.c -O3 -g compilation failed to produce executable
FAIL: c-c++-common/ubsan/overflow-1.c -Os (test for excess errors)
UNRESOLVED: c-c++-common/ubsan/overflow-1.c -Os compilation failed to produce executable
FAIL: c-c++-common/ubsan/overflow-2.c -O0 (test for excess errors)
UNRESOLVED: c-c++-common/ubsan/overflow-2.c -O0 compilation failed to produce executable
FAIL: c-c++-common/ubsan/overflow-2.c -O1 (test for excess errors)
UNRESOLVED: c-c++-common/ubsan/overflow-2.c -O1 compilation failed to produce executable
FAIL: c-c++-common/ubsan/overflow-2.c -O2 (test for excess errors)
UNRESOLVED: c-c++-common/ubsan/overflow-2.c -O2 compilation failed to produce executable
FAIL: c-c++-common/ubsan/overflow-2.c -O3 -fomit-frame-pointer (test for excess errors)
UNRESOLVED: c-c++-common/ubsan/overflow-2.c -O3 -fomit-frame-pointer compilation failed to produce executable
FAIL: c-c++-common/ubsan/overflow-2.c -O3 -g (test for excess errors)
UNRESOLVED: c-c++-common/ubsan/overflow-2.c -O3 -g compilation failed to produce executable
FAIL: c-c++-common/ubsan/overflow-2.c -Os (test for excess errors)
UNRESOLVED: c-c++-common/ubsan/overflow-2.c -Os compilation failed to produce executable
FAIL: c-c++-common/ubsan/overflow-add-1.c -O0 (test for excess errors)
UNRESOLVED: c-c++-common/ubsan/overflow-add-1.c -O0 compilation failed to produce executable
FAIL: c-c++-common/ubsan/overflow-add-1.c -O1 (test for excess errors)
UNRESOLVED: c-c++-common/ubsan/overflow-add-1.c -O1 compilation failed to produce executable
FAIL: c-c++-common/ubsan/overflow-add-1.c -O2 (test for excess errors)
UNRESOLVED: c-c++-common/ubsan/overflow-add-1.c -O2 compilation failed to produce executable
FAIL: c-c++-common/ubsan/overflow-add-1.c -O3 -fomit-frame-pointer (test for excess errors)
UNRESOLVED: c-c++-common/ubsan/overflow-add-1.c -O3 -fomit-frame-pointer compilation failed to produce executable
FAIL: c-c++-common/ubsan/overflow-add-1.c -O3 -g (test for excess errors)
UNRESOLVED: c-c++-common/ubsan/overflow-add-1.c -O3 -g compilation failed to produce executable
FAIL: c-c++-common/ubsan/overflow-add-1.c -Os (test for excess errors)
UNRESOLVED: c-c++-common/ubsan/overflow-add-1.c -Os compilation failed to produce executable
FAIL: c-c++-common/ubsan/overflow-add-2.c -O0 (test for excess errors)
UNRESOLVED: c-c++-common/ubsan/overflow-add-2.c -O0 compilation failed to produce executable
FAIL: c-c++-common/ubsan/overflow-add-2.c -O1 (test for excess errors)
UNRESOLVED: c-c++-common/ubsan/overflow-add-2.c -O1 compilation failed to produce executable
FAIL: c-c++-common/ubsan/overflow-add-2.c -O2 (test for excess errors)
UNRESOLVED: c-c++-common/ubsan/overflow-add-2.c -O2 compilation failed to produce executable
FAIL: c-c++-common/ubsan/overflow-add-2.c -O3 -fomit-frame-pointer (test for excess errors)
UNRESOLVED: c-c++-common/ubsan/overflow-add-2.c -O3 -fomit-frame-pointer compilation failed to produce executable
FAIL: c-c++-common/ubsan/overflow-add-2.c -O3 -g (test for excess errors)
UNRESOLVED: c-c++-common/ubsan/overflow-add-2.c -O3 -g compilation failed to produce executable
FAIL: c-c++-common/ubsan/overflow-add-2.c -Os (test for excess errors)
UNRESOLVED: c-c++-common/ubsan/overflow-add-2.c -Os compilation failed to produce executable
FAIL: c-c++-common/ubsan/overflow-int128.c -O0 (test for excess errors)
UNRESOLVED: c-c++-common/ubsan/overflow-int128.c -O0 compilation failed to produce executable
FAIL: c-c++-common/ubsan/overflow-int128.c -O1 (test for excess errors)
UNRESOLVED: c-c++-common/ubsan/overflow-int128.c -O1 compilation failed to produce executable
FAIL: c-c++-common/ubsan/overflow-int128.c -O2 (test for excess errors)
UNRESOLVED: c-c++-common/ubsan/overflow-int128.c -O2 compilation failed to produce executable
FAIL: c-c++-common/ubsan/overflow-int128.c -O3 -fomit-frame-pointer (test for excess errors)
UNRESOLVED: c-c++-common/ubsan/overflow-int128.c -O3 -fomit-frame-pointer compilation failed to produce executable
FAIL: c-c++-common/ubsan/overflow-int128.c -O3 -g (test for excess errors)
UNRESOLVED: c-c++-common/ubsan/overflow-int128.c -O3 -g compilation failed to produce executable
FAIL: c-c++-common/ubsan/overflow-int128.c -Os (test for excess errors)
UNRESOLVED: c-c++-common/ubsan/overflow-int128.c -Os compilation failed to produce executable
FAIL: c-c++-common/ubsan/overflow-mul-1.c -O0 (test for excess errors)
UNRESOLVED: c-c++-common/ubsan/overflow-mul-1.c -O0 compilation failed to produce executable
FAIL: c-c++-common/ubsan/overflow-mul-1.c -O1 (test for excess errors)
UNRESOLVED: c-c++-common/ubsan/overflow-mul-1.c -O1 compilation failed to produce executable
FAIL: c-c++-common/ubsan/overflow-mul-1.c -O2 (test for excess errors)
UNRESOLVED: c-c++-common/ubsan/overflow-mul-1.c -O2 compilation failed to produce executable
FAIL: c-c++-common/ubsan/overflow-mul-1.c -O3 -fomit-frame-pointer (test for excess errors)
UNRESOLVED: c-c++-common/ubsan/overflow-mul-1.c -O3 -fomit-frame-pointer compilation failed to produce executable
FAIL: c-c++-common/ubsan/overflow-mul-1.c -O3 -g (test for excess errors)
UNRESOLVED: c-c++-common/ubsan/overflow-mul-1.c -O3 -g compilation failed to produce executable
FAIL: c-c++-common/ubsan/overflow-mul-1.c -Os (test for excess errors)
UNRESOLVED: c-c++-common/ubsan/overflow-mul-1.c -Os compilation failed to produce executable
FAIL: c-c++-common/ubsan/overflow-mul-2.c -O0 (test for excess errors)
UNRESOLVED: c-c++-common/ubsan/overflow-mul-2.c -O0 compilation failed to produce executable
FAIL: c-c++-common/ubsan/overflow-mul-2.c -O1 (test for excess errors)
UNRESOLVED: c-c++-common/ubsan/overflow-mul-2.c -O1 compilation failed to produce executable
FAIL: c-c++-common/ubsan/overflow-mul-2.c -O2 (test for excess errors)
UNRESOLVED: c-c++-common/ubsan/overflow-mul-2.c -O2 compilation failed to produce executable
FAIL: c-c++-common/ubsan/overflow-mul-2.c -O3 -fomit-frame-pointer (test for excess errors)
UNRESOLVED: c-c++-common/ubsan/overflow-mul-2.c -O3 -fomit-frame-pointer compilation failed to produce executable
FAIL: c-c++-common/ubsan/overflow-mul-2.c -O3 -g (test for excess errors)
UNRESOLVED: c-c++-common/ubsan/overflow-mul-2.c -O3 -g compilation failed to produce executable
FAIL: c-c++-common/ubsan/overflow-mul-2.c -Os (test for excess errors)
UNRESOLVED: c-c++-common/ubsan/overflow-mul-2.c -Os compilation failed to produce executable
FAIL: c-c++-common/ubsan/overflow-mul-3.c -O0 (test for excess errors)
UNRESOLVED: c-c++-common/ubsan/overflow-mul-3.c -O0 compilation failed to produce executable
FAIL: c-c++-common/ubsan/overflow-mul-3.c -O1 (test for excess errors)
UNRESOLVED: c-c++-common/ubsan/overflow-mul-3.c -O1 compilation failed to produce executable
FAIL: c-c++-common/ubsan/overflow-mul-3.c -O2 (test for excess errors)
UNRESOLVED: c-c++-common/ubsan/overflow-mul-3.c -O2 compilation failed to produce executable
FAIL: c-c++-common/ubsan/overflow-mul-3.c -O3 -fomit-frame-pointer (test for excess errors)
UNRESOLVED: c-c++-common/ubsan/overflow-mul-3.c -O3 -fomit-frame-pointer compilation failed to produce executable
FAIL: c-c++-common/ubsan/overflow-mul-3.c -O3 -fomit-frame-pointer -funroll-loops (test for excess errors)
UNRESOLVED: c-c++-common/ubsan/overflow-mul-3.c -O3 -fomit-frame-pointer -funroll-loops compilation failed to produce executable
FAIL: c-c++-common/ubsan/overflow-mul-3.c -O3 -fomit-frame-pointer -funroll-all-loops -finline-functions (test for excess errors)
UNRESOLVED: c-c++-common/ubsan/overflow-mul-3.c -O3 -fomit-frame-pointer -funroll-all-loops -finline-functions compilation failed to produce executable
FAIL: c-c++-common/ubsan/overflow-mul-3.c -O3 -g (test for excess errors)
UNRESOLVED: c-c++-common/ubsan/overflow-mul-3.c -O3 -g compilation failed to produce executable
FAIL: c-c++-common/ubsan/overflow-mul-3.c -Os (test for excess errors)
UNRESOLVED: c-c++-common/ubsan/overflow-mul-3.c -Os compilation failed to produce executable
FAIL: c-c++-common/ubsan/overflow-mul-4.c -O0 (test for excess errors)
UNRESOLVED: c-c++-common/ubsan/overflow-mul-4.c -O0 compilation failed to produce executable
FAIL: c-c++-common/ubsan/overflow-mul-4.c -O1 (test for excess errors)
UNRESOLVED: c-c++-common/ubsan/overflow-mul-4.c -O1 compilation failed to produce executable
FAIL: c-c++-common/ubsan/overflow-mul-4.c -O2 (test for excess errors)
UNRESOLVED: c-c++-common/ubsan/overflow-mul-4.c -O2 compilation failed to produce executable
FAIL: c-c++-common/ubsan/overflow-mul-4.c -O3 -fomit-frame-pointer (test for excess errors)
UNRESOLVED: c-c++-common/ubsan/overflow-mul-4.c -O3 -fomit-frame-pointer compilation failed to produce executable
FAIL: c-c++-common/ubsan/overflow-mul-4.c -O3 -fomit-frame-pointer -funroll-loops (test for excess errors)
UNRESOLVED: c-c++-common/ubsan/overflow-mul-4.c -O3 -fomit-frame-pointer -funroll-loops compilation failed to produce executable
FAIL: c-c++-common/ubsan/overflow-mul-4.c -O3 -fomit-frame-pointer -funroll-all-loops -finline-functions (test for excess errors)
UNRESOLVED: c-c++-common/ubsan/overflow-mul-4.c -O3 -fomit-frame-pointer -funroll-all-loops -finline-functions compilation failed to produce executable
FAIL: c-c++-common/ubsan/overflow-mul-4.c -O3 -g (test for excess errors)
UNRESOLVED: c-c++-common/ubsan/overflow-mul-4.c -O3 -g compilation failed to produce executable
FAIL: c-c++-common/ubsan/overflow-mul-4.c -Os (test for excess errors)
UNRESOLVED: c-c++-common/ubsan/overflow-mul-4.c -Os compilation failed to produce executable
FAIL: c-c++-common/ubsan/overflow-negate-1.c -O0 (test for excess errors)
UNRESOLVED: c-c++-common/ubsan/overflow-negate-1.c -O0 compilation failed to produce executable
FAIL: c-c++-common/ubsan/overflow-negate-1.c -O1 (test for excess errors)
UNRESOLVED: c-c++-common/ubsan/overflow-negate-1.c -O1 compilation failed to produce executable
FAIL: c-c++-common/ubsan/overflow-negate-1.c -O2 (test for excess errors)
UNRESOLVED: c-c++-common/ubsan/overflow-negate-1.c -O2 compilation failed to produce executable
FAIL: c-c++-common/ubsan/overflow-negate-1.c -O3 -fomit-frame-pointer (test for excess errors)
UNRESOLVED: c-c++-common/ubsan/overflow-negate-1.c -O3 -fomit-frame-pointer compilation failed to produce executable
FAIL: c-c++-common/ubsan/overflow-negate-1.c -O3 -g (test for excess errors)
UNRESOLVED: c-c++-common/ubsan/overflow-negate-1.c -O3 -g compilation failed to produce executable
FAIL: c-c++-common/ubsan/overflow-negate-1.c -Os (test for excess errors)
UNRESOLVED: c-c++-common/ubsan/overflow-negate-1.c -Os compilation failed to produce executable
FAIL: c-c++-common/ubsan/overflow-negate-2.c -O0 (test for excess errors)
UNRESOLVED: c-c++-common/ubsan/overflow-negate-2.c -O0 compilation failed to produce executable
FAIL: c-c++-common/ubsan/overflow-negate-2.c -O1 (test for excess errors)
UNRESOLVED: c-c++-common/ubsan/overflow-negate-2.c -O1 compilation failed to produce executable
FAIL: c-c++-common/ubsan/overflow-negate-2.c -O2 (test for excess errors)
UNRESOLVED: c-c++-common/ubsan/overflow-negate-2.c -O2 compilation failed to produce executable
FAIL: c-c++-common/ubsan/overflow-negate-2.c -O3 -fomit-frame-pointer (test for excess errors)
UNRESOLVED: c-c++-common/ubsan/overflow-negate-2.c -O3 -fomit-frame-pointer compilation failed to produce executable
FAIL: c-c++-common/ubsan/overflow-negate-2.c -O3 -g (test for excess errors)
UNRESOLVED: c-c++-common/ubsan/overflow-negate-2.c -O3 -g compilation failed to produce executable
FAIL: c-c++-common/ubsan/overflow-negate-2.c -Os (test for excess errors)
UNRESOLVED: c-c++-common/ubsan/overflow-negate-2.c -Os compilation failed to produce executable
FAIL: c-c++-common/ubsan/overflow-sub-1.c -O0 (test for excess errors)
UNRESOLVED: c-c++-common/ubsan/overflow-sub-1.c -O0 compilation failed to produce executable
FAIL: c-c++-common/ubsan/overflow-sub-1.c -O1 (test for excess errors)
UNRESOLVED: c-c++-common/ubsan/overflow-sub-1.c -O1 compilation failed to produce executable
FAIL: c-c++-common/ubsan/overflow-sub-1.c -O2 (test for excess errors)
UNRESOLVED: c-c++-common/ubsan/overflow-sub-1.c -O2 compilation failed to produce executable
FAIL: c-c++-common/ubsan/overflow-sub-1.c -O3 -fomit-frame-pointer (test for excess errors)
UNRESOLVED: c-c++-common/ubsan/overflow-sub-1.c -O3 -fomit-frame-pointer compilation failed to produce executable
FAIL: c-c++-common/ubsan/overflow-sub-1.c -O3 -g (test for excess errors)
UNRESOLVED: c-c++-common/ubsan/overflow-sub-1.c -O3 -g compilation failed to produce executable
FAIL: c-c++-common/ubsan/overflow-sub-1.c -Os (test for excess errors)
UNRESOLVED: c-c++-common/ubsan/overflow-sub-1.c -Os compilation failed to produce executable
FAIL: c-c++-common/ubsan/overflow-sub-2.c -O0 (test for excess errors)
UNRESOLVED: c-c++-common/ubsan/overflow-sub-2.c -O0 compilation failed to produce executable
FAIL: c-c++-common/ubsan/overflow-sub-2.c -O1 (test for excess errors)
UNRESOLVED: c-c++-common/ubsan/overflow-sub-2.c -O1 compilation failed to produce executable
FAIL: c-c++-common/ubsan/overflow-sub-2.c -O2 (test for excess errors)
UNRESOLVED: c-c++-common/ubsan/overflow-sub-2.c -O2 compilation failed to produce executable
FAIL: c-c++-common/ubsan/overflow-sub-2.c -O3 -fomit-frame-pointer (test for excess errors)
UNRESOLVED: c-c++-common/ubsan/overflow-sub-2.c -O3 -fomit-frame-pointer compilation failed to produce executable
FAIL: c-c++-common/ubsan/overflow-sub-2.c -O3 -g (test for excess errors)
UNRESOLVED: c-c++-common/ubsan/overflow-sub-2.c -O3 -g compilation failed to produce executable
FAIL: c-c++-common/ubsan/overflow-sub-2.c -Os (test for excess errors)
UNRESOLVED: c-c++-common/ubsan/overflow-sub-2.c -Os compilation failed to produce executable
FAIL: c-c++-common/ubsan/pr59333.c -O0 (test for excess errors)
UNRESOLVED: c-c++-common/ubsan/pr59333.c -O0 compilation failed to produce executable
FAIL: c-c++-common/ubsan/pr59333.c -O1 (test for excess errors)
UNRESOLVED: c-c++-common/ubsan/pr59333.c -O1 compilation failed to produce executable
FAIL: c-c++-common/ubsan/pr59333.c -O2 (test for excess errors)
UNRESOLVED: c-c++-common/ubsan/pr59333.c -O2 compilation failed to produce executable
FAIL: c-c++-common/ubsan/pr59333.c -O3 -fomit-frame-pointer (test for excess errors)
UNRESOLVED: c-c++-common/ubsan/pr59333.c -O3 -fomit-frame-pointer compilation failed to produce executable
FAIL: c-c++-common/ubsan/pr59333.c -O3 -g (test for excess errors)
UNRESOLVED: c-c++-common/ubsan/pr59333.c -O3 -g compilation failed to produce executable
FAIL: c-c++-common/ubsan/pr59333.c -Os (test for excess errors)
UNRESOLVED: c-c++-common/ubsan/pr59333.c -Os compilation failed to produce executable
FAIL: c-c++-common/ubsan/pr59503.c -O0 (test for excess errors)
UNRESOLVED: c-c++-common/ubsan/pr59503.c -O0 compilation failed to produce executable
FAIL: c-c++-common/ubsan/pr59503.c -O1 (test for excess errors)
UNRESOLVED: c-c++-common/ubsan/pr59503.c -O1 compilation failed to produce executable
FAIL: c-c++-common/ubsan/pr59503.c -O2 (test for excess errors)
UNRESOLVED: c-c++-common/ubsan/pr59503.c -O2 compilation failed to produce executable
FAIL: c-c++-common/ubsan/pr59503.c -O3 -fomit-frame-pointer (test for excess errors)
UNRESOLVED: c-c++-common/ubsan/pr59503.c -O3 -fomit-frame-pointer compilation failed to produce executable
FAIL: c-c++-common/ubsan/pr59503.c -O3 -g (test for excess errors)
UNRESOLVED: c-c++-common/ubsan/pr59503.c -O3 -g compilation failed to produce executable
FAIL: c-c++-common/ubsan/pr59503.c -Os (test for excess errors)
UNRESOLVED: c-c++-common/ubsan/pr59503.c -Os compilation failed to produce executable
FAIL: c-c++-common/ubsan/pr59667.c -O0 (test for excess errors)
UNRESOLVED: c-c++-common/ubsan/pr59667.c -O0 compilation failed to produce executable
FAIL: c-c++-common/ubsan/pr59667.c -O1 (test for excess errors)
UNRESOLVED: c-c++-common/ubsan/pr59667.c -O1 compilation failed to produce executable
FAIL: c-c++-common/ubsan/pr59667.c -O2 (test for excess errors)
UNRESOLVED: c-c++-common/ubsan/pr59667.c -O2 compilation failed to produce executable
FAIL: c-c++-common/ubsan/pr59667.c -O3 -fomit-frame-pointer (test for excess errors)
UNRESOLVED: c-c++-common/ubsan/pr59667.c -O3 -fomit-frame-pointer compilation failed to produce executable
FAIL: c-c++-common/ubsan/pr59667.c -O3 -g (test for excess errors)
UNRESOLVED: c-c++-common/ubsan/pr59667.c -O3 -g compilation failed to produce executable
FAIL: c-c++-common/ubsan/pr59667.c -Os (test for excess errors)
UNRESOLVED: c-c++-common/ubsan/pr59667.c -Os compilation failed to produce executable
FAIL: c-c++-common/ubsan/shift-1.c -O0 (test for excess errors)
UNRESOLVED: c-c++-common/ubsan/shift-1.c -O0 compilation failed to produce executable
FAIL: c-c++-common/ubsan/shift-1.c -O1 (test for excess errors)
UNRESOLVED: c-c++-common/ubsan/shift-1.c -O1 compilation failed to produce executable
FAIL: c-c++-common/ubsan/shift-1.c -O2 (test for excess errors)
UNRESOLVED: c-c++-common/ubsan/shift-1.c -O2 compilation failed to produce executable
FAIL: c-c++-common/ubsan/shift-1.c -O3 -fomit-frame-pointer (test for excess errors)
UNRESOLVED: c-c++-common/ubsan/shift-1.c -O3 -fomit-frame-pointer compilation failed to produce executable
FAIL: c-c++-common/ubsan/shift-1.c -O3 -fomit-frame-pointer -funroll-loops (test for excess errors)
UNRESOLVED: c-c++-common/ubsan/shift-1.c -O3 -fomit-frame-pointer -funroll-loops compilation failed to produce executable
FAIL: c-c++-common/ubsan/shift-1.c -O3 -fomit-frame-pointer -funroll-all-loops -finline-functions (test for excess errors)
UNRESOLVED: c-c++-common/ubsan/shift-1.c -O3 -fomit-frame-pointer -funroll-all-loops -finline-functions compilation failed to produce executable
FAIL: c-c++-common/ubsan/shift-1.c -O3 -g (test for excess errors)
UNRESOLVED: c-c++-common/ubsan/shift-1.c -O3 -g compilation failed to produce executable
FAIL: c-c++-common/ubsan/shift-1.c -Os (test for excess errors)
UNRESOLVED: c-c++-common/ubsan/shift-1.c -Os compilation failed to produce executable
FAIL: c-c++-common/ubsan/shift-1.c -O2 -flto -fno-use-linker-plugin -flto-partition=none (test for excess errors)
UNRESOLVED: c-c++-common/ubsan/shift-1.c -O2 -flto -fno-use-linker-plugin -flto-partition=none compilation failed to produce executable
FAIL: c-c++-common/ubsan/shift-1.c -O2 -flto -fuse-linker-plugin -fno-fat-lto-objects (test for excess errors)
UNRESOLVED: c-c++-common/ubsan/shift-1.c -O2 -flto -fuse-linker-plugin -fno-fat-lto-objects compilation failed to produce executable
FAIL: c-c++-common/ubsan/shift-2.c -O0 (test for excess errors)
UNRESOLVED: c-c++-common/ubsan/shift-2.c -O0 compilation failed to produce executable
FAIL: c-c++-common/ubsan/shift-2.c -O1 (test for excess errors)
UNRESOLVED: c-c++-common/ubsan/shift-2.c -O1 compilation failed to produce executable
FAIL: c-c++-common/ubsan/shift-2.c -O2 (test for excess errors)
UNRESOLVED: c-c++-common/ubsan/shift-2.c -O2 compilation failed to produce executable
FAIL: c-c++-common/ubsan/shift-2.c -O3 -fomit-frame-pointer (test for excess errors)
UNRESOLVED: c-c++-common/ubsan/shift-2.c -O3 -fomit-frame-pointer compilation failed to produce executable
FAIL: c-c++-common/ubsan/shift-2.c -O3 -g (test for excess errors)
UNRESOLVED: c-c++-common/ubsan/shift-2.c -O3 -g compilation failed to produce executable
FAIL: c-c++-common/ubsan/shift-2.c -Os (test for excess errors)
UNRESOLVED: c-c++-common/ubsan/shift-2.c -Os compilation failed to produce executable
FAIL: c-c++-common/ubsan/shift-2.c -O2 -flto -fno-use-linker-plugin -flto-partition=none (test for excess errors)
UNRESOLVED: c-c++-common/ubsan/shift-2.c -O2 -flto -fno-use-linker-plugin -flto-partition=none compilation failed to produce executable
FAIL: c-c++-common/ubsan/shift-2.c -O2 -flto -fuse-linker-plugin -fno-fat-lto-objects (test for excess errors)
UNRESOLVED: c-c++-common/ubsan/shift-2.c -O2 -flto -fuse-linker-plugin -fno-fat-lto-objects compilation failed to produce executable
FAIL: c-c++-common/ubsan/shift-3.c -O0 (test for excess errors)
UNRESOLVED: c-c++-common/ubsan/shift-3.c -O0 compilation failed to produce executable
FAIL: c-c++-common/ubsan/shift-3.c -O1 (test for excess errors)
UNRESOLVED: c-c++-common/ubsan/shift-3.c -O1 compilation failed to produce executable
FAIL: c-c++-common/ubsan/shift-3.c -O2 (test for excess errors)
UNRESOLVED: c-c++-common/ubsan/shift-3.c -O2 compilation failed to produce executable
FAIL: c-c++-common/ubsan/shift-3.c -O3 -fomit-frame-pointer (test for excess errors)
UNRESOLVED: c-c++-common/ubsan/shift-3.c -O3 -fomit-frame-pointer compilation failed to produce executable
FAIL: c-c++-common/ubsan/shift-3.c -O3 -g (test for excess errors)
UNRESOLVED: c-c++-common/ubsan/shift-3.c -O3 -g compilation failed to produce executable
FAIL: c-c++-common/ubsan/shift-3.c -Os (test for excess errors)
UNRESOLVED: c-c++-common/ubsan/shift-3.c -Os compilation failed to produce executable
FAIL: c-c++-common/ubsan/shift-3.c -O2 -flto -fno-use-linker-plugin -flto-partition=none (test for excess errors)
UNRESOLVED: c-c++-common/ubsan/shift-3.c -O2 -flto -fno-use-linker-plugin -flto-partition=none compilation failed to produce executable
FAIL: c-c++-common/ubsan/shift-3.c -O2 -flto -fuse-linker-plugin -fno-fat-lto-objects (test for excess errors)
UNRESOLVED: c-c++-common/ubsan/shift-3.c -O2 -flto -fuse-linker-plugin -fno-fat-lto-objects compilation failed to produce executable
FAIL: c-c++-common/ubsan/shift-4.c -O0 (test for excess errors)
UNRESOLVED: c-c++-common/ubsan/shift-4.c -O0 compilation failed to produce executable
FAIL: c-c++-common/ubsan/shift-4.c -O1 (test for excess errors)
UNRESOLVED: c-c++-common/ubsan/shift-4.c -O1 compilation failed to produce executable
FAIL: c-c++-common/ubsan/shift-4.c -O2 (test for excess errors)
UNRESOLVED: c-c++-common/ubsan/shift-4.c -O2 compilation failed to produce executable
FAIL: c-c++-common/ubsan/shift-4.c -O3 -fomit-frame-pointer (test for excess errors)
UNRESOLVED: c-c++-common/ubsan/shift-4.c -O3 -fomit-frame-pointer compilation failed to produce executable
FAIL: c-c++-common/ubsan/shift-4.c -O3 -g (test for excess errors)
UNRESOLVED: c-c++-common/ubsan/shift-4.c -O3 -g compilation failed to produce executable
FAIL: c-c++-common/ubsan/shift-4.c -Os (test for excess errors)
UNRESOLVED: c-c++-common/ubsan/shift-4.c -Os compilation failed to produce executable
FAIL: c-c++-common/ubsan/shift-4.c -O2 -flto -fno-use-linker-plugin -flto-partition=none (test for excess errors)
UNRESOLVED: c-c++-common/ubsan/shift-4.c -O2 -flto -fno-use-linker-plugin -flto-partition=none compilation failed to produce executable
FAIL: c-c++-common/ubsan/shift-4.c -O2 -flto -fuse-linker-plugin -fno-fat-lto-objects (test for excess errors)
UNRESOLVED: c-c++-common/ubsan/shift-4.c -O2 -flto -fuse-linker-plugin -fno-fat-lto-objects compilation failed to produce executable
FAIL: c-c++-common/ubsan/shift-6.c -O0 (test for excess errors)
UNRESOLVED: c-c++-common/ubsan/shift-6.c -O0 compilation failed to produce executable
FAIL: c-c++-common/ubsan/shift-6.c -O1 (test for excess errors)
UNRESOLVED: c-c++-common/ubsan/shift-6.c -O1 compilation failed to produce executable
FAIL: c-c++-common/ubsan/shift-6.c -O2 (test for excess errors)
UNRESOLVED: c-c++-common/ubsan/shift-6.c -O2 compilation failed to produce executable
FAIL: c-c++-common/ubsan/shift-6.c -O3 -fomit-frame-pointer (test for excess errors)
UNRESOLVED: c-c++-common/ubsan/shift-6.c -O3 -fomit-frame-pointer compilation failed to produce executable
FAIL: c-c++-common/ubsan/shift-6.c -O3 -g (test for excess errors)
UNRESOLVED: c-c++-common/ubsan/shift-6.c -O3 -g compilation failed to produce executable
FAIL: c-c++-common/ubsan/shift-6.c -Os (test for excess errors)
UNRESOLVED: c-c++-common/ubsan/shift-6.c -Os compilation failed to produce executable
FAIL: c-c++-common/ubsan/shift-6.c -O2 -flto -fno-use-linker-plugin -flto-partition=none (test for excess errors)
UNRESOLVED: c-c++-common/ubsan/shift-6.c -O2 -flto -fno-use-linker-plugin -flto-partition=none compilation failed to produce executable
FAIL: c-c++-common/ubsan/shift-6.c -O2 -flto -fuse-linker-plugin -fno-fat-lto-objects (test for excess errors)
UNRESOLVED: c-c++-common/ubsan/shift-6.c -O2 -flto -fuse-linker-plugin -fno-fat-lto-objects compilation failed to produce executable
FAIL: c-c++-common/ubsan/undefined-1.c -O0 (test for excess errors)
UNRESOLVED: c-c++-common/ubsan/undefined-1.c -O0 compilation failed to produce executable
FAIL: c-c++-common/ubsan/undefined-1.c -O1 (test for excess errors)
UNRESOLVED: c-c++-common/ubsan/undefined-1.c -O1 compilation failed to produce executable
FAIL: c-c++-common/ubsan/undefined-1.c -O2 (test for excess errors)
UNRESOLVED: c-c++-common/ubsan/undefined-1.c -O2 compilation failed to produce executable
FAIL: c-c++-common/ubsan/undefined-1.c -O3 -fomit-frame-pointer (test for excess errors)
UNRESOLVED: c-c++-common/ubsan/undefined-1.c -O3 -fomit-frame-pointer compilation failed to produce executable
FAIL: c-c++-common/ubsan/undefined-1.c -O3 -g (test for excess errors)
UNRESOLVED: c-c++-common/ubsan/undefined-1.c -O3 -g compilation failed to produce executable
FAIL: c-c++-common/ubsan/undefined-1.c -Os (test for excess errors)
UNRESOLVED: c-c++-common/ubsan/undefined-1.c -Os compilation failed to produce executable
FAIL: c-c++-common/ubsan/unreachable-1.c -O0 (test for excess errors)
UNRESOLVED: c-c++-common/ubsan/unreachable-1.c -O0 compilation failed to produce executable
FAIL: c-c++-common/ubsan/unreachable-1.c -O1 (test for excess errors)
UNRESOLVED: c-c++-common/ubsan/unreachable-1.c -O1 compilation failed to produce executable
FAIL: c-c++-common/ubsan/unreachable-1.c -O2 (test for excess errors)
UNRESOLVED: c-c++-common/ubsan/unreachable-1.c -O2 compilation failed to produce executable
FAIL: c-c++-common/ubsan/unreachable-1.c -O3 -fomit-frame-pointer (test for excess errors)
UNRESOLVED: c-c++-common/ubsan/unreachable-1.c -O3 -fomit-frame-pointer compilation failed to produce executable
FAIL: c-c++-common/ubsan/unreachable-1.c -O3 -g (test for excess errors)
UNRESOLVED: c-c++-common/ubsan/unreachable-1.c -O3 -g compilation failed to produce executable
FAIL: c-c++-common/ubsan/unreachable-1.c -Os (test for excess errors)
UNRESOLVED: c-c++-common/ubsan/unreachable-1.c -Os compilation failed to produce executable
FAIL: c-c++-common/ubsan/unreachable-1.c -O2 -flto -fno-use-linker-plugin -flto-partition=none (test for excess errors)
UNRESOLVED: c-c++-common/ubsan/unreachable-1.c -O2 -flto -fno-use-linker-plugin -flto-partition=none compilation failed to produce executable
FAIL: c-c++-common/ubsan/unreachable-1.c -O2 -flto -fuse-linker-plugin -fno-fat-lto-objects (test for excess errors)
UNRESOLVED: c-c++-common/ubsan/unreachable-1.c -O2 -flto -fuse-linker-plugin -fno-fat-lto-objects compilation failed to produce executable
FAIL: c-c++-common/ubsan/vla-1.c -O0 (test for excess errors)
UNRESOLVED: c-c++-common/ubsan/vla-1.c -O0 compilation failed to produce executable
FAIL: c-c++-common/ubsan/vla-1.c -O1 (test for excess errors)
UNRESOLVED: c-c++-common/ubsan/vla-1.c -O1 compilation failed to produce executable
FAIL: c-c++-common/ubsan/vla-1.c -O2 (test for excess errors)
UNRESOLVED: c-c++-common/ubsan/vla-1.c -O2 compilation failed to produce executable
FAIL: c-c++-common/ubsan/vla-1.c -O3 -fomit-frame-pointer (test for excess errors)
UNRESOLVED: c-c++-common/ubsan/vla-1.c -O3 -fomit-frame-pointer compilation failed to produce executable
FAIL: c-c++-common/ubsan/vla-1.c -O3 -g (test for excess errors)
UNRESOLVED: c-c++-common/ubsan/vla-1.c -O3 -g compilation failed to produce executable
FAIL: c-c++-common/ubsan/vla-1.c -Os (test for excess errors)
UNRESOLVED: c-c++-common/ubsan/vla-1.c -Os compilation failed to produce executable
FAIL: c-c++-common/ubsan/vla-1.c -O2 -flto -fno-use-linker-plugin -flto-partition=none (test for excess errors)
UNRESOLVED: c-c++-common/ubsan/vla-1.c -O2 -flto -fno-use-linker-plugin -flto-partition=none compilation failed to produce executable
FAIL: c-c++-common/ubsan/vla-1.c -O2 -flto -fuse-linker-plugin -fno-fat-lto-objects (test for excess errors)
UNRESOLVED: c-c++-common/ubsan/vla-1.c -O2 -flto -fuse-linker-plugin -fno-fat-lto-objects compilation failed to produce executable
FAIL: c-c++-common/ubsan/vla-2.c -O0 (test for excess errors)
UNRESOLVED: c-c++-common/ubsan/vla-2.c -O0 compilation failed to produce executable
FAIL: c-c++-common/ubsan/vla-2.c -O1 (test for excess errors)
UNRESOLVED: c-c++-common/ubsan/vla-2.c -O1 compilation failed to produce executable
FAIL: c-c++-common/ubsan/vla-2.c -O2 (test for excess errors)
UNRESOLVED: c-c++-common/ubsan/vla-2.c -O2 compilation failed to produce executable
FAIL: c-c++-common/ubsan/vla-2.c -O3 -fomit-frame-pointer (test for excess errors)
UNRESOLVED: c-c++-common/ubsan/vla-2.c -O3 -fomit-frame-pointer compilation failed to produce executable
FAIL: c-c++-common/ubsan/vla-2.c -O3 -g (test for excess errors)
UNRESOLVED: c-c++-common/ubsan/vla-2.c -O3 -g compilation failed to produce executable
FAIL: c-c++-common/ubsan/vla-2.c -Os (test for excess errors)
UNRESOLVED: c-c++-common/ubsan/vla-2.c -Os compilation failed to produce executable
FAIL: c-c++-common/ubsan/vla-2.c -O2 -flto -fno-use-linker-plugin -flto-partition=none (test for excess errors)
UNRESOLVED: c-c++-common/ubsan/vla-2.c -O2 -flto -fno-use-linker-plugin -flto-partition=none compilation failed to produce executable
FAIL: c-c++-common/ubsan/vla-2.c -O2 -flto -fuse-linker-plugin -fno-fat-lto-objects (test for excess errors)
UNRESOLVED: c-c++-common/ubsan/vla-2.c -O2 -flto -fuse-linker-plugin -fno-fat-lto-objects compilation failed to produce executable
FAIL: c-c++-common/ubsan/vla-3.c -O0 (test for excess errors)
UNRESOLVED: c-c++-common/ubsan/vla-3.c -O0 compilation failed to produce executable
FAIL: c-c++-common/ubsan/vla-3.c -O1 (test for excess errors)
UNRESOLVED: c-c++-common/ubsan/vla-3.c -O1 compilation failed to produce executable
FAIL: c-c++-common/ubsan/vla-3.c -O2 (test for excess errors)
UNRESOLVED: c-c++-common/ubsan/vla-3.c -O2 compilation failed to produce executable
FAIL: c-c++-common/ubsan/vla-3.c -O3 -fomit-frame-pointer (test for excess errors)
UNRESOLVED: c-c++-common/ubsan/vla-3.c -O3 -fomit-frame-pointer compilation failed to produce executable
FAIL: c-c++-common/ubsan/vla-3.c -O3 -g (test for excess errors)
UNRESOLVED: c-c++-common/ubsan/vla-3.c -O3 -g compilation failed to produce executable
FAIL: c-c++-common/ubsan/vla-3.c -Os (test for excess errors)
UNRESOLVED: c-c++-common/ubsan/vla-3.c -Os compilation failed to produce executable
FAIL: c-c++-common/ubsan/vla-3.c -O2 -flto -fno-use-linker-plugin -flto-partition=none (test for excess errors)
UNRESOLVED: c-c++-common/ubsan/vla-3.c -O2 -flto -fno-use-linker-plugin -flto-partition=none compilation failed to produce executable
FAIL: c-c++-common/ubsan/vla-3.c -O2 -flto -fuse-linker-plugin -fno-fat-lto-objects (test for excess errors)
UNRESOLVED: c-c++-common/ubsan/vla-3.c -O2 -flto -fuse-linker-plugin -fno-fat-lto-objects compilation failed to produce executable
FAIL: c-c++-common/ubsan/vla-4.c -O0 (test for excess errors)
UNRESOLVED: c-c++-common/ubsan/vla-4.c -O0 compilation failed to produce executable
FAIL: c-c++-common/ubsan/vla-4.c -O1 (test for excess errors)
UNRESOLVED: c-c++-common/ubsan/vla-4.c -O1 compilation failed to produce executable
FAIL: c-c++-common/ubsan/vla-4.c -O2 (test for excess errors)
UNRESOLVED: c-c++-common/ubsan/vla-4.c -O2 compilation failed to produce executable
FAIL: c-c++-common/ubsan/vla-4.c -O3 -fomit-frame-pointer (test for excess errors)
UNRESOLVED: c-c++-common/ubsan/vla-4.c -O3 -fomit-frame-pointer compilation failed to produce executable
FAIL: c-c++-common/ubsan/vla-4.c -O3 -g (test for excess errors)
UNRESOLVED: c-c++-common/ubsan/vla-4.c -O3 -g compilation failed to produce executable
FAIL: c-c++-common/ubsan/vla-4.c -Os (test for excess errors)
UNRESOLVED: c-c++-common/ubsan/vla-4.c -Os compilation failed to produce executable
FAIL: c-c++-common/ubsan/vla-4.c -O2 -flto -fno-use-linker-plugin -flto-partition=none (test for excess errors)
UNRESOLVED: c-c++-common/ubsan/vla-4.c -O2 -flto -fno-use-linker-plugin -flto-partition=none compilation failed to produce executable
FAIL: c-c++-common/ubsan/vla-4.c -O2 -flto -fuse-linker-plugin -fno-fat-lto-objects (test for excess errors)
UNRESOLVED: c-c++-common/ubsan/vla-4.c -O2 -flto -fuse-linker-plugin -fno-fat-lto-objects compilation failed to produce executable
FAIL: g++.dg/ubsan/cxx11-shift-1.C -O0 (test for excess errors)
UNRESOLVED: g++.dg/ubsan/cxx11-shift-1.C -O0 compilation failed to produce executable
FAIL: g++.dg/ubsan/cxx11-shift-1.C -O1 (test for excess errors)
UNRESOLVED: g++.dg/ubsan/cxx11-shift-1.C -O1 compilation failed to produce executable
FAIL: g++.dg/ubsan/cxx11-shift-1.C -O2 (test for excess errors)
UNRESOLVED: g++.dg/ubsan/cxx11-shift-1.C -O2 compilation failed to produce executable
FAIL: g++.dg/ubsan/cxx11-shift-1.C -O3 -fomit-frame-pointer (test for excess errors)
UNRESOLVED: g++.dg/ubsan/cxx11-shift-1.C -O3 -fomit-frame-pointer compilation failed to produce executable
FAIL: g++.dg/ubsan/cxx11-shift-1.C -O3 -g (test for excess errors)
UNRESOLVED: g++.dg/ubsan/cxx11-shift-1.C -O3 -g compilation failed to produce executable
FAIL: g++.dg/ubsan/cxx11-shift-1.C -Os (test for excess errors)
UNRESOLVED: g++.dg/ubsan/cxx11-shift-1.C -Os compilation failed to produce executable
FAIL: g++.dg/ubsan/cxx11-shift-1.C -O2 -flto -fno-use-linker-plugin -flto-partition=none (test for excess errors)
UNRESOLVED: g++.dg/ubsan/cxx11-shift-1.C -O2 -flto -fno-use-linker-plugin -flto-partition=none compilation failed to produce executable
FAIL: g++.dg/ubsan/cxx11-shift-1.C -O2 -flto -fuse-linker-plugin -fno-fat-lto-objects (test for excess errors)
UNRESOLVED: g++.dg/ubsan/cxx11-shift-1.C -O2 -flto -fuse-linker-plugin -fno-fat-lto-objects compilation failed to produce executable
FAIL: g++.dg/ubsan/cxx11-shift-2.C -O0 (test for excess errors)
UNRESOLVED: g++.dg/ubsan/cxx11-shift-2.C -O0 compilation failed to produce executable
FAIL: g++.dg/ubsan/cxx11-shift-2.C -O1 (test for excess errors)
UNRESOLVED: g++.dg/ubsan/cxx11-shift-2.C -O1 compilation failed to produce executable
FAIL: g++.dg/ubsan/cxx11-shift-2.C -O2 (test for excess errors)
UNRESOLVED: g++.dg/ubsan/cxx11-shift-2.C -O2 compilation failed to produce executable
FAIL: g++.dg/ubsan/cxx11-shift-2.C -O3 -fomit-frame-pointer (test for excess errors)
UNRESOLVED: g++.dg/ubsan/cxx11-shift-2.C -O3 -fomit-frame-pointer compilation failed to produce executable
FAIL: g++.dg/ubsan/cxx11-shift-2.C -O3 -g (test for excess errors)
UNRESOLVED: g++.dg/ubsan/cxx11-shift-2.C -O3 -g compilation failed to produce executable
FAIL: g++.dg/ubsan/cxx11-shift-2.C -Os (test for excess errors)
UNRESOLVED: g++.dg/ubsan/cxx11-shift-2.C -Os compilation failed to produce executable
FAIL: g++.dg/ubsan/cxx11-shift-2.C -O2 -flto -fno-use-linker-plugin -flto-partition=none (test for excess errors)
UNRESOLVED: g++.dg/ubsan/cxx11-shift-2.C -O2 -flto -fno-use-linker-plugin -flto-partition=none compilation failed to produce executable
FAIL: g++.dg/ubsan/cxx11-shift-2.C -O2 -flto -fuse-linker-plugin -fno-fat-lto-objects (test for excess errors)
UNRESOLVED: g++.dg/ubsan/cxx11-shift-2.C -O2 -flto -fuse-linker-plugin -fno-fat-lto-objects compilation failed to produce executable
FAIL: g++.dg/ubsan/cxx1y-vla.C -O0 (test for excess errors)
UNRESOLVED: g++.dg/ubsan/cxx1y-vla.C -O0 compilation failed to produce executable
FAIL: g++.dg/ubsan/cxx1y-vla.C -O1 (test for excess errors)
UNRESOLVED: g++.dg/ubsan/cxx1y-vla.C -O1 compilation failed to produce executable
FAIL: g++.dg/ubsan/cxx1y-vla.C -O2 (test for excess errors)
UNRESOLVED: g++.dg/ubsan/cxx1y-vla.C -O2 compilation failed to produce executable
FAIL: g++.dg/ubsan/cxx1y-vla.C -O3 -fomit-frame-pointer (test for excess errors)
UNRESOLVED: g++.dg/ubsan/cxx1y-vla.C -O3 -fomit-frame-pointer compilation failed to produce executable
FAIL: g++.dg/ubsan/cxx1y-vla.C -O3 -g (test for excess errors)
UNRESOLVED: g++.dg/ubsan/cxx1y-vla.C -O3 -g compilation failed to produce executable
FAIL: g++.dg/ubsan/cxx1y-vla.C -Os (test for excess errors)
UNRESOLVED: g++.dg/ubsan/cxx1y-vla.C -Os compilation failed to produce executable
FAIL: g++.dg/ubsan/cxx1y-vla.C -O2 -flto -fno-use-linker-plugin -flto-partition=none (test for excess errors)
UNRESOLVED: g++.dg/ubsan/cxx1y-vla.C -O2 -flto -fno-use-linker-plugin -flto-partition=none compilation failed to produce executable
FAIL: g++.dg/ubsan/cxx1y-vla.C -O2 -flto -fuse-linker-plugin -fno-fat-lto-objects (test for excess errors)
UNRESOLVED: g++.dg/ubsan/cxx1y-vla.C -O2 -flto -fuse-linker-plugin -fno-fat-lto-objects compilation failed to produce executable
FAIL: g++.dg/ubsan/return-1.C -O0 (test for excess errors)
UNRESOLVED: g++.dg/ubsan/return-1.C -O0 compilation failed to produce executable
FAIL: g++.dg/ubsan/return-1.C -O1 (test for excess errors)
UNRESOLVED: g++.dg/ubsan/return-1.C -O1 compilation failed to produce executable
FAIL: g++.dg/ubsan/return-1.C -O2 (test for excess errors)
UNRESOLVED: g++.dg/ubsan/return-1.C -O2 compilation failed to produce executable
FAIL: g++.dg/ubsan/return-1.C -O3 -fomit-frame-pointer (test for excess errors)
UNRESOLVED: g++.dg/ubsan/return-1.C -O3 -fomit-frame-pointer compilation failed to produce executable
FAIL: g++.dg/ubsan/return-1.C -O3 -g (test for excess errors)
UNRESOLVED: g++.dg/ubsan/return-1.C -O3 -g compilation failed to produce executable
FAIL: g++.dg/ubsan/return-1.C -Os (test for excess errors)
UNRESOLVED: g++.dg/ubsan/return-1.C -Os compilation failed to produce executable
FAIL: g++.dg/ubsan/return-1.C -O2 -flto -fno-use-linker-plugin -flto-partition=none (test for excess errors)
UNRESOLVED: g++.dg/ubsan/return-1.C -O2 -flto -fno-use-linker-plugin -flto-partition=none compilation failed to produce executable
FAIL: g++.dg/ubsan/return-1.C -O2 -flto -fuse-linker-plugin -fno-fat-lto-objects (test for excess errors)
UNRESOLVED: g++.dg/ubsan/return-1.C -O2 -flto -fuse-linker-plugin -fno-fat-lto-objects compilation failed to produce executable
FAIL: g++.dg/ubsan/return-2.C -O0 (test for excess errors)
UNRESOLVED: g++.dg/ubsan/return-2.C -O0 compilation failed to produce executable
FAIL: g++.dg/ubsan/return-2.C -O1 (test for excess errors)
UNRESOLVED: g++.dg/ubsan/return-2.C -O1 compilation failed to produce executable
FAIL: g++.dg/ubsan/return-2.C -O2 (test for excess errors)
UNRESOLVED: g++.dg/ubsan/return-2.C -O2 compilation failed to produce executable
FAIL: g++.dg/ubsan/return-2.C -O3 -fomit-frame-pointer (test for excess errors)
UNRESOLVED: g++.dg/ubsan/return-2.C -O3 -fomit-frame-pointer compilation failed to produce executable
FAIL: g++.dg/ubsan/return-2.C -O3 -g (test for excess errors)
UNRESOLVED: g++.dg/ubsan/return-2.C -O3 -g compilation failed to produce executable
FAIL: g++.dg/ubsan/return-2.C -Os (test for excess errors)
UNRESOLVED: g++.dg/ubsan/return-2.C -Os compilation failed to produce executable
FAIL: g++.dg/ubsan/return-2.C -O2 -flto -fno-use-linker-plugin -flto-partition=none (test for excess errors)
UNRESOLVED: g++.dg/ubsan/return-2.C -O2 -flto -fno-use-linker-plugin -flto-partition=none compilation failed to produce executable
FAIL: g++.dg/ubsan/return-2.C -O2 -flto -fuse-linker-plugin -fno-fat-lto-objects (test for excess errors)
UNRESOLVED: g++.dg/ubsan/return-2.C -O2 -flto -fuse-linker-plugin -fno-fat-lto-objects compilation failed to produce executable
=== g++ Summary ===
# of expected passes 58288
# of unexpected failures 506
# of expected failures 290
# of unresolved testcases 503
# of unsupported tests 1104
/export/gnu/import/git/gcc-test-x32/bld/gcc/testsuite/g++/../../xg++ version 4.9.0 20140307 (experimental) [trunk revision 208392] (GCC)
=== objc tests ===
Running target unix/-mx32
=== objc Summary ===
# of expected passes 2988
# of expected failures 6
# of unsupported tests 74
/export/gnu/import/git/gcc-test-x32/bld/gcc/xgcc version 4.9.0 20140307 (experimental) [trunk revision 208392] (GCC)
=== boehm-gc tests ===
Running target unix/-mx32
=== boehm-gc Summary ===
# of expected passes 12
# of unsupported tests 1
=== libatomic tests ===
Running target unix/-mx32
=== libatomic Summary ===
# of expected passes 54
=== libffi tests ===
Running target unix/-mx32
=== libffi Summary ===
# of expected passes 1819
# of unsupported tests 55
=== libgomp tests ===
Running target unix/-mx32
=== libgomp Summary ===
# of expected passes 2345
=== libitm tests ===
Running target unix/-mx32
=== libitm Summary ===
# of expected passes 26
# of expected failures 3
# of unsupported tests 1
=== libjava tests ===
Running target unix/-mx32
=== libjava Summary ===
# of expected passes 2582
# of expected failures 4
=== libstdc++ tests ===
Running target unix/-mx32
=== libstdc++ Summary ===
# of expected passes 9999
# of expected failures 41
# of unsupported tests 222
Compiler version: 4.9.0 20140307 (experimental) [trunk revision 208392] (GCC)
Platform: x86_64-unknown-linux-gnu
configure flags: --with-arch=corei7 --with-cpu=slm --prefix=/usr/4.9.0 --enable-clocale=gnu --with-system-zlib --enable-shared --with-demangler-in-ld --with-multilib-list=m32,m64,mx32 --with-fpmath=sse --enable-languages=c,c++,fortran,java,lto,objc
More information about the Gcc-testresults
mailing list