Results for 4.9.0 20140302 (experimental) [trunk revision 208261] (GCC) testsuite on hppa64-hp-hpux11.11
John David Anglin
dave@hiauly3.hia.nrc.ca
Tue Mar 4 15:00:00 GMT 2014
Native configuration is hppa64-hp-hpux11.11
=== g++ tests ===
Running target unix
FAIL: g++.dg/debug/dwarf2/non-virtual-thunk.C -std=gnu++98 scan-assembler thunk.C:30
FAIL: g++.dg/debug/dwarf2/non-virtual-thunk.C -std=gnu++11 scan-assembler thunk.C:30
UNRESOLVED: g++.dg/abi/anon2.C -std=c++98 scan-assembler .weak(_definition)?[ \\t]_?_ZN2N11D1C3fn1ENS0_1BE
UNRESOLVED: g++.dg/abi/anon2.C -std=c++98 scan-assembler .weak(_definition)?[ \\t]_?_ZN2N11D1C3fn2ES1_
UNRESOLVED: g++.dg/abi/anon2.C -std=c++98 scan-assembler-not .weak(_definition)?[ \\t]_?_ZN2N23._31C3fn1ENS0_1BE
UNRESOLVED: g++.dg/abi/anon2.C -std=c++98 scan-assembler-not .weak(_definition)?[ \\t]_?_ZN2N23._31C3fn2ES1_
UNRESOLVED: g++.dg/abi/anon2.C -std=c++98 scan-assembler .weak(_definition)?[ \\t]_?_ZN2N31D1CIiE3fn1ENS0_1BE
UNRESOLVED: g++.dg/abi/anon2.C -std=c++98 scan-assembler .weak(_definition)?[ \\t]_?_ZN2N31D1CIiE3fn2ES2_
UNRESOLVED: g++.dg/abi/anon2.C -std=c++98 scan-assembler-not .weak(_definition)?[ \\t]_?_ZN2N43._91CIiE3fn1ENS0_1BE
UNRESOLVED: g++.dg/abi/anon2.C -std=c++98 scan-assembler-not .weak(_definition)?[ \\t]_?_ZN2N43._91CIiE3fn2ES2_
FAIL: g++.dg/opt/pr56999.C -std=gnu++98 (test for excess errors)
FAIL: g++.dg/opt/pr56999.C -std=gnu++11 (test for excess errors)
FAIL: g++.dg/pr49718.C -std=gnu++98 scan-assembler-times __cyg_profile_func_enter 1
FAIL: g++.dg/pr49718.C -std=gnu++11 scan-assembler-times __cyg_profile_func_enter 1
WARNING: program timed out.
=== g++ Summary ===
# of expected passes 53207
# of unexpected failures 6
# of expected failures 288
# of unresolved testcases 8
# of unsupported tests 1398
/test/gnu/gcc/objdir/gcc/testsuite/g++/../../xg++ version 4.9.0 20140302 (experimental) [trunk revision 208261] (GCC)
=== gcc tests ===
Running target unix
FAIL: gcc.dg/atomic/c11-atomic-exec-5.c -O0 execution test
FAIL: gcc.dg/atomic/c11-atomic-exec-5.c -O1 execution test
FAIL: gcc.dg/atomic/c11-atomic-exec-5.c -O2 execution test
FAIL: gcc.dg/atomic/c11-atomic-exec-5.c -O3 -fomit-frame-pointer execution test
FAIL: gcc.dg/atomic/c11-atomic-exec-5.c -O3 -fomit-frame-pointer -funroll-loops execution test
FAIL: gcc.dg/atomic/c11-atomic-exec-5.c -O3 -fomit-frame-pointer -funroll-all-loops -finline-functions execution test
FAIL: gcc.dg/atomic/c11-atomic-exec-5.c -O3 -g execution test
FAIL: gcc.dg/atomic/c11-atomic-exec-5.c -Os execution test
FAIL: gcc.dg/atomic/c11-atomic-exec-5.c -O2 -flto -flto-partition=none execution test
FAIL: gcc.dg/atomic/c11-atomic-exec-5.c -O2 -flto execution test
FAIL: gcc.dg/atomic/stdatomic-flag.c -O0 execution test
FAIL: gcc.dg/atomic/stdatomic-flag.c -O1 execution test
FAIL: gcc.dg/atomic/stdatomic-flag.c -O2 execution test
FAIL: gcc.dg/atomic/stdatomic-flag.c -O3 -fomit-frame-pointer execution test
FAIL: gcc.dg/atomic/stdatomic-flag.c -O3 -g execution test
FAIL: gcc.dg/atomic/stdatomic-flag.c -Os execution test
FAIL: gcc.dg/atomic/stdatomic-flag.c -O2 -flto -flto-partition=none execution test
FAIL: gcc.dg/atomic/stdatomic-flag.c -O2 -flto execution test
WARNING: program timed out.
FAIL: gcc.dg/tree-prof/pr59003.c compilation, -fprofile-generate -D_PROFILE_GENERATE
UNRESOLVED: gcc.dg/tree-prof/pr59003.c execution, -fprofile-generate -D_PROFILE_GENERATE
UNRESOLVED: gcc.dg/tree-prof/pr59003.c compilation, -fprofile-use -D_PROFILE_USE
UNRESOLVED: gcc.dg/tree-prof/pr59003.c execution, -fprofile-use -D_PROFILE_USE
=== gcc Summary ===
# of expected passes 83817
# of unexpected failures 19
# of expected failures 117
# of unresolved testcases 3
# of unsupported tests 1674
/test/gnu/gcc/objdir/gcc/xgcc version 4.9.0 20140302 (experimental) [trunk revision 208261] (GCC)
=== gfortran tests ===
Running target unix
WARNING: program timed out.
FAIL: gfortran.dg/minlocval_3.f90 -O3 -fomit-frame-pointer -funroll-loops (test for excess errors)
UNRESOLVED: gfortran.dg/minlocval_3.f90 -O3 -fomit-frame-pointer -funroll-loops compilation failed to produce executable
WARNING: program timed out.
FAIL: gfortran.dg/minlocval_3.f90 -O3 -fomit-frame-pointer -funroll-all-loops -finline-functions (test for excess errors)
UNRESOLVED: gfortran.dg/minlocval_3.f90 -O3 -fomit-frame-pointer -funroll-all-loops -finline-functions compilation failed to produce executable
=== gfortran Summary ===
# of expected passes 43916
# of unexpected failures 2
# of expected failures 38
# of unresolved testcases 2
# of unsupported tests 416
/test/gnu/gcc/objdir/gcc/testsuite/gfortran/../../gfortran version 4.9.0 20140302 (experimental) [trunk revision 208261] (GCC)
=== obj-c++ tests ===
Running target unix
FAIL: obj-c++.dg/invalid-method-2.mm -fgnu-runtime (test for errors, line 10)
FAIL: obj-c++.dg/invalid-method-2.mm -fgnu-runtime (test for errors, line 14)
FAIL: obj-c++.dg/invalid-method-2.mm -fgnu-runtime (test for excess errors)
=== obj-c++ Summary ===
# of expected passes 1438
# of unexpected failures 3
# of expected failures 10
# of unsupported tests 86
/test/gnu/gcc/objdir/gcc/testsuite/obj-c++/../../xg++ version 4.9.0 20140302 (experimental) [trunk revision 208261] (GCC)
=== objc tests ===
Running target unix
=== objc Summary ===
# of expected passes 2992
# of unsupported tests 75
/test/gnu/gcc/objdir/gcc/xgcc version 4.9.0 20140302 (experimental) [trunk revision 208261] (GCC)
=== libatomic tests ===
Running target unix
=== libatomic Summary ===
# of expected passes 44
# of unsupported tests 5
=== libgomp tests ===
Running target unix
WARNING: program timed out.
FAIL: libgomp.c/depend-3.c execution test
=== libgomp Summary ===
# of expected passes 2324
# of unexpected failures 1
# of unsupported tests 10
=== libstdc++ tests ===
Running target unix
=== libstdc++ Summary ===
# of expected passes 8259
# of expected failures 41
# of unsupported tests 926
Compiler version: 4.9.0 20140302 (experimental) [trunk revision 208261] (GCC)
Platform: hppa64-hp-hpux11.11
configure flags:Test Run By dave on Mon Mar 3 14:29:13 2014
More information about the Gcc-testresults
mailing list