Results for 4.9.0 20140228 (experimental) [trunk revision 208212] (GCC) testsuite on sparcv9-sun-solaris2.11
Rainer Orth
ro@CeBiTec.Uni-Bielefeld.DE
Sun Mar 2 22:40:00 GMT 2014
LAST_UPDATED: Fri Feb 28 11:38:27 UTC 2014 (revision 208212)
=== acats tests ===
=== acats Summary ===
# of expected passes 2320
# of unexpected failures 0
Native configuration is sparcv9-sun-solaris2.11
=== g++ tests ===
Running target unix
UNRESOLVED: g++.dg/abi/anon2.C -std=c++98 scan-assembler .weak(_definition)?[ \\t]_?_ZN2N11D1C3fn1ENS0_1BE
UNRESOLVED: g++.dg/abi/anon2.C -std=c++98 scan-assembler .weak(_definition)?[ \\t]_?_ZN2N11D1C3fn2ES1_
UNRESOLVED: g++.dg/abi/anon2.C -std=c++98 scan-assembler-not .weak(_definition)?[ \\t]_?_ZN2N23._31C3fn1ENS0_1BE
UNRESOLVED: g++.dg/abi/anon2.C -std=c++98 scan-assembler-not .weak(_definition)?[ \\t]_?_ZN2N23._31C3fn2ES1_
UNRESOLVED: g++.dg/abi/anon2.C -std=c++98 scan-assembler .weak(_definition)?[ \\t]_?_ZN2N31D1CIiE3fn1ENS0_1BE
UNRESOLVED: g++.dg/abi/anon2.C -std=c++98 scan-assembler .weak(_definition)?[ \\t]_?_ZN2N31D1CIiE3fn2ES2_
UNRESOLVED: g++.dg/abi/anon2.C -std=c++98 scan-assembler-not .weak(_definition)?[ \\t]_?_ZN2N43._91CIiE3fn1ENS0_1BE
UNRESOLVED: g++.dg/abi/anon2.C -std=c++98 scan-assembler-not .weak(_definition)?[ \\t]_?_ZN2N43._91CIiE3fn2ES2_
=== g++ Summary for unix ===
# of expected passes 56298
# of expected failures 290
# of unresolved testcases 8
# of unsupported tests 1187
Running target unix/-m32
UNRESOLVED: g++.dg/abi/anon2.C -std=c++98 scan-assembler .weak(_definition)?[ \\t]_?_ZN2N11D1C3fn1ENS0_1BE
UNRESOLVED: g++.dg/abi/anon2.C -std=c++98 scan-assembler .weak(_definition)?[ \\t]_?_ZN2N11D1C3fn2ES1_
UNRESOLVED: g++.dg/abi/anon2.C -std=c++98 scan-assembler-not .weak(_definition)?[ \\t]_?_ZN2N23._31C3fn1ENS0_1BE
UNRESOLVED: g++.dg/abi/anon2.C -std=c++98 scan-assembler-not .weak(_definition)?[ \\t]_?_ZN2N23._31C3fn2ES1_
UNRESOLVED: g++.dg/abi/anon2.C -std=c++98 scan-assembler .weak(_definition)?[ \\t]_?_ZN2N31D1CIiE3fn1ENS0_1BE
UNRESOLVED: g++.dg/abi/anon2.C -std=c++98 scan-assembler .weak(_definition)?[ \\t]_?_ZN2N31D1CIiE3fn2ES2_
UNRESOLVED: g++.dg/abi/anon2.C -std=c++98 scan-assembler-not .weak(_definition)?[ \\t]_?_ZN2N43._91CIiE3fn1ENS0_1BE
UNRESOLVED: g++.dg/abi/anon2.C -std=c++98 scan-assembler-not .weak(_definition)?[ \\t]_?_ZN2N43._91CIiE3fn2ES2_
=== g++ Summary for unix/-m32 ===
# of expected passes 55056
# of expected failures 290
# of unresolved testcases 8
# of unsupported tests 1199
=== g++ Summary ===
# of expected passes 111354
# of expected failures 580
# of unresolved testcases 16
# of unsupported tests 2386
/var/gcc/regression/trunk/11-gcc-64/build/gcc/testsuite/g++/../../xg++ version 4.9.0 20140228 (experimental) [trunk revision 208212] (GCC)
=== gcc tests ===
Running target unix
WARNING: program timed out.
FAIL: gcc.dg/c11-atomic-2.c (test for excess errors)
FAIL: gcc.dg/unroll_1.c (test for warnings, line 14)
FAIL: gcc.dg/unroll_1.c (test for warnings, line 24)
=== gcc Summary for unix ===
# of expected passes 89431
# of unexpected failures 3
# of expected failures 308
# of unsupported tests 1779
Running target unix/-m32
WARNING: program timed out.
FAIL: gcc.dg/atomic/c11-atomic-exec-3.c -O3 -g (test for excess errors)
WARNING: gcc.dg/atomic/c11-atomic-exec-3.c -O3 -g compilation failed to produce executable
WARNING: program timed out.
FAIL: gcc.dg/c11-atomic-2.c (test for excess errors)
FAIL: gcc.dg/unroll_1.c (test for warnings, line 14)
FAIL: gcc.dg/unroll_1.c (test for warnings, line 24)
FAIL: gcc.dg/simulate-thread/atomic-other-int.c -O0 -g thread simulation test
FAIL: gcc.dg/simulate-thread/atomic-other-int.c -O2 -g thread simulation test
FAIL: gcc.dg/simulate-thread/atomic-other-int.c -O3 -g thread simulation test
FAIL: gcc.dg/simulate-thread/speculative-store-4.c -O0 -g thread simulation test
FAIL: gcc.dg/simulate-thread/speculative-store-4.c -O2 -g thread simulation test
FAIL: gcc.dg/simulate-thread/speculative-store-4.c -O3 -g thread simulation test
FAIL: gcc.dg/simulate-thread/speculative-store.c -O0 -g thread simulation test
=== gcc Summary for unix/-m32 ===
# of expected passes 88641
# of unexpected failures 11
# of expected failures 319
# of unsupported tests 1846
=== gcc Summary ===
# of expected passes 178072
# of unexpected failures 14
# of expected failures 627
# of unsupported tests 3625
/var/gcc/regression/trunk/11-gcc-64/build/gcc/xgcc version 4.9.0 20140228 (experimental) [trunk revision 208212] (GCC)
=== gfortran tests ===
Running target unix
=== gfortran Summary for unix ===
# of expected passes 45258
# of expected failures 40
# of unsupported tests 103
Running target unix/-m32
=== gfortran Summary for unix/-m32 ===
# of expected passes 44931
# of expected failures 40
# of unsupported tests 264
=== gfortran Summary ===
# of expected passes 90189
# of expected failures 80
# of unsupported tests 367
/var/gcc/regression/trunk/11-gcc-64/build/gcc/testsuite/gfortran/../../gfortran version 4.9.0 20140228 (experimental) [trunk revision 208212] (GCC)
=== gnat tests ===
Running target unix/-m32
=== gnat Summary for unix/-m32 ===
# of expected passes 1203
# of expected failures 18
# of unsupported tests 13
Running target unix
=== gnat Summary for unix ===
# of expected passes 1203
# of expected failures 18
# of unsupported tests 13
=== gnat Summary ===
# of expected passes 2406
# of expected failures 36
# of unsupported tests 26
/var/gcc/regression/trunk/11-gcc-64/build/gcc/gnatmake version 4.9.0 20140228 (experimental) [trunk revision 208212]
=== go tests ===
Running target unix
FAIL: ./index0-out.go compilation, -O0 -g -fno-var-tracking-assignments
FAIL: ./slice3-out.go compilation, -O0 -g -fno-var-tracking-assignments
FAIL: go.test/test/recover.go execution, -O2 -g
WARNING: program timed out.
WARNING: program timed out.
=== go Summary for unix ===
# of expected passes 7243
# of unexpected failures 3
# of expected failures 1
# of untested testcases 12
# of unsupported tests 3
Running target unix/-m32
FAIL: ./index0-out.go compilation, -O0 -g -fno-var-tracking-assignments
FAIL: ./slice3-out.go compilation, -O0 -g -fno-var-tracking-assignments
FAIL: go.test/test/recover.go execution, -O2 -g
WARNING: program timed out.
WARNING: program timed out.
=== go Summary for unix/-m32 ===
# of expected passes 7363
# of unexpected failures 3
# of expected failures 1
# of untested testcases 12
# of unsupported tests 3
=== go Summary ===
# of expected passes 14606
# of unexpected failures 6
# of expected failures 2
# of untested testcases 24
# of unsupported tests 6
/var/gcc/regression/trunk/11-gcc-64/build/gcc/testsuite/go/../../gccgo version 4.9.0 20140228 (experimental) [trunk revision 208212] (GCC)
=== obj-c++ tests ===
Running target unix/-m32
FAIL: obj-c++.dg/invalid-method-2.mm -fgnu-runtime (test for errors, line 10)
FAIL: obj-c++.dg/invalid-method-2.mm -fgnu-runtime (test for errors, line 14)
FAIL: obj-c++.dg/invalid-method-2.mm -fgnu-runtime (test for excess errors)
=== obj-c++ Summary for unix/-m32 ===
# of expected passes 1446
# of unexpected failures 3
# of expected failures 2
# of unsupported tests 86
Running target unix
FAIL: obj-c++.dg/invalid-method-2.mm -fgnu-runtime (test for errors, line 10)
FAIL: obj-c++.dg/invalid-method-2.mm -fgnu-runtime (test for errors, line 14)
FAIL: obj-c++.dg/invalid-method-2.mm -fgnu-runtime (test for excess errors)
=== obj-c++ Summary for unix ===
# of expected passes 1438
# of unexpected failures 3
# of expected failures 10
# of unsupported tests 86
=== obj-c++ Summary ===
# of expected passes 2884
# of unexpected failures 6
# of expected failures 12
# of unsupported tests 172
/var/gcc/regression/trunk/11-gcc-64/build/gcc/testsuite/obj-c++/../../xg++ version 4.9.0 20140228 (experimental) [trunk revision 208212] (GCC)
=== objc tests ===
Running target unix
=== objc Summary for unix ===
# of expected passes 2994
# of unsupported tests 74
Running target unix/-m32
=== objc Summary for unix/-m32 ===
# of expected passes 2994
# of unsupported tests 74
=== objc Summary ===
# of expected passes 5988
# of unsupported tests 148
/var/gcc/regression/trunk/11-gcc-64/build/gcc/xgcc version 4.9.0 20140228 (experimental) [trunk revision 208212] (GCC)
=== boehm-gc tests ===
Running target unix/-m32
=== boehm-gc Summary for unix/-m32 ===
# of expected passes 12
# of unsupported tests 1
Running target unix
=== boehm-gc Summary for unix ===
# of expected passes 12
# of unsupported tests 1
=== boehm-gc Summary ===
# of expected passes 24
# of unsupported tests 2
=== libatomic tests ===
Running target unix/-m32
=== libatomic Summary for unix/-m32 ===
# of expected passes 44
# of unsupported tests 5
Running target unix
=== libatomic Summary for unix ===
# of expected passes 54
=== libatomic Summary ===
# of expected passes 98
# of unsupported tests 5
=== libffi tests ===
Running target unix/-m32
=== libffi Summary for unix/-m32 ===
# of expected passes 1819
# of unsupported tests 55
Running target unix
=== libffi Summary for unix ===
# of expected passes 1819
# of unsupported tests 55
=== libffi Summary ===
# of expected passes 3638
# of unsupported tests 110
=== libgo tests ===
Running target unix
FAIL: runtime
=== libgo Summary for unix ===
# of expected passes 121
# of unexpected failures 1
Running target unix/-m32
FAIL: runtime
FAIL: os/exec
FAIL: text/template
FAIL: testing/quick
=== libgo Summary for unix/-m32 ===
# of expected passes 118
# of unexpected failures 4
=== libgo Summary ===
# of expected passes 239
# of unexpected failures 5
/var/gcc/regression/trunk/11-gcc-64/build/./gcc/gccgo version 4.9.0 20140228 (experimental) [trunk revision 208212] (GCC)
=== libgomp tests ===
Running target unix/-m32
=== libgomp Summary for unix/-m32 ===
# of expected passes 2339
# of unsupported tests 3
Running target unix
=== libgomp Summary for unix ===
# of expected passes 2339
# of unsupported tests 3
=== libgomp Summary ===
# of expected passes 4678
# of unsupported tests 6
=== libitm tests ===
Running target unix/-m32
=== libitm Summary for unix/-m32 ===
# of expected passes 26
# of expected failures 3
# of unsupported tests 1
Running target unix
=== libitm Summary for unix ===
# of expected passes 26
# of expected failures 3
# of unsupported tests 1
=== libitm Summary ===
# of expected passes 52
# of expected failures 6
# of unsupported tests 2
=== libjava tests ===
Running target unix/-m32
=== libjava Summary for unix/-m32 ===
# of expected passes 2582
# of expected failures 4
Running target unix
=== libjava Summary for unix ===
# of expected passes 2582
# of expected failures 4
=== libjava Summary ===
# of expected passes 5164
# of expected failures 8
=== libstdc++ tests ===
Running target unix
=== libstdc++ Summary for unix ===
# of expected passes 8982
# of expected failures 41
# of unsupported tests 600
Running target unix/-m32
=== libstdc++ Summary for unix/-m32 ===
# of expected passes 8982
# of expected failures 41
# of unsupported tests 600
=== libstdc++ Summary ===
# of expected passes 17964
# of expected failures 82
# of unsupported tests 1200
Compiler version: 4.9.0 20140228 (experimental) [trunk revision 208212] (GCC)
Platform: sparcv9-sun-solaris2.11
configure flags: --prefix=/vol/gcc --target=sparcv9-sun-solaris2.11 --enable-objc-gc --enable-libmudflap --with-gmp-include=/vol/gcc/include --with-gmp-lib=/vol/gcc/lib/sparcv9 --with-mpfr-include=/vol/gcc/include --with-mpfr-lib=/vol/gcc/lib/sparcv9 --with-mpc-include=/vol/gcc/include --with-mpc-lib=/vol/gcc/lib/sparcv9 --enable-languages=all,ada,obj-c++,go --without-isl --without-cloog --build=sparcv9-sun-solaris2.11 --host=sparcv9-sun-solaris2.11
BOOT_CFLAGS=-g -O2
More information about the Gcc-testresults
mailing list