Results for 4.8.3 20140228 (prerelease) [gcc-4_8-branch revision 208211] (GCC) testsuite on sparc-sun-solaris2.9
Rainer Orth
ro@CeBiTec.Uni-Bielefeld.DE
Sat Mar 1 21:42:00 GMT 2014
LAST_UPDATED: Fri Feb 28 11:39:33 UTC 2014 (revision 208211)
=== acats tests ===
=== acats Summary ===
# of expected passes 2320
# of unexpected failures 0
Native configuration is sparc-sun-solaris2.9
=== g++ tests ===
Running target unix
FAIL: g++.dg/lto/20091219 cp_lto_20091219_0.o-cp_lto_20091219_0.o link, -O3 -flto
UNRESOLVED: g++.dg/lto/20091219 cp_lto_20091219_0.o-cp_lto_20091219_0.o execute -O3 -flto
FAIL: g++.dg/torture/pr31863.C -O2 -flto (test for excess errors)
FAIL: g++.dg/tree-prof/pr59255.C compilation, -fprofile-generate
UNRESOLVED: g++.dg/tree-prof/pr59255.C execution, -fprofile-generate
UNRESOLVED: g++.dg/tree-prof/pr59255.C compilation, -fprofile-use
UNRESOLVED: g++.dg/tree-prof/pr59255.C execution, -fprofile-use
=== g++ Summary for unix ===
# of expected passes 50000
# of unexpected failures 3
# of expected failures 292
# of unresolved testcases 4
# of unsupported tests 1154
Running target unix/-m64
FAIL: g++.dg/lto/20091219 cp_lto_20091219_0.o-cp_lto_20091219_0.o link, -O3 -flto
UNRESOLVED: g++.dg/lto/20091219 cp_lto_20091219_0.o-cp_lto_20091219_0.o execute -O3 -flto
FAIL: g++.dg/torture/pr31863.C -O2 -flto (test for excess errors)
FAIL: g++.dg/tree-prof/pr59255.C compilation, -fprofile-generate
UNRESOLVED: g++.dg/tree-prof/pr59255.C execution, -fprofile-generate
UNRESOLVED: g++.dg/tree-prof/pr59255.C compilation, -fprofile-use
UNRESOLVED: g++.dg/tree-prof/pr59255.C execution, -fprofile-use
=== g++ Summary for unix/-m64 ===
# of expected passes 51236
# of unexpected failures 3
# of expected failures 292
# of unresolved testcases 4
# of unsupported tests 1146
=== g++ Summary ===
# of expected passes 101236
# of unexpected failures 6
# of expected failures 584
# of unresolved testcases 8
# of unsupported tests 2300
/var/gcc/regression/gcc-4.8-branch/9-gcc/build/gcc/testsuite/g++/../../xg++ version 4.8.3 20140228 (prerelease) [gcc-4_8-branch revision 208211] (GCC)
=== gcc tests ===
Running target unix
FAIL: gcc.dg/simulate-thread/atomic-other-int.c -O0 -g thread simulation test
FAIL: gcc.dg/simulate-thread/atomic-other-int.c -O2 -g thread simulation test
FAIL: gcc.dg/simulate-thread/atomic-other-int.c -O3 -g thread simulation test
FAIL: gcc.dg/simulate-thread/speculative-store-4.c -O0 -g thread simulation test
FAIL: gcc.dg/simulate-thread/speculative-store-4.c -O2 -g thread simulation test
FAIL: gcc.dg/simulate-thread/speculative-store-4.c -O3 -g thread simulation test
FAIL: gcc.dg/simulate-thread/speculative-store.c -O0 -g thread simulation test
=== gcc Summary for unix ===
# of expected passes 83585
# of unexpected failures 7
# of expected failures 325
# of unsupported tests 1741
Running target unix/-m64
=== gcc Summary for unix/-m64 ===
# of expected passes 84329
# of expected failures 314
# of unsupported tests 1693
=== gcc Summary ===
# of expected passes 167914
# of unexpected failures 7
# of expected failures 639
# of unsupported tests 3434
/var/gcc/regression/gcc-4.8-branch/9-gcc/build/gcc/xgcc version 4.8.3 20140228 (prerelease) [gcc-4_8-branch revision 208211] (GCC)
=== gfortran tests ===
Running target unix
=== gfortran Summary for unix ===
# of expected passes 43147
# of expected failures 58
# of unsupported tests 411
Running target unix/-m64
=== gfortran Summary for unix/-m64 ===
# of expected passes 43425
# of expected failures 58
# of unsupported tests 275
=== gfortran Summary ===
# of expected passes 86572
# of expected failures 116
# of unsupported tests 686
/var/gcc/regression/gcc-4.8-branch/9-gcc/build/gcc/testsuite/gfortran/../../gfortran version 4.8.3 20140228 (prerelease) [gcc-4_8-branch revision 208211] (GCC)
=== gnat tests ===
Running target unix
=== gnat Summary for unix ===
# of expected passes 1155
# of expected failures 17
# of unsupported tests 13
Running target unix/-m64
=== gnat Summary for unix/-m64 ===
# of expected passes 1155
# of expected failures 17
# of unsupported tests 13
=== gnat Summary ===
# of expected passes 2310
# of expected failures 34
# of unsupported tests 26
/var/gcc/regression/gcc-4.8-branch/9-gcc/build/gcc/gnatmake version 4.8.3 20140228 (prerelease) [gcc-4_8-branch revision 208211]
=== go tests ===
Running target unix
FAIL: ./rotate-out.go compilation, -O0 -g -fno-var-tracking-assignments
WARNING: program timed out.
=== go Summary for unix ===
# of expected passes 5177
# of unexpected failures 1
# of expected failures 1
# of untested testcases 7
Running target unix/-m64
FAIL: ./rotate-out.go compilation, -O0 -g -fno-var-tracking-assignments
WARNING: program timed out.
=== go Summary for unix/-m64 ===
# of expected passes 5057
# of unexpected failures 1
# of expected failures 1
# of untested testcases 7
=== go Summary ===
# of expected passes 10234
# of unexpected failures 2
# of expected failures 2
# of untested testcases 14
/var/gcc/regression/gcc-4.8-branch/9-gcc/build/gcc/testsuite/go/../../gccgo version 4.8.3 20140228 (prerelease) [gcc-4_8-branch revision 208211] (GCC)
=== obj-c++ tests ===
Running target unix
=== obj-c++ Summary for unix ===
# of expected passes 1450
# of expected failures 2
# of unsupported tests 86
Running target unix/-m64
=== obj-c++ Summary for unix/-m64 ===
# of expected passes 1442
# of expected failures 10
# of unsupported tests 86
=== obj-c++ Summary ===
# of expected passes 2892
# of expected failures 12
# of unsupported tests 172
/var/gcc/regression/gcc-4.8-branch/9-gcc/build/gcc/testsuite/obj-c++/../../xg++ version 4.8.3 20140228 (prerelease) [gcc-4_8-branch revision 208211] (GCC)
=== objc tests ===
Running target unix
=== objc Summary for unix ===
# of expected passes 2994
# of unsupported tests 74
Running target unix/-m64
=== objc Summary for unix/-m64 ===
# of expected passes 2994
# of unsupported tests 74
=== objc Summary ===
# of expected passes 5988
# of unsupported tests 148
/var/gcc/regression/gcc-4.8-branch/9-gcc/build/gcc/xgcc version 4.8.3 20140228 (prerelease) [gcc-4_8-branch revision 208211] (GCC)
=== boehm-gc tests ===
Running target unix
=== boehm-gc Summary for unix ===
# of expected passes 12
# of unsupported tests 1
Running target unix/-m64
=== boehm-gc Summary for unix/-m64 ===
# of expected passes 12
# of unsupported tests 1
=== boehm-gc Summary ===
# of expected passes 24
# of unsupported tests 2
=== libatomic tests ===
Running target unix
=== libatomic Summary for unix ===
# of expected passes 34
# of unsupported tests 10
Running target unix/-m64
=== libatomic Summary for unix/-m64 ===
# of expected passes 44
# of unsupported tests 5
=== libatomic Summary ===
# of expected passes 78
# of unsupported tests 15
=== libffi tests ===
Running target unix
=== libffi Summary for unix ===
# of expected passes 1819
# of unsupported tests 55
Running target unix/-m64
=== libffi Summary for unix/-m64 ===
# of expected passes 1819
# of unsupported tests 55
=== libffi Summary ===
# of expected passes 3638
# of unsupported tests 110
=== libgo tests ===
Running target unix
FAIL: runtime
FAIL: log/syslog
FAIL: text/template
FAIL: testing/quick
=== libgo Summary for unix ===
# of expected passes 118
# of unexpected failures 4
Running target unix/-m64
FAIL: image
FAIL: mime
FAIL: net
FAIL: os
FAIL: regexp
FAIL: syscall
FAIL: debug/dwarf
FAIL: image/jpeg
FAIL: log/syslog
FAIL: net/http
FAIL: net/http/cgi
FAIL: net/http/httptest
FAIL: net/http/httputil
FAIL: net/rpc
FAIL: net/smtp
FAIL: os/exec
=== libgo Summary for unix/-m64 ===
# of expected passes 106
# of unexpected failures 16
=== libgo Summary ===
# of expected passes 224
# of unexpected failures 20
=== libgomp tests ===
Running target unix
=== libgomp Summary for unix ===
# of expected passes 3050
# of unsupported tests 3
Running target unix/-m64
=== libgomp Summary for unix/-m64 ===
# of expected passes 3050
# of unsupported tests 3
=== libgomp Summary ===
# of expected passes 6100
# of unsupported tests 6
=== libitm tests ===
Running target unix
=== libitm Summary for unix ===
# of expected passes 26
# of expected failures 3
# of unsupported tests 1
Running target unix/-m64
=== libitm Summary for unix/-m64 ===
# of expected passes 26
# of expected failures 3
# of unsupported tests 1
=== libitm Summary ===
# of expected passes 52
# of expected failures 6
# of unsupported tests 2
=== libjava tests ===
Running target unix
FAIL: InvokeInterface execution - source compiled test
FAIL: InvokeInterface -O3 execution - source compiled test
FAIL: sourcelocation output - source compiled test
FAIL: sourcelocation -findirect-dispatch output - source compiled test
FAIL: sourcelocation -O3 output - source compiled test
FAIL: sourcelocation -O3 -findirect-dispatch output - source compiled test
=== libjava Summary for unix ===
# of expected passes 2578
# of unexpected failures 6
# of untested testcases 2
Running target unix/-m64
FAIL: InvokeInterface execution - source compiled test
FAIL: InvokeInterface -O3 execution - source compiled test
FAIL: sourcelocation output - source compiled test
FAIL: sourcelocation -findirect-dispatch output - source compiled test
FAIL: sourcelocation -O3 output - source compiled test
FAIL: sourcelocation -O3 -findirect-dispatch output - source compiled test
=== libjava Summary for unix/-m64 ===
# of expected passes 2578
# of unexpected failures 6
# of untested testcases 2
=== libjava Summary ===
# of expected passes 5156
# of unexpected failures 12
# of untested testcases 4
=== libstdc++ tests ===
Running target unix
=== libstdc++ Summary for unix ===
# of expected passes 7688
# of expected failures 47
# of unsupported tests 898
Running target unix/-m64
=== libstdc++ Summary for unix/-m64 ===
# of expected passes 7688
# of expected failures 47
# of unsupported tests 898
=== libstdc++ Summary ===
# of expected passes 15376
# of expected failures 94
# of unsupported tests 1796
Compiler version: 4.8.3 20140228 (prerelease) [gcc-4_8-branch revision 208211] (GCC)
Platform: sparc-sun-solaris2.9
configure flags: --prefix=/vol/gcc --target=sparc-sun-solaris2.9 --enable-objc-gc --with-gmp-include=/vol/gcc/include --with-gmp-lib=/vol/gcc/lib --with-mpfr-include=/vol/gcc/include --with-mpfr-lib=/vol/gcc/lib --with-mpc-include=/vol/gcc/include --with-mpc-lib=/vol/gcc/lib --enable-languages=all,ada,obj-c++,go --with-isl-include=/vol/gcc/include --with-isl-lib=/vol/gcc/lib --with-cloog-include=/vol/gcc/include --with-cloog-lib=/vol/gcc/lib --enable-cloog-backend=isl
BOOT_CFLAGS=-g -O2
More information about the Gcc-testresults
mailing list