Results for 4.8.3 20140228 (prerelease) [gcc-4_8-branch revision 208211] (GCC) testsuite on i386-pc-solaris2.10
Rainer Orth
ro@CeBiTec.Uni-Bielefeld.DE
Sat Mar 1 08:07:00 GMT 2014
LAST_UPDATED: Fri Feb 28 11:39:33 UTC 2014 (revision 208211)
=== acats tests ===
=== acats Summary ===
# of expected passes 2320
# of unexpected failures 0
Native configuration is i386-pc-solaris2.10
=== g++ tests ===
Running target unix
FAIL: g++.dg/tree-prof/pr59255.C compilation, -fprofile-generate
UNRESOLVED: g++.dg/tree-prof/pr59255.C execution, -fprofile-generate
UNRESOLVED: g++.dg/tree-prof/pr59255.C compilation, -fprofile-use
UNRESOLVED: g++.dg/tree-prof/pr59255.C execution, -fprofile-use
=== g++ Summary for unix ===
# of expected passes 51100
# of unexpected failures 1
# of expected failures 292
# of unresolved testcases 3
# of unsupported tests 679
Running target unix/-m64
FAIL: g++.dg/tree-prof/pr59255.C compilation, -fprofile-generate
UNRESOLVED: g++.dg/tree-prof/pr59255.C execution, -fprofile-generate
UNRESOLVED: g++.dg/tree-prof/pr59255.C compilation, -fprofile-use
UNRESOLVED: g++.dg/tree-prof/pr59255.C execution, -fprofile-use
=== g++ Summary for unix/-m64 ===
# of expected passes 51864
# of unexpected failures 1
# of expected failures 292
# of unresolved testcases 3
# of unsupported tests 924
=== g++ Summary ===
# of expected passes 102964
# of unexpected failures 2
# of expected failures 584
# of unresolved testcases 6
# of unsupported tests 1603
/var/gcc/regression/gcc-4.8-branch/10-gcc-gas/build/gcc/testsuite/g++/../../xg++ version 4.8.3 20140228 (prerelease) [gcc-4_8-branch revision 208211] (GCC)
=== gcc tests ===
Running target unix
FAIL: gcc.dg/lto/20090210 c_lto_20090210_0.o-c_lto_20090210_1.o execute -O2 -flto -flto-partition=none
FAIL: gcc.dg/lto/20090210 c_lto_20090210_0.o-c_lto_20090210_1.o execute -O2 -flto -flto-partition=1to1
FAIL: gcc.dg/lto/20090210 c_lto_20090210_0.o-c_lto_20090210_1.o execute -O2 -flto
FAIL: gcc.dg/torture/tls/run-ld.c -O1 execution test
FAIL: gcc.dg/torture/tls/run-ld.c -O2 execution test
FAIL: gcc.dg/torture/tls/run-ld.c -O3 -fomit-frame-pointer execution test
FAIL: gcc.dg/torture/tls/run-ld.c -O3 -g execution test
FAIL: gcc.dg/torture/tls/run-ld.c -Os execution test
FAIL: gcc.dg/torture/tls/run-ld.c -O1 -fpic execution test
FAIL: gcc.dg/torture/tls/run-ld.c -O2 -fpic execution test
FAIL: gcc.dg/torture/tls/run-ld.c -O3 -fomit-frame-pointer -fpic execution test
FAIL: gcc.dg/torture/tls/run-ld.c -O3 -g -fpic execution test
FAIL: gcc.dg/torture/tls/run-ld.c -Os -fpic execution test
FAIL: gcc.dg/torture/tls/run-ld.c -O1 -fPIC execution test
FAIL: gcc.dg/torture/tls/run-ld.c -O2 -fPIC execution test
FAIL: gcc.dg/torture/tls/run-ld.c -O3 -fomit-frame-pointer -fPIC execution test
FAIL: gcc.dg/torture/tls/run-ld.c -O3 -g -fPIC execution test
FAIL: gcc.dg/torture/tls/run-ld.c -Os -fPIC execution test
FAIL: gcc.dg/torture/tls/run-ld.c -O2 -flto -flto-partition=none execution test
FAIL: gcc.dg/torture/tls/run-ld.c -O2 -flto execution test
FAIL: gcc.dg/torture/tls/thr-init-2.c -O2 -fpic execution test
FAIL: gcc.dg/torture/tls/thr-init-2.c -O3 -fomit-frame-pointer -fpic execution test
FAIL: gcc.dg/torture/tls/thr-init-2.c -O3 -g -fpic execution test
FAIL: gcc.dg/torture/tls/thr-init-2.c -Os -fpic execution test
FAIL: gcc.dg/torture/tls/thr-init-2.c -O2 -fPIC execution test
FAIL: gcc.dg/torture/tls/thr-init-2.c -O3 -fomit-frame-pointer -fPIC execution test
FAIL: gcc.dg/torture/tls/thr-init-2.c -O3 -g -fPIC execution test
FAIL: gcc.dg/torture/tls/thr-init-2.c -Os -fPIC execution test
=== gcc Summary for unix ===
# of expected passes 92550
# of unexpected failures 28
# of expected failures 262
# of unsupported tests 1155
Running target unix/-m64
WARNING: program timed out.
FAIL: gcc.c-torture/execute/builtins/memcpy-chk.c compilation, -O2 -flto -flto-partition=none
UNRESOLVED: gcc.c-torture/execute/builtins/memcpy-chk.c execution, -O2 -flto -flto-partition=none
WARNING: program timed out.
FAIL: gcc.c-torture/execute/builtins/memcpy-chk.c compilation, -O2 -flto
UNRESOLVED: gcc.c-torture/execute/builtins/memcpy-chk.c execution, -O2 -flto
WARNING: program timed out.
FAIL: gcc.c-torture/execute/builtins/memmove-chk.c compilation, -O2 -flto -flto-partition=none
UNRESOLVED: gcc.c-torture/execute/builtins/memmove-chk.c execution, -O2 -flto -flto-partition=none
WARNING: program timed out.
FAIL: gcc.c-torture/execute/builtins/memmove-chk.c compilation, -O2 -flto
UNRESOLVED: gcc.c-torture/execute/builtins/memmove-chk.c execution, -O2 -flto
WARNING: program timed out.
FAIL: gcc.c-torture/execute/builtins/mempcpy-chk.c compilation, -O2 -flto -flto-partition=none
UNRESOLVED: gcc.c-torture/execute/builtins/mempcpy-chk.c execution, -O2 -flto -flto-partition=none
WARNING: program timed out.
FAIL: gcc.c-torture/execute/builtins/mempcpy-chk.c compilation, -O2 -flto
UNRESOLVED: gcc.c-torture/execute/builtins/mempcpy-chk.c execution, -O2 -flto
WARNING: program timed out.
FAIL: gcc.c-torture/execute/builtins/memset-chk.c compilation, -O2 -flto -flto-partition=none
UNRESOLVED: gcc.c-torture/execute/builtins/memset-chk.c execution, -O2 -flto -flto-partition=none
WARNING: program timed out.
FAIL: gcc.c-torture/execute/builtins/memset-chk.c compilation, -O2 -flto
UNRESOLVED: gcc.c-torture/execute/builtins/memset-chk.c execution, -O2 -flto
WARNING: program timed out.
FAIL: gcc.c-torture/execute/builtins/snprintf-chk.c compilation, -O2 -flto -flto-partition=none
UNRESOLVED: gcc.c-torture/execute/builtins/snprintf-chk.c execution, -O2 -flto -flto-partition=none
WARNING: program timed out.
FAIL: gcc.c-torture/execute/builtins/snprintf-chk.c compilation, -O2 -flto
UNRESOLVED: gcc.c-torture/execute/builtins/snprintf-chk.c execution, -O2 -flto
WARNING: program timed out.
FAIL: gcc.c-torture/execute/builtins/sprintf-chk.c compilation, -O2 -flto -flto-partition=none
UNRESOLVED: gcc.c-torture/execute/builtins/sprintf-chk.c execution, -O2 -flto -flto-partition=none
WARNING: program timed out.
FAIL: gcc.c-torture/execute/builtins/sprintf-chk.c compilation, -O2 -flto
UNRESOLVED: gcc.c-torture/execute/builtins/sprintf-chk.c execution, -O2 -flto
WARNING: program timed out.
FAIL: gcc.c-torture/execute/builtins/stpcpy-chk.c compilation, -O2 -flto -flto-partition=none
UNRESOLVED: gcc.c-torture/execute/builtins/stpcpy-chk.c execution, -O2 -flto -flto-partition=none
WARNING: program timed out.
FAIL: gcc.c-torture/execute/builtins/stpcpy-chk.c compilation, -O2 -flto
UNRESOLVED: gcc.c-torture/execute/builtins/stpcpy-chk.c execution, -O2 -flto
FAIL: gcc.c-torture/execute/20020108-1.c compilation, -O2 -flto -flto-partition=none
UNRESOLVED: gcc.c-torture/execute/20020108-1.c execution, -O2 -flto -flto-partition=none
FAIL: gcc.c-torture/execute/20020108-1.c compilation, -O2 -flto
UNRESOLVED: gcc.c-torture/execute/20020108-1.c execution, -O2 -flto
FAIL: gcc.c-torture/execute/builtin-bitops-1.c compilation, -O2 -flto -flto-partition=none
UNRESOLVED: gcc.c-torture/execute/builtin-bitops-1.c execution, -O2 -flto -flto-partition=none
FAIL: gcc.c-torture/execute/builtin-bitops-1.c compilation, -O2 -flto
UNRESOLVED: gcc.c-torture/execute/builtin-bitops-1.c execution, -O2 -flto
WARNING: program timed out.
WARNING: program timed out.
WARNING: program timed out.
WARNING: program timed out.
WARNING: program timed out.
FAIL: c-c++-common/torture/complex-sign-mul.c -O2 -flto -flto-partition=none (test for excess errors)
WARNING: program timed out.
FAIL: c-c++-common/torture/complex-sign-mul.c -O2 -flto (test for excess errors)
WARNING: program timed out.
FAIL: c-c++-common/torture/complex-sign-sub.c -O2 -flto -flto-partition=none (test for excess errors)
WARNING: program timed out.
FAIL: c-c++-common/torture/complex-sign-sub.c -O2 -flto (test for excess errors)
WARNING: program timed out.
FAIL: gcc.dg/torture/builtin-attr-1.c -O2 -flto -flto-partition=none (test for excess errors)
WARNING: program timed out.
FAIL: gcc.dg/torture/builtin-attr-1.c -O2 -flto (test for excess errors)
WARNING: program timed out.
FAIL: gcc.dg/torture/fp-int-convert-float.c -O2 -flto (test for excess errors)
=== gcc Summary for unix/-m64 ===
# of expected passes 92941
# of unexpected failures 25
# of expected failures 264
# of unresolved testcases 18
# of unsupported tests 1459
=== gcc Summary ===
# of expected passes 185491
# of unexpected failures 53
# of expected failures 526
# of unresolved testcases 18
# of unsupported tests 2614
/var/gcc/regression/gcc-4.8-branch/10-gcc-gas/build/gcc/xgcc version 4.8.3 20140228 (prerelease) [gcc-4_8-branch revision 208211] (GCC)
=== gfortran tests ===
Running target unix
=== gfortran Summary for unix ===
# of expected passes 43536
# of expected failures 56
# of unsupported tests 228
Running target unix/-m64
=== gfortran Summary for unix/-m64 ===
# of expected passes 43839
# of expected failures 56
# of unsupported tests 82
=== gfortran Summary ===
# of expected passes 87375
# of expected failures 112
# of unsupported tests 310
/var/gcc/regression/gcc-4.8-branch/10-gcc-gas/build/gcc/testsuite/gfortran/../../gfortran version 4.8.3 20140228 (prerelease) [gcc-4_8-branch revision 208211] (GCC)
=== gnat tests ===
Running target unix
=== gnat Summary for unix ===
# of expected passes 1169
# of expected failures 17
# of unsupported tests 6
Running target unix/-m64
=== gnat Summary for unix/-m64 ===
# of expected passes 1169
# of expected failures 17
# of unsupported tests 6
=== gnat Summary ===
# of expected passes 2338
# of expected failures 34
# of unsupported tests 12
/var/gcc/regression/gcc-4.8-branch/10-gcc-gas/build/gcc/gnatmake version 4.8.3 20140228 (prerelease) [gcc-4_8-branch revision 208211]
=== go tests ===
Running target unix
FAIL: ./rotate-out.go compilation, -O0 -g -fno-var-tracking-assignments
WARNING: program timed out.
=== go Summary for unix ===
# of expected passes 5179
# of unexpected failures 1
# of expected failures 1
# of untested testcases 6
Running target unix/-m64
=== go Summary for unix/-m64 ===
# of expected passes 5061
# of expected failures 1
# of untested testcases 5
=== go Summary ===
# of expected passes 10240
# of unexpected failures 1
# of expected failures 2
# of untested testcases 11
/var/gcc/regression/gcc-4.8-branch/10-gcc-gas/build/gcc/testsuite/go/../../gccgo version 4.8.3 20140228 (prerelease) [gcc-4_8-branch revision 208211] (GCC)
=== obj-c++ tests ===
Running target unix
=== obj-c++ Summary for unix ===
# of expected passes 1450
# of expected failures 2
# of unsupported tests 86
Running target unix/-m64
=== obj-c++ Summary for unix/-m64 ===
# of expected passes 1442
# of expected failures 10
# of unsupported tests 86
=== obj-c++ Summary ===
# of expected passes 2892
# of expected failures 12
# of unsupported tests 172
/var/gcc/regression/gcc-4.8-branch/10-gcc-gas/build/gcc/testsuite/obj-c++/../../xg++ version 4.8.3 20140228 (prerelease) [gcc-4_8-branch revision 208211] (GCC)
=== objc tests ===
Running target unix
=== objc Summary for unix ===
# of expected passes 2988
# of expected failures 6
# of unsupported tests 74
Running target unix/-m64
=== objc Summary for unix/-m64 ===
# of expected passes 2988
# of expected failures 6
# of unsupported tests 74
=== objc Summary ===
# of expected passes 5976
# of expected failures 12
# of unsupported tests 148
/var/gcc/regression/gcc-4.8-branch/10-gcc-gas/build/gcc/xgcc version 4.8.3 20140228 (prerelease) [gcc-4_8-branch revision 208211] (GCC)
=== boehm-gc tests ===
Running target unix
=== boehm-gc Summary for unix ===
# of expected passes 12
# of unsupported tests 1
Running target unix/-m64
=== boehm-gc Summary for unix/-m64 ===
# of expected passes 12
# of unsupported tests 1
=== boehm-gc Summary ===
# of expected passes 24
# of unsupported tests 2
=== libatomic tests ===
Running target unix
=== libatomic Summary for unix ===
# of expected passes 44
# of unsupported tests 5
Running target unix/-m64
=== libatomic Summary for unix/-m64 ===
# of expected passes 54
=== libatomic Summary ===
# of expected passes 98
# of unsupported tests 5
=== libffi tests ===
Running target unix
=== libffi Summary for unix ===
# of expected passes 1819
# of unsupported tests 55
Running target unix/-m64
=== libffi Summary for unix/-m64 ===
# of expected passes 1819
# of unsupported tests 55
=== libffi Summary ===
# of expected passes 3638
# of unsupported tests 110
=== libgo tests ===
Running target unix
FAIL: runtime
=== libgo Summary for unix ===
# of expected passes 121
# of unexpected failures 1
Running target unix/-m64
FAIL: image
FAIL: mime
FAIL: net
FAIL: os
FAIL: regexp
FAIL: runtime
FAIL: strconv
FAIL: syscall
FAIL: time
FAIL: archive/tar
FAIL: archive/zip
FAIL: compress/flate
FAIL: compress/lzw
FAIL: compress/zlib
FAIL: crypto/cipher
FAIL: crypto/dsa
FAIL: crypto/ecdsa
FAIL: crypto/elliptic
FAIL: crypto/rand
FAIL: crypto/rsa
FAIL: crypto/tls
FAIL: crypto/x509
FAIL: debug/dwarf
FAIL: debug/elf
FAIL: debug/macho
FAIL: debug/pe
FAIL: html/template
FAIL: go/doc
FAIL: go/format
FAIL: go/parser
FAIL: go/printer
FAIL: image/jpeg
FAIL: image/png
FAIL: io/ioutil
FAIL: log/syslog
FAIL: mime/multipart
FAIL: net/http
FAIL: net/http/cgi
FAIL: net/http/httptest
FAIL: net/http/httputil
FAIL: net/rpc
FAIL: net/smtp
FAIL: old/template
FAIL: os/exec
FAIL: os/signal
FAIL: path/filepath
FAIL: text/template
=== libgo Summary for unix/-m64 ===
# of expected passes 75
# of unexpected failures 47
=== libgo Summary ===
# of expected passes 196
# of unexpected failures 48
/var/gcc/regression/gcc-4.8-branch/10-gcc-gas/build/./gcc/gccgo version 4.8.3 20140228 (prerelease) [gcc-4_8-branch revision 208211] (GCC)
=== libgomp tests ===
Running target unix
=== libgomp Summary for unix ===
# of expected passes 3050
# of unsupported tests 3
Running target unix/-m64
=== libgomp Summary for unix/-m64 ===
# of expected passes 3050
# of unsupported tests 3
=== libgomp Summary ===
# of expected passes 6100
# of unsupported tests 6
=== libitm tests ===
Running target unix
=== libitm Summary for unix ===
# of expected passes 26
# of expected failures 3
# of unsupported tests 1
Running target unix/-m64
=== libitm Summary for unix/-m64 ===
# of expected passes 26
# of expected failures 3
# of unsupported tests 1
=== libitm Summary ===
# of expected passes 52
# of expected failures 6
# of unsupported tests 2
=== libjava tests ===
Running target unix
FAIL: sourcelocation output - source compiled test
FAIL: sourcelocation -findirect-dispatch output - source compiled test
FAIL: sourcelocation -O3 output - source compiled test
FAIL: sourcelocation -O3 -findirect-dispatch output - source compiled test
=== libjava Summary for unix ===
# of expected passes 2582
# of unexpected failures 4
Running target unix/-m64
FAIL: sourcelocation output - source compiled test
FAIL: sourcelocation -findirect-dispatch output - source compiled test
FAIL: sourcelocation -O3 output - source compiled test
FAIL: sourcelocation -O3 -findirect-dispatch output - source compiled test
=== libjava Summary for unix/-m64 ===
# of expected passes 2582
# of unexpected failures 4
=== libjava Summary ===
# of expected passes 5164
# of unexpected failures 8
=== libstdc++ tests ===
Running target unix
=== libstdc++ Summary for unix ===
# of expected passes 8345
# of expected failures 46
# of unsupported tests 579
Running target unix/-m64
=== libstdc++ Summary for unix/-m64 ===
# of expected passes 8345
# of expected failures 46
# of unsupported tests 579
=== libstdc++ Summary ===
# of expected passes 16690
# of expected failures 92
# of unsupported tests 1158
Compiler version: 4.8.3 20140228 (prerelease) [gcc-4_8-branch revision 208211] (GCC)
Platform: i386-pc-solaris2.10
configure flags: --prefix=/vol/gcc --target=i386-pc-solaris2.10 --enable-objc-gc --with-as=/vol/gcc/bin/gas-2.24 --with-gnu-as --with-gmp-include=/vol/gcc/include --with-gmp-lib=/vol/gcc/lib --with-mpfr-include=/vol/gcc/include --with-mpfr-lib=/vol/gcc/lib --with-mpc-include=/vol/gcc/include --with-mpc-lib=/vol/gcc/lib --enable-languages=all,ada,obj-c++,go --with-isl-include=/vol/gcc/include --with-isl-lib=/vol/gcc/lib --with-cloog-include=/vol/gcc/include --with-cloog-lib=/vol/gcc/lib --enable-cloog-backend=isl
BOOT_CFLAGS=-g -O2
More information about the Gcc-testresults
mailing list