Results for 4.10.0 20140627 (experimental) (GCC) testsuite on m68k-unknown-linux-gnu
Andreas Schwab
schwab@linux-m68k.org
Fri Jun 27 07:34:00 GMT 2014
Target is m68k-unknown-linux-gnu
Host is x86_64-pc-linux-gnu
=== g++ tests ===
Running target aranym
FAIL: g++.dg/cdce3.C -std=gnu++98 scan-tree-dump cdce "cdce3.C:107: note: function call is shrink-wrapped into error conditions."
FAIL: g++.dg/cdce3.C -std=gnu++11 scan-tree-dump cdce "cdce3.C:107: note: function call is shrink-wrapped into error conditions."
FAIL: g++.dg/cdce3.C -std=gnu++1y scan-tree-dump cdce "cdce3.C:107: note: function call is shrink-wrapped into error conditions."
FAIL: c-c++-common/gomp/atomic-10.c -std=gnu++98 scan-tree-dump-times ompexp "__atomic_fetch_add" 4
FAIL: c-c++-common/gomp/atomic-10.c -std=gnu++11 scan-tree-dump-times ompexp "__atomic_fetch_add" 4
FAIL: c-c++-common/gomp/atomic-10.c -std=gnu++1y scan-tree-dump-times ompexp "__atomic_fetch_add" 4
FAIL: c-c++-common/gomp/atomic-3.c -std=gnu++98 scan-tree-dump-times ompexp "xyzzy, 4" 1
FAIL: c-c++-common/gomp/atomic-3.c -std=gnu++11 scan-tree-dump-times ompexp "xyzzy, 4" 1
FAIL: c-c++-common/gomp/atomic-3.c -std=gnu++1y scan-tree-dump-times ompexp "xyzzy, 4" 1
FAIL: c-c++-common/gomp/atomic-9.c -std=gnu++98 scan-tree-dump-times ompexp "__atomic_fetch_add" 1
FAIL: c-c++-common/gomp/atomic-9.c -std=gnu++11 scan-tree-dump-times ompexp "__atomic_fetch_add" 1
FAIL: c-c++-common/gomp/atomic-9.c -std=gnu++1y scan-tree-dump-times ompexp "__atomic_fetch_add" 1
=== g++ Summary ===
# of expected passes 77190
# of unexpected failures 12
# of expected failures 437
# of unsupported tests 3223
/daten/aranym/gcc/gcc-20140627/Build/gcc/testsuite/g++/../../xg++ version 4.10.0 20140627 (experimental) (GCC)
Host is x86_64-pc-linux-gnu
=== gcc tests ===
Running target aranym
FAIL: gcc.c-torture/execute/ieee/copysign1.c execution, -O0
FAIL: gcc.c-torture/execute/ieee/copysign1.c execution, -O1
FAIL: gcc.c-torture/execute/ieee/copysign1.c execution, -O2
FAIL: gcc.c-torture/execute/ieee/copysign1.c execution, -O3 -fomit-frame-pointer
FAIL: gcc.c-torture/execute/ieee/copysign1.c execution, -O3 -fomit-frame-pointer -funroll-loops
FAIL: gcc.c-torture/execute/ieee/copysign1.c execution, -O3 -fomit-frame-pointer -funroll-all-loops -finline-functions
FAIL: gcc.c-torture/execute/ieee/copysign1.c execution, -O3 -g
FAIL: gcc.c-torture/execute/ieee/copysign1.c execution, -Os
FAIL: gcc.c-torture/execute/ieee/copysign1.c execution, -Og -g
FAIL: gcc.c-torture/execute/ieee/copysign1.c execution, -O2 -flto -fno-use-linker-plugin -flto-partition=none
FAIL: gcc.c-torture/execute/ieee/copysign1.c execution, -O2 -flto -fuse-linker-plugin -fno-fat-lto-objects
FAIL: gcc.c-torture/execute/ieee/copysign2.c execution, -O0
FAIL: gcc.c-torture/execute/ieee/copysign2.c execution, -O1
FAIL: gcc.c-torture/execute/ieee/copysign2.c execution, -O2
FAIL: gcc.c-torture/execute/ieee/copysign2.c execution, -O3 -fomit-frame-pointer
FAIL: gcc.c-torture/execute/ieee/copysign2.c execution, -O3 -fomit-frame-pointer -funroll-loops
FAIL: gcc.c-torture/execute/ieee/copysign2.c execution, -O3 -fomit-frame-pointer -funroll-all-loops -finline-functions
FAIL: gcc.c-torture/execute/ieee/copysign2.c execution, -O3 -g
FAIL: gcc.c-torture/execute/ieee/copysign2.c execution, -Os
FAIL: gcc.c-torture/execute/ieee/copysign2.c execution, -Og -g
FAIL: gcc.c-torture/execute/ieee/copysign2.c execution, -O2 -flto -fno-use-linker-plugin -flto-partition=none
FAIL: gcc.c-torture/execute/ieee/copysign2.c execution, -O2 -flto -fuse-linker-plugin -fno-fat-lto-objects
FAIL: gcc.dg/atomic/c11-atomic-exec-5.c -O0 execution test
FAIL: gcc.dg/atomic/c11-atomic-exec-5.c -O1 execution test
FAIL: gcc.dg/atomic/c11-atomic-exec-5.c -O2 execution test
FAIL: gcc.dg/atomic/c11-atomic-exec-5.c -O3 -fomit-frame-pointer execution test
FAIL: gcc.dg/atomic/c11-atomic-exec-5.c -O3 -fomit-frame-pointer -funroll-loops execution test
FAIL: gcc.dg/atomic/c11-atomic-exec-5.c -O3 -fomit-frame-pointer -funroll-all-loops -finline-functions execution test
FAIL: gcc.dg/atomic/c11-atomic-exec-5.c -O3 -g execution test
FAIL: gcc.dg/atomic/c11-atomic-exec-5.c -Os execution test
FAIL: gcc.dg/atomic/c11-atomic-exec-5.c -O2 -flto -fno-use-linker-plugin -flto-partition=none execution test
FAIL: gcc.dg/atomic/c11-atomic-exec-5.c -O2 -flto -fuse-linker-plugin -fno-fat-lto-objects execution test
FAIL: gcc.dg/20020312-2.c (internal compiler error)
FAIL: gcc.dg/20020312-2.c (test for excess errors)
UNRESOLVED: gcc.dg/20020312-2.c compilation failed to produce executable
FAIL: gcc.dg/binop-xor1.c scan-tree-dump-times optimized "\\\\^" 1
FAIL: gcc.dg/optimize-bswaphi-1.c scan-tree-dump-times bswap "16 bit bswap implementation found at" 3
FAIL: gcc.dg/pr46647.c scan-tree-dump-not optimized "memset"
UNRESOLVED: gcc.dg/superblock.c scan-rtl-dump-times sched2 "ADVANCING TO" 2
FAIL: c-c++-common/gomp/atomic-10.c scan-tree-dump-times ompexp "__atomic_fetch_add" 4
FAIL: c-c++-common/gomp/atomic-3.c scan-tree-dump-times ompexp "xyzzy, 4" 1
FAIL: c-c++-common/gomp/atomic-9.c scan-tree-dump-times ompexp "__atomic_fetch_add" 1
XPASS: gcc.dg/guality/example.c -O0 execution test
XPASS: gcc.dg/guality/example.c -O1 execution test
XPASS: gcc.dg/guality/example.c -O2 execution test
XPASS: gcc.dg/guality/example.c -O3 -fomit-frame-pointer execution test
XPASS: gcc.dg/guality/example.c -O3 -fomit-frame-pointer -funroll-loops execution test
XPASS: gcc.dg/guality/example.c -O3 -fomit-frame-pointer -funroll-all-loops -finline-functions execution test
XPASS: gcc.dg/guality/example.c -O3 -g execution test
XPASS: gcc.dg/guality/example.c -Os execution test
XPASS: gcc.dg/guality/example.c -O2 -flto -fno-use-linker-plugin -flto-partition=none execution test
XPASS: gcc.dg/guality/example.c -O2 -flto -fuse-linker-plugin -fno-fat-lto-objects execution test
XPASS: gcc.dg/guality/guality.c -O0 execution test
XPASS: gcc.dg/guality/guality.c -O1 execution test
XPASS: gcc.dg/guality/guality.c -O2 execution test
XPASS: gcc.dg/guality/guality.c -O3 -fomit-frame-pointer execution test
XPASS: gcc.dg/guality/guality.c -O3 -g execution test
XPASS: gcc.dg/guality/guality.c -Os execution test
XPASS: gcc.dg/guality/guality.c -O2 -flto -fno-use-linker-plugin -flto-partition=none execution test
XPASS: gcc.dg/guality/guality.c -O2 -flto -fuse-linker-plugin -fno-fat-lto-objects execution test
XPASS: gcc.dg/guality/inline-params.c -O2 execution test
XPASS: gcc.dg/guality/inline-params.c -O3 -fomit-frame-pointer execution test
XPASS: gcc.dg/guality/inline-params.c -O3 -g execution test
XPASS: gcc.dg/guality/inline-params.c -Os execution test
XPASS: gcc.dg/guality/inline-params.c -O2 -flto -fno-use-linker-plugin -flto-partition=none execution test
XPASS: gcc.dg/guality/inline-params.c -O2 -flto -fuse-linker-plugin -fno-fat-lto-objects execution test
XPASS: gcc.dg/guality/pr41447-1.c -O0 execution test
XPASS: gcc.dg/guality/pr41447-1.c -O1 execution test
XPASS: gcc.dg/guality/pr41447-1.c -O2 execution test
XPASS: gcc.dg/guality/pr41447-1.c -O3 -fomit-frame-pointer execution test
XPASS: gcc.dg/guality/pr41447-1.c -O3 -g execution test
XPASS: gcc.dg/guality/pr41447-1.c -Os execution test
XPASS: gcc.dg/guality/pr41447-1.c -O2 -flto -fno-use-linker-plugin -flto-partition=none execution test
XPASS: gcc.dg/guality/pr41447-1.c -O2 -flto -fuse-linker-plugin -fno-fat-lto-objects execution test
XPASS: gcc.dg/guality/pr41616-1.c -O0 execution test
XPASS: gcc.dg/guality/pr41616-1.c -O1 execution test
XPASS: gcc.dg/guality/pr41616-1.c -O2 execution test
XPASS: gcc.dg/guality/pr41616-1.c -O3 -fomit-frame-pointer execution test
XPASS: gcc.dg/guality/pr41616-1.c -O3 -g execution test
XPASS: gcc.dg/guality/pr41616-1.c -Os execution test
XPASS: gcc.dg/guality/pr41616-1.c -O2 -flto -fno-use-linker-plugin -flto-partition=none execution test
XPASS: gcc.dg/guality/pr41616-1.c -O2 -flto -fuse-linker-plugin -fno-fat-lto-objects execution test
FAIL: gcc.dg/tree-prof/stringop-2.c scan-tree-dump optimized "a\\\\[0\\\\] = 168430090"
FAIL: gcc.dg/tree-ssa/ssa-dom-thread-4.c scan-tree-dump-times dom1 "Threaded" 3
FAIL: gcc.dg/tree-ssa/vrp47.c scan-tree-dump-times vrp1 "[xy][^ ]* !=" 0
FAIL: gcc.dg/tree-ssa/vrp47.c scan-tree-dump-times vrp1 "x[^ ]* [|] y" 1
FAIL: gcc.target/m68k/20090709-1.c scan-assembler-times .LC0 3
FAIL: gcc.target/m68k/crash1.c (internal compiler error)
FAIL: gcc.target/m68k/crash1.c (test for excess errors)
FAIL: gcc.target/m68k/slp-ice.c (internal compiler error)
FAIL: gcc.target/m68k/slp-ice.c (test for excess errors)
FAIL: gcc.target/m68k/tls-gd.c scan-assembler foo@TLSGD\\\\(%a5\\\\)
FAIL: gcc.target/m68k/tls-ie-xgot.c scan-assembler #foo@TLSIE,%[ad][0-7]
FAIL: gcc.target/m68k/tls-ld-xgot.c scan-assembler lea \\\\(foo@TLSLDO,%a0\\\\)
FAIL: gcc.target/m68k/tls-ld-xtls.c scan-assembler foo@TLSLDM\\\\(%a5\\\\)
FAIL: gcc.target/m68k/tls-ld.c scan-assembler foo@TLSLDM\\\\(%a5\\\\)
FAIL: gcc.target/m68k/tls-ld.c scan-assembler lea \\\\(foo@TLSLDO,%a0\\\\)
FAIL: gcc.target/m68k/tls-le.c scan-assembler lea \\\\(foo@TLSLE,%a0\\\\)
=== gcc Summary ===
# of expected passes 86198
# of unexpected failures 56
# of unexpected successes 40
# of expected failures 99
# of unresolved testcases 2
# of unsupported tests 1495
/daten/aranym/gcc/gcc-20140627/Build/gcc/xgcc version 4.10.0 20140627 (experimental) (GCC)
Host is x86_64-pc-linux-gnu
=== gfortran tests ===
Running target aranym
FAIL: gfortran.dg/bessel_6.f90 -O0 execution test
FAIL: gfortran.dg/bessel_6.f90 -O1 execution test
FAIL: gfortran.dg/bessel_6.f90 -O2 execution test
FAIL: gfortran.dg/bessel_6.f90 -O3 -fomit-frame-pointer execution test
FAIL: gfortran.dg/bessel_6.f90 -O3 -fomit-frame-pointer -funroll-loops execution test
FAIL: gfortran.dg/bessel_6.f90 -O3 -fomit-frame-pointer -funroll-all-loops -finline-functions execution test
FAIL: gfortran.dg/bessel_6.f90 -O3 -g execution test
FAIL: gfortran.dg/bessel_6.f90 -Os execution test
FAIL: gfortran.dg/bessel_7.f90 -O0 execution test
FAIL: gfortran.dg/bessel_7.f90 -O1 execution test
FAIL: gfortran.dg/bessel_7.f90 -O2 execution test
FAIL: gfortran.dg/bessel_7.f90 -O3 -fomit-frame-pointer execution test
FAIL: gfortran.dg/bessel_7.f90 -O3 -fomit-frame-pointer -funroll-loops execution test
FAIL: gfortran.dg/bessel_7.f90 -O3 -fomit-frame-pointer -funroll-all-loops -finline-functions execution test
FAIL: gfortran.dg/bessel_7.f90 -O3 -g execution test
FAIL: gfortran.dg/bessel_7.f90 -Os execution test
FAIL: gfortran.dg/bind_c_array_params_2.f90 -O scan-assembler-times call[^\\n\\r]*myBindC 1
FAIL: gfortran.dg/common_14.f90 -O (test for warnings, line 16)
FAIL: gfortran.dg/common_14.f90 -O (test for warnings, line 22)
FAIL: gfortran.dg/common_14.f90 -O (test for excess errors)
FAIL: gfortran.dg/common_16.f90 -O (test for warnings, line 10)
FAIL: gfortran.dg/common_16.f90 -O (test for excess errors)
FAIL: gfortran.dg/common_5.f -O (test for warnings, line 7)
FAIL: gfortran.dg/common_align_2.f90 -O0 (test for warnings, line 23)
FAIL: gfortran.dg/common_align_2.f90 -O0 execution test
FAIL: gfortran.dg/common_align_2.f90 -O1 (test for warnings, line 23)
FAIL: gfortran.dg/common_align_2.f90 -O1 execution test
FAIL: gfortran.dg/common_align_2.f90 -O2 (test for warnings, line 23)
FAIL: gfortran.dg/common_align_2.f90 -O2 execution test
FAIL: gfortran.dg/common_align_2.f90 -O3 -fomit-frame-pointer (test for warnings, line 23)
FAIL: gfortran.dg/common_align_2.f90 -O3 -fomit-frame-pointer execution test
FAIL: gfortran.dg/common_align_2.f90 -O3 -fomit-frame-pointer -funroll-loops (test for warnings, line 23)
FAIL: gfortran.dg/common_align_2.f90 -O3 -fomit-frame-pointer -funroll-loops execution test
FAIL: gfortran.dg/common_align_2.f90 -O3 -fomit-frame-pointer -funroll-all-loops -finline-functions (test for warnings, line 23)
FAIL: gfortran.dg/common_align_2.f90 -O3 -fomit-frame-pointer -funroll-all-loops -finline-functions execution test
FAIL: gfortran.dg/common_align_2.f90 -O3 -g (test for warnings, line 23)
FAIL: gfortran.dg/common_align_2.f90 -O3 -g execution test
FAIL: gfortran.dg/common_align_2.f90 -Os (test for warnings, line 23)
FAIL: gfortran.dg/common_align_2.f90 -Os execution test
FAIL: gfortran.dg/erf_3.F90 -O0 execution test
FAIL: gfortran.dg/erf_3.F90 -O1 execution test
FAIL: gfortran.dg/erf_3.F90 -O2 execution test
FAIL: gfortran.dg/erf_3.F90 -O3 -fomit-frame-pointer execution test
FAIL: gfortran.dg/erf_3.F90 -O3 -fomit-frame-pointer -funroll-loops execution test
FAIL: gfortran.dg/erf_3.F90 -O3 -fomit-frame-pointer -funroll-all-loops -finline-functions execution test
FAIL: gfortran.dg/erf_3.F90 -O3 -g execution test
FAIL: gfortran.dg/erf_3.F90 -Os execution test
=== gfortran Summary ===
# of expected passes 45022
# of unexpected failures 47
# of expected failures 38
# of unsupported tests 256
/daten/aranym/gcc/gcc-20140627/Build/gcc/testsuite/gfortran/../../gfortran version 4.10.0 20140627 (experimental) (GCC)
Host is x86_64-pc-linux-gnu
=== objc tests ===
Running target aranym
=== objc Summary ===
# of expected passes 3010
# of unsupported tests 74
/daten/aranym/gcc/gcc-20140627/Build/gcc/xgcc version 4.10.0 20140627 (experimental) (GCC)
Host is m68k-unknown-linux-gnu
=== boehm-gc tests ===
Running target aranym
FAIL: boehm-gc.c/gctest.c -O2 execution test
FAIL: boehm-gc.c/leak_test.c -O2 execution test
FAIL: boehm-gc.c/middle.c -O2 execution test
FAIL: boehm-gc.c/thread_leak_test.c -O2 execution test
FAIL: boehm-gc.lib/staticrootstest.c -O2 execution test
=== boehm-gc Summary ===
# of expected passes 7
# of unexpected failures 5
# of unsupported tests 1
Host is m68k-unknown-linux-gnu
=== libatomic tests ===
Running target aranym
=== libatomic Summary ===
# of expected passes 44
# of unsupported tests 5
Host is m68k-unknown-linux-gnu
=== libffi tests ===
Running target aranym
=== libffi Summary ===
# of expected passes 1819
# of unsupported tests 55
Host is m68k-unknown-linux-gnu
=== libgomp tests ===
Running target aranym
WARNING: program timed out.
FAIL: libgomp.fortran/strassen.f90 -O execution test
=== libgomp Summary ===
# of expected passes 3110
# of unexpected failures 1
# of unsupported tests 105
Host is m68k-unknown-linux-gnu
=== libjava tests ===
Running target aranym
FAIL: TestMultiple output - source compiled test
FAIL: TestParent output - source compiled test
=== libjava Summary ===
# of expected passes 2411
# of unexpected failures 2
# of expected failures 4
# of untested testcases 4
Host is m68k-unknown-linux-gnu
=== libstdc++ tests ===
Running target aranym
FAIL: 20_util/pair/swap.cc (test for excess errors)
UNRESOLVED: 20_util/pair/swap.cc compilation failed to produce executable
FAIL: 20_util/scoped_allocator/1.cc (test for excess errors)
UNRESOLVED: 20_util/scoped_allocator/1.cc compilation failed to produce executable
FAIL: 20_util/scoped_allocator/2.cc (test for excess errors)
UNRESOLVED: 20_util/scoped_allocator/2.cc compilation failed to produce executable
FAIL: 23_containers/forward_list/allocator/copy.cc (test for excess errors)
UNRESOLVED: 23_containers/forward_list/allocator/copy.cc compilation failed to produce executable
FAIL: 23_containers/forward_list/allocator/copy_assign.cc (test for excess errors)
UNRESOLVED: 23_containers/forward_list/allocator/copy_assign.cc compilation failed to produce executable
FAIL: 23_containers/forward_list/allocator/move.cc (test for excess errors)
UNRESOLVED: 23_containers/forward_list/allocator/move.cc compilation failed to produce executable
FAIL: 23_containers/forward_list/allocator/move_assign.cc (test for excess errors)
UNRESOLVED: 23_containers/forward_list/allocator/move_assign.cc compilation failed to produce executable
FAIL: 23_containers/forward_list/allocator/noexcept.cc (test for excess errors)
FAIL: 23_containers/forward_list/allocator/swap.cc (test for excess errors)
UNRESOLVED: 23_containers/forward_list/allocator/swap.cc compilation failed to produce executable
FAIL: 23_containers/forward_list/cons/10.cc (test for excess errors)
UNRESOLVED: 23_containers/forward_list/cons/10.cc compilation failed to produce executable
FAIL: 23_containers/forward_list/debug/construct4_neg.cc (test for excess errors)
UNRESOLVED: 23_containers/forward_list/debug/construct4_neg.cc compilation failed to produce executable
FAIL: 23_containers/forward_list/debug/move_assign_neg.cc (test for excess errors)
UNRESOLVED: 23_containers/forward_list/debug/move_assign_neg.cc compilation failed to produce executable
FAIL: 23_containers/forward_list/debug/move_neg.cc (test for excess errors)
UNRESOLVED: 23_containers/forward_list/debug/move_neg.cc compilation failed to produce executable
FAIL: 23_containers/map/allocator/copy.cc (test for excess errors)
UNRESOLVED: 23_containers/map/allocator/copy.cc compilation failed to produce executable
FAIL: 23_containers/map/allocator/copy_assign.cc (test for excess errors)
UNRESOLVED: 23_containers/map/allocator/copy_assign.cc compilation failed to produce executable
FAIL: 23_containers/map/allocator/move.cc (test for excess errors)
UNRESOLVED: 23_containers/map/allocator/move.cc compilation failed to produce executable
FAIL: 23_containers/map/allocator/move_assign.cc (test for excess errors)
UNRESOLVED: 23_containers/map/allocator/move_assign.cc compilation failed to produce executable
FAIL: 23_containers/map/allocator/noexcept.cc (test for excess errors)
FAIL: 23_containers/map/allocator/swap.cc (test for excess errors)
UNRESOLVED: 23_containers/map/allocator/swap.cc compilation failed to produce executable
FAIL: 23_containers/map/debug/construct5_neg.cc (test for excess errors)
UNRESOLVED: 23_containers/map/debug/construct5_neg.cc compilation failed to produce executable
FAIL: 23_containers/map/debug/move_assign_neg.cc (test for excess errors)
UNRESOLVED: 23_containers/map/debug/move_assign_neg.cc compilation failed to produce executable
FAIL: 23_containers/map/debug/move_neg.cc (test for excess errors)
UNRESOLVED: 23_containers/map/debug/move_neg.cc compilation failed to produce executable
FAIL: 23_containers/multimap/allocator/copy.cc (test for excess errors)
UNRESOLVED: 23_containers/multimap/allocator/copy.cc compilation failed to produce executable
FAIL: 23_containers/multimap/allocator/copy_assign.cc (test for excess errors)
UNRESOLVED: 23_containers/multimap/allocator/copy_assign.cc compilation failed to produce executable
FAIL: 23_containers/multimap/allocator/move.cc (test for excess errors)
UNRESOLVED: 23_containers/multimap/allocator/move.cc compilation failed to produce executable
FAIL: 23_containers/multimap/allocator/move_assign.cc (test for excess errors)
UNRESOLVED: 23_containers/multimap/allocator/move_assign.cc compilation failed to produce executable
FAIL: 23_containers/multimap/allocator/noexcept.cc (test for excess errors)
FAIL: 23_containers/multimap/allocator/swap.cc (test for excess errors)
UNRESOLVED: 23_containers/multimap/allocator/swap.cc compilation failed to produce executable
FAIL: 23_containers/multimap/debug/construct5_neg.cc (test for excess errors)
UNRESOLVED: 23_containers/multimap/debug/construct5_neg.cc compilation failed to produce executable
FAIL: 23_containers/multimap/debug/move_assign_neg.cc (test for excess errors)
UNRESOLVED: 23_containers/multimap/debug/move_assign_neg.cc compilation failed to produce executable
FAIL: 23_containers/multimap/debug/move_neg.cc (test for excess errors)
UNRESOLVED: 23_containers/multimap/debug/move_neg.cc compilation failed to produce executable
FAIL: 23_containers/multiset/allocator/copy.cc (test for excess errors)
UNRESOLVED: 23_containers/multiset/allocator/copy.cc compilation failed to produce executable
FAIL: 23_containers/multiset/allocator/copy_assign.cc (test for excess errors)
UNRESOLVED: 23_containers/multiset/allocator/copy_assign.cc compilation failed to produce executable
FAIL: 23_containers/multiset/allocator/move.cc (test for excess errors)
UNRESOLVED: 23_containers/multiset/allocator/move.cc compilation failed to produce executable
FAIL: 23_containers/multiset/allocator/move_assign.cc (test for excess errors)
UNRESOLVED: 23_containers/multiset/allocator/move_assign.cc compilation failed to produce executable
FAIL: 23_containers/multiset/allocator/noexcept.cc (test for excess errors)
FAIL: 23_containers/multiset/allocator/swap.cc (test for excess errors)
UNRESOLVED: 23_containers/multiset/allocator/swap.cc compilation failed to produce executable
FAIL: 23_containers/multiset/debug/construct5_neg.cc (test for excess errors)
UNRESOLVED: 23_containers/multiset/debug/construct5_neg.cc compilation failed to produce executable
FAIL: 23_containers/multiset/debug/move_assign_neg.cc (test for excess errors)
UNRESOLVED: 23_containers/multiset/debug/move_assign_neg.cc compilation failed to produce executable
FAIL: 23_containers/multiset/debug/move_neg.cc (test for excess errors)
UNRESOLVED: 23_containers/multiset/debug/move_neg.cc compilation failed to produce executable
FAIL: 23_containers/set/allocator/copy.cc (test for excess errors)
UNRESOLVED: 23_containers/set/allocator/copy.cc compilation failed to produce executable
FAIL: 23_containers/set/allocator/copy_assign.cc (test for excess errors)
UNRESOLVED: 23_containers/set/allocator/copy_assign.cc compilation failed to produce executable
FAIL: 23_containers/set/allocator/move.cc (test for excess errors)
UNRESOLVED: 23_containers/set/allocator/move.cc compilation failed to produce executable
FAIL: 23_containers/set/allocator/move_assign.cc (test for excess errors)
UNRESOLVED: 23_containers/set/allocator/move_assign.cc compilation failed to produce executable
FAIL: 23_containers/set/allocator/noexcept.cc (test for excess errors)
FAIL: 23_containers/set/allocator/swap.cc (test for excess errors)
UNRESOLVED: 23_containers/set/allocator/swap.cc compilation failed to produce executable
FAIL: 23_containers/set/debug/construct5_neg.cc (test for excess errors)
UNRESOLVED: 23_containers/set/debug/construct5_neg.cc compilation failed to produce executable
FAIL: 23_containers/set/debug/move_assign_neg.cc (test for excess errors)
UNRESOLVED: 23_containers/set/debug/move_assign_neg.cc compilation failed to produce executable
FAIL: 23_containers/set/debug/move_neg.cc (test for excess errors)
UNRESOLVED: 23_containers/set/debug/move_neg.cc compilation failed to produce executable
FAIL: 23_containers/unordered_map/allocator/copy.cc (test for excess errors)
UNRESOLVED: 23_containers/unordered_map/allocator/copy.cc compilation failed to produce executable
FAIL: 23_containers/unordered_map/allocator/copy_assign.cc (test for excess errors)
UNRESOLVED: 23_containers/unordered_map/allocator/copy_assign.cc compilation failed to produce executable
FAIL: 23_containers/unordered_map/allocator/move.cc (test for excess errors)
UNRESOLVED: 23_containers/unordered_map/allocator/move.cc compilation failed to produce executable
FAIL: 23_containers/unordered_map/debug/construct5_neg.cc (test for excess errors)
UNRESOLVED: 23_containers/unordered_map/debug/construct5_neg.cc compilation failed to produce executable
FAIL: 23_containers/unordered_map/debug/move_neg.cc (test for excess errors)
UNRESOLVED: 23_containers/unordered_map/debug/move_neg.cc compilation failed to produce executable
FAIL: 23_containers/unordered_multimap/allocator/copy.cc (test for excess errors)
UNRESOLVED: 23_containers/unordered_multimap/allocator/copy.cc compilation failed to produce executable
FAIL: 23_containers/unordered_multimap/allocator/copy_assign.cc (test for excess errors)
UNRESOLVED: 23_containers/unordered_multimap/allocator/copy_assign.cc compilation failed to produce executable
FAIL: 23_containers/unordered_multimap/allocator/move.cc (test for excess errors)
UNRESOLVED: 23_containers/unordered_multimap/allocator/move.cc compilation failed to produce executable
FAIL: 23_containers/unordered_multimap/debug/construct5_neg.cc (test for excess errors)
UNRESOLVED: 23_containers/unordered_multimap/debug/construct5_neg.cc compilation failed to produce executable
FAIL: 23_containers/unordered_multimap/debug/move_neg.cc (test for excess errors)
UNRESOLVED: 23_containers/unordered_multimap/debug/move_neg.cc compilation failed to produce executable
FAIL: 23_containers/unordered_multiset/allocator/copy.cc (test for excess errors)
UNRESOLVED: 23_containers/unordered_multiset/allocator/copy.cc compilation failed to produce executable
FAIL: 23_containers/unordered_multiset/allocator/copy_assign.cc (test for excess errors)
UNRESOLVED: 23_containers/unordered_multiset/allocator/copy_assign.cc compilation failed to produce executable
FAIL: 23_containers/unordered_multiset/allocator/move.cc (test for excess errors)
UNRESOLVED: 23_containers/unordered_multiset/allocator/move.cc compilation failed to produce executable
FAIL: 23_containers/unordered_multiset/debug/construct5_neg.cc (test for excess errors)
UNRESOLVED: 23_containers/unordered_multiset/debug/construct5_neg.cc compilation failed to produce executable
FAIL: 23_containers/unordered_multiset/debug/move_neg.cc (test for excess errors)
UNRESOLVED: 23_containers/unordered_multiset/debug/move_neg.cc compilation failed to produce executable
FAIL: 23_containers/unordered_set/allocator/copy.cc (test for excess errors)
UNRESOLVED: 23_containers/unordered_set/allocator/copy.cc compilation failed to produce executable
FAIL: 23_containers/unordered_set/allocator/copy_assign.cc (test for excess errors)
UNRESOLVED: 23_containers/unordered_set/allocator/copy_assign.cc compilation failed to produce executable
FAIL: 23_containers/unordered_set/allocator/move.cc (test for excess errors)
UNRESOLVED: 23_containers/unordered_set/allocator/move.cc compilation failed to produce executable
FAIL: 23_containers/unordered_set/debug/construct5_neg.cc (test for excess errors)
UNRESOLVED: 23_containers/unordered_set/debug/construct5_neg.cc compilation failed to produce executable
FAIL: 23_containers/unordered_set/debug/move_neg.cc (test for excess errors)
UNRESOLVED: 23_containers/unordered_set/debug/move_neg.cc compilation failed to produce executable
FAIL: 23_containers/vector/allocator/copy.cc (test for excess errors)
UNRESOLVED: 23_containers/vector/allocator/copy.cc compilation failed to produce executable
FAIL: 23_containers/vector/allocator/copy_assign.cc (test for excess errors)
UNRESOLVED: 23_containers/vector/allocator/copy_assign.cc compilation failed to produce executable
FAIL: 23_containers/vector/allocator/move.cc (test for excess errors)
UNRESOLVED: 23_containers/vector/allocator/move.cc compilation failed to produce executable
FAIL: 23_containers/vector/allocator/move_assign.cc (test for excess errors)
UNRESOLVED: 23_containers/vector/allocator/move_assign.cc compilation failed to produce executable
FAIL: 23_containers/vector/allocator/noexcept.cc (test for excess errors)
FAIL: 23_containers/vector/allocator/swap.cc (test for excess errors)
UNRESOLVED: 23_containers/vector/allocator/swap.cc compilation failed to produce executable
FAIL: 23_containers/vector/capacity/shrink_to_fit2.cc (test for excess errors)
UNRESOLVED: 23_containers/vector/capacity/shrink_to_fit2.cc compilation failed to produce executable
FAIL: 23_containers/vector/debug/move_assign_neg.cc (test for excess errors)
UNRESOLVED: 23_containers/vector/debug/move_assign_neg.cc compilation failed to produce executable
FAIL: 23_containers/vector/debug/move_neg.cc (test for excess errors)
UNRESOLVED: 23_containers/vector/debug/move_neg.cc compilation failed to produce executable
FAIL: 30_threads/packaged_task/cons/alloc.cc (test for excess errors)
UNRESOLVED: 30_threads/packaged_task/cons/alloc.cc compilation failed to produce executable
FAIL: 30_threads/promise/cons/alloc.cc (test for excess errors)
UNRESOLVED: 30_threads/promise/cons/alloc.cc compilation failed to produce executable
=== libstdc++ Summary ===
# of expected passes 9605
# of unexpected failures 80
# of expected failures 44
# of unresolved testcases 74
# of unsupported tests 258
Compiler version: 4.10.0 20140627 (experimental) (GCC)
Platform: m68k-unknown-linux-gnu
configure flags: --prefix=/daten/cross/m68k-linux --build=x86_64-linux --enable-shared --with-system-zlib CFLAGS='-O2 -g' CXXFLAGS='-O2 -g' --target=m68k-linux --with-sysroot --disable-multilib --enable-clocale=gnu
More information about the Gcc-testresults
mailing list