Results for 4.10.0 20140531 (experimental) [trunk revision 211101] (GCC) testsuite on hppa-unknown-linux-gnu
Dave Anglin
dave.anglin@bell.net
Sun Jun 1 21:38:00 GMT 2014
LAST_UPDATED: Sat May 31 02:35:14 UTC 2014 (revision 211101)
=== acats tests ===
=== acats Summary ===
# of expected passes 2320
# of unexpected failures 0
Native configuration is hppa-unknown-linux-gnu
=== gcc tests ===
Running target unix
FAIL: gcc.c-torture/execute/bswap-2.c execution, -O0
FAIL: gcc.c-torture/execute/bswap-2.c execution, -O1
FAIL: gcc.c-torture/execute/bswap-2.c execution, -O2
FAIL: gcc.c-torture/execute/bswap-2.c execution, -O3 -fomit-frame-pointer
FAIL: gcc.c-torture/execute/bswap-2.c execution, -O3 -g
FAIL: gcc.c-torture/execute/bswap-2.c execution, -Os
FAIL: gcc.c-torture/execute/bswap-2.c execution, -Og -g
FAIL: gcc.c-torture/execute/bswap-2.c execution, -O2 -flto -fno-use-linker-plugin -flto-partition=none
FAIL: gcc.c-torture/execute/bswap-2.c execution, -O2 -flto -fuse-linker-plugin -fno-fat-lto-objects
FAIL: gcc.dg/atomic/c11-atomic-exec-5.c -O0 execution test
FAIL: gcc.dg/atomic/c11-atomic-exec-5.c -O1 execution test
FAIL: gcc.dg/atomic/c11-atomic-exec-5.c -O2 execution test
FAIL: gcc.dg/atomic/c11-atomic-exec-5.c -O3 -fomit-frame-pointer execution test
FAIL: gcc.dg/atomic/c11-atomic-exec-5.c -O3 -fomit-frame-pointer -funroll-loops execution test
FAIL: gcc.dg/atomic/c11-atomic-exec-5.c -O3 -fomit-frame-pointer -funroll-all-loops -finline-functions execution test
FAIL: gcc.dg/atomic/c11-atomic-exec-5.c -O3 -g execution test
FAIL: gcc.dg/atomic/c11-atomic-exec-5.c -Os execution test
FAIL: gcc.dg/atomic/c11-atomic-exec-5.c -O2 -flto -fno-use-linker-plugin -flto-partition=none execution test
FAIL: gcc.dg/atomic/c11-atomic-exec-5.c -O2 -flto -fuse-linker-plugin -fno-fat-lto-objects execution test
XPASS: gcc.dg/tree-ssa/loop-1.c scan-assembler-times foo 5
=== gcc Summary ===
# of expected passes 85484
# of unexpected failures 19
# of unexpected successes 1
# of expected failures 107
# of unsupported tests 1408
/home/dave/gnu/gcc/objdir/gcc/xgcc version 4.10.0 20140531 (experimental) [trunk revision 211101] (GCC)
=== gfortran tests ===
Running target unix
FAIL: gfortran.dg/bind_c_array_params_2.f90 -O scan-assembler-times call[^\\n\\r]*myBindC 1
FAIL: gfortran.dg/pr45636.f90 -O scan-tree-dump-times forwprop2 "memset" 0
FAIL: gfortran.dg/wextra_1.f -O (test for warnings, line 4)
=== gfortran Summary ===
# of expected passes 44544
# of unexpected failures 3
# of expected failures 52
# of unsupported tests 412
/home/dave/gnu/gcc/objdir/gcc/testsuite/gfortran/../../gfortran version 4.10.0 20140531 (experimental) [trunk revision 211101] (GCC)
=== g++ tests ===
Running target unix
=== g++ Summary ===
# of expected passes 77261
# of expected failures 440
# of unsupported tests 3163
/home/dave/gnu/gcc/objdir/gcc/testsuite/g++/../../xg++ version 4.10.0 20140531 (experimental) [trunk revision 211101] (GCC)
=== gnat tests ===
Running target unix
=== gnat Summary ===
# of expected passes 1223
# of expected failures 18
# of unsupported tests 14
/home/dave/gnu/gcc/objdir/gcc/gnatmake version 4.10.0 20140531 (experimental) [trunk revision 211101]
=== obj-c++ tests ===
Running target unix
=== obj-c++ Summary ===
# of expected passes 1447
# of expected failures 2
# of unsupported tests 86
/home/dave/gnu/gcc/objdir/gcc/testsuite/obj-c++/../../xg++ version 4.10.0 20140531 (experimental) [trunk revision 211101] (GCC)
=== objc tests ===
Running target unix
=== objc Summary ===
# of expected passes 3010
# of unsupported tests 74
/home/dave/gnu/gcc/objdir/gcc/xgcc version 4.10.0 20140531 (experimental) [trunk revision 211101] (GCC)
=== libstdc++ tests ===
Running target unix
FAIL: 22_locale/numpunct/members/char/3.cc execution test
FAIL: 22_locale/time_get/get_date/wchar_t/4.cc execution test
=== libstdc++ Summary ===
# of expected passes 3037
# of unexpected failures 2
# of expected failures 9
# of unsupported tests 67
Compiler version: 4.10.0 20140531 (experimental) [trunk revision 211101] (GCC)
Platform: hppa-unknown-linux-gnu
configure flags: --with-gnu-as --with-gnu-ld --enable-shared --enable-multiarch --enable-linker-build-id --build=hppa-linux-gnu --host=hppa-linux-gnu --target=hppa-linux-gnu --prefix=/home/dave/opt/gnu/gcc/gcc-4.10 --with-local-prefix=/home/dave/opt/gnu --enable-threads=posix --enable-__cxa_atexit --build=hppa-linux-gnu --enable-clocale=gnu --enable-java-gc=boehm --enable-languages=c,c++,objc,fortran,obj-c++,java,ada,lto
More information about the Gcc-testresults
mailing list