Results for 4.10.0 20140727 (experimental) [trunk revision 213095] (GCC) testsuite on powerpc64le-unknown-linux-gnu
Bill Schmidt
wschmidt@us.ibm.com
Sun Jul 27 20:13:00 GMT 2014
Linux 3.13.0-27-generic ppc64le
GNU C Library (Ubuntu EGLIBC 2.19-0ubuntu6) stable release version 2.19
GNU ld (GNU Binutils for Ubuntu) 2.24
GNU assembler (GNU Binutils for Ubuntu) 2.24
GNU Make 3.81
DejaGnu:
Expect version is 5.45
Tcl version is 8.6
Framework version is 1.5
64-bit
LAST_UPDATED: Sun Jul 27 12:33:59 UTC 2014 (revision 213095)
Native configuration is powerpc64le-unknown-linux-gnu
=== gcc tests ===
Running target unix
FAIL: gcc.dg/atomic/c11-atomic-exec-5.c -O0 execution test
FAIL: gcc.dg/atomic/c11-atomic-exec-5.c -O1 execution test
FAIL: gcc.dg/atomic/c11-atomic-exec-5.c -O2 execution test
FAIL: gcc.dg/atomic/c11-atomic-exec-5.c -O3 -fomit-frame-pointer execution test
FAIL: gcc.dg/atomic/c11-atomic-exec-5.c -O3 -fomit-frame-pointer -funroll-loops execution test
FAIL: gcc.dg/atomic/c11-atomic-exec-5.c -O3 -fomit-frame-pointer -funroll-all-loops -finline-functions execution test
FAIL: gcc.dg/atomic/c11-atomic-exec-5.c -O3 -g execution test
FAIL: gcc.dg/atomic/c11-atomic-exec-5.c -Os execution test
FAIL: gcc.dg/atomic/c11-atomic-exec-5.c -O2 -flto -fno-use-linker-plugin -flto-partition=none execution test
FAIL: gcc.dg/atomic/c11-atomic-exec-5.c -O2 -flto -fuse-linker-plugin -fno-fat-lto-objects execution test
FAIL: gcc.dg/and-1.c scan-assembler-not nand
FAIL: gcc.dg/noncompile/920507-1.c -O1 (internal compiler error)
FAIL: gcc.dg/noncompile/920507-1.c -O1 (test for excess errors)
FAIL: gcc.dg/noncompile/920507-1.c -O2 (internal compiler error)
FAIL: gcc.dg/noncompile/920507-1.c -O2 (test for excess errors)
FAIL: gcc.dg/noncompile/920507-1.c -O3 -fomit-frame-pointer (internal compiler error)
FAIL: gcc.dg/noncompile/920507-1.c -O3 -fomit-frame-pointer (test for excess errors)
FAIL: gcc.dg/noncompile/920507-1.c -O3 -g (internal compiler error)
FAIL: gcc.dg/noncompile/920507-1.c -O3 -g (test for excess errors)
FAIL: gcc.dg/noncompile/920507-1.c -Os (internal compiler error)
FAIL: gcc.dg/noncompile/920507-1.c -Os (test for excess errors)
FAIL: gcc.dg/noncompile/920507-1.c -O2 -flto -fno-use-linker-plugin -flto-partition=none (internal compiler error)
FAIL: gcc.dg/noncompile/920507-1.c -O2 -flto -fno-use-linker-plugin -flto-partition=none (test for excess errors)
FAIL: gcc.dg/noncompile/920507-1.c -O2 -flto -fuse-linker-plugin -fno-fat-lto-objects (internal compiler error)
FAIL: gcc.dg/noncompile/920507-1.c -O2 -flto -fuse-linker-plugin -fno-fat-lto-objects (test for excess errors)
FAIL: gcc.dg/simulate-thread/atomic-other-short.c -O0 -g thread simulation test
FAIL: gcc.dg/simulate-thread/atomic-other-short.c -O2 -g thread simulation test
FAIL: gcc.dg/simulate-thread/atomic-other-short.c -O3 -g thread simulation test
FAIL: gcc.dg/vect/costmodel/ppc/costmodel-bb-slp-9a.c scan-tree-dump-times slp2 "basic block vectorized using SLP" 1
FAIL: gcc.dg/vect/no-vfa-vect-depend-2.c scan-tree-dump-times vect "vectorized 1 loops" 1
FAIL: gcc.dg/vect/no-vfa-vect-depend-3.c scan-tree-dump-times vect "vectorized 1 loops" 4
=== gcc Summary ===
# of expected passes 95653
# of unexpected failures 31
# of expected failures 229
# of unsupported tests 1507
/home/gccbuild/build/nightly/build-gcc-trunk/gcc/xgcc version 4.10.0 20140727 (experimental) [trunk revision 213095] (GCC)
=== gfortran tests ===
Running target unix
FAIL: gfortran.dg/bessel_7.f90 -O0 execution test
FAIL: gfortran.dg/bessel_7.f90 -O1 execution test
FAIL: gfortran.dg/bessel_7.f90 -O2 execution test
FAIL: gfortran.dg/bessel_7.f90 -O3 -fomit-frame-pointer execution test
FAIL: gfortran.dg/bessel_7.f90 -O3 -fomit-frame-pointer -funroll-loops execution test
FAIL: gfortran.dg/bessel_7.f90 -O3 -fomit-frame-pointer -funroll-all-loops -finline-functions execution test
FAIL: gfortran.dg/bessel_7.f90 -O3 -g execution test
FAIL: gfortran.dg/bessel_7.f90 -Os execution test
=== gfortran Summary ===
# of expected passes 46346
# of unexpected failures 8
# of expected failures 54
# of unsupported tests 91
/home/gccbuild/build/nightly/build-gcc-trunk/gcc/testsuite/gfortran/../../gfortran version 4.10.0 20140727 (experimental) [trunk revision 213095] (GCC)
=== g++ tests ===
Running target unix
FAIL: g++.dg/cpp0x/static_assert9.C -std=c++11 (test for excess errors)
FAIL: g++.dg/cpp0x/static_assert9.C -std=c++1y (test for excess errors)
FAIL: g++.dg/cpp1y/vla-initlist1.C -std=c++1y execution test
=== g++ Summary ===
# of expected passes 80910
# of unexpected failures 3
# of expected failures 440
# of unsupported tests 3082
/home/gccbuild/build/nightly/build-gcc-trunk/gcc/testsuite/g++/../../xg++ version 4.10.0 20140727 (experimental) [trunk revision 213095] (GCC)
=== go tests ===
Running target unix
FAIL: go.test/test/fixedbugs/bug168.go execution, -O2 -g
FAIL: go.test/test/ken/cplx2.go execution, -O2 -g
FAIL: go.test/test/recover.go execution, -O2 -g
=== go Summary ===
# of expected passes 7245
# of unexpected failures 3
# of expected failures 1
# of untested testcases 10
# of unsupported tests 3
/home/gccbuild/build/nightly/build-gcc-trunk/gcc/testsuite/go/../../gccgo version 4.10.0 20140727 (experimental) [trunk revision 213095] (GCC)
=== obj-c++ tests ===
Running target unix
FAIL: obj-c++.dg/basic.mm -fgnu-runtime (test for excess errors)
UNRESOLVED: obj-c++.dg/basic.mm -fgnu-runtime compilation failed to produce executable
FAIL: obj-c++.dg/bitfield-1.mm -fgnu-runtime (test for excess errors)
UNRESOLVED: obj-c++.dg/bitfield-1.mm -fgnu-runtime compilation failed to produce executable
FAIL: obj-c++.dg/bitfield-2.mm -fgnu-runtime (test for excess errors)
UNRESOLVED: obj-c++.dg/bitfield-2.mm -fgnu-runtime compilation failed to produce executable
FAIL: obj-c++.dg/bitfield-4.mm -fgnu-runtime (test for excess errors)
UNRESOLVED: obj-c++.dg/bitfield-4.mm -fgnu-runtime compilation failed to produce executable
FAIL: obj-c++.dg/cxx-ivars-1.mm -fgnu-runtime (test for excess errors)
UNRESOLVED: obj-c++.dg/cxx-ivars-1.mm -fgnu-runtime compilation failed to produce executable
FAIL: obj-c++.dg/cxx-scope-1.mm -fgnu-runtime (test for excess errors)
UNRESOLVED: obj-c++.dg/cxx-scope-1.mm -fgnu-runtime compilation failed to produce executable
FAIL: obj-c++.dg/defs.mm -fgnu-runtime (test for excess errors)
UNRESOLVED: obj-c++.dg/defs.mm -fgnu-runtime compilation failed to produce executable
FAIL: obj-c++.dg/demangle-1.mm -fgnu-runtime (test for excess errors)
UNRESOLVED: obj-c++.dg/demangle-1.mm -fgnu-runtime compilation failed to produce executable
FAIL: obj-c++.dg/demangle-2.mm -fgnu-runtime (test for excess errors)
UNRESOLVED: obj-c++.dg/demangle-2.mm -fgnu-runtime compilation failed to produce executable
FAIL: obj-c++.dg/encode-10.mm -fgnu-runtime (test for excess errors)
UNRESOLVED: obj-c++.dg/encode-10.mm -fgnu-runtime compilation failed to produce executable
FAIL: obj-c++.dg/encode-3.mm -fgnu-runtime (test for excess errors)
UNRESOLVED: obj-c++.dg/encode-3.mm -fgnu-runtime compilation failed to produce executable
FAIL: obj-c++.dg/encode-4.mm -fgnu-runtime (test for excess errors)
UNRESOLVED: obj-c++.dg/encode-4.mm -fgnu-runtime compilation failed to produce executable
FAIL: obj-c++.dg/encode-5.mm -fgnu-runtime (test for excess errors)
UNRESOLVED: obj-c++.dg/encode-5.mm -fgnu-runtime compilation failed to produce executable
FAIL: obj-c++.dg/encode-6.mm -fgnu-runtime (test for excess errors)
UNRESOLVED: obj-c++.dg/encode-6.mm -fgnu-runtime compilation failed to produce executable
FAIL: obj-c++.dg/encode-9.mm -fgnu-runtime (test for excess errors)
UNRESOLVED: obj-c++.dg/encode-9.mm -fgnu-runtime compilation failed to produce executable
FAIL: obj-c++.dg/except-1.mm -fgnu-runtime (test for excess errors)
UNRESOLVED: obj-c++.dg/except-1.mm -fgnu-runtime compilation failed to produce executable
FAIL: obj-c++.dg/gnu-api-2-class-meta.mm -fgnu-runtime (test for excess errors)
UNRESOLVED: obj-c++.dg/gnu-api-2-class-meta.mm -fgnu-runtime compilation failed to produce executable
FAIL: obj-c++.dg/gnu-api-2-class.mm -fgnu-runtime (test for excess errors)
UNRESOLVED: obj-c++.dg/gnu-api-2-class.mm -fgnu-runtime compilation failed to produce executable
FAIL: obj-c++.dg/gnu-api-2-ivar.mm -fgnu-runtime (test for excess errors)
UNRESOLVED: obj-c++.dg/gnu-api-2-ivar.mm -fgnu-runtime compilation failed to produce executable
FAIL: obj-c++.dg/gnu-api-2-method.mm -fgnu-runtime (test for excess errors)
UNRESOLVED: obj-c++.dg/gnu-api-2-method.mm -fgnu-runtime compilation failed to produce executable
FAIL: obj-c++.dg/gnu-api-2-objc.mm -fgnu-runtime (test for excess errors)
UNRESOLVED: obj-c++.dg/gnu-api-2-objc.mm -fgnu-runtime compilation failed to produce executable
FAIL: obj-c++.dg/gnu-api-2-objc_msg_lookup.mm -fgnu-runtime (test for excess errors)
UNRESOLVED: obj-c++.dg/gnu-api-2-objc_msg_lookup.mm -fgnu-runtime compilation failed to produce executable
FAIL: obj-c++.dg/gnu-api-2-object.mm -fgnu-runtime (test for excess errors)
UNRESOLVED: obj-c++.dg/gnu-api-2-object.mm -fgnu-runtime compilation failed to produce executable
FAIL: obj-c++.dg/gnu-api-2-property.mm -fgnu-runtime (test for excess errors)
UNRESOLVED: obj-c++.dg/gnu-api-2-property.mm -fgnu-runtime compilation failed to produce executable
FAIL: obj-c++.dg/gnu-api-2-protocol.mm -fgnu-runtime (test for excess errors)
UNRESOLVED: obj-c++.dg/gnu-api-2-protocol.mm -fgnu-runtime compilation failed to produce executable
FAIL: obj-c++.dg/gnu-api-2-resolve-method.mm -fgnu-runtime (test for excess errors)
UNRESOLVED: obj-c++.dg/gnu-api-2-resolve-method.mm -fgnu-runtime compilation failed to produce executable
FAIL: obj-c++.dg/gnu-api-2-sel.mm -fgnu-runtime (test for excess errors)
UNRESOLVED: obj-c++.dg/gnu-api-2-sel.mm -fgnu-runtime compilation failed to produce executable
FAIL: obj-c++.dg/gnu-runtime-3.mm -fgnu-runtime (test for excess errors)
UNRESOLVED: obj-c++.dg/gnu-runtime-3.mm -fgnu-runtime compilation failed to produce executable
FAIL: obj-c++.dg/lookup-2.mm -fgnu-runtime (test for excess errors)
UNRESOLVED: obj-c++.dg/lookup-2.mm -fgnu-runtime compilation failed to produce executable
FAIL: obj-c++.dg/method-10.mm -fgnu-runtime (test for excess errors)
UNRESOLVED: obj-c++.dg/method-10.mm -fgnu-runtime compilation failed to produce executable
FAIL: obj-c++.dg/method-17.mm -fgnu-runtime (test for excess errors)
UNRESOLVED: obj-c++.dg/method-17.mm -fgnu-runtime compilation failed to produce executable
FAIL: obj-c++.dg/method-19.mm -fgnu-runtime (test for excess errors)
UNRESOLVED: obj-c++.dg/method-19.mm -fgnu-runtime compilation failed to produce executable
FAIL: obj-c++.dg/method-22.mm -fgnu-runtime (test for excess errors)
UNRESOLVED: obj-c++.dg/method-22.mm -fgnu-runtime compilation failed to produce executable
FAIL: obj-c++.dg/method-23.mm -fgnu-runtime (test for excess errors)
UNRESOLVED: obj-c++.dg/method-23.mm -fgnu-runtime compilation failed to produce executable
FAIL: obj-c++.dg/proto-lossage-3.mm -fgnu-runtime (test for excess errors)
UNRESOLVED: obj-c++.dg/proto-lossage-3.mm -fgnu-runtime compilation failed to produce executable
FAIL: obj-c++.dg/proto-qual-1.mm -fgnu-runtime (test for excess errors)
UNRESOLVED: obj-c++.dg/proto-qual-1.mm -fgnu-runtime compilation failed to produce executable
FAIL: obj-c++.dg/qual-types-1.mm -fgnu-runtime (test for excess errors)
UNRESOLVED: obj-c++.dg/qual-types-1.mm -fgnu-runtime compilation failed to produce executable
FAIL: obj-c++.dg/template-1.mm -fgnu-runtime (test for excess errors)
UNRESOLVED: obj-c++.dg/template-1.mm -fgnu-runtime compilation failed to produce executable
FAIL: obj-c++.dg/template-3.mm -fgnu-runtime (test for excess errors)
UNRESOLVED: obj-c++.dg/template-3.mm -fgnu-runtime compilation failed to produce executable
FAIL: obj-c++.dg/template-4.mm -fgnu-runtime (test for excess errors)
UNRESOLVED: obj-c++.dg/template-4.mm -fgnu-runtime compilation failed to produce executable
FAIL: obj-c++.dg/template-8.mm -fgnu-runtime (test for excess errors)
UNRESOLVED: obj-c++.dg/template-8.mm -fgnu-runtime compilation failed to produce executable
FAIL: obj-c++.dg/try-catch-2.mm -fgnu-runtime (test for excess errors)
UNRESOLVED: obj-c++.dg/try-catch-2.mm -fgnu-runtime compilation failed to produce executable
FAIL: obj-c++.dg/try-catch-9.mm -fgnu-runtime (test for excess errors)
UNRESOLVED: obj-c++.dg/try-catch-9.mm -fgnu-runtime compilation failed to produce executable
FAIL: obj-c++.dg/va-meth-1.mm -fgnu-runtime (test for excess errors)
UNRESOLVED: obj-c++.dg/va-meth-1.mm -fgnu-runtime compilation failed to produce executable
FAIL: obj-c++.dg/lto/trivial-1 obj_cpp_lto_trivial-1_0.o-obj_cpp_lto_trivial-1_0.o link, -O0 -flto -fgnu-runtime
UNRESOLVED: obj-c++.dg/lto/trivial-1 obj_cpp_lto_trivial-1_0.o-obj_cpp_lto_trivial-1_0.o execute -O0 -flto -fgnu-runtime
FAIL: obj-c++.dg/lto/trivial-1 obj_cpp_lto_trivial-1_0.o-obj_cpp_lto_trivial-1_0.o link, -O2 -flto -fgnu-runtime
UNRESOLVED: obj-c++.dg/lto/trivial-1 obj_cpp_lto_trivial-1_0.o-obj_cpp_lto_trivial-1_0.o execute -O2 -flto -fgnu-runtime
FAIL: obj-c++.dg/lto/trivial-1 obj_cpp_lto_trivial-1_0.o-obj_cpp_lto_trivial-1_0.o link, -O0 -flto -flto-partition=none -fgnu-runtime
UNRESOLVED: obj-c++.dg/lto/trivial-1 obj_cpp_lto_trivial-1_0.o-obj_cpp_lto_trivial-1_0.o execute -O0 -flto -flto-partition=none -fgnu-runtime
FAIL: obj-c++.dg/lto/trivial-1 obj_cpp_lto_trivial-1_0.o-obj_cpp_lto_trivial-1_0.o link, -O2 -flto -flto-partition=none -fgnu-runtime
UNRESOLVED: obj-c++.dg/lto/trivial-1 obj_cpp_lto_trivial-1_0.o-obj_cpp_lto_trivial-1_0.o execute -O2 -flto -flto-partition=none -fgnu-runtime
FAIL: obj-c++.dg/property/at-property-10.mm -fgnu-runtime (test for excess errors)
UNRESOLVED: obj-c++.dg/property/at-property-10.mm -fgnu-runtime compilation failed to produce executable
FAIL: obj-c++.dg/property/at-property-11.mm -fgnu-runtime (test for excess errors)
UNRESOLVED: obj-c++.dg/property/at-property-11.mm -fgnu-runtime compilation failed to produce executable
FAIL: obj-c++.dg/property/at-property-12.mm -fgnu-runtime (test for excess errors)
UNRESOLVED: obj-c++.dg/property/at-property-12.mm -fgnu-runtime compilation failed to produce executable
FAIL: obj-c++.dg/property/at-property-13.mm -fgnu-runtime (test for excess errors)
UNRESOLVED: obj-c++.dg/property/at-property-13.mm -fgnu-runtime compilation failed to produce executable
FAIL: obj-c++.dg/property/at-property-19.mm -fgnu-runtime (test for excess errors)
UNRESOLVED: obj-c++.dg/property/at-property-19.mm -fgnu-runtime compilation failed to produce executable
FAIL: obj-c++.dg/property/at-property-22.mm -fgnu-runtime (test for excess errors)
UNRESOLVED: obj-c++.dg/property/at-property-22.mm -fgnu-runtime compilation failed to produce executable
FAIL: obj-c++.dg/property/at-property-24.mm -fgnu-runtime (test for excess errors)
UNRESOLVED: obj-c++.dg/property/at-property-24.mm -fgnu-runtime compilation failed to produce executable
FAIL: obj-c++.dg/property/at-property-26.mm -fgnu-runtime (test for excess errors)
UNRESOLVED: obj-c++.dg/property/at-property-26.mm -fgnu-runtime compilation failed to produce executable
FAIL: obj-c++.dg/property/at-property-27.mm -fgnu-runtime (test for excess errors)
UNRESOLVED: obj-c++.dg/property/at-property-27.mm -fgnu-runtime compilation failed to produce executable
FAIL: obj-c++.dg/property/at-property-6.mm -fgnu-runtime (test for excess errors)
UNRESOLVED: obj-c++.dg/property/at-property-6.mm -fgnu-runtime compilation failed to produce executable
FAIL: obj-c++.dg/property/at-property-7.mm -fgnu-runtime (test for excess errors)
UNRESOLVED: obj-c++.dg/property/at-property-7.mm -fgnu-runtime compilation failed to produce executable
FAIL: obj-c++.dg/property/at-property-8.mm -fgnu-runtime (test for excess errors)
UNRESOLVED: obj-c++.dg/property/at-property-8.mm -fgnu-runtime compilation failed to produce executable
FAIL: obj-c++.dg/property/at-property-9.mm -fgnu-runtime (test for excess errors)
UNRESOLVED: obj-c++.dg/property/at-property-9.mm -fgnu-runtime compilation failed to produce executable
FAIL: obj-c++.dg/property/dotsyntax-1.mm -fgnu-runtime (test for excess errors)
UNRESOLVED: obj-c++.dg/property/dotsyntax-1.mm -fgnu-runtime compilation failed to produce executable
FAIL: obj-c++.dg/property/dotsyntax-10.mm -fgnu-runtime (test for excess errors)
UNRESOLVED: obj-c++.dg/property/dotsyntax-10.mm -fgnu-runtime compilation failed to produce executable
FAIL: obj-c++.dg/property/dotsyntax-12.mm -fgnu-runtime (test for excess errors)
UNRESOLVED: obj-c++.dg/property/dotsyntax-12.mm -fgnu-runtime compilation failed to produce executable
FAIL: obj-c++.dg/property/dotsyntax-13.mm -fgnu-runtime (test for excess errors)
UNRESOLVED: obj-c++.dg/property/dotsyntax-13.mm -fgnu-runtime compilation failed to produce executable
FAIL: obj-c++.dg/property/dotsyntax-16.mm -fgnu-runtime (test for excess errors)
UNRESOLVED: obj-c++.dg/property/dotsyntax-16.mm -fgnu-runtime compilation failed to produce executable
FAIL: obj-c++.dg/property/dotsyntax-18.mm -fgnu-runtime (test for excess errors)
UNRESOLVED: obj-c++.dg/property/dotsyntax-18.mm -fgnu-runtime compilation failed to produce executable
FAIL: obj-c++.dg/property/dotsyntax-19.mm -fgnu-runtime (test for excess errors)
UNRESOLVED: obj-c++.dg/property/dotsyntax-19.mm -fgnu-runtime compilation failed to produce executable
FAIL: obj-c++.dg/property/dotsyntax-2.mm -fgnu-runtime (test for excess errors)
UNRESOLVED: obj-c++.dg/property/dotsyntax-2.mm -fgnu-runtime compilation failed to produce executable
FAIL: obj-c++.dg/property/dotsyntax-21.mm -fgnu-runtime (test for excess errors)
UNRESOLVED: obj-c++.dg/property/dotsyntax-21.mm -fgnu-runtime compilation failed to produce executable
FAIL: obj-c++.dg/property/dotsyntax-3.mm -fgnu-runtime (test for excess errors)
UNRESOLVED: obj-c++.dg/property/dotsyntax-3.mm -fgnu-runtime compilation failed to produce executable
FAIL: obj-c++.dg/property/dotsyntax-5.mm -fgnu-runtime (test for excess errors)
UNRESOLVED: obj-c++.dg/property/dotsyntax-5.mm -fgnu-runtime compilation failed to produce executable
FAIL: obj-c++.dg/property/dotsyntax-6.mm -fgnu-runtime (test for excess errors)
UNRESOLVED: obj-c++.dg/property/dotsyntax-6.mm -fgnu-runtime compilation failed to produce executable
FAIL: obj-c++.dg/property/dotsyntax-7.mm -fgnu-runtime (test for excess errors)
UNRESOLVED: obj-c++.dg/property/dotsyntax-7.mm -fgnu-runtime compilation failed to produce executable
FAIL: obj-c++.dg/property/dotsyntax-8.mm -fgnu-runtime (test for excess errors)
UNRESOLVED: obj-c++.dg/property/dotsyntax-8.mm -fgnu-runtime compilation failed to produce executable
FAIL: obj-c++.dg/property/dotsyntax-9.mm -fgnu-runtime (test for excess errors)
UNRESOLVED: obj-c++.dg/property/dotsyntax-9.mm -fgnu-runtime compilation failed to produce executable
FAIL: obj-c++.dg/property/dynamic-5.mm -fgnu-runtime (test for excess errors)
UNRESOLVED: obj-c++.dg/property/dynamic-5.mm -fgnu-runtime compilation failed to produce executable
FAIL: obj-c++.dg/property/fsf-property-basic.mm -fgnu-runtime (test for excess errors)
UNRESOLVED: obj-c++.dg/property/fsf-property-basic.mm -fgnu-runtime compilation failed to produce executable
FAIL: obj-c++.dg/property/fsf-property-method-access.mm -fgnu-runtime (test for excess errors)
UNRESOLVED: obj-c++.dg/property/fsf-property-method-access.mm -fgnu-runtime compilation failed to produce executable
FAIL: obj-c++.dg/property/fsf-property-named-ivar.mm -fgnu-runtime (test for excess errors)
UNRESOLVED: obj-c++.dg/property/fsf-property-named-ivar.mm -fgnu-runtime compilation failed to produce executable
FAIL: obj-c++.dg/property/property-1.mm -fgnu-runtime (test for excess errors)
UNRESOLVED: obj-c++.dg/property/property-1.mm -fgnu-runtime compilation failed to produce executable
FAIL: obj-c++.dg/property/property-encoding-1.mm -fgnu-runtime (test for excess errors)
UNRESOLVED: obj-c++.dg/property/property-encoding-1.mm -fgnu-runtime compilation failed to produce executable
FAIL: obj-c++.dg/property/synthesize-10.mm -fgnu-runtime (test for excess errors)
UNRESOLVED: obj-c++.dg/property/synthesize-10.mm -fgnu-runtime compilation failed to produce executable
FAIL: obj-c++.dg/property/synthesize-2.mm -fgnu-runtime (test for excess errors)
UNRESOLVED: obj-c++.dg/property/synthesize-2.mm -fgnu-runtime compilation failed to produce executable
FAIL: obj-c++.dg/property/synthesize-3.mm -fgnu-runtime (test for excess errors)
UNRESOLVED: obj-c++.dg/property/synthesize-3.mm -fgnu-runtime compilation failed to produce executable
FAIL: obj-c++.dg/property/synthesize-4.mm -fgnu-runtime (test for excess errors)
UNRESOLVED: obj-c++.dg/property/synthesize-4.mm -fgnu-runtime compilation failed to produce executable
FAIL: obj-c++.dg/property/synthesize-7.mm -fgnu-runtime (test for excess errors)
UNRESOLVED: obj-c++.dg/property/synthesize-7.mm -fgnu-runtime compilation failed to produce executable
FAIL: obj-c++.dg/strings/strings-2.mm -fgnu-runtime (test for excess errors)
UNRESOLVED: obj-c++.dg/strings/strings-2.mm -fgnu-runtime compilation failed to produce executable
FAIL: obj-c++.dg/tls/static-1.mm -fgnu-runtime (test for excess errors)
UNRESOLVED: obj-c++.dg/tls/static-1.mm -fgnu-runtime compilation failed to produce executable
FAIL: obj-c++.dg/torture/trivial.mm -O0 -fgnu-runtime (test for excess errors)
UNRESOLVED: obj-c++.dg/torture/trivial.mm -O0 -fgnu-runtime compilation failed to produce executable
FAIL: obj-c++.dg/torture/trivial.mm -O1 -fgnu-runtime (test for excess errors)
UNRESOLVED: obj-c++.dg/torture/trivial.mm -O1 -fgnu-runtime compilation failed to produce executable
FAIL: obj-c++.dg/torture/trivial.mm -O2 -fgnu-runtime (test for excess errors)
UNRESOLVED: obj-c++.dg/torture/trivial.mm -O2 -fgnu-runtime compilation failed to produce executable
FAIL: obj-c++.dg/torture/trivial.mm -O3 -fomit-frame-pointer -fgnu-runtime (test for excess errors)
UNRESOLVED: obj-c++.dg/torture/trivial.mm -O3 -fomit-frame-pointer -fgnu-runtime compilation failed to produce executable
FAIL: obj-c++.dg/torture/trivial.mm -O3 -g -fgnu-runtime (test for excess errors)
UNRESOLVED: obj-c++.dg/torture/trivial.mm -O3 -g -fgnu-runtime compilation failed to produce executable
FAIL: obj-c++.dg/torture/trivial.mm -Os -fgnu-runtime (test for excess errors)
UNRESOLVED: obj-c++.dg/torture/trivial.mm -Os -fgnu-runtime compilation failed to produce executable
FAIL: obj-c++.dg/torture/trivial.mm -O2 -flto -flto-partition=none -fgnu-runtime (test for excess errors)
UNRESOLVED: obj-c++.dg/torture/trivial.mm -O2 -flto -flto-partition=none -fgnu-runtime compilation failed to produce executable
FAIL: obj-c++.dg/torture/trivial.mm -O2 -flto -fgnu-runtime (test for excess errors)
UNRESOLVED: obj-c++.dg/torture/trivial.mm -O2 -flto -fgnu-runtime compilation failed to produce executable
FAIL: obj-c++.dg/torture/strings/const-str-7.mm -O0 -fgnu-runtime (test for excess errors)
UNRESOLVED: obj-c++.dg/torture/strings/const-str-7.mm -O0 -fgnu-runtime compilation failed to produce executable
FAIL: obj-c++.dg/torture/strings/const-str-7.mm -O1 -fgnu-runtime (test for excess errors)
UNRESOLVED: obj-c++.dg/torture/strings/const-str-7.mm -O1 -fgnu-runtime compilation failed to produce executable
FAIL: obj-c++.dg/torture/strings/const-str-7.mm -O2 -fgnu-runtime (test for excess errors)
UNRESOLVED: obj-c++.dg/torture/strings/const-str-7.mm -O2 -fgnu-runtime compilation failed to produce executable
FAIL: obj-c++.dg/torture/strings/const-str-7.mm -O3 -fomit-frame-pointer -fgnu-runtime (test for excess errors)
UNRESOLVED: obj-c++.dg/torture/strings/const-str-7.mm -O3 -fomit-frame-pointer -fgnu-runtime compilation failed to produce executable
FAIL: obj-c++.dg/torture/strings/const-str-7.mm -O3 -g -fgnu-runtime (test for excess errors)
UNRESOLVED: obj-c++.dg/torture/strings/const-str-7.mm -O3 -g -fgnu-runtime compilation failed to produce executable
FAIL: obj-c++.dg/torture/strings/const-str-7.mm -Os -fgnu-runtime (test for excess errors)
UNRESOLVED: obj-c++.dg/torture/strings/const-str-7.mm -Os -fgnu-runtime compilation failed to produce executable
FAIL: obj-c++.dg/torture/strings/const-str-7.mm -O2 -flto -flto-partition=none -fgnu-runtime (test for excess errors)
UNRESOLVED: obj-c++.dg/torture/strings/const-str-7.mm -O2 -flto -flto-partition=none -fgnu-runtime compilation failed to produce executable
FAIL: obj-c++.dg/torture/strings/const-str-7.mm -O2 -flto -fgnu-runtime (test for excess errors)
UNRESOLVED: obj-c++.dg/torture/strings/const-str-7.mm -O2 -flto -fgnu-runtime compilation failed to produce executable
FAIL: obj-c++.dg/torture/strings/string1.mm -O0 -fgnu-runtime (test for excess errors)
UNRESOLVED: obj-c++.dg/torture/strings/string1.mm -O0 -fgnu-runtime compilation failed to produce executable
FAIL: obj-c++.dg/torture/strings/string1.mm -O1 -fgnu-runtime (test for excess errors)
UNRESOLVED: obj-c++.dg/torture/strings/string1.mm -O1 -fgnu-runtime compilation failed to produce executable
FAIL: obj-c++.dg/torture/strings/string1.mm -O2 -fgnu-runtime (test for excess errors)
UNRESOLVED: obj-c++.dg/torture/strings/string1.mm -O2 -fgnu-runtime compilation failed to produce executable
FAIL: obj-c++.dg/torture/strings/string1.mm -O3 -fomit-frame-pointer -fgnu-runtime (test for excess errors)
UNRESOLVED: obj-c++.dg/torture/strings/string1.mm -O3 -fomit-frame-pointer -fgnu-runtime compilation failed to produce executable
FAIL: obj-c++.dg/torture/strings/string1.mm -O3 -g -fgnu-runtime (test for excess errors)
UNRESOLVED: obj-c++.dg/torture/strings/string1.mm -O3 -g -fgnu-runtime compilation failed to produce executable
FAIL: obj-c++.dg/torture/strings/string1.mm -Os -fgnu-runtime (test for excess errors)
UNRESOLVED: obj-c++.dg/torture/strings/string1.mm -Os -fgnu-runtime compilation failed to produce executable
FAIL: obj-c++.dg/torture/strings/string1.mm -O2 -flto -flto-partition=none -fgnu-runtime (test for excess errors)
UNRESOLVED: obj-c++.dg/torture/strings/string1.mm -O2 -flto -flto-partition=none -fgnu-runtime compilation failed to produce executable
FAIL: obj-c++.dg/torture/strings/string1.mm -O2 -flto -fgnu-runtime (test for excess errors)
UNRESOLVED: obj-c++.dg/torture/strings/string1.mm -O2 -flto -fgnu-runtime compilation failed to produce executable
FAIL: obj-c++.dg/torture/tls/thr-init-1.mm -O0 -fgnu-runtime (test for excess errors)
UNRESOLVED: obj-c++.dg/torture/tls/thr-init-1.mm -O0 -fgnu-runtime compilation failed to produce executable
FAIL: obj-c++.dg/torture/tls/thr-init-1.mm -O1 -fgnu-runtime (test for excess errors)
UNRESOLVED: obj-c++.dg/torture/tls/thr-init-1.mm -O1 -fgnu-runtime compilation failed to produce executable
FAIL: obj-c++.dg/torture/tls/thr-init-1.mm -O2 -fgnu-runtime (test for excess errors)
UNRESOLVED: obj-c++.dg/torture/tls/thr-init-1.mm -O2 -fgnu-runtime compilation failed to produce executable
FAIL: obj-c++.dg/torture/tls/thr-init-1.mm -O3 -fomit-frame-pointer -fgnu-runtime (test for excess errors)
UNRESOLVED: obj-c++.dg/torture/tls/thr-init-1.mm -O3 -fomit-frame-pointer -fgnu-runtime compilation failed to produce executable
FAIL: obj-c++.dg/torture/tls/thr-init-1.mm -O3 -g -fgnu-runtime (test for excess errors)
UNRESOLVED: obj-c++.dg/torture/tls/thr-init-1.mm -O3 -g -fgnu-runtime compilation failed to produce executable
FAIL: obj-c++.dg/torture/tls/thr-init-1.mm -Os -fgnu-runtime (test for excess errors)
UNRESOLVED: obj-c++.dg/torture/tls/thr-init-1.mm -Os -fgnu-runtime compilation failed to produce executable
FAIL: obj-c++.dg/torture/tls/thr-init-1.mm -O2 -flto -flto-partition=none -fgnu-runtime (test for excess errors)
UNRESOLVED: obj-c++.dg/torture/tls/thr-init-1.mm -O2 -flto -flto-partition=none -fgnu-runtime compilation failed to produce executable
FAIL: obj-c++.dg/torture/tls/thr-init-1.mm -O2 -flto -fgnu-runtime (test for excess errors)
UNRESOLVED: obj-c++.dg/torture/tls/thr-init-1.mm -O2 -flto -fgnu-runtime compilation failed to produce executable
FAIL: obj-c++.dg/torture/tls/thr-init-2.mm -O0 -fgnu-runtime (test for excess errors)
UNRESOLVED: obj-c++.dg/torture/tls/thr-init-2.mm -O0 -fgnu-runtime compilation failed to produce executable
FAIL: obj-c++.dg/torture/tls/thr-init-2.mm -O1 -fgnu-runtime (test for excess errors)
UNRESOLVED: obj-c++.dg/torture/tls/thr-init-2.mm -O1 -fgnu-runtime compilation failed to produce executable
FAIL: obj-c++.dg/torture/tls/thr-init-2.mm -O2 -fgnu-runtime (test for excess errors)
UNRESOLVED: obj-c++.dg/torture/tls/thr-init-2.mm -O2 -fgnu-runtime compilation failed to produce executable
FAIL: obj-c++.dg/torture/tls/thr-init-2.mm -O3 -fomit-frame-pointer -fgnu-runtime (test for excess errors)
UNRESOLVED: obj-c++.dg/torture/tls/thr-init-2.mm -O3 -fomit-frame-pointer -fgnu-runtime compilation failed to produce executable
FAIL: obj-c++.dg/torture/tls/thr-init-2.mm -O3 -g -fgnu-runtime (test for excess errors)
UNRESOLVED: obj-c++.dg/torture/tls/thr-init-2.mm -O3 -g -fgnu-runtime compilation failed to produce executable
FAIL: obj-c++.dg/torture/tls/thr-init-2.mm -Os -fgnu-runtime (test for excess errors)
UNRESOLVED: obj-c++.dg/torture/tls/thr-init-2.mm -Os -fgnu-runtime compilation failed to produce executable
FAIL: obj-c++.dg/torture/tls/thr-init-2.mm -O2 -flto -flto-partition=none -fgnu-runtime (test for excess errors)
UNRESOLVED: obj-c++.dg/torture/tls/thr-init-2.mm -O2 -flto -flto-partition=none -fgnu-runtime compilation failed to produce executable
FAIL: obj-c++.dg/torture/tls/thr-init-2.mm -O2 -flto -fgnu-runtime (test for excess errors)
UNRESOLVED: obj-c++.dg/torture/tls/thr-init-2.mm -O2 -flto -fgnu-runtime compilation failed to produce executable
FAIL: obj-c++.dg/torture/tls/thr-init-3.mm -O0 -fgnu-runtime (test for excess errors)
UNRESOLVED: obj-c++.dg/torture/tls/thr-init-3.mm -O0 -fgnu-runtime compilation failed to produce executable
FAIL: obj-c++.dg/torture/tls/thr-init-3.mm -O1 -fgnu-runtime (test for excess errors)
UNRESOLVED: obj-c++.dg/torture/tls/thr-init-3.mm -O1 -fgnu-runtime compilation failed to produce executable
FAIL: obj-c++.dg/torture/tls/thr-init-3.mm -O2 -fgnu-runtime (test for excess errors)
UNRESOLVED: obj-c++.dg/torture/tls/thr-init-3.mm -O2 -fgnu-runtime compilation failed to produce executable
FAIL: obj-c++.dg/torture/tls/thr-init-3.mm -O3 -fomit-frame-pointer -fgnu-runtime (test for excess errors)
UNRESOLVED: obj-c++.dg/torture/tls/thr-init-3.mm -O3 -fomit-frame-pointer -fgnu-runtime compilation failed to produce executable
FAIL: obj-c++.dg/torture/tls/thr-init-3.mm -O3 -g -fgnu-runtime (test for excess errors)
UNRESOLVED: obj-c++.dg/torture/tls/thr-init-3.mm -O3 -g -fgnu-runtime compilation failed to produce executable
FAIL: obj-c++.dg/torture/tls/thr-init-3.mm -Os -fgnu-runtime (test for excess errors)
UNRESOLVED: obj-c++.dg/torture/tls/thr-init-3.mm -Os -fgnu-runtime compilation failed to produce executable
FAIL: obj-c++.dg/torture/tls/thr-init-3.mm -O2 -flto -flto-partition=none -fgnu-runtime (test for excess errors)
UNRESOLVED: obj-c++.dg/torture/tls/thr-init-3.mm -O2 -flto -flto-partition=none -fgnu-runtime compilation failed to produce executable
FAIL: obj-c++.dg/torture/tls/thr-init-3.mm -O2 -flto -fgnu-runtime (test for excess errors)
UNRESOLVED: obj-c++.dg/torture/tls/thr-init-3.mm -O2 -flto -fgnu-runtime compilation failed to produce executable
=== obj-c++ Summary ===
# of expected passes 1167
# of unexpected failures 137
# of expected failures 8
# of unresolved testcases 137
# of unsupported tests 86
/home/gccbuild/build/nightly/build-gcc-trunk/gcc/testsuite/obj-c++/../../xg++ version 4.10.0 20140727 (experimental) [trunk revision 213095] (GCC)
=== objc tests ===
Running target unix
FAIL: objc.dg/bitfield-1.m -fgnu-runtime (test for excess errors)
UNRESOLVED: objc.dg/bitfield-1.m -fgnu-runtime compilation failed to produce executable
FAIL: objc.dg/bitfield-3.m -fgnu-runtime (test for excess errors)
UNRESOLVED: objc.dg/bitfield-3.m -fgnu-runtime compilation failed to produce executable
FAIL: objc.dg/bitfield-5.m -fgnu-runtime (test for excess errors)
UNRESOLVED: objc.dg/bitfield-5.m -fgnu-runtime compilation failed to produce executable
FAIL: objc.dg/call-super-1.m -fgnu-runtime (test for excess errors)
UNRESOLVED: objc.dg/call-super-1.m -fgnu-runtime compilation failed to produce executable
FAIL: objc.dg/call-super-3.m -fgnu-runtime (test for excess errors)
UNRESOLVED: objc.dg/call-super-3.m -fgnu-runtime compilation failed to produce executable
FAIL: objc.dg/category-1.m -fgnu-runtime (test for excess errors)
UNRESOLVED: objc.dg/category-1.m -fgnu-runtime compilation failed to produce executable
FAIL: objc.dg/defs.m -fgnu-runtime (test for excess errors)
UNRESOLVED: objc.dg/defs.m -fgnu-runtime compilation failed to produce executable
FAIL: objc.dg/demangle-1.m -fgnu-runtime (test for excess errors)
UNRESOLVED: objc.dg/demangle-1.m -fgnu-runtime compilation failed to produce executable
FAIL: objc.dg/desig-init-1.m -fgnu-runtime (test for excess errors)
UNRESOLVED: objc.dg/desig-init-1.m -fgnu-runtime compilation failed to produce executable
FAIL: objc.dg/encode-1.m -fgnu-runtime (test for excess errors)
UNRESOLVED: objc.dg/encode-1.m -fgnu-runtime compilation failed to produce executable
FAIL: objc.dg/encode-11.m -fgnu-runtime (test for excess errors)
UNRESOLVED: objc.dg/encode-11.m -fgnu-runtime compilation failed to produce executable
FAIL: objc.dg/encode-2.m -fgnu-runtime (test for excess errors)
UNRESOLVED: objc.dg/encode-2.m -fgnu-runtime compilation failed to produce executable
FAIL: objc.dg/encode-3.m -fgnu-runtime (test for excess errors)
UNRESOLVED: objc.dg/encode-3.m -fgnu-runtime compilation failed to produce executable
FAIL: objc.dg/encode-4.m -fgnu-runtime (test for excess errors)
UNRESOLVED: objc.dg/encode-4.m -fgnu-runtime compilation failed to produce executable
FAIL: objc.dg/encode-7.m -fgnu-runtime (test for excess errors)
UNRESOLVED: objc.dg/encode-7.m -fgnu-runtime compilation failed to produce executable
FAIL: objc.dg/encode-8.m -fgnu-runtime (test for excess errors)
UNRESOLVED: objc.dg/encode-8.m -fgnu-runtime compilation failed to produce executable
FAIL: objc.dg/exceptions-2.m -fgnu-runtime (test for excess errors)
UNRESOLVED: objc.dg/exceptions-2.m -fgnu-runtime compilation failed to produce executable
FAIL: objc.dg/foreach-1.m -fgnu-runtime (test for excess errors)
UNRESOLVED: objc.dg/foreach-1.m -fgnu-runtime compilation failed to produce executable
FAIL: objc.dg/foreach-2.m -fgnu-runtime (test for excess errors)
UNRESOLVED: objc.dg/foreach-2.m -fgnu-runtime compilation failed to produce executable
FAIL: objc.dg/foreach-4.m -fgnu-runtime (test for excess errors)
UNRESOLVED: objc.dg/foreach-4.m -fgnu-runtime compilation failed to produce executable
FAIL: objc.dg/foreach-5.m -fgnu-runtime (test for excess errors)
UNRESOLVED: objc.dg/foreach-5.m -fgnu-runtime compilation failed to produce executable
FAIL: objc.dg/func-ptr-1.m -fgnu-runtime (test for excess errors)
UNRESOLVED: objc.dg/func-ptr-1.m -fgnu-runtime compilation failed to produce executable
FAIL: objc.dg/func-ptr-2.m -fgnu-runtime (test for excess errors)
UNRESOLVED: objc.dg/func-ptr-2.m -fgnu-runtime compilation failed to produce executable
FAIL: objc.dg/gnu-api-2-class-meta.m -fgnu-runtime (test for excess errors)
UNRESOLVED: objc.dg/gnu-api-2-class-meta.m -fgnu-runtime compilation failed to produce executable
FAIL: objc.dg/gnu-api-2-class.m -fgnu-runtime (test for excess errors)
UNRESOLVED: objc.dg/gnu-api-2-class.m -fgnu-runtime compilation failed to produce executable
FAIL: objc.dg/gnu-api-2-ivar.m -fgnu-runtime (test for excess errors)
UNRESOLVED: objc.dg/gnu-api-2-ivar.m -fgnu-runtime compilation failed to produce executable
FAIL: objc.dg/gnu-api-2-method.m -fgnu-runtime (test for excess errors)
UNRESOLVED: objc.dg/gnu-api-2-method.m -fgnu-runtime compilation failed to produce executable
FAIL: objc.dg/gnu-api-2-objc.m -fgnu-runtime (test for excess errors)
UNRESOLVED: objc.dg/gnu-api-2-objc.m -fgnu-runtime compilation failed to produce executable
FAIL: objc.dg/gnu-api-2-objc_msg_lookup.m -fgnu-runtime (test for excess errors)
UNRESOLVED: objc.dg/gnu-api-2-objc_msg_lookup.m -fgnu-runtime compilation failed to produce executable
FAIL: objc.dg/gnu-api-2-object.m -fgnu-runtime (test for excess errors)
UNRESOLVED: objc.dg/gnu-api-2-object.m -fgnu-runtime compilation failed to produce executable
FAIL: objc.dg/gnu-api-2-property.m -fgnu-runtime (test for excess errors)
UNRESOLVED: objc.dg/gnu-api-2-property.m -fgnu-runtime compilation failed to produce executable
FAIL: objc.dg/gnu-api-2-protocol.m -fgnu-runtime (test for excess errors)
UNRESOLVED: objc.dg/gnu-api-2-protocol.m -fgnu-runtime compilation failed to produce executable
FAIL: objc.dg/gnu-api-2-resolve-method.m -fgnu-runtime (test for excess errors)
UNRESOLVED: objc.dg/gnu-api-2-resolve-method.m -fgnu-runtime compilation failed to produce executable
FAIL: objc.dg/gnu-api-2-sel.m -fgnu-runtime (test for excess errors)
UNRESOLVED: objc.dg/gnu-api-2-sel.m -fgnu-runtime compilation failed to produce executable
FAIL: objc.dg/gnu-runtime-3.m -fgnu-runtime (test for excess errors)
UNRESOLVED: objc.dg/gnu-runtime-3.m -fgnu-runtime compilation failed to produce executable
FAIL: objc.dg/ivar-scope-3.m -fgnu-runtime (test for excess errors)
UNRESOLVED: objc.dg/ivar-scope-3.m -fgnu-runtime compilation failed to produce executable
FAIL: objc.dg/ivar-scope-4.m -fgnu-runtime (test for excess errors)
UNRESOLVED: objc.dg/ivar-scope-4.m -fgnu-runtime compilation failed to produce executable
FAIL: objc.dg/libobjc-selector-1.m -fgnu-runtime (test for excess errors)
UNRESOLVED: objc.dg/libobjc-selector-1.m -fgnu-runtime compilation failed to produce executable
FAIL: objc.dg/lookup-1.m -fgnu-runtime (test for excess errors)
UNRESOLVED: objc.dg/lookup-1.m -fgnu-runtime compilation failed to produce executable
FAIL: objc.dg/method-10.m -fgnu-runtime (test for excess errors)
UNRESOLVED: objc.dg/method-10.m -fgnu-runtime compilation failed to produce executable
FAIL: objc.dg/method-13.m -fgnu-runtime (test for excess errors)
UNRESOLVED: objc.dg/method-13.m -fgnu-runtime compilation failed to produce executable
FAIL: objc.dg/method-20b.m -fgnu-runtime (test for excess errors)
UNRESOLVED: objc.dg/method-20b.m -fgnu-runtime compilation failed to produce executable
FAIL: objc.dg/method-3.m -fgnu-runtime (test for excess errors)
UNRESOLVED: objc.dg/method-3.m -fgnu-runtime compilation failed to produce executable
FAIL: objc.dg/pr18255.m -fgnu-runtime (test for excess errors)
UNRESOLVED: objc.dg/pr18255.m -fgnu-runtime compilation failed to produce executable
FAIL: objc.dg/pr23214.m -fgnu-runtime (test for excess errors)
UNRESOLVED: objc.dg/pr23214.m -fgnu-runtime compilation failed to produce executable
FAIL: objc.dg/pr48177.m -fgnu-runtime (test for excess errors)
UNRESOLVED: objc.dg/pr48177.m -fgnu-runtime compilation failed to produce executable
FAIL: objc.dg/proto-lossage-3.m -fgnu-runtime (test for excess errors)
UNRESOLVED: objc.dg/proto-lossage-3.m -fgnu-runtime compilation failed to produce executable
FAIL: objc.dg/proto-qual-1.m -fgnu-runtime (test for excess errors)
UNRESOLVED: objc.dg/proto-qual-1.m -fgnu-runtime compilation failed to produce executable
FAIL: objc.dg/sizeof-1.m -fgnu-runtime (test for excess errors)
UNRESOLVED: objc.dg/sizeof-1.m -fgnu-runtime compilation failed to produce executable
FAIL: objc.dg/stret-1.m -fgnu-runtime (test for excess errors)
UNRESOLVED: objc.dg/stret-1.m -fgnu-runtime compilation failed to produce executable
FAIL: objc.dg/super-class-3.m -fgnu-runtime (test for excess errors)
UNRESOLVED: objc.dg/super-class-3.m -fgnu-runtime compilation failed to produce executable
FAIL: objc.dg/type-size-2.m -fgnu-runtime (test for excess errors)
UNRESOLVED: objc.dg/type-size-2.m -fgnu-runtime compilation failed to produce executable
FAIL: objc.dg/va-meth-1.m -fgnu-runtime (test for excess errors)
UNRESOLVED: objc.dg/va-meth-1.m -fgnu-runtime compilation failed to produce executable
FAIL: objc.dg-struct-layout-encoding-1/t001_main.m (test for excess errors)
UNRESOLVED: objc.dg-struct-layout-encoding-1/t001_main.m compilation failed to produce executable
FAIL: objc.dg-struct-layout-encoding-1/t002_main.m (test for excess errors)
UNRESOLVED: objc.dg-struct-layout-encoding-1/t002_main.m compilation failed to produce executable
FAIL: objc.dg-struct-layout-encoding-1/t003_main.m (test for excess errors)
UNRESOLVED: objc.dg-struct-layout-encoding-1/t003_main.m compilation failed to produce executable
FAIL: objc.dg-struct-layout-encoding-1/t004_main.m (test for excess errors)
UNRESOLVED: objc.dg-struct-layout-encoding-1/t004_main.m compilation failed to produce executable
FAIL: objc.dg-struct-layout-encoding-1/t005_main.m (test for excess errors)
UNRESOLVED: objc.dg-struct-layout-encoding-1/t005_main.m compilation failed to produce executable
FAIL: objc.dg-struct-layout-encoding-1/t006_main.m (test for excess errors)
UNRESOLVED: objc.dg-struct-layout-encoding-1/t006_main.m compilation failed to produce executable
FAIL: objc.dg-struct-layout-encoding-1/t007_main.m (test for excess errors)
UNRESOLVED: objc.dg-struct-layout-encoding-1/t007_main.m compilation failed to produce executable
FAIL: objc.dg-struct-layout-encoding-1/t008_main.m (test for excess errors)
UNRESOLVED: objc.dg-struct-layout-encoding-1/t008_main.m compilation failed to produce executable
FAIL: objc.dg-struct-layout-encoding-1/t009_main.m (test for excess errors)
UNRESOLVED: objc.dg-struct-layout-encoding-1/t009_main.m compilation failed to produce executable
FAIL: objc.dg-struct-layout-encoding-1/t010_main.m (test for excess errors)
UNRESOLVED: objc.dg-struct-layout-encoding-1/t010_main.m compilation failed to produce executable
FAIL: objc.dg-struct-layout-encoding-1/t011_main.m (test for excess errors)
UNRESOLVED: objc.dg-struct-layout-encoding-1/t011_main.m compilation failed to produce executable
FAIL: objc.dg-struct-layout-encoding-1/t012_main.m (test for excess errors)
UNRESOLVED: objc.dg-struct-layout-encoding-1/t012_main.m compilation failed to produce executable
FAIL: objc.dg-struct-layout-encoding-1/t013_main.m (test for excess errors)
UNRESOLVED: objc.dg-struct-layout-encoding-1/t013_main.m compilation failed to produce executable
FAIL: objc.dg-struct-layout-encoding-1/t014_main.m (test for excess errors)
UNRESOLVED: objc.dg-struct-layout-encoding-1/t014_main.m compilation failed to produce executable
FAIL: objc.dg-struct-layout-encoding-1/t015_main.m (test for excess errors)
UNRESOLVED: objc.dg-struct-layout-encoding-1/t015_main.m compilation failed to produce executable
FAIL: objc.dg-struct-layout-encoding-1/t016_main.m (test for excess errors)
UNRESOLVED: objc.dg-struct-layout-encoding-1/t016_main.m compilation failed to produce executable
FAIL: objc.dg-struct-layout-encoding-1/t017_main.m (test for excess errors)
UNRESOLVED: objc.dg-struct-layout-encoding-1/t017_main.m compilation failed to produce executable
FAIL: objc.dg-struct-layout-encoding-1/t018_main.m (test for excess errors)
UNRESOLVED: objc.dg-struct-layout-encoding-1/t018_main.m compilation failed to produce executable
FAIL: objc.dg-struct-layout-encoding-1/t019_main.m (test for excess errors)
UNRESOLVED: objc.dg-struct-layout-encoding-1/t019_main.m compilation failed to produce executable
FAIL: objc.dg-struct-layout-encoding-1/t020_main.m (test for excess errors)
UNRESOLVED: objc.dg-struct-layout-encoding-1/t020_main.m compilation failed to produce executable
FAIL: objc.dg-struct-layout-encoding-1/t021_main.m (test for excess errors)
UNRESOLVED: objc.dg-struct-layout-encoding-1/t021_main.m compilation failed to produce executable
FAIL: objc.dg-struct-layout-encoding-1/t022_main.m (test for excess errors)
UNRESOLVED: objc.dg-struct-layout-encoding-1/t022_main.m compilation failed to produce executable
FAIL: objc.dg-struct-layout-encoding-1/t023_main.m (test for excess errors)
UNRESOLVED: objc.dg-struct-layout-encoding-1/t023_main.m compilation failed to produce executable
FAIL: objc.dg-struct-layout-encoding-1/t024_main.m (test for excess errors)
UNRESOLVED: objc.dg-struct-layout-encoding-1/t024_main.m compilation failed to produce executable
FAIL: objc.dg-struct-layout-encoding-1/t025_main.m (test for excess errors)
UNRESOLVED: objc.dg-struct-layout-encoding-1/t025_main.m compilation failed to produce executable
FAIL: objc.dg-struct-layout-encoding-1/t026_main.m (test for excess errors)
UNRESOLVED: objc.dg-struct-layout-encoding-1/t026_main.m compilation failed to produce executable
FAIL: objc.dg-struct-layout-encoding-1/t027_main.m (test for excess errors)
UNRESOLVED: objc.dg-struct-layout-encoding-1/t027_main.m compilation failed to produce executable
FAIL: objc.dg-struct-layout-encoding-1/t028_main.m (test for excess errors)
UNRESOLVED: objc.dg-struct-layout-encoding-1/t028_main.m compilation failed to produce executable
FAIL: objc.dg-struct-layout-encoding-1/t029_main.m (test for excess errors)
UNRESOLVED: objc.dg-struct-layout-encoding-1/t029_main.m compilation failed to produce executable
FAIL: objc.dg-struct-layout-encoding-1/t030_main.m (test for excess errors)
UNRESOLVED: objc.dg-struct-layout-encoding-1/t030_main.m compilation failed to produce executable
FAIL: objc.dg-struct-layout-encoding-1/t031_main.m (test for excess errors)
UNRESOLVED: objc.dg-struct-layout-encoding-1/t031_main.m compilation failed to produce executable
FAIL: objc.dg/lto/trivial-1 objc_lto_trivial-1_0.o-objc_lto_trivial-1_0.o link, -O0 -flto -fgnu-runtime
UNRESOLVED: objc.dg/lto/trivial-1 objc_lto_trivial-1_0.o-objc_lto_trivial-1_0.o execute -O0 -flto -fgnu-runtime
FAIL: objc.dg/lto/trivial-1 objc_lto_trivial-1_0.o-objc_lto_trivial-1_0.o link, -O2 -flto -fgnu-runtime
UNRESOLVED: objc.dg/lto/trivial-1 objc_lto_trivial-1_0.o-objc_lto_trivial-1_0.o execute -O2 -flto -fgnu-runtime
FAIL: objc.dg/lto/trivial-1 objc_lto_trivial-1_0.o-objc_lto_trivial-1_0.o link, -O0 -flto -flto-partition=none -fgnu-runtime
UNRESOLVED: objc.dg/lto/trivial-1 objc_lto_trivial-1_0.o-objc_lto_trivial-1_0.o execute -O0 -flto -flto-partition=none -fgnu-runtime
FAIL: objc.dg/lto/trivial-1 objc_lto_trivial-1_0.o-objc_lto_trivial-1_0.o link, -O2 -flto -flto-partition=none -fgnu-runtime
UNRESOLVED: objc.dg/lto/trivial-1 objc_lto_trivial-1_0.o-objc_lto_trivial-1_0.o execute -O2 -flto -flto-partition=none -fgnu-runtime
FAIL: objc.dg/property/at-property-10.m -fgnu-runtime (test for excess errors)
UNRESOLVED: objc.dg/property/at-property-10.m -fgnu-runtime compilation failed to produce executable
FAIL: objc.dg/property/at-property-11.m -fgnu-runtime (test for excess errors)
UNRESOLVED: objc.dg/property/at-property-11.m -fgnu-runtime compilation failed to produce executable
FAIL: objc.dg/property/at-property-12.m -fgnu-runtime (test for excess errors)
UNRESOLVED: objc.dg/property/at-property-12.m -fgnu-runtime compilation failed to produce executable
FAIL: objc.dg/property/at-property-13.m -fgnu-runtime (test for excess errors)
UNRESOLVED: objc.dg/property/at-property-13.m -fgnu-runtime compilation failed to produce executable
FAIL: objc.dg/property/at-property-19.m -fgnu-runtime (test for excess errors)
UNRESOLVED: objc.dg/property/at-property-19.m -fgnu-runtime compilation failed to produce executable
FAIL: objc.dg/property/at-property-22.m -fgnu-runtime (test for excess errors)
UNRESOLVED: objc.dg/property/at-property-22.m -fgnu-runtime compilation failed to produce executable
FAIL: objc.dg/property/at-property-24.m -fgnu-runtime (test for excess errors)
UNRESOLVED: objc.dg/property/at-property-24.m -fgnu-runtime compilation failed to produce executable
FAIL: objc.dg/property/at-property-26.m -fgnu-runtime (test for excess errors)
UNRESOLVED: objc.dg/property/at-property-26.m -fgnu-runtime compilation failed to produce executable
FAIL: objc.dg/property/at-property-27.m -fgnu-runtime (test for excess errors)
UNRESOLVED: objc.dg/property/at-property-27.m -fgnu-runtime compilation failed to produce executable
FAIL: objc.dg/property/at-property-6.m -fgnu-runtime (test for excess errors)
UNRESOLVED: objc.dg/property/at-property-6.m -fgnu-runtime compilation failed to produce executable
FAIL: objc.dg/property/at-property-7.m -fgnu-runtime (test for excess errors)
UNRESOLVED: objc.dg/property/at-property-7.m -fgnu-runtime compilation failed to produce executable
FAIL: objc.dg/property/at-property-8.m -fgnu-runtime (test for excess errors)
UNRESOLVED: objc.dg/property/at-property-8.m -fgnu-runtime compilation failed to produce executable
FAIL: objc.dg/property/at-property-9.m -fgnu-runtime (test for excess errors)
UNRESOLVED: objc.dg/property/at-property-9.m -fgnu-runtime compilation failed to produce executable
FAIL: objc.dg/property/dotsyntax-1.m -fgnu-runtime (test for excess errors)
UNRESOLVED: objc.dg/property/dotsyntax-1.m -fgnu-runtime compilation failed to produce executable
FAIL: objc.dg/property/dotsyntax-10.m -fgnu-runtime (test for excess errors)
UNRESOLVED: objc.dg/property/dotsyntax-10.m -fgnu-runtime compilation failed to produce executable
FAIL: objc.dg/property/dotsyntax-12.m -fgnu-runtime (test for excess errors)
UNRESOLVED: objc.dg/property/dotsyntax-12.m -fgnu-runtime compilation failed to produce executable
FAIL: objc.dg/property/dotsyntax-13.m -fgnu-runtime (test for excess errors)
UNRESOLVED: objc.dg/property/dotsyntax-13.m -fgnu-runtime compilation failed to produce executable
FAIL: objc.dg/property/dotsyntax-16.m -fgnu-runtime (test for excess errors)
UNRESOLVED: objc.dg/property/dotsyntax-16.m -fgnu-runtime compilation failed to produce executable
FAIL: objc.dg/property/dotsyntax-18.m -fgnu-runtime (test for excess errors)
UNRESOLVED: objc.dg/property/dotsyntax-18.m -fgnu-runtime compilation failed to produce executable
FAIL: objc.dg/property/dotsyntax-19.m -fgnu-runtime (test for excess errors)
UNRESOLVED: objc.dg/property/dotsyntax-19.m -fgnu-runtime compilation failed to produce executable
FAIL: objc.dg/property/dotsyntax-2.m -fgnu-runtime (test for excess errors)
UNRESOLVED: objc.dg/property/dotsyntax-2.m -fgnu-runtime compilation failed to produce executable
FAIL: objc.dg/property/dotsyntax-21.m -fgnu-runtime (test for excess errors)
UNRESOLVED: objc.dg/property/dotsyntax-21.m -fgnu-runtime compilation failed to produce executable
FAIL: objc.dg/property/dotsyntax-3.m -fgnu-runtime (test for excess errors)
UNRESOLVED: objc.dg/property/dotsyntax-3.m -fgnu-runtime compilation failed to produce executable
FAIL: objc.dg/property/dotsyntax-5.m -fgnu-runtime (test for excess errors)
UNRESOLVED: objc.dg/property/dotsyntax-5.m -fgnu-runtime compilation failed to produce executable
FAIL: objc.dg/property/dotsyntax-6.m -fgnu-runtime (test for excess errors)
UNRESOLVED: objc.dg/property/dotsyntax-6.m -fgnu-runtime compilation failed to produce executable
FAIL: objc.dg/property/dotsyntax-7.m -fgnu-runtime (test for excess errors)
UNRESOLVED: objc.dg/property/dotsyntax-7.m -fgnu-runtime compilation failed to produce executable
FAIL: objc.dg/property/dotsyntax-8.m -fgnu-runtime (test for excess errors)
UNRESOLVED: objc.dg/property/dotsyntax-8.m -fgnu-runtime compilation failed to produce executable
FAIL: objc.dg/property/dotsyntax-9.m -fgnu-runtime (test for excess errors)
UNRESOLVED: objc.dg/property/dotsyntax-9.m -fgnu-runtime compilation failed to produce executable
FAIL: objc.dg/property/dynamic-5.m -fgnu-runtime (test for excess errors)
UNRESOLVED: objc.dg/property/dynamic-5.m -fgnu-runtime compilation failed to produce executable
FAIL: objc.dg/property/fsf-property-basic.m -fgnu-runtime (test for excess errors)
UNRESOLVED: objc.dg/property/fsf-property-basic.m -fgnu-runtime compilation failed to produce executable
FAIL: objc.dg/property/fsf-property-method-access.m -fgnu-runtime (test for excess errors)
UNRESOLVED: objc.dg/property/fsf-property-method-access.m -fgnu-runtime compilation failed to produce executable
FAIL: objc.dg/property/fsf-property-named-ivar.m -fgnu-runtime (test for excess errors)
UNRESOLVED: objc.dg/property/fsf-property-named-ivar.m -fgnu-runtime compilation failed to produce executable
FAIL: objc.dg/property/property-1.m -fgnu-runtime (test for excess errors)
UNRESOLVED: objc.dg/property/property-1.m -fgnu-runtime compilation failed to produce executable
FAIL: objc.dg/property/property-encoding-1.m -fgnu-runtime (test for excess errors)
UNRESOLVED: objc.dg/property/property-encoding-1.m -fgnu-runtime compilation failed to produce executable
FAIL: objc.dg/property/synthesize-10.m -fgnu-runtime (test for excess errors)
UNRESOLVED: objc.dg/property/synthesize-10.m -fgnu-runtime compilation failed to produce executable
FAIL: objc.dg/property/synthesize-2.m -fgnu-runtime (test for excess errors)
UNRESOLVED: objc.dg/property/synthesize-2.m -fgnu-runtime compilation failed to produce executable
FAIL: objc.dg/property/synthesize-3.m -fgnu-runtime (test for excess errors)
UNRESOLVED: objc.dg/property/synthesize-3.m -fgnu-runtime compilation failed to produce executable
FAIL: objc.dg/property/synthesize-4.m -fgnu-runtime (test for excess errors)
UNRESOLVED: objc.dg/property/synthesize-4.m -fgnu-runtime compilation failed to produce executable
FAIL: objc.dg/property/synthesize-7.m -fgnu-runtime (test for excess errors)
UNRESOLVED: objc.dg/property/synthesize-7.m -fgnu-runtime compilation failed to produce executable
FAIL: objc.dg/special/unclaimed-category-1.m unclaimed-category-1a.o (test for excess errors)
UNRESOLVED: objc.dg/special/unclaimed-category-1.m unclaimed-category-1a.o compilation failed to produce executable
FAIL: objc.dg/special/load-category-1.m load-category-1a.o (test for excess errors)
UNRESOLVED: objc.dg/special/load-category-1.m load-category-1a.o compilation failed to produce executable
FAIL: objc.dg/special/load-category-2.m load-category-2a.o (test for excess errors)
UNRESOLVED: objc.dg/special/load-category-2.m load-category-2a.o compilation failed to produce executable
FAIL: objc.dg/special/load-category-3.m load-category-3a.o (test for excess errors)
UNRESOLVED: objc.dg/special/load-category-3.m load-category-3a.o compilation failed to produce executable
FAIL: objc.dg/strings/strings-2.m -fgnu-runtime (test for excess errors)
UNRESOLVED: objc.dg/strings/strings-2.m -fgnu-runtime compilation failed to produce executable
FAIL: objc.dg/torture/forward-1.m -O0 -fgnu-runtime (test for excess errors)
UNRESOLVED: objc.dg/torture/forward-1.m -O0 -fgnu-runtime compilation failed to produce executable
FAIL: objc.dg/torture/forward-1.m -O1 -fgnu-runtime (test for excess errors)
UNRESOLVED: objc.dg/torture/forward-1.m -O1 -fgnu-runtime compilation failed to produce executable
FAIL: objc.dg/torture/forward-1.m -O2 -fgnu-runtime (test for excess errors)
UNRESOLVED: objc.dg/torture/forward-1.m -O2 -fgnu-runtime compilation failed to produce executable
FAIL: objc.dg/torture/forward-1.m -O3 -fomit-frame-pointer -fgnu-runtime (test for excess errors)
UNRESOLVED: objc.dg/torture/forward-1.m -O3 -fomit-frame-pointer -fgnu-runtime compilation failed to produce executable
FAIL: objc.dg/torture/forward-1.m -O3 -fomit-frame-pointer -funroll-loops -fgnu-runtime (test for excess errors)
UNRESOLVED: objc.dg/torture/forward-1.m -O3 -fomit-frame-pointer -funroll-loops -fgnu-runtime compilation failed to produce executable
FAIL: objc.dg/torture/forward-1.m -O3 -fomit-frame-pointer -funroll-all-loops -finline-functions -fgnu-runtime (test for excess errors)
UNRESOLVED: objc.dg/torture/forward-1.m -O3 -fomit-frame-pointer -funroll-all-loops -finline-functions -fgnu-runtime compilation failed to produce executable
FAIL: objc.dg/torture/forward-1.m -O3 -g -fgnu-runtime (test for excess errors)
UNRESOLVED: objc.dg/torture/forward-1.m -O3 -g -fgnu-runtime compilation failed to produce executable
FAIL: objc.dg/torture/forward-1.m -Os -fgnu-runtime (test for excess errors)
UNRESOLVED: objc.dg/torture/forward-1.m -Os -fgnu-runtime compilation failed to produce executable
FAIL: objc.dg/torture/forward-1.m -O2 -flto -flto-partition=none -fgnu-runtime (test for excess errors)
UNRESOLVED: objc.dg/torture/forward-1.m -O2 -flto -flto-partition=none -fgnu-runtime compilation failed to produce executable
FAIL: objc.dg/torture/forward-1.m -O2 -flto -fgnu-runtime (test for excess errors)
UNRESOLVED: objc.dg/torture/forward-1.m -O2 -flto -fgnu-runtime compilation failed to produce executable
FAIL: objc.dg/torture/trivial.m -O0 -fgnu-runtime (test for excess errors)
UNRESOLVED: objc.dg/torture/trivial.m -O0 -fgnu-runtime compilation failed to produce executable
FAIL: objc.dg/torture/trivial.m -O1 -fgnu-runtime (test for excess errors)
UNRESOLVED: objc.dg/torture/trivial.m -O1 -fgnu-runtime compilation failed to produce executable
FAIL: objc.dg/torture/trivial.m -O2 -fgnu-runtime (test for excess errors)
UNRESOLVED: objc.dg/torture/trivial.m -O2 -fgnu-runtime compilation failed to produce executable
FAIL: objc.dg/torture/trivial.m -O3 -fomit-frame-pointer -fgnu-runtime (test for excess errors)
UNRESOLVED: objc.dg/torture/trivial.m -O3 -fomit-frame-pointer -fgnu-runtime compilation failed to produce executable
FAIL: objc.dg/torture/trivial.m -O3 -g -fgnu-runtime (test for excess errors)
UNRESOLVED: objc.dg/torture/trivial.m -O3 -g -fgnu-runtime compilation failed to produce executable
FAIL: objc.dg/torture/trivial.m -Os -fgnu-runtime (test for excess errors)
UNRESOLVED: objc.dg/torture/trivial.m -Os -fgnu-runtime compilation failed to produce executable
FAIL: objc.dg/torture/trivial.m -O2 -flto -flto-partition=none -fgnu-runtime (test for excess errors)
UNRESOLVED: objc.dg/torture/trivial.m -O2 -flto -flto-partition=none -fgnu-runtime compilation failed to produce executable
FAIL: objc.dg/torture/trivial.m -O2 -flto -fgnu-runtime (test for excess errors)
UNRESOLVED: objc.dg/torture/trivial.m -O2 -flto -fgnu-runtime compilation failed to produce executable
FAIL: objc.dg/torture/strings/const-str-3.m -O0 -fgnu-runtime (test for excess errors)
UNRESOLVED: objc.dg/torture/strings/const-str-3.m -O0 -fgnu-runtime compilation failed to produce executable
FAIL: objc.dg/torture/strings/const-str-3.m -O1 -fgnu-runtime (test for excess errors)
UNRESOLVED: objc.dg/torture/strings/const-str-3.m -O1 -fgnu-runtime compilation failed to produce executable
FAIL: objc.dg/torture/strings/const-str-3.m -O2 -fgnu-runtime (test for excess errors)
UNRESOLVED: objc.dg/torture/strings/const-str-3.m -O2 -fgnu-runtime compilation failed to produce executable
FAIL: objc.dg/torture/strings/const-str-3.m -O3 -fomit-frame-pointer -fgnu-runtime (test for excess errors)
UNRESOLVED: objc.dg/torture/strings/const-str-3.m -O3 -fomit-frame-pointer -fgnu-runtime compilation failed to produce executable
FAIL: objc.dg/torture/strings/const-str-3.m -O3 -g -fgnu-runtime (test for excess errors)
UNRESOLVED: objc.dg/torture/strings/const-str-3.m -O3 -g -fgnu-runtime compilation failed to produce executable
FAIL: objc.dg/torture/strings/const-str-3.m -Os -fgnu-runtime (test for excess errors)
UNRESOLVED: objc.dg/torture/strings/const-str-3.m -Os -fgnu-runtime compilation failed to produce executable
FAIL: objc.dg/torture/strings/const-str-3.m -O2 -flto -flto-partition=none -fgnu-runtime (test for excess errors)
UNRESOLVED: objc.dg/torture/strings/const-str-3.m -O2 -flto -flto-partition=none -fgnu-runtime compilation failed to produce executable
FAIL: objc.dg/torture/strings/const-str-3.m -O2 -flto -fgnu-runtime (test for excess errors)
UNRESOLVED: objc.dg/torture/strings/const-str-3.m -O2 -flto -fgnu-runtime compilation failed to produce executable
FAIL: objc.dg/torture/strings/const-str-4.m -O0 -fgnu-runtime (test for excess errors)
UNRESOLVED: objc.dg/torture/strings/const-str-4.m -O0 -fgnu-runtime compilation failed to produce executable
FAIL: objc.dg/torture/strings/const-str-4.m -O1 -fgnu-runtime (test for excess errors)
UNRESOLVED: objc.dg/torture/strings/const-str-4.m -O1 -fgnu-runtime compilation failed to produce executable
FAIL: objc.dg/torture/strings/const-str-4.m -O2 -fgnu-runtime (test for excess errors)
UNRESOLVED: objc.dg/torture/strings/const-str-4.m -O2 -fgnu-runtime compilation failed to produce executable
FAIL: objc.dg/torture/strings/const-str-4.m -O3 -fomit-frame-pointer -fgnu-runtime (test for excess errors)
UNRESOLVED: objc.dg/torture/strings/const-str-4.m -O3 -fomit-frame-pointer -fgnu-runtime compilation failed to produce executable
FAIL: objc.dg/torture/strings/const-str-4.m -O3 -g -fgnu-runtime (test for excess errors)
UNRESOLVED: objc.dg/torture/strings/const-str-4.m -O3 -g -fgnu-runtime compilation failed to produce executable
FAIL: objc.dg/torture/strings/const-str-4.m -Os -fgnu-runtime (test for excess errors)
UNRESOLVED: objc.dg/torture/strings/const-str-4.m -Os -fgnu-runtime compilation failed to produce executable
FAIL: objc.dg/torture/strings/const-str-4.m -O2 -flto -flto-partition=none -fgnu-runtime (test for excess errors)
UNRESOLVED: objc.dg/torture/strings/const-str-4.m -O2 -flto -flto-partition=none -fgnu-runtime compilation failed to produce executable
FAIL: objc.dg/torture/strings/const-str-4.m -O2 -flto -fgnu-runtime (test for excess errors)
UNRESOLVED: objc.dg/torture/strings/const-str-4.m -O2 -flto -fgnu-runtime compilation failed to produce executable
FAIL: objc.dg/torture/strings/const-str-7.m -O0 -fgnu-runtime (test for excess errors)
UNRESOLVED: objc.dg/torture/strings/const-str-7.m -O0 -fgnu-runtime compilation failed to produce executable
FAIL: objc.dg/torture/strings/const-str-7.m -O1 -fgnu-runtime (test for excess errors)
UNRESOLVED: objc.dg/torture/strings/const-str-7.m -O1 -fgnu-runtime compilation failed to produce executable
FAIL: objc.dg/torture/strings/const-str-7.m -O2 -fgnu-runtime (test for excess errors)
UNRESOLVED: objc.dg/torture/strings/const-str-7.m -O2 -fgnu-runtime compilation failed to produce executable
FAIL: objc.dg/torture/strings/const-str-7.m -O3 -fomit-frame-pointer -fgnu-runtime (test for excess errors)
UNRESOLVED: objc.dg/torture/strings/const-str-7.m -O3 -fomit-frame-pointer -fgnu-runtime compilation failed to produce executable
FAIL: objc.dg/torture/strings/const-str-7.m -O3 -g -fgnu-runtime (test for excess errors)
UNRESOLVED: objc.dg/torture/strings/const-str-7.m -O3 -g -fgnu-runtime compilation failed to produce executable
FAIL: objc.dg/torture/strings/const-str-7.m -Os -fgnu-runtime (test for excess errors)
UNRESOLVED: objc.dg/torture/strings/const-str-7.m -Os -fgnu-runtime compilation failed to produce executable
FAIL: objc.dg/torture/strings/const-str-7.m -O2 -flto -flto-partition=none -fgnu-runtime (test for excess errors)
UNRESOLVED: objc.dg/torture/strings/const-str-7.m -O2 -flto -flto-partition=none -fgnu-runtime compilation failed to produce executable
FAIL: objc.dg/torture/strings/const-str-7.m -O2 -flto -fgnu-runtime (test for excess errors)
UNRESOLVED: objc.dg/torture/strings/const-str-7.m -O2 -flto -fgnu-runtime compilation failed to produce executable
FAIL: objc.dg/torture/strings/const-str-8.m -O0 -fgnu-runtime (test for excess errors)
UNRESOLVED: objc.dg/torture/strings/const-str-8.m -O0 -fgnu-runtime compilation failed to produce executable
FAIL: objc.dg/torture/strings/const-str-8.m -O1 -fgnu-runtime (test for excess errors)
UNRESOLVED: objc.dg/torture/strings/const-str-8.m -O1 -fgnu-runtime compilation failed to produce executable
FAIL: objc.dg/torture/strings/const-str-8.m -O2 -fgnu-runtime (test for excess errors)
UNRESOLVED: objc.dg/torture/strings/const-str-8.m -O2 -fgnu-runtime compilation failed to produce executable
FAIL: objc.dg/torture/strings/const-str-8.m -O3 -fomit-frame-pointer -fgnu-runtime (test for excess errors)
UNRESOLVED: objc.dg/torture/strings/const-str-8.m -O3 -fomit-frame-pointer -fgnu-runtime compilation failed to produce executable
FAIL: objc.dg/torture/strings/const-str-8.m -O3 -g -fgnu-runtime (test for excess errors)
UNRESOLVED: objc.dg/torture/strings/const-str-8.m -O3 -g -fgnu-runtime compilation failed to produce executable
FAIL: objc.dg/torture/strings/const-str-8.m -Os -fgnu-runtime (test for excess errors)
UNRESOLVED: objc.dg/torture/strings/const-str-8.m -Os -fgnu-runtime compilation failed to produce executable
FAIL: objc.dg/torture/strings/const-str-8.m -O2 -flto -flto-partition=none -fgnu-runtime (test for excess errors)
UNRESOLVED: objc.dg/torture/strings/const-str-8.m -O2 -flto -flto-partition=none -fgnu-runtime compilation failed to produce executable
FAIL: objc.dg/torture/strings/const-str-8.m -O2 -flto -fgnu-runtime (test for excess errors)
UNRESOLVED: objc.dg/torture/strings/const-str-8.m -O2 -flto -fgnu-runtime compilation failed to produce executable
FAIL: objc.dg/torture/strings/string1.m -O0 -fgnu-runtime (test for excess errors)
UNRESOLVED: objc.dg/torture/strings/string1.m -O0 -fgnu-runtime compilation failed to produce executable
FAIL: objc.dg/torture/strings/string1.m -O1 -fgnu-runtime (test for excess errors)
UNRESOLVED: objc.dg/torture/strings/string1.m -O1 -fgnu-runtime compilation failed to produce executable
FAIL: objc.dg/torture/strings/string1.m -O2 -fgnu-runtime (test for excess errors)
UNRESOLVED: objc.dg/torture/strings/string1.m -O2 -fgnu-runtime compilation failed to produce executable
FAIL: objc.dg/torture/strings/string1.m -O3 -fomit-frame-pointer -fgnu-runtime (test for excess errors)
UNRESOLVED: objc.dg/torture/strings/string1.m -O3 -fomit-frame-pointer -fgnu-runtime compilation failed to produce executable
FAIL: objc.dg/torture/strings/string1.m -O3 -g -fgnu-runtime (test for excess errors)
UNRESOLVED: objc.dg/torture/strings/string1.m -O3 -g -fgnu-runtime compilation failed to produce executable
FAIL: objc.dg/torture/strings/string1.m -Os -fgnu-runtime (test for excess errors)
UNRESOLVED: objc.dg/torture/strings/string1.m -Os -fgnu-runtime compilation failed to produce executable
FAIL: objc.dg/torture/strings/string1.m -O2 -flto -flto-partition=none -fgnu-runtime (test for excess errors)
UNRESOLVED: objc.dg/torture/strings/string1.m -O2 -flto -flto-partition=none -fgnu-runtime compilation failed to produce executable
FAIL: objc.dg/torture/strings/string1.m -O2 -flto -fgnu-runtime (test for excess errors)
UNRESOLVED: objc.dg/torture/strings/string1.m -O2 -flto -fgnu-runtime compilation failed to produce executable
FAIL: objc.dg/torture/strings/string2.m -O0 -fgnu-runtime (test for excess errors)
UNRESOLVED: objc.dg/torture/strings/string2.m -O0 -fgnu-runtime compilation failed to produce executable
FAIL: objc.dg/torture/strings/string2.m -O1 -fgnu-runtime (test for excess errors)
UNRESOLVED: objc.dg/torture/strings/string2.m -O1 -fgnu-runtime compilation failed to produce executable
FAIL: objc.dg/torture/strings/string2.m -O2 -fgnu-runtime (test for excess errors)
UNRESOLVED: objc.dg/torture/strings/string2.m -O2 -fgnu-runtime compilation failed to produce executable
FAIL: objc.dg/torture/strings/string2.m -O3 -fomit-frame-pointer -fgnu-runtime (test for excess errors)
UNRESOLVED: objc.dg/torture/strings/string2.m -O3 -fomit-frame-pointer -fgnu-runtime compilation failed to produce executable
FAIL: objc.dg/torture/strings/string2.m -O3 -g -fgnu-runtime (test for excess errors)
UNRESOLVED: objc.dg/torture/strings/string2.m -O3 -g -fgnu-runtime compilation failed to produce executable
FAIL: objc.dg/torture/strings/string2.m -Os -fgnu-runtime (test for excess errors)
UNRESOLVED: objc.dg/torture/strings/string2.m -Os -fgnu-runtime compilation failed to produce executable
FAIL: objc.dg/torture/strings/string2.m -O2 -flto -flto-partition=none -fgnu-runtime (test for excess errors)
UNRESOLVED: objc.dg/torture/strings/string2.m -O2 -flto -flto-partition=none -fgnu-runtime compilation failed to produce executable
FAIL: objc.dg/torture/strings/string2.m -O2 -flto -fgnu-runtime (test for excess errors)
UNRESOLVED: objc.dg/torture/strings/string2.m -O2 -flto -fgnu-runtime compilation failed to produce executable
FAIL: objc.dg/torture/strings/string3.m -O0 -fgnu-runtime (test for excess errors)
UNRESOLVED: objc.dg/torture/strings/string3.m -O0 -fgnu-runtime compilation failed to produce executable
FAIL: objc.dg/torture/strings/string3.m -O1 -fgnu-runtime (test for excess errors)
UNRESOLVED: objc.dg/torture/strings/string3.m -O1 -fgnu-runtime compilation failed to produce executable
FAIL: objc.dg/torture/strings/string3.m -O2 -fgnu-runtime (test for excess errors)
UNRESOLVED: objc.dg/torture/strings/string3.m -O2 -fgnu-runtime compilation failed to produce executable
FAIL: objc.dg/torture/strings/string3.m -O3 -fomit-frame-pointer -fgnu-runtime (test for excess errors)
UNRESOLVED: objc.dg/torture/strings/string3.m -O3 -fomit-frame-pointer -fgnu-runtime compilation failed to produce executable
FAIL: objc.dg/torture/strings/string3.m -O3 -g -fgnu-runtime (test for excess errors)
UNRESOLVED: objc.dg/torture/strings/string3.m -O3 -g -fgnu-runtime compilation failed to produce executable
FAIL: objc.dg/torture/strings/string3.m -Os -fgnu-runtime (test for excess errors)
UNRESOLVED: objc.dg/torture/strings/string3.m -Os -fgnu-runtime compilation failed to produce executable
FAIL: objc.dg/torture/strings/string3.m -O2 -flto -flto-partition=none -fgnu-runtime (test for excess errors)
UNRESOLVED: objc.dg/torture/strings/string3.m -O2 -flto -flto-partition=none -fgnu-runtime compilation failed to produce executable
FAIL: objc.dg/torture/strings/string3.m -O2 -flto -fgnu-runtime (test for excess errors)
UNRESOLVED: objc.dg/torture/strings/string3.m -O2 -flto -fgnu-runtime compilation failed to produce executable
FAIL: objc.dg/torture/strings/string4.m -O0 -fgnu-runtime (test for excess errors)
UNRESOLVED: objc.dg/torture/strings/string4.m -O0 -fgnu-runtime compilation failed to produce executable
FAIL: objc.dg/torture/strings/string4.m -O1 -fgnu-runtime (test for excess errors)
UNRESOLVED: objc.dg/torture/strings/string4.m -O1 -fgnu-runtime compilation failed to produce executable
FAIL: objc.dg/torture/strings/string4.m -O2 -fgnu-runtime (test for excess errors)
UNRESOLVED: objc.dg/torture/strings/string4.m -O2 -fgnu-runtime compilation failed to produce executable
FAIL: objc.dg/torture/strings/string4.m -O3 -fomit-frame-pointer -fgnu-runtime (test for excess errors)
UNRESOLVED: objc.dg/torture/strings/string4.m -O3 -fomit-frame-pointer -fgnu-runtime compilation failed to produce executable
FAIL: objc.dg/torture/strings/string4.m -O3 -g -fgnu-runtime (test for excess errors)
UNRESOLVED: objc.dg/torture/strings/string4.m -O3 -g -fgnu-runtime compilation failed to produce executable
FAIL: objc.dg/torture/strings/string4.m -Os -fgnu-runtime (test for excess errors)
UNRESOLVED: objc.dg/torture/strings/string4.m -Os -fgnu-runtime compilation failed to produce executable
FAIL: objc.dg/torture/strings/string4.m -O2 -flto -flto-partition=none -fgnu-runtime (test for excess errors)
UNRESOLVED: objc.dg/torture/strings/string4.m -O2 -flto -flto-partition=none -fgnu-runtime compilation failed to produce executable
FAIL: objc.dg/torture/strings/string4.m -O2 -flto -fgnu-runtime (test for excess errors)
UNRESOLVED: objc.dg/torture/strings/string4.m -O2 -flto -fgnu-runtime compilation failed to produce executable
=== objc Summary ===
# of expected passes 1350
# of unexpected failures 214
# of unresolved testcases 214
# of unsupported tests 98
/home/gccbuild/build/nightly/build-gcc-trunk/gcc/xgcc version 4.10.0 20140727 (experimental) [trunk revision 213095] (GCC)
=== boehm-gc tests ===
Running target unix
=== boehm-gc Summary ===
# of expected passes 12
# of unsupported tests 1
=== libatomic tests ===
Running target unix
=== libatomic Summary ===
# of expected passes 54
=== libffi tests ===
Running target unix
=== libffi Summary ===
# of expected passes 1819
# of unsupported tests 55
=== libgo tests ===
Running target unix
FAIL: bufio
FAIL: bytes
FAIL: errors
FAIL: expvar
FAIL: flag
FAIL: fmt
FAIL: html
FAIL: image
FAIL: io
FAIL: log
FAIL: math
FAIL: mime
FAIL: net
FAIL: os
FAIL: path
FAIL: reflect
FAIL: regexp
FAIL: runtime
FAIL: sort
FAIL: strconv
FAIL: strings
FAIL: sync
FAIL: syscall
FAIL: time
FAIL: unicode
FAIL: archive/tar
FAIL: archive/zip
FAIL: compress/bzip2
FAIL: compress/flate
FAIL: compress/gzip
FAIL: compress/lzw
FAIL: compress/zlib
FAIL: container/heap
FAIL: container/list
FAIL: container/ring
FAIL: crypto/aes
FAIL: crypto/cipher
FAIL: crypto/des
FAIL: crypto/dsa
FAIL: crypto/ecdsa
FAIL: crypto/elliptic
FAIL: crypto/hmac
FAIL: crypto/md5
FAIL: crypto/rand
FAIL: crypto/rc4
FAIL: crypto/rsa
FAIL: crypto/sha1
FAIL: crypto/sha256
FAIL: crypto/sha512
FAIL: crypto/subtle
FAIL: crypto/tls
FAIL: crypto/x509
FAIL: database/sql
FAIL: database/sql/driver
FAIL: debug/dwarf
FAIL: debug/elf
FAIL: debug/macho
FAIL: debug/pe
FAIL: debug/plan9obj
FAIL: encoding/ascii85
FAIL: encoding/asn1
FAIL: encoding/base32
FAIL: encoding/base64
FAIL: encoding/binary
FAIL: encoding/csv
FAIL: encoding/gob
FAIL: encoding/hex
FAIL: encoding/json
FAIL: encoding/pem
FAIL: encoding/xml
FAIL: exp/proxy
FAIL: exp/terminal
FAIL: html/template
FAIL: go/ast
FAIL: go/doc
FAIL: go/format
FAIL: go/parser
FAIL: go/printer
FAIL: go/scanner
FAIL: go/token
FAIL: hash/adler32
FAIL: hash/crc32
FAIL: hash/crc64
FAIL: hash/fnv
FAIL: image/color
FAIL: image/draw
FAIL: image/jpeg
FAIL: image/png
FAIL: index/suffixarray
FAIL: io/ioutil
FAIL: log/syslog
FAIL: math/big
FAIL: math/cmplx
FAIL: math/rand
FAIL: mime/multipart
FAIL: net/http
FAIL: net/http/cgi
FAIL: net/http/cookiejar
FAIL: net/http/fcgi
FAIL: net/http/httptest
FAIL: net/http/httputil
FAIL: net/mail
FAIL: net/rpc
FAIL: net/smtp
FAIL: net/textproto
FAIL: net/url
FAIL: net/rpc/jsonrpc
FAIL: old/regexp
FAIL: old/template
FAIL: os/exec
FAIL: os/signal
FAIL: os/user
FAIL: path/filepath
FAIL: regexp/syntax
FAIL: runtime/pprof
FAIL: sync/atomic
FAIL: text/scanner
FAIL: text/tabwriter
FAIL: text/template
FAIL: text/template/parse
FAIL: testing/quick
FAIL: unicode/utf16
FAIL: unicode/utf8
=== libgo Summary ===
# of unexpected failures 123
/home/gccbuild/build/nightly/build-gcc-trunk/./gcc/gccgo version 4.10.0 20140727 (experimental) [trunk revision 213095] (GCC)
=== libgomp tests ===
Running target unix
=== libgomp Summary ===
# of expected passes 3182
# of unsupported tests 36
=== libitm tests ===
Running target unix
=== libitm Summary ===
# of expected passes 26
# of expected failures 3
# of unsupported tests 1
=== libjava tests ===
Running target unix
=== libjava Summary ===
# of expected passes 2582
# of expected failures 4
=== libstdc++ tests ===
Running target unix
FAIL: libstdc++-prettyprinters/libfundts.cc print ob
FAIL: libstdc++-prettyprinters/libfundts.cc print oi
FAIL: libstdc++-prettyprinters/libfundts.cc print op
FAIL: libstdc++-prettyprinters/libfundts.cc print os
FAIL: libstdc++-prettyprinters/libfundts.cc print ab
FAIL: libstdc++-prettyprinters/libfundts.cc print ai
FAIL: libstdc++-prettyprinters/libfundts.cc print ap
FAIL: libstdc++-prettyprinters/libfundts.cc print as
FAIL: libstdc++-prettyprinters/libfundts.cc print as2
=== libstdc++ Summary ===
# of expected passes 9542
# of unexpected failures 9
# of expected failures 69
# of unsupported tests 537
Compiler version: 4.10.0 20140727 (experimental) [trunk revision 213095] (GCC)
Platform: powerpc64le-unknown-linux-gnu
configure flags: --prefix=/opt/gcc-nightly/trunk --with-as=/usr/bin/as --with-ld=/usr/bin/ld --enable-languages=c,c++,fortran,objc,obj-c++,java,go --with-cpu=power8 --enable-lto --disable-multilib --disable-libsanitizer --enable-decimal-float --with-long-double-128
=== Test Framework Summary ===
# of expected passes 2531
More information about the Gcc-testresults
mailing list