Results for 4.10.0 20140718 (experimental) [trunk revision 212815] (GCC) testsuite on i386-pc-solaris2.10
Rainer Orth
ro@CeBiTec.Uni-Bielefeld.DE
Sat Jul 19 23:28:00 GMT 2014
LAST_UPDATED: Fri Jul 18 12:34:07 UTC 2014 (revision 212815)
=== acats tests ===
=== acats Summary ===
# of expected passes 2320
# of unexpected failures 0
Native configuration is i386-pc-solaris2.10
=== g++ tests ===
Running target unix
FAIL: g++.dg/cilk-plus/CK/catch_exc.cc -O1 -fcilkplus execution test
FAIL: g++.dg/cilk-plus/CK/catch_exc.cc -O3 -fcilkplus execution test
FAIL: g++.dg/cilk-plus/CK/catch_exc.cc -g -fcilkplus execution test
FAIL: g++.dg/cilk-plus/CK/catch_exc.cc -g -O2 -fcilkplus execution test
FAIL: g++.dg/cpp0x/static_assert9.C -std=c++11 (test for excess errors)
FAIL: g++.dg/cpp0x/static_assert9.C -std=c++1y (test for excess errors)
FAIL: g++.dg/init/cleanup3.C -std=c++98 scan-assembler-not _tcf
FAIL: g++.dg/init/cleanup3.C -std=c++11 scan-assembler-not _tcf
FAIL: g++.dg/init/cleanup3.C -std=c++1y scan-assembler-not _tcf
FAIL: g++.dg/ipa/imm-devirt-2.C -std=gnu++98 scan-tree-dump einline "C::_ZThn24_N1C3fooEi \\\\("
FAIL: g++.dg/ipa/imm-devirt-2.C -std=gnu++11 scan-tree-dump einline "C::_ZThn24_N1C3fooEi \\\\("
FAIL: g++.dg/ipa/imm-devirt-2.C -std=gnu++1y scan-tree-dump einline "C::_ZThn24_N1C3fooEi \\\\("
FAIL: g++.dg/ipa/pr61160-3.C -std=gnu++98 execution test
FAIL: g++.dg/ipa/pr61160-3.C -std=gnu++11 execution test
FAIL: g++.dg/ipa/pr61160-3.C -std=gnu++1y execution test
FAIL: g++.dg/tls/thread_local-order1.C -std=c++11 execution test
FAIL: g++.dg/tls/thread_local-order1.C -std=c++1y execution test
FAIL: g++.dg/tls/thread_local3g.C -std=gnu++11 execution test
FAIL: g++.dg/tls/thread_local3g.C -std=gnu++1y execution test
FAIL: g++.dg/tls/thread_local4g.C -std=gnu++11 execution test
FAIL: g++.dg/tls/thread_local4g.C -std=gnu++1y execution test
FAIL: g++.dg/tls/thread_local5g.C -std=gnu++11 execution test
FAIL: g++.dg/tls/thread_local5g.C -std=gnu++1y execution test
FAIL: g++.dg/tls/thread_local6g.C -std=c++11 execution test
FAIL: g++.dg/tls/thread_local6g.C -std=c++1y execution test
FAIL: g++.dg/torture/pr46367.C -O1 (internal compiler error)
FAIL: g++.dg/torture/pr46367.C -O1 (test for excess errors)
FAIL: g++.dg/torture/pr46367.C -Os (internal compiler error)
FAIL: g++.dg/torture/pr46367.C -Os (test for excess errors)
FAIL: g++.old-deja/g++.other/init5.C -std=c++98 execution test
FAIL: g++.old-deja/g++.other/init5.C -std=c++11 execution test
FAIL: g++.old-deja/g++.other/init5.C -std=c++1y execution test
=== g++ Summary for unix ===
# of expected passes 80731
# of unexpected failures 32
# of expected failures 440
# of unsupported tests 2862
Running target unix/-m64
FAIL: g++.dg/cpp0x/static_assert9.C -std=c++11 (test for excess errors)
FAIL: g++.dg/cpp0x/static_assert9.C -std=c++1y (test for excess errors)
FAIL: g++.dg/init/cleanup3.C -std=c++98 scan-assembler-not _tcf
FAIL: g++.dg/init/cleanup3.C -std=c++11 scan-assembler-not _tcf
FAIL: g++.dg/init/cleanup3.C -std=c++1y scan-assembler-not _tcf
FAIL: g++.dg/tls/thread_local-order1.C -std=c++11 execution test
FAIL: g++.dg/tls/thread_local-order1.C -std=c++1y execution test
FAIL: g++.dg/tls/thread_local3g.C -std=gnu++11 execution test
FAIL: g++.dg/tls/thread_local3g.C -std=gnu++1y execution test
FAIL: g++.dg/tls/thread_local4g.C -std=gnu++11 execution test
FAIL: g++.dg/tls/thread_local4g.C -std=gnu++1y execution test
FAIL: g++.dg/tls/thread_local5g.C -std=gnu++11 execution test
FAIL: g++.dg/tls/thread_local5g.C -std=gnu++1y execution test
FAIL: g++.dg/tls/thread_local6g.C -std=c++11 execution test
FAIL: g++.dg/tls/thread_local6g.C -std=c++1y execution test
FAIL: g++.dg/torture/pr46367.C -O1 (internal compiler error)
FAIL: g++.dg/torture/pr46367.C -O1 (test for excess errors)
FAIL: g++.dg/torture/pr46367.C -Os (internal compiler error)
FAIL: g++.dg/torture/pr46367.C -Os (test for excess errors)
FAIL: g++.old-deja/g++.other/init5.C -std=c++98 execution test
FAIL: g++.old-deja/g++.other/init5.C -std=c++11 execution test
FAIL: g++.old-deja/g++.other/init5.C -std=c++1y execution test
=== g++ Summary for unix/-m64 ===
# of expected passes 82046
# of unexpected failures 22
# of expected failures 440
# of unsupported tests 3141
=== g++ Summary ===
# of expected passes 162777
# of unexpected failures 54
# of expected failures 880
# of unsupported tests 6003
/var/gcc/regression/trunk/10-gcc-gas-gld/build/gcc/testsuite/g++/../../xg++ version 4.10.0 20140718 (experimental) [trunk revision 212815] (GCC)
=== gcc tests ===
Running target unix
UNRESOLVED: gcc.dg/pr44024.c scan-tree-dump-not ccp1 "foo"
FAIL: gcc.dg/graphite/isl-codegen-loop-dumping.c (internal compiler error)
FAIL: gcc.dg/graphite/isl-codegen-loop-dumping.c (test for excess errors)
FAIL: gcc.dg/pch/import-1.c -O0 -g -I. -Dwith_PCH (internal compiler error)
FAIL: gcc.dg/pch/import-1.c -O0 -g -I. -Dwith_PCH (test for excess errors)
FAIL: gcc.dg/pch/import-1.c -O0 -g assembly comparison
FAIL: gcc.dg/pch/import-1.c -O0 -I. -Dwith_PCH (internal compiler error)
FAIL: gcc.dg/pch/import-1.c -O0 -I. -Dwith_PCH (test for excess errors)
FAIL: gcc.dg/pch/import-1.c -O0 assembly comparison
FAIL: gcc.dg/pch/import-1.c -O1 -I. -Dwith_PCH (internal compiler error)
FAIL: gcc.dg/pch/import-1.c -O1 -I. -Dwith_PCH (test for excess errors)
FAIL: gcc.dg/pch/import-1.c -O1 assembly comparison
FAIL: gcc.dg/pch/import-1.c -O2 -I. -Dwith_PCH (internal compiler error)
FAIL: gcc.dg/pch/import-1.c -O2 -I. -Dwith_PCH (test for excess errors)
FAIL: gcc.dg/pch/import-1.c -O2 assembly comparison
FAIL: gcc.dg/pch/import-1.c -O3 -fomit-frame-pointer -I. -Dwith_PCH (internal compiler error)
FAIL: gcc.dg/pch/import-1.c -O3 -fomit-frame-pointer -I. -Dwith_PCH (test for excess errors)
FAIL: gcc.dg/pch/import-1.c -O3 -fomit-frame-pointer assembly comparison
FAIL: gcc.dg/pch/import-1.c -O3 -g -I. -Dwith_PCH (internal compiler error)
FAIL: gcc.dg/pch/import-1.c -O3 -g -I. -Dwith_PCH (test for excess errors)
FAIL: gcc.dg/pch/import-1.c -O3 -g assembly comparison
FAIL: gcc.dg/pch/import-1.c -Os -I. -Dwith_PCH (internal compiler error)
FAIL: gcc.dg/pch/import-1.c -Os -I. -Dwith_PCH (test for excess errors)
FAIL: gcc.dg/pch/import-1.c -Os assembly comparison
FAIL: gcc.dg/pch/import-2.c -O0 -g -I. -Dwith_PCH (internal compiler error)
FAIL: gcc.dg/pch/import-2.c -O0 -g -I. -Dwith_PCH (test for excess errors)
FAIL: gcc.dg/pch/import-2.c -O0 -g assembly comparison
FAIL: gcc.dg/pch/import-2.c -O0 -I. -Dwith_PCH (internal compiler error)
FAIL: gcc.dg/pch/import-2.c -O0 -I. -Dwith_PCH (test for excess errors)
FAIL: gcc.dg/pch/import-2.c -O0 assembly comparison
FAIL: gcc.dg/pch/import-2.c -O1 -I. -Dwith_PCH (internal compiler error)
FAIL: gcc.dg/pch/import-2.c -O1 -I. -Dwith_PCH (test for excess errors)
FAIL: gcc.dg/pch/import-2.c -O1 assembly comparison
FAIL: gcc.dg/pch/import-2.c -O2 -I. -Dwith_PCH (internal compiler error)
FAIL: gcc.dg/pch/import-2.c -O2 -I. -Dwith_PCH (test for excess errors)
FAIL: gcc.dg/pch/import-2.c -O2 assembly comparison
FAIL: gcc.dg/pch/import-2.c -O3 -fomit-frame-pointer -I. -Dwith_PCH (internal compiler error)
FAIL: gcc.dg/pch/import-2.c -O3 -fomit-frame-pointer -I. -Dwith_PCH (test for excess errors)
FAIL: gcc.dg/pch/import-2.c -O3 -fomit-frame-pointer assembly comparison
FAIL: gcc.dg/pch/import-2.c -O3 -g -I. -Dwith_PCH (internal compiler error)
FAIL: gcc.dg/pch/import-2.c -O3 -g -I. -Dwith_PCH (test for excess errors)
FAIL: gcc.dg/pch/import-2.c -O3 -g assembly comparison
FAIL: gcc.dg/pch/import-2.c -Os -I. -Dwith_PCH (internal compiler error)
FAIL: gcc.dg/pch/import-2.c -Os -I. -Dwith_PCH (test for excess errors)
FAIL: gcc.dg/pch/import-2.c -Os assembly comparison
FAIL: gcc.target/i386/fuse-caller-save-xmm.c scan-assembler-times .cfi_def_cfa_offset 16 1
FAIL: gcc.target/i386/fuse-caller-save-xmm.c scan-assembler-times .cfi_def_cfa_offset 32 1
FAIL: gcc.target/i386/pr49095.c scan-assembler-not test[lq]
=== gcc Summary for unix ===
# of expected passes 102731
# of unexpected failures 47
# of expected failures 251
# of unresolved testcases 1
# of unsupported tests 1286
Running target unix/-m64
UNRESOLVED: gcc.dg/pr44024.c scan-tree-dump-not ccp1 "foo"
FAIL: gcc.dg/pch/import-1.c -O0 -g -I. -Dwith_PCH (internal compiler error)
FAIL: gcc.dg/pch/import-1.c -O0 -g -I. -Dwith_PCH (test for excess errors)
FAIL: gcc.dg/pch/import-1.c -O0 -g assembly comparison
FAIL: gcc.dg/pch/import-1.c -O0 -I. -Dwith_PCH (internal compiler error)
FAIL: gcc.dg/pch/import-1.c -O0 -I. -Dwith_PCH (test for excess errors)
FAIL: gcc.dg/pch/import-1.c -O0 assembly comparison
FAIL: gcc.dg/pch/import-1.c -O1 -I. -Dwith_PCH (internal compiler error)
FAIL: gcc.dg/pch/import-1.c -O1 -I. -Dwith_PCH (test for excess errors)
FAIL: gcc.dg/pch/import-1.c -O1 assembly comparison
FAIL: gcc.dg/pch/import-1.c -O2 -I. -Dwith_PCH (internal compiler error)
FAIL: gcc.dg/pch/import-1.c -O2 -I. -Dwith_PCH (test for excess errors)
FAIL: gcc.dg/pch/import-1.c -O2 assembly comparison
FAIL: gcc.dg/pch/import-1.c -O3 -fomit-frame-pointer -I. -Dwith_PCH (internal compiler error)
FAIL: gcc.dg/pch/import-1.c -O3 -fomit-frame-pointer -I. -Dwith_PCH (test for excess errors)
FAIL: gcc.dg/pch/import-1.c -O3 -fomit-frame-pointer assembly comparison
FAIL: gcc.dg/pch/import-1.c -O3 -g -I. -Dwith_PCH (internal compiler error)
FAIL: gcc.dg/pch/import-1.c -O3 -g -I. -Dwith_PCH (test for excess errors)
FAIL: gcc.dg/pch/import-1.c -O3 -g assembly comparison
FAIL: gcc.dg/pch/import-1.c -Os -I. -Dwith_PCH (internal compiler error)
FAIL: gcc.dg/pch/import-1.c -Os -I. -Dwith_PCH (test for excess errors)
FAIL: gcc.dg/pch/import-1.c -Os assembly comparison
FAIL: gcc.dg/pch/import-2.c -O0 -g -I. -Dwith_PCH (internal compiler error)
FAIL: gcc.dg/pch/import-2.c -O0 -g -I. -Dwith_PCH (test for excess errors)
FAIL: gcc.dg/pch/import-2.c -O0 -g assembly comparison
FAIL: gcc.dg/pch/import-2.c -O0 -I. -Dwith_PCH (internal compiler error)
FAIL: gcc.dg/pch/import-2.c -O0 -I. -Dwith_PCH (test for excess errors)
FAIL: gcc.dg/pch/import-2.c -O0 assembly comparison
FAIL: gcc.dg/pch/import-2.c -O1 -I. -Dwith_PCH (internal compiler error)
FAIL: gcc.dg/pch/import-2.c -O1 -I. -Dwith_PCH (test for excess errors)
FAIL: gcc.dg/pch/import-2.c -O1 assembly comparison
FAIL: gcc.dg/pch/import-2.c -O2 -I. -Dwith_PCH (internal compiler error)
FAIL: gcc.dg/pch/import-2.c -O2 -I. -Dwith_PCH (test for excess errors)
FAIL: gcc.dg/pch/import-2.c -O2 assembly comparison
FAIL: gcc.dg/pch/import-2.c -O3 -fomit-frame-pointer -I. -Dwith_PCH (internal compiler error)
FAIL: gcc.dg/pch/import-2.c -O3 -fomit-frame-pointer -I. -Dwith_PCH (test for excess errors)
FAIL: gcc.dg/pch/import-2.c -O3 -fomit-frame-pointer assembly comparison
FAIL: gcc.dg/pch/import-2.c -O3 -g -I. -Dwith_PCH (internal compiler error)
FAIL: gcc.dg/pch/import-2.c -O3 -g -I. -Dwith_PCH (test for excess errors)
FAIL: gcc.dg/pch/import-2.c -O3 -g assembly comparison
FAIL: gcc.dg/pch/import-2.c -Os -I. -Dwith_PCH (internal compiler error)
FAIL: gcc.dg/pch/import-2.c -Os -I. -Dwith_PCH (test for excess errors)
FAIL: gcc.dg/pch/import-2.c -Os assembly comparison
FAIL: gcc.misc-tests/linkage.c link
FAIL: gcc.target/i386/fuse-caller-save-xmm.c scan-assembler-times .cfi_def_cfa_offset 16 1
FAIL: gcc.target/i386/fuse-caller-save-xmm.c scan-assembler-times .cfi_def_cfa_offset 32 1
=== gcc Summary for unix/-m64 ===
# of expected passes 103373
# of unexpected failures 45
# of expected failures 253
# of unresolved testcases 1
# of unsupported tests 1529
=== gcc Summary ===
# of expected passes 206104
# of unexpected failures 92
# of expected failures 504
# of unresolved testcases 2
# of unsupported tests 2815
/var/gcc/regression/trunk/10-gcc-gas-gld/build/gcc/xgcc version 4.10.0 20140718 (experimental) [trunk revision 212815] (GCC)
=== gfortran tests ===
Running target unix
=== gfortran Summary for unix ===
# of expected passes 46189
# of expected failures 52
# of unsupported tests 230
Running target unix/-m64
=== gfortran Summary for unix/-m64 ===
# of expected passes 46492
# of expected failures 52
# of unsupported tests 84
=== gfortran Summary ===
# of expected passes 92681
# of expected failures 104
# of unsupported tests 314
/var/gcc/regression/trunk/10-gcc-gas-gld/build/gcc/testsuite/gfortran/../../gfortran version 4.10.0 20140718 (experimental) [trunk revision 212815] (GCC)
=== gnat tests ===
Running target unix
=== gnat Summary for unix ===
# of expected passes 1247
# of expected failures 18
# of unsupported tests 7
Running target unix/-m64
=== gnat Summary for unix/-m64 ===
# of expected passes 1247
# of expected failures 18
# of unsupported tests 7
=== gnat Summary ===
# of expected passes 2494
# of expected failures 36
# of unsupported tests 14
/var/gcc/regression/trunk/10-gcc-gas-gld/build/gcc/gnatmake version 4.10.0 20140718 (experimental) [trunk revision 212815]
=== go tests ===
Running target unix
FAIL: ./index0-out.go execution, -O0 -g -fno-var-tracking-assignments
FAIL: go.test/test/fixedbugs/bug272.go execution, -O2 -g
=== go Summary for unix ===
# of expected passes 7369
# of unexpected failures 2
# of expected failures 1
# of untested testcases 9
# of unsupported tests 2
Running target unix/-m64
FAIL: go.test/test/fixedbugs/issue4348.go -O (test for excess errors)
FAIL: go.test/test/fixedbugs/issue6036.go -O (internal compiler error)
FAIL: go.test/test/fixedbugs/issue6036.go -O (test for excess errors)
=== go Summary for unix/-m64 ===
# of expected passes 7250
# of unexpected failures 3
# of expected failures 1
# of untested testcases 9
# of unsupported tests 1
=== go Summary ===
# of expected passes 14619
# of unexpected failures 5
# of expected failures 2
# of untested testcases 18
# of unsupported tests 3
/var/gcc/regression/trunk/10-gcc-gas-gld/build/gcc/testsuite/go/../../gccgo version 4.10.0 20140718 (experimental) [trunk revision 212815] (GCC)
=== obj-c++ tests ===
Running target unix
=== obj-c++ Summary for unix ===
# of expected passes 1447
# of expected failures 2
# of unsupported tests 86
Running target unix/-m64
=== obj-c++ Summary for unix/-m64 ===
# of expected passes 1439
# of expected failures 10
# of unsupported tests 86
=== obj-c++ Summary ===
# of expected passes 2886
# of expected failures 12
# of unsupported tests 172
/var/gcc/regression/trunk/10-gcc-gas-gld/build/gcc/testsuite/obj-c++/../../xg++ version 4.10.0 20140718 (experimental) [trunk revision 212815] (GCC)
=== objc tests ===
Running target unix
=== objc Summary for unix ===
# of expected passes 3004
# of expected failures 6
# of unsupported tests 74
Running target unix/-m64
=== objc Summary for unix/-m64 ===
# of expected passes 3004
# of expected failures 6
# of unsupported tests 74
=== objc Summary ===
# of expected passes 6008
# of expected failures 12
# of unsupported tests 148
/var/gcc/regression/trunk/10-gcc-gas-gld/build/gcc/xgcc version 4.10.0 20140718 (experimental) [trunk revision 212815] (GCC)
=== boehm-gc tests ===
Running target unix
=== boehm-gc Summary for unix ===
# of expected passes 12
# of unsupported tests 1
Running target unix/-m64
=== boehm-gc Summary for unix/-m64 ===
# of expected passes 12
# of unsupported tests 1
=== boehm-gc Summary ===
# of expected passes 24
# of unsupported tests 2
=== libatomic tests ===
Running target unix
=== libatomic Summary for unix ===
# of expected passes 44
# of unsupported tests 5
Running target unix/-m64
=== libatomic Summary for unix/-m64 ===
# of expected passes 54
=== libatomic Summary ===
# of expected passes 98
# of unsupported tests 5
=== libffi tests ===
Running target unix
=== libffi Summary for unix ===
# of expected passes 1819
# of unsupported tests 55
Running target unix/-m64
=== libffi Summary for unix/-m64 ===
# of expected passes 1819
# of unsupported tests 55
=== libffi Summary ===
# of expected passes 3638
# of unsupported tests 110
=== libgo tests ===
Running target unix
FAIL: net
FAIL: runtime
FAIL: sync
FAIL: net/http
FAIL: os/exec
FAIL: text/tabwriter
=== libgo Summary for unix ===
# of expected passes 117
# of unexpected failures 6
Running target unix/-m64
FAIL: runtime
=== libgo Summary for unix/-m64 ===
# of expected passes 122
# of unexpected failures 1
=== libgo Summary ===
# of expected passes 239
# of unexpected failures 7
/var/gcc/regression/trunk/10-gcc-gas-gld/build/./gcc/gccgo version 4.10.0 20140718 (experimental) [trunk revision 212815] (GCC)
=== libgomp tests ===
Running target unix
=== libgomp Summary for unix ===
# of expected passes 3259
# of unsupported tests 22
Running target unix/-m64
=== libgomp Summary for unix/-m64 ===
# of expected passes 3259
# of unsupported tests 22
=== libgomp Summary ===
# of expected passes 6518
# of unsupported tests 44
=== libitm tests ===
Running target unix
=== libitm Summary for unix ===
# of expected passes 26
# of expected failures 3
# of unsupported tests 1
Running target unix/-m64
=== libitm Summary for unix/-m64 ===
# of expected passes 26
# of expected failures 3
# of unsupported tests 1
=== libitm Summary ===
# of expected passes 52
# of expected failures 6
# of unsupported tests 2
=== libjava tests ===
Running target unix
=== libjava Summary for unix ===
# of expected passes 2582
# of expected failures 4
Running target unix/-m64
=== libjava Summary for unix/-m64 ===
# of expected passes 2582
# of expected failures 4
=== libjava Summary ===
# of expected passes 5164
# of expected failures 8
=== libstdc++ tests ===
Running target unix
FAIL: ext/random/hypergeometric_distribution/operators/values.cc execution test
=== libstdc++ Summary for unix ===
# of expected passes 9097
# of unexpected failures 1
# of expected failures 70
# of unsupported tests 593
Running target unix/-m64
FAIL: ext/random/hypergeometric_distribution/operators/values.cc execution test
=== libstdc++ Summary for unix/-m64 ===
# of expected passes 9097
# of unexpected failures 1
# of expected failures 70
# of unsupported tests 593
=== libstdc++ Summary ===
# of expected passes 18194
# of unexpected failures 2
# of expected failures 140
# of unsupported tests 1186
Compiler version: 4.10.0 20140718 (experimental) [trunk revision 212815] (GCC)
Platform: i386-pc-solaris2.10
configure flags: --prefix=/vol/gcc --target=i386-pc-solaris2.10 --enable-objc-gc --with-as=/vol/gcc/bin/gas-2.24 --with-gnu-as --with-ld=/vol/gcc/bin/gld-2.24 --with-gnu-ld --with-gmp-include=/vol/gcc/include --with-gmp-lib=/vol/gcc/lib --with-mpfr-include=/vol/gcc/include --with-mpfr-lib=/vol/gcc/lib --with-mpc-include=/vol/gcc/include --with-mpc-lib=/vol/gcc/lib --enable-languages=all,ada,obj-c++,go --with-isl-include=/vol/gcc/include --with-isl-lib=/vol/gcc/lib --with-cloog-include=/vol/gcc/include --with-cloog-lib=/vol/gcc/lib --enable-cloog-backend=isl
BOOT_CFLAGS=-g -O2
More information about the Gcc-testresults
mailing list