FW: Results for 4.10.0 20140714 (experimental) (GCC) testsuite on x86_64-unknown-linux-gnu
Pinski, Andrew
Andrew.Pinski@caviumnetworks.com
Mon Jul 14 20:00:00 GMT 2014
________________________________________
From: jenkins@blackduck.caveonetworks.com
Sent: Monday, July 14, 2014 12:19:45 PM (UTC-08:00) Pacific Time (US & Canada)
To: apinski@cavium.com
Subject: Results for 4.10.0 20140714 (experimental) (GCC) testsuite on x86_64-unknown-linux-gnu
Native configuration is x86_64-unknown-linux-gnu
=== gcc tests ===
Running target unix//-m32
FAIL: gcc.dg/cproj-fails-with-broken-glibc.c execution test
UNRESOLVED: gcc.dg/pr44024.c scan-tree-dump-not ccp1 "foo"
FAIL: gcc.dg/torture/tls/run-ld.c -O1 -pie -fpie execution test
FAIL: gcc.dg/torture/tls/run-ld.c -O2 -pie -fpie execution test
FAIL: gcc.dg/torture/tls/run-ld.c -O3 -fomit-frame-pointer -pie -fpie execution test
FAIL: gcc.dg/torture/tls/run-ld.c -O3 -g -pie -fpie execution test
FAIL: gcc.dg/torture/tls/run-ld.c -Os -pie -fpie execution test
FAIL: gcc.dg/torture/tls/run-ld.c -O1 -pie -fPIE execution test
FAIL: gcc.dg/torture/tls/run-ld.c -O2 -pie -fPIE execution test
FAIL: gcc.dg/torture/tls/run-ld.c -O3 -fomit-frame-pointer -pie -fPIE execution test
FAIL: gcc.dg/torture/tls/run-ld.c -O3 -g -pie -fPIE execution test
FAIL: gcc.dg/torture/tls/run-ld.c -Os -pie -fPIE execution test
FAIL: gcc.target/i386/fuse-caller-save-xmm.c scan-assembler-times .cfi_def_cfa_offset 32 1
FAIL: gcc.target/i386/pr49095.c scan-assembler-not test[lq]
=== gcc Summary for unix//-m32 ===
# of expected passes 105145
# of unexpected failures 13
# of expected failures 247
# of unresolved testcases 1
# of unsupported tests 1882
Running target unix//-m64
FAIL: gcc.dg/cproj-fails-with-broken-glibc.c execution test
UNRESOLVED: gcc.dg/pr44024.c scan-tree-dump-not ccp1 "foo"
FAIL: gcc.target/i386/pr56114.c (test for excess errors)
=== gcc Summary for unix//-m64 ===
# of expected passes 105902
# of unexpected failures 2
# of expected failures 249
# of unresolved testcases 1
# of unsupported tests 2105
=== gcc Summary ===
# of expected passes 211047
# of unexpected failures 15
# of expected failures 496
# of unresolved testcases 2
# of unsupported tests 3987
/var/lib/jenkins/workspace/GCCupstream/objdir/gcc/xgcc version 4.10.0 20140714 (experimental) (GCC)
=== gfortran tests ===
Running target unix//-m32
FAIL: gfortran.dg/coarray/atomic_1.f90 -fcoarray=lib -O2 -lcaf_single execution test
=== gfortran Summary for unix//-m32 ===
# of expected passes 46098
# of unexpected failures 1
# of expected failures 38
# of unsupported tests 219
Running target unix//-m64
=== gfortran Summary for unix//-m64 ===
# of expected passes 46388
# of expected failures 38
# of unsupported tests 79
=== gfortran Summary ===
# of expected passes 92486
# of unexpected failures 1
# of expected failures 76
# of unsupported tests 298
/var/lib/jenkins/workspace/GCCupstream/objdir/gcc/testsuite/gfortran/../../gfortran version 4.10.0 20140714 (experimental) (GCC)
=== g++ tests ===
Running target unix//-m32
FAIL: g++.dg/cpp0x/static_assert9.C -std=c++11 (test for excess errors)
FAIL: g++.dg/cpp0x/static_assert9.C -std=c++1y (test for excess errors)
FAIL: g++.dg/ipa/imm-devirt-2.C -std=gnu++98 scan-tree-dump einline "C::_ZThn24_N1C3fooEi \\\\("
FAIL: g++.dg/ipa/imm-devirt-2.C -std=gnu++11 scan-tree-dump einline "C::_ZThn24_N1C3fooEi \\\\("
FAIL: g++.dg/ipa/imm-devirt-2.C -std=gnu++1y scan-tree-dump einline "C::_ZThn24_N1C3fooEi \\\\("
FAIL: g++.dg/ipa/pr61160-3.C -std=gnu++98 execution test
FAIL: g++.dg/ipa/pr61160-3.C -std=gnu++11 execution test
FAIL: g++.dg/ipa/pr61160-3.C -std=gnu++1y execution test
FAIL: g++.dg/other/anon5.C -std=gnu++98 (test for excess errors)
FAIL: g++.dg/other/anon5.C -std=gnu++11 (test for excess errors)
FAIL: g++.dg/other/anon5.C -std=gnu++1y (test for excess errors)
FAIL: g++.dg/other/pr59492.C -std=gnu++98 (test for excess errors)
FAIL: g++.dg/other/pr59492.C -std=gnu++11 (test for excess errors)
FAIL: g++.dg/other/pr59492.C -std=gnu++1y (test for excess errors)
=== g++ Summary for unix//-m32 ===
# of expected passes 85547
# of unexpected failures 14
# of expected failures 440
# of unsupported tests 2856
Running target unix//-m64
FAIL: g++.dg/cpp0x/static_assert9.C -std=c++11 (test for excess errors)
FAIL: g++.dg/cpp0x/static_assert9.C -std=c++1y (test for excess errors)
FAIL: g++.dg/other/anon5.C -std=gnu++98 (test for excess errors)
FAIL: g++.dg/other/anon5.C -std=gnu++11 (test for excess errors)
FAIL: g++.dg/other/anon5.C -std=gnu++1y (test for excess errors)
=== g++ Summary for unix//-m64 ===
# of expected passes 87099
# of unexpected failures 5
# of expected failures 440
# of unsupported tests 3103
=== g++ Summary ===
# of expected passes 172646
# of unexpected failures 19
# of expected failures 880
# of unsupported tests 5959
/var/lib/jenkins/workspace/GCCupstream/objdir/gcc/testsuite/g++/../../xg++ version 4.10.0 20140714 (experimental) (GCC)
=== objc tests ===
Running target unix//-m32
=== objc Summary for unix//-m32 ===
# of expected passes 3004
# of expected failures 6
# of unsupported tests 74
Running target unix//-m64
=== objc Summary for unix//-m64 ===
# of expected passes 3004
# of expected failures 6
# of unsupported tests 74
=== objc Summary ===
# of expected passes 6008
# of expected failures 12
# of unsupported tests 148
/var/lib/jenkins/workspace/GCCupstream/objdir/gcc/xgcc version 4.10.0 20140714 (experimental) (GCC)
=== boehm-gc tests ===
Running target unix//-m32
=== boehm-gc Summary for unix//-m32 ===
# of expected passes 12
# of unsupported tests 1
Running target unix//-m64
=== boehm-gc Summary for unix//-m64 ===
# of expected passes 12
# of unsupported tests 1
=== boehm-gc Summary ===
# of expected passes 24
# of unsupported tests 2
=== libatomic tests ===
Running target unix//-m32
=== libatomic Summary for unix//-m32 ===
# of expected passes 44
# of unsupported tests 5
Running target unix//-m64
=== libatomic Summary for unix//-m64 ===
# of expected passes 54
=== libatomic Summary ===
# of expected passes 98
# of unsupported tests 5
=== libffi tests ===
Running target unix//-m32
=== libffi Summary for unix//-m32 ===
# of expected passes 1819
# of unsupported tests 55
Running target unix//-m64
=== libffi Summary for unix//-m64 ===
# of expected passes 1819
# of unsupported tests 55
=== libffi Summary ===
# of expected passes 3638
# of unsupported tests 110
=== libgomp tests ===
Running target unix//-m32
=== libgomp Summary for unix//-m32 ===
# of expected passes 3184
# of unsupported tests 35
Running target unix//-m64
=== libgomp Summary for unix//-m64 ===
# of expected passes 3184
# of unsupported tests 35
=== libgomp Summary ===
# of expected passes 6368
# of unsupported tests 70
=== libitm tests ===
Running target unix//-m32
=== libitm Summary for unix//-m32 ===
# of expected passes 26
# of expected failures 3
# of unsupported tests 1
Running target unix//-m64
=== libitm Summary for unix//-m64 ===
# of expected passes 26
# of expected failures 3
# of unsupported tests 1
=== libitm Summary ===
# of expected passes 52
# of expected failures 6
# of unsupported tests 2
=== libjava tests ===
Running target unix//-m32
=== libjava Summary for unix//-m32 ===
# of expected passes 2582
# of expected failures 4
Running target unix//-m64
=== libjava Summary for unix//-m64 ===
# of expected passes 2582
# of expected failures 4
=== libjava Summary ===
# of expected passes 5164
# of expected failures 8
=== libstdc++ tests ===
Running target unix//-m32
FAIL: ext/random/arcsine_distribution/cons/default.cc (test for excess errors)
UNRESOLVED: ext/random/arcsine_distribution/cons/default.cc compilation failed to produce executable
FAIL: ext/random/arcsine_distribution/cons/parms.cc (test for excess errors)
UNRESOLVED: ext/random/arcsine_distribution/cons/parms.cc compilation failed to produce executable
FAIL: ext/random/arcsine_distribution/operators/equal.cc (test for excess errors)
UNRESOLVED: ext/random/arcsine_distribution/operators/equal.cc compilation failed to produce executable
FAIL: ext/random/arcsine_distribution/operators/inequal.cc (test for excess errors)
UNRESOLVED: ext/random/arcsine_distribution/operators/inequal.cc compilation failed to produce executable
FAIL: ext/random/arcsine_distribution/operators/serialize.cc (test for excess errors)
UNRESOLVED: ext/random/arcsine_distribution/operators/serialize.cc compilation failed to produce executable
FAIL: ext/random/arcsine_distribution/requirements/explicit_instantiation/1.cc (test for excess errors)
FAIL: ext/random/arcsine_distribution/requirements/typedefs.cc (test for excess errors)
FAIL: ext/random/beta_distribution/cons/default.cc (test for excess errors)
UNRESOLVED: ext/random/beta_distribution/cons/default.cc compilation failed to produce executable
FAIL: ext/random/beta_distribution/cons/parms.cc (test for excess errors)
UNRESOLVED: ext/random/beta_distribution/cons/parms.cc compilation failed to produce executable
FAIL: ext/random/beta_distribution/operators/equal.cc (test for excess errors)
UNRESOLVED: ext/random/beta_distribution/operators/equal.cc compilation failed to produce executable
FAIL: ext/random/beta_distribution/operators/inequal.cc (test for excess errors)
UNRESOLVED: ext/random/beta_distribution/operators/inequal.cc compilation failed to produce executable
FAIL: ext/random/beta_distribution/operators/serialize.cc (test for excess errors)
UNRESOLVED: ext/random/beta_distribution/operators/serialize.cc compilation failed to produce executable
FAIL: ext/random/beta_distribution/requirements/explicit_instantiation/1.cc (test for excess errors)
FAIL: ext/random/beta_distribution/requirements/typedefs.cc (test for excess errors)
FAIL: ext/random/hoyt_distribution/cons/default.cc (test for excess errors)
UNRESOLVED: ext/random/hoyt_distribution/cons/default.cc compilation failed to produce executable
FAIL: ext/random/hoyt_distribution/cons/parms.cc (test for excess errors)
UNRESOLVED: ext/random/hoyt_distribution/cons/parms.cc compilation failed to produce executable
FAIL: ext/random/hoyt_distribution/operators/equal.cc (test for excess errors)
UNRESOLVED: ext/random/hoyt_distribution/operators/equal.cc compilation failed to produce executable
FAIL: ext/random/hoyt_distribution/operators/inequal.cc (test for excess errors)
UNRESOLVED: ext/random/hoyt_distribution/operators/inequal.cc compilation failed to produce executable
FAIL: ext/random/hoyt_distribution/operators/serialize.cc (test for excess errors)
UNRESOLVED: ext/random/hoyt_distribution/operators/serialize.cc compilation failed to produce executable
FAIL: ext/random/hoyt_distribution/requirements/explicit_instantiation/1.cc (test for excess errors)
FAIL: ext/random/hoyt_distribution/requirements/typedefs.cc (test for excess errors)
FAIL: ext/random/hypergeometric_distribution/cons/default.cc (test for excess errors)
UNRESOLVED: ext/random/hypergeometric_distribution/cons/default.cc compilation failed to produce executable
FAIL: ext/random/hypergeometric_distribution/cons/parms.cc (test for excess errors)
UNRESOLVED: ext/random/hypergeometric_distribution/cons/parms.cc compilation failed to produce executable
FAIL: ext/random/hypergeometric_distribution/operators/equal.cc (test for excess errors)
UNRESOLVED: ext/random/hypergeometric_distribution/operators/equal.cc compilation failed to produce executable
FAIL: ext/random/hypergeometric_distribution/operators/inequal.cc (test for excess errors)
UNRESOLVED: ext/random/hypergeometric_distribution/operators/inequal.cc compilation failed to produce executable
FAIL: ext/random/hypergeometric_distribution/operators/serialize.cc (test for excess errors)
UNRESOLVED: ext/random/hypergeometric_distribution/operators/serialize.cc compilation failed to produce executable
FAIL: ext/random/hypergeometric_distribution/operators/values.cc (test for excess errors)
UNRESOLVED: ext/random/hypergeometric_distribution/operators/values.cc compilation failed to produce executable
FAIL: ext/random/hypergeometric_distribution/requirements/explicit_instantiation/1.cc (test for excess errors)
FAIL: ext/random/hypergeometric_distribution/requirements/typedefs.cc (test for excess errors)
FAIL: ext/random/k_distribution/cons/default.cc (test for excess errors)
UNRESOLVED: ext/random/k_distribution/cons/default.cc compilation failed to produce executable
FAIL: ext/random/k_distribution/cons/parms.cc (test for excess errors)
UNRESOLVED: ext/random/k_distribution/cons/parms.cc compilation failed to produce executable
FAIL: ext/random/k_distribution/operators/equal.cc (test for excess errors)
UNRESOLVED: ext/random/k_distribution/operators/equal.cc compilation failed to produce executable
FAIL: ext/random/k_distribution/operators/inequal.cc (test for excess errors)
UNRESOLVED: ext/random/k_distribution/operators/inequal.cc compilation failed to produce executable
FAIL: ext/random/k_distribution/operators/serialize.cc (test for excess errors)
UNRESOLVED: ext/random/k_distribution/operators/serialize.cc compilation failed to produce executable
FAIL: ext/random/k_distribution/requirements/explicit_instantiation/1.cc (test for excess errors)
FAIL: ext/random/k_distribution/requirements/typedefs.cc (test for excess errors)
FAIL: ext/random/logistic_distribution/cons/default.cc (test for excess errors)
UNRESOLVED: ext/random/logistic_distribution/cons/default.cc compilation failed to produce executable
FAIL: ext/random/logistic_distribution/cons/parms.cc (test for excess errors)
UNRESOLVED: ext/random/logistic_distribution/cons/parms.cc compilation failed to produce executable
FAIL: ext/random/logistic_distribution/operators/equal.cc (test for excess errors)
UNRESOLVED: ext/random/logistic_distribution/operators/equal.cc compilation failed to produce executable
FAIL: ext/random/logistic_distribution/operators/inequal.cc (test for excess errors)
UNRESOLVED: ext/random/logistic_distribution/operators/inequal.cc compilation failed to produce executable
FAIL: ext/random/logistic_distribution/operators/serialize.cc (test for excess errors)
UNRESOLVED: ext/random/logistic_distribution/operators/serialize.cc compilation failed to produce executable
FAIL: ext/random/logistic_distribution/requirements/typedefs.cc (test for excess errors)
FAIL: ext/random/nakagami_distribution/cons/default.cc (test for excess errors)
UNRESOLVED: ext/random/nakagami_distribution/cons/default.cc compilation failed to produce executable
FAIL: ext/random/nakagami_distribution/cons/parms.cc (test for excess errors)
UNRESOLVED: ext/random/nakagami_distribution/cons/parms.cc compilation failed to produce executable
FAIL: ext/random/nakagami_distribution/operators/equal.cc (test for excess errors)
UNRESOLVED: ext/random/nakagami_distribution/operators/equal.cc compilation failed to produce executable
FAIL: ext/random/nakagami_distribution/operators/inequal.cc (test for excess errors)
UNRESOLVED: ext/random/nakagami_distribution/operators/inequal.cc compilation failed to produce executable
FAIL: ext/random/nakagami_distribution/operators/serialize.cc (test for excess errors)
UNRESOLVED: ext/random/nakagami_distribution/operators/serialize.cc compilation failed to produce executable
FAIL: ext/random/nakagami_distribution/requirements/explicit_instantiation/1.cc (test for excess errors)
FAIL: ext/random/nakagami_distribution/requirements/typedefs.cc (test for excess errors)
FAIL: ext/random/normal_mv_distribution/cons/default.cc (test for excess errors)
UNRESOLVED: ext/random/normal_mv_distribution/cons/default.cc compilation failed to produce executable
FAIL: ext/random/normal_mv_distribution/cons/parms.cc (test for excess errors)
UNRESOLVED: ext/random/normal_mv_distribution/cons/parms.cc compilation failed to produce executable
FAIL: ext/random/normal_mv_distribution/operators/equal.cc (test for excess errors)
UNRESOLVED: ext/random/normal_mv_distribution/operators/equal.cc compilation failed to produce executable
FAIL: ext/random/normal_mv_distribution/operators/inequal.cc (test for excess errors)
UNRESOLVED: ext/random/normal_mv_distribution/operators/inequal.cc compilation failed to produce executable
FAIL: ext/random/normal_mv_distribution/operators/serialize.cc (test for excess errors)
UNRESOLVED: ext/random/normal_mv_distribution/operators/serialize.cc compilation failed to produce executable
FAIL: ext/random/normal_mv_distribution/requirements/explicit_instantiation/1.cc (test for excess errors)
FAIL: ext/random/normal_mv_distribution/requirements/typedefs.cc (test for excess errors)
FAIL: ext/random/pareto_distribution/cons/default.cc (test for excess errors)
UNRESOLVED: ext/random/pareto_distribution/cons/default.cc compilation failed to produce executable
FAIL: ext/random/pareto_distribution/cons/parms.cc (test for excess errors)
UNRESOLVED: ext/random/pareto_distribution/cons/parms.cc compilation failed to produce executable
FAIL: ext/random/pareto_distribution/operators/equal.cc (test for excess errors)
UNRESOLVED: ext/random/pareto_distribution/operators/equal.cc compilation failed to produce executable
FAIL: ext/random/pareto_distribution/operators/inequal.cc (test for excess errors)
UNRESOLVED: ext/random/pareto_distribution/operators/inequal.cc compilation failed to produce executable
FAIL: ext/random/pareto_distribution/operators/serialize.cc (test for excess errors)
UNRESOLVED: ext/random/pareto_distribution/operators/serialize.cc compilation failed to produce executable
FAIL: ext/random/pareto_distribution/requirements/explicit_instantiation/1.cc (test for excess errors)
FAIL: ext/random/pareto_distribution/requirements/typedefs.cc (test for excess errors)
FAIL: ext/random/rice_distribution/cons/default.cc (test for excess errors)
UNRESOLVED: ext/random/rice_distribution/cons/default.cc compilation failed to produce executable
FAIL: ext/random/rice_distribution/cons/parms.cc (test for excess errors)
UNRESOLVED: ext/random/rice_distribution/cons/parms.cc compilation failed to produce executable
FAIL: ext/random/rice_distribution/operators/equal.cc (test for excess errors)
UNRESOLVED: ext/random/rice_distribution/operators/equal.cc compilation failed to produce executable
FAIL: ext/random/rice_distribution/operators/inequal.cc (test for excess errors)
UNRESOLVED: ext/random/rice_distribution/operators/inequal.cc compilation failed to produce executable
FAIL: ext/random/rice_distribution/operators/serialize.cc (test for excess errors)
UNRESOLVED: ext/random/rice_distribution/operators/serialize.cc compilation failed to produce executable
FAIL: ext/random/rice_distribution/requirements/explicit_instantiation/1.cc (test for excess errors)
FAIL: ext/random/rice_distribution/requirements/typedefs.cc (test for excess errors)
FAIL: ext/random/simd_fast_mersenne_twister_engine/cons/copy.cc (test for excess errors)
UNRESOLVED: ext/random/simd_fast_mersenne_twister_engine/cons/copy.cc compilation failed to produce executable
FAIL: ext/random/simd_fast_mersenne_twister_engine/cons/default.cc (test for excess errors)
UNRESOLVED: ext/random/simd_fast_mersenne_twister_engine/cons/default.cc compilation failed to produce executable
FAIL: ext/random/simd_fast_mersenne_twister_engine/cons/seed1.cc (test for excess errors)
UNRESOLVED: ext/random/simd_fast_mersenne_twister_engine/cons/seed1.cc compilation failed to produce executable
FAIL: ext/random/simd_fast_mersenne_twister_engine/cons/seed2.cc (test for excess errors)
UNRESOLVED: ext/random/simd_fast_mersenne_twister_engine/cons/seed2.cc compilation failed to produce executable
FAIL: ext/random/simd_fast_mersenne_twister_engine/cons/seed_seq.cc (test for excess errors)
UNRESOLVED: ext/random/simd_fast_mersenne_twister_engine/cons/seed_seq.cc compilation failed to produce executable
FAIL: ext/random/simd_fast_mersenne_twister_engine/operators/equal.cc (test for excess errors)
UNRESOLVED: ext/random/simd_fast_mersenne_twister_engine/operators/equal.cc compilation failed to produce executable
FAIL: ext/random/simd_fast_mersenne_twister_engine/operators/inequal.cc (test for excess errors)
UNRESOLVED: ext/random/simd_fast_mersenne_twister_engine/operators/inequal.cc compilation failed to produce executable
FAIL: ext/random/simd_fast_mersenne_twister_engine/operators/serialize.cc (test for excess errors)
UNRESOLVED: ext/random/simd_fast_mersenne_twister_engine/operators/serialize.cc compilation failed to produce executable
FAIL: ext/random/triangular_distribution/cons/default.cc (test for excess errors)
UNRESOLVED: ext/random/triangular_distribution/cons/default.cc compilation failed to produce executable
FAIL: ext/random/triangular_distribution/cons/parms.cc (test for excess errors)
UNRESOLVED: ext/random/triangular_distribution/cons/parms.cc compilation failed to produce executable
FAIL: ext/random/triangular_distribution/operators/equal.cc (test for excess errors)
UNRESOLVED: ext/random/triangular_distribution/operators/equal.cc compilation failed to produce executable
FAIL: ext/random/triangular_distribution/operators/inequal.cc (test for excess errors)
UNRESOLVED: ext/random/triangular_distribution/operators/inequal.cc compilation failed to produce executable
FAIL: ext/random/triangular_distribution/operators/serialize.cc (test for excess errors)
UNRESOLVED: ext/random/triangular_distribution/operators/serialize.cc compilation failed to produce executable
FAIL: ext/random/triangular_distribution/requirements/explicit_instantiation/1.cc (test for excess errors)
FAIL: ext/random/triangular_distribution/requirements/typedefs.cc (test for excess errors)
FAIL: ext/random/uniform_on_sphere_distribution/cons/default.cc (test for excess errors)
UNRESOLVED: ext/random/uniform_on_sphere_distribution/cons/default.cc compilation failed to produce executable
FAIL: ext/random/uniform_on_sphere_distribution/operators/equal.cc (test for excess errors)
UNRESOLVED: ext/random/uniform_on_sphere_distribution/operators/equal.cc compilation failed to produce executable
FAIL: ext/random/uniform_on_sphere_distribution/operators/inequal.cc (test for excess errors)
UNRESOLVED: ext/random/uniform_on_sphere_distribution/operators/inequal.cc compilation failed to produce executable
FAIL: ext/random/uniform_on_sphere_distribution/operators/serialize.cc (test for excess errors)
UNRESOLVED: ext/random/uniform_on_sphere_distribution/operators/serialize.cc compilation failed to produce executable
FAIL: ext/random/von_mises_distribution/cons/default.cc (test for excess errors)
UNRESOLVED: ext/random/von_mises_distribution/cons/default.cc compilation failed to produce executable
FAIL: ext/random/von_mises_distribution/cons/parms.cc (test for excess errors)
UNRESOLVED: ext/random/von_mises_distribution/cons/parms.cc compilation failed to produce executable
FAIL: ext/random/von_mises_distribution/operators/equal.cc (test for excess errors)
UNRESOLVED: ext/random/von_mises_distribution/operators/equal.cc compilation failed to produce executable
FAIL: ext/random/von_mises_distribution/operators/inequal.cc (test for excess errors)
UNRESOLVED: ext/random/von_mises_distribution/operators/inequal.cc compilation failed to produce executable
FAIL: ext/random/von_mises_distribution/operators/serialize.cc (test for excess errors)
UNRESOLVED: ext/random/von_mises_distribution/operators/serialize.cc compilation failed to produce executable
FAIL: ext/random/von_mises_distribution/requirements/explicit_instantiation/1.cc (test for excess errors)
FAIL: ext/random/von_mises_distribution/requirements/typedefs.cc (test for excess errors)
=== libstdc++ Summary for unix//-m32 ===
# of expected passes 9246
# of unexpected failures 96
# of expected failures 69
# of unresolved testcases 73
# of unsupported tests 533
Running target unix//-m64
FAIL: ext/random/arcsine_distribution/cons/default.cc (test for excess errors)
UNRESOLVED: ext/random/arcsine_distribution/cons/default.cc compilation failed to produce executable
FAIL: ext/random/arcsine_distribution/cons/parms.cc (test for excess errors)
UNRESOLVED: ext/random/arcsine_distribution/cons/parms.cc compilation failed to produce executable
FAIL: ext/random/arcsine_distribution/operators/equal.cc (test for excess errors)
UNRESOLVED: ext/random/arcsine_distribution/operators/equal.cc compilation failed to produce executable
FAIL: ext/random/arcsine_distribution/operators/inequal.cc (test for excess errors)
UNRESOLVED: ext/random/arcsine_distribution/operators/inequal.cc compilation failed to produce executable
FAIL: ext/random/arcsine_distribution/operators/serialize.cc (test for excess errors)
UNRESOLVED: ext/random/arcsine_distribution/operators/serialize.cc compilation failed to produce executable
FAIL: ext/random/arcsine_distribution/requirements/explicit_instantiation/1.cc (test for excess errors)
FAIL: ext/random/arcsine_distribution/requirements/typedefs.cc (test for excess errors)
FAIL: ext/random/beta_distribution/cons/default.cc (test for excess errors)
UNRESOLVED: ext/random/beta_distribution/cons/default.cc compilation failed to produce executable
FAIL: ext/random/beta_distribution/cons/parms.cc (test for excess errors)
UNRESOLVED: ext/random/beta_distribution/cons/parms.cc compilation failed to produce executable
FAIL: ext/random/beta_distribution/operators/equal.cc (test for excess errors)
UNRESOLVED: ext/random/beta_distribution/operators/equal.cc compilation failed to produce executable
FAIL: ext/random/beta_distribution/operators/inequal.cc (test for excess errors)
UNRESOLVED: ext/random/beta_distribution/operators/inequal.cc compilation failed to produce executable
FAIL: ext/random/beta_distribution/operators/serialize.cc (test for excess errors)
UNRESOLVED: ext/random/beta_distribution/operators/serialize.cc compilation failed to produce executable
FAIL: ext/random/beta_distribution/requirements/explicit_instantiation/1.cc (test for excess errors)
FAIL: ext/random/beta_distribution/requirements/typedefs.cc (test for excess errors)
FAIL: ext/random/hoyt_distribution/cons/default.cc (test for excess errors)
UNRESOLVED: ext/random/hoyt_distribution/cons/default.cc compilation failed to produce executable
FAIL: ext/random/hoyt_distribution/cons/parms.cc (test for excess errors)
UNRESOLVED: ext/random/hoyt_distribution/cons/parms.cc compilation failed to produce executable
FAIL: ext/random/hoyt_distribution/operators/equal.cc (test for excess errors)
UNRESOLVED: ext/random/hoyt_distribution/operators/equal.cc compilation failed to produce executable
FAIL: ext/random/hoyt_distribution/operators/inequal.cc (test for excess errors)
UNRESOLVED: ext/random/hoyt_distribution/operators/inequal.cc compilation failed to produce executable
FAIL: ext/random/hoyt_distribution/operators/serialize.cc (test for excess errors)
UNRESOLVED: ext/random/hoyt_distribution/operators/serialize.cc compilation failed to produce executable
FAIL: ext/random/hoyt_distribution/requirements/explicit_instantiation/1.cc (test for excess errors)
FAIL: ext/random/hoyt_distribution/requirements/typedefs.cc (test for excess errors)
FAIL: ext/random/hypergeometric_distribution/cons/default.cc (test for excess errors)
UNRESOLVED: ext/random/hypergeometric_distribution/cons/default.cc compilation failed to produce executable
FAIL: ext/random/hypergeometric_distribution/cons/parms.cc (test for excess errors)
UNRESOLVED: ext/random/hypergeometric_distribution/cons/parms.cc compilation failed to produce executable
FAIL: ext/random/hypergeometric_distribution/operators/equal.cc (test for excess errors)
UNRESOLVED: ext/random/hypergeometric_distribution/operators/equal.cc compilation failed to produce executable
FAIL: ext/random/hypergeometric_distribution/operators/inequal.cc (test for excess errors)
UNRESOLVED: ext/random/hypergeometric_distribution/operators/inequal.cc compilation failed to produce executable
FAIL: ext/random/hypergeometric_distribution/operators/serialize.cc (test for excess errors)
UNRESOLVED: ext/random/hypergeometric_distribution/operators/serialize.cc compilation failed to produce executable
FAIL: ext/random/hypergeometric_distribution/operators/values.cc (test for excess errors)
UNRESOLVED: ext/random/hypergeometric_distribution/operators/values.cc compilation failed to produce executable
FAIL: ext/random/hypergeometric_distribution/requirements/explicit_instantiation/1.cc (test for excess errors)
FAIL: ext/random/hypergeometric_distribution/requirements/typedefs.cc (test for excess errors)
FAIL: ext/random/k_distribution/cons/default.cc (test for excess errors)
UNRESOLVED: ext/random/k_distribution/cons/default.cc compilation failed to produce executable
FAIL: ext/random/k_distribution/cons/parms.cc (test for excess errors)
UNRESOLVED: ext/random/k_distribution/cons/parms.cc compilation failed to produce executable
FAIL: ext/random/k_distribution/operators/equal.cc (test for excess errors)
UNRESOLVED: ext/random/k_distribution/operators/equal.cc compilation failed to produce executable
FAIL: ext/random/k_distribution/operators/inequal.cc (test for excess errors)
UNRESOLVED: ext/random/k_distribution/operators/inequal.cc compilation failed to produce executable
FAIL: ext/random/k_distribution/operators/serialize.cc (test for excess errors)
UNRESOLVED: ext/random/k_distribution/operators/serialize.cc compilation failed to produce executable
FAIL: ext/random/k_distribution/requirements/explicit_instantiation/1.cc (test for excess errors)
FAIL: ext/random/k_distribution/requirements/typedefs.cc (test for excess errors)
FAIL: ext/random/logistic_distribution/cons/default.cc (test for excess errors)
UNRESOLVED: ext/random/logistic_distribution/cons/default.cc compilation failed to produce executable
FAIL: ext/random/logistic_distribution/cons/parms.cc (test for excess errors)
UNRESOLVED: ext/random/logistic_distribution/cons/parms.cc compilation failed to produce executable
FAIL: ext/random/logistic_distribution/operators/equal.cc (test for excess errors)
UNRESOLVED: ext/random/logistic_distribution/operators/equal.cc compilation failed to produce executable
FAIL: ext/random/logistic_distribution/operators/inequal.cc (test for excess errors)
UNRESOLVED: ext/random/logistic_distribution/operators/inequal.cc compilation failed to produce executable
FAIL: ext/random/logistic_distribution/operators/serialize.cc (test for excess errors)
UNRESOLVED: ext/random/logistic_distribution/operators/serialize.cc compilation failed to produce executable
FAIL: ext/random/logistic_distribution/requirements/typedefs.cc (test for excess errors)
FAIL: ext/random/nakagami_distribution/cons/default.cc (test for excess errors)
UNRESOLVED: ext/random/nakagami_distribution/cons/default.cc compilation failed to produce executable
FAIL: ext/random/nakagami_distribution/cons/parms.cc (test for excess errors)
UNRESOLVED: ext/random/nakagami_distribution/cons/parms.cc compilation failed to produce executable
FAIL: ext/random/nakagami_distribution/operators/equal.cc (test for excess errors)
UNRESOLVED: ext/random/nakagami_distribution/operators/equal.cc compilation failed to produce executable
FAIL: ext/random/nakagami_distribution/operators/inequal.cc (test for excess errors)
UNRESOLVED: ext/random/nakagami_distribution/operators/inequal.cc compilation failed to produce executable
FAIL: ext/random/nakagami_distribution/operators/serialize.cc (test for excess errors)
UNRESOLVED: ext/random/nakagami_distribution/operators/serialize.cc compilation failed to produce executable
FAIL: ext/random/nakagami_distribution/requirements/explicit_instantiation/1.cc (test for excess errors)
FAIL: ext/random/nakagami_distribution/requirements/typedefs.cc (test for excess errors)
FAIL: ext/random/normal_mv_distribution/cons/default.cc (test for excess errors)
UNRESOLVED: ext/random/normal_mv_distribution/cons/default.cc compilation failed to produce executable
FAIL: ext/random/normal_mv_distribution/cons/parms.cc (test for excess errors)
UNRESOLVED: ext/random/normal_mv_distribution/cons/parms.cc compilation failed to produce executable
FAIL: ext/random/normal_mv_distribution/operators/equal.cc (test for excess errors)
UNRESOLVED: ext/random/normal_mv_distribution/operators/equal.cc compilation failed to produce executable
FAIL: ext/random/normal_mv_distribution/operators/inequal.cc (test for excess errors)
UNRESOLVED: ext/random/normal_mv_distribution/operators/inequal.cc compilation failed to produce executable
FAIL: ext/random/normal_mv_distribution/operators/serialize.cc (test for excess errors)
UNRESOLVED: ext/random/normal_mv_distribution/operators/serialize.cc compilation failed to produce executable
FAIL: ext/random/normal_mv_distribution/requirements/explicit_instantiation/1.cc (test for excess errors)
FAIL: ext/random/normal_mv_distribution/requirements/typedefs.cc (test for excess errors)
FAIL: ext/random/pareto_distribution/cons/default.cc (test for excess errors)
UNRESOLVED: ext/random/pareto_distribution/cons/default.cc compilation failed to produce executable
FAIL: ext/random/pareto_distribution/cons/parms.cc (test for excess errors)
UNRESOLVED: ext/random/pareto_distribution/cons/parms.cc compilation failed to produce executable
FAIL: ext/random/pareto_distribution/operators/equal.cc (test for excess errors)
UNRESOLVED: ext/random/pareto_distribution/operators/equal.cc compilation failed to produce executable
FAIL: ext/random/pareto_distribution/operators/inequal.cc (test for excess errors)
UNRESOLVED: ext/random/pareto_distribution/operators/inequal.cc compilation failed to produce executable
FAIL: ext/random/pareto_distribution/operators/serialize.cc (test for excess errors)
UNRESOLVED: ext/random/pareto_distribution/operators/serialize.cc compilation failed to produce executable
FAIL: ext/random/pareto_distribution/requirements/explicit_instantiation/1.cc (test for excess errors)
FAIL: ext/random/pareto_distribution/requirements/typedefs.cc (test for excess errors)
FAIL: ext/random/rice_distribution/cons/default.cc (test for excess errors)
UNRESOLVED: ext/random/rice_distribution/cons/default.cc compilation failed to produce executable
FAIL: ext/random/rice_distribution/cons/parms.cc (test for excess errors)
UNRESOLVED: ext/random/rice_distribution/cons/parms.cc compilation failed to produce executable
FAIL: ext/random/rice_distribution/operators/equal.cc (test for excess errors)
UNRESOLVED: ext/random/rice_distribution/operators/equal.cc compilation failed to produce executable
FAIL: ext/random/rice_distribution/operators/inequal.cc (test for excess errors)
UNRESOLVED: ext/random/rice_distribution/operators/inequal.cc compilation failed to produce executable
FAIL: ext/random/rice_distribution/operators/serialize.cc (test for excess errors)
UNRESOLVED: ext/random/rice_distribution/operators/serialize.cc compilation failed to produce executable
FAIL: ext/random/rice_distribution/requirements/explicit_instantiation/1.cc (test for excess errors)
FAIL: ext/random/rice_distribution/requirements/typedefs.cc (test for excess errors)
FAIL: ext/random/simd_fast_mersenne_twister_engine/cons/copy.cc (test for excess errors)
UNRESOLVED: ext/random/simd_fast_mersenne_twister_engine/cons/copy.cc compilation failed to produce executable
FAIL: ext/random/simd_fast_mersenne_twister_engine/cons/default.cc (test for excess errors)
UNRESOLVED: ext/random/simd_fast_mersenne_twister_engine/cons/default.cc compilation failed to produce executable
FAIL: ext/random/simd_fast_mersenne_twister_engine/cons/seed1.cc (test for excess errors)
UNRESOLVED: ext/random/simd_fast_mersenne_twister_engine/cons/seed1.cc compilation failed to produce executable
FAIL: ext/random/simd_fast_mersenne_twister_engine/cons/seed2.cc (test for excess errors)
UNRESOLVED: ext/random/simd_fast_mersenne_twister_engine/cons/seed2.cc compilation failed to produce executable
FAIL: ext/random/simd_fast_mersenne_twister_engine/cons/seed_seq.cc (test for excess errors)
UNRESOLVED: ext/random/simd_fast_mersenne_twister_engine/cons/seed_seq.cc compilation failed to produce executable
FAIL: ext/random/simd_fast_mersenne_twister_engine/operators/equal.cc (test for excess errors)
UNRESOLVED: ext/random/simd_fast_mersenne_twister_engine/operators/equal.cc compilation failed to produce executable
FAIL: ext/random/simd_fast_mersenne_twister_engine/operators/inequal.cc (test for excess errors)
UNRESOLVED: ext/random/simd_fast_mersenne_twister_engine/operators/inequal.cc compilation failed to produce executable
FAIL: ext/random/simd_fast_mersenne_twister_engine/operators/serialize.cc (test for excess errors)
UNRESOLVED: ext/random/simd_fast_mersenne_twister_engine/operators/serialize.cc compilation failed to produce executable
FAIL: ext/random/triangular_distribution/cons/default.cc (test for excess errors)
UNRESOLVED: ext/random/triangular_distribution/cons/default.cc compilation failed to produce executable
FAIL: ext/random/triangular_distribution/cons/parms.cc (test for excess errors)
UNRESOLVED: ext/random/triangular_distribution/cons/parms.cc compilation failed to produce executable
FAIL: ext/random/triangular_distribution/operators/equal.cc (test for excess errors)
UNRESOLVED: ext/random/triangular_distribution/operators/equal.cc compilation failed to produce executable
FAIL: ext/random/triangular_distribution/operators/inequal.cc (test for excess errors)
UNRESOLVED: ext/random/triangular_distribution/operators/inequal.cc compilation failed to produce executable
FAIL: ext/random/triangular_distribution/operators/serialize.cc (test for excess errors)
UNRESOLVED: ext/random/triangular_distribution/operators/serialize.cc compilation failed to produce executable
FAIL: ext/random/triangular_distribution/requirements/explicit_instantiation/1.cc (test for excess errors)
FAIL: ext/random/triangular_distribution/requirements/typedefs.cc (test for excess errors)
FAIL: ext/random/uniform_on_sphere_distribution/cons/default.cc (test for excess errors)
UNRESOLVED: ext/random/uniform_on_sphere_distribution/cons/default.cc compilation failed to produce executable
FAIL: ext/random/uniform_on_sphere_distribution/operators/equal.cc (test for excess errors)
UNRESOLVED: ext/random/uniform_on_sphere_distribution/operators/equal.cc compilation failed to produce executable
FAIL: ext/random/uniform_on_sphere_distribution/operators/inequal.cc (test for excess errors)
UNRESOLVED: ext/random/uniform_on_sphere_distribution/operators/inequal.cc compilation failed to produce executable
FAIL: ext/random/uniform_on_sphere_distribution/operators/serialize.cc (test for excess errors)
UNRESOLVED: ext/random/uniform_on_sphere_distribution/operators/serialize.cc compilation failed to produce executable
FAIL: ext/random/von_mises_distribution/cons/default.cc (test for excess errors)
UNRESOLVED: ext/random/von_mises_distribution/cons/default.cc compilation failed to produce executable
FAIL: ext/random/von_mises_distribution/cons/parms.cc (test for excess errors)
UNRESOLVED: ext/random/von_mises_distribution/cons/parms.cc compilation failed to produce executable
FAIL: ext/random/von_mises_distribution/operators/equal.cc (test for excess errors)
UNRESOLVED: ext/random/von_mises_distribution/operators/equal.cc compilation failed to produce executable
FAIL: ext/random/von_mises_distribution/operators/inequal.cc (test for excess errors)
UNRESOLVED: ext/random/von_mises_distribution/operators/inequal.cc compilation failed to produce executable
FAIL: ext/random/von_mises_distribution/operators/serialize.cc (test for excess errors)
UNRESOLVED: ext/random/von_mises_distribution/operators/serialize.cc compilation failed to produce executable
FAIL: ext/random/von_mises_distribution/requirements/explicit_instantiation/1.cc (test for excess errors)
FAIL: ext/random/von_mises_distribution/requirements/typedefs.cc (test for excess errors)
=== libstdc++ Summary for unix//-m64 ===
# of expected passes 9238
# of unexpected failures 96
# of expected failures 69
# of unresolved testcases 73
# of unsupported tests 537
=== libstdc++ Summary ===
# of expected passes 18484
# of unexpected failures 192
# of expected failures 138
# of unresolved testcases 146
# of unsupported tests 1070
Compiler version: 4.10.0 20140714 (experimental) (GCC)
Platform: x86_64-unknown-linux-gnu
configure flags: --prefix=/var/lib/jenkins/workspace/GCCupstream/objdir/install
More information about the Gcc-testresults
mailing list