FW: Results for 4.10.0 20140712 (experimental) (GCC) testsuite on x86_64-unknown-linux-gnu
Pinski, Andrew
Andrew.Pinski@caviumnetworks.com
Sun Jul 13 02:26:00 GMT 2014
________________________________________
From: jenkins@blackduck.caveonetworks.com
Sent: Saturday, July 12, 2014 6:04:21 PM (UTC-08:00) Pacific Time (US & Canada)
To: apinski@cavium.com
Subject: Results for 4.10.0 20140712 (experimental) (GCC) testsuite on x86_64-unknown-linux-gnu
Native configuration is x86_64-unknown-linux-gnu
=== gcc tests ===
Running target unix//-m32
FAIL: gcc.dg/cproj-fails-with-broken-glibc.c execution test
FAIL: gcc.dg/torture/tls/run-ld.c -O1 -pie -fpie execution test
FAIL: gcc.dg/torture/tls/run-ld.c -O2 -pie -fpie execution test
FAIL: gcc.dg/torture/tls/run-ld.c -O3 -fomit-frame-pointer -pie -fpie execution test
FAIL: gcc.dg/torture/tls/run-ld.c -O3 -g -pie -fpie execution test
FAIL: gcc.dg/torture/tls/run-ld.c -Os -pie -fpie execution test
FAIL: gcc.dg/torture/tls/run-ld.c -O1 -pie -fPIE execution test
FAIL: gcc.dg/torture/tls/run-ld.c -O2 -pie -fPIE execution test
FAIL: gcc.dg/torture/tls/run-ld.c -O3 -fomit-frame-pointer -pie -fPIE execution test
FAIL: gcc.dg/torture/tls/run-ld.c -O3 -g -pie -fPIE execution test
FAIL: gcc.dg/torture/tls/run-ld.c -Os -pie -fPIE execution test
FAIL: gcc.target/i386/pr49095.c scan-assembler-not test[lq]
=== gcc Summary for unix//-m32 ===
# of expected passes 105065
# of unexpected failures 12
# of expected failures 247
# of unsupported tests 1882
Running target unix//-m64
FAIL: gcc.dg/cproj-fails-with-broken-glibc.c execution test
FAIL: gcc.target/i386/pr56114.c (test for excess errors)
=== gcc Summary for unix//-m64 ===
# of expected passes 105821
# of unexpected failures 2
# of expected failures 249
# of unsupported tests 2105
=== gcc Summary ===
# of expected passes 210886
# of unexpected failures 14
# of expected failures 496
# of unsupported tests 3987
/var/lib/jenkins/workspace/GCCupstream/objdir/gcc/xgcc version 4.10.0 20140712 (experimental) (GCC)
=== gfortran tests ===
Running target unix//-m32
FAIL: gfortran.dg/coarray/atomic_1.f90 -fcoarray=lib -O2 -lcaf_single execution test
FAIL: gfortran.dg/coarray_atomic_4.f90 -O (test for excess errors)
UNRESOLVED: gfortran.dg/coarray_atomic_4.f90 -O scan-tree-dump-times original " __atomic_store_4 \\\\(&caf, \\\\(integer\\\\(kind=4\\\\)\\\\) var, 0\\\\);" 1
UNRESOLVED: gfortran.dg/coarray_atomic_4.f90 -O scan-tree-dump-times original " __atomic_store_4 \\\\(&caf_log, \\\\(logical\\\\(kind=4\\\\)\\\\) var2, 0\\\\);" 1
UNRESOLVED: gfortran.dg/coarray_atomic_4.f90 -O scan-tree-dump-times original "var = \\\\(integer\\\\(kind=4\\\\)\\\\) __atomic_load_4 \\\\(&caf, 0\\\\);" 1
UNRESOLVED: gfortran.dg/coarray_atomic_4.f90 -O scan-tree-dump-times original "var2 = \\\\(logical\\\\(kind=4\\\\)\\\\) __atomic_load_4 \\\\(&caf_log, 0\\\\);" 1
UNRESOLVED: gfortran.dg/coarray_atomic_4.f90 -O scan-tree-dump-times original " __atomic_compare_exchange_4 \\\\(&caf, &var, 5, 0, 0, 0\\\\);" 1
UNRESOLVED: gfortran.dg/coarray_atomic_4.f90 -O scan-tree-dump-times original " __atomic_compare_exchange_4 \\\\(&caf_log, &var2, 0, 0, 0, 0\\\\);" 1
UNRESOLVED: gfortran.dg/coarray_atomic_4.f90 -O scan-tree-dump-times original " __atomic_fetch_add_4 \\\\(&caf, 77, 0\\\\);" 1
UNRESOLVED: gfortran.dg/coarray_atomic_4.f90 -O scan-tree-dump-times original " __atomic_fetch_and_4 \\\\(&caf, 88, 0\\\\);" 1
UNRESOLVED: gfortran.dg/coarray_atomic_4.f90 -O scan-tree-dump-times original " __atomic_fetch_or_4 \\\\(&caf, 101, 0\\\\);" 1
UNRESOLVED: gfortran.dg/coarray_atomic_4.f90 -O scan-tree-dump-times original " __atomic_fetch_xor_4 \\\\(&caf, 105, 0\\\\);" 1
UNRESOLVED: gfortran.dg/coarray_atomic_4.f90 -O scan-tree-dump-times original "var = \\\\(integer\\\\(kind=4\\\\)\\\\) __atomic_fetch_add_4 \\\\(&caf, \\\\(integer\\\\(kind=4\\\\)\\\\) var3, 0\\\\);" 1
UNRESOLVED: gfortran.dg/coarray_atomic_4.f90 -O scan-tree-dump-times original "var = \\\\(integer\\\\(kind=4\\\\)\\\\) __atomic_fetch_and_4 \\\\(&caf, 22, 0\\\\);" 1
UNRESOLVED: gfortran.dg/coarray_atomic_4.f90 -O scan-tree-dump-times original " var = \\\\(integer\\\\(kind=4\\\\)\\\\) __atomic_fetch_or_4 \\\\(&caf, \\\\(integer\\\\(kind=4\\\\)\\\\) var3, 0\\\\);" 1
UNRESOLVED: gfortran.dg/coarray_atomic_4.f90 -O scan-tree-dump-times original " var = \\\\(integer\\\\(kind=4\\\\)\\\\) __atomic_fetch_xor_4 \\\\(&caf, 47, 0\\\\);" 1
UNRESOLVED: gfortran.dg/coarray_atomic_4.f90 -O scan-tree-dump-times original "var = 3;" 1
UNRESOLVED: gfortran.dg/coarray_atomic_4.f90 -O scan-tree-dump-times original "var2 = 1;" 1
UNRESOLVED: gfortran.dg/coarray_atomic_4.f90 -O scan-tree-dump-times original "stat = 0;" 14
=== gfortran Summary for unix//-m32 ===
# of expected passes 46080
# of unexpected failures 2
# of expected failures 38
# of unresolved testcases 17
# of unsupported tests 219
Running target unix//-m64
=== gfortran Summary for unix//-m64 ===
# of expected passes 46388
# of expected failures 38
# of unsupported tests 79
=== gfortran Summary ===
# of expected passes 92468
# of unexpected failures 2
# of expected failures 76
# of unresolved testcases 17
# of unsupported tests 298
/var/lib/jenkins/workspace/GCCupstream/objdir/gcc/testsuite/gfortran/../../gfortran version 4.10.0 20140712 (experimental) (GCC)
=== g++ tests ===
Running target unix//-m32
FAIL: g++.dg/ipa/imm-devirt-2.C -std=gnu++98 scan-tree-dump einline "C::_ZThn24_N1C3fooEi \\\\("
FAIL: g++.dg/ipa/imm-devirt-2.C -std=gnu++11 scan-tree-dump einline "C::_ZThn24_N1C3fooEi \\\\("
FAIL: g++.dg/ipa/imm-devirt-2.C -std=gnu++1y scan-tree-dump einline "C::_ZThn24_N1C3fooEi \\\\("
FAIL: g++.dg/ipa/pr61160-3.C -std=gnu++98 execution test
FAIL: g++.dg/ipa/pr61160-3.C -std=gnu++11 execution test
FAIL: g++.dg/ipa/pr61160-3.C -std=gnu++1y execution test
FAIL: g++.dg/other/anon5.C -std=gnu++98 (test for excess errors)
FAIL: g++.dg/other/anon5.C -std=gnu++11 (test for excess errors)
FAIL: g++.dg/other/anon5.C -std=gnu++1y (test for excess errors)
FAIL: g++.dg/other/pr59492.C -std=gnu++98 (test for excess errors)
FAIL: g++.dg/other/pr59492.C -std=gnu++11 (test for excess errors)
FAIL: g++.dg/other/pr59492.C -std=gnu++1y (test for excess errors)
=== g++ Summary for unix//-m32 ===
# of expected passes 85365
# of unexpected failures 12
# of expected failures 440
# of unsupported tests 2848
Running target unix//-m64
FAIL: g++.dg/other/anon5.C -std=gnu++98 (test for excess errors)
FAIL: g++.dg/other/anon5.C -std=gnu++11 (test for excess errors)
FAIL: g++.dg/other/anon5.C -std=gnu++1y (test for excess errors)
=== g++ Summary for unix//-m64 ===
# of expected passes 86917
# of unexpected failures 3
# of expected failures 440
# of unsupported tests 3095
=== g++ Summary ===
# of expected passes 172282
# of unexpected failures 15
# of expected failures 880
# of unsupported tests 5943
/var/lib/jenkins/workspace/GCCupstream/objdir/gcc/testsuite/g++/../../xg++ version 4.10.0 20140712 (experimental) (GCC)
=== objc tests ===
Running target unix//-m32
=== objc Summary for unix//-m32 ===
# of expected passes 3004
# of expected failures 6
# of unsupported tests 74
Running target unix//-m64
=== objc Summary for unix//-m64 ===
# of expected passes 3004
# of expected failures 6
# of unsupported tests 74
=== objc Summary ===
# of expected passes 6008
# of expected failures 12
# of unsupported tests 148
/var/lib/jenkins/workspace/GCCupstream/objdir/gcc/xgcc version 4.10.0 20140712 (experimental) (GCC)
=== boehm-gc tests ===
Running target unix//-m32
=== boehm-gc Summary for unix//-m32 ===
# of expected passes 12
# of unsupported tests 1
Running target unix//-m64
=== boehm-gc Summary for unix//-m64 ===
# of expected passes 12
# of unsupported tests 1
=== boehm-gc Summary ===
# of expected passes 24
# of unsupported tests 2
=== libatomic tests ===
Running target unix//-m32
=== libatomic Summary for unix//-m32 ===
# of expected passes 44
# of unsupported tests 5
Running target unix//-m64
=== libatomic Summary for unix//-m64 ===
# of expected passes 54
=== libatomic Summary ===
# of expected passes 98
# of unsupported tests 5
=== libffi tests ===
Running target unix//-m32
=== libffi Summary for unix//-m32 ===
# of expected passes 1819
# of unsupported tests 55
Running target unix//-m64
=== libffi Summary for unix//-m64 ===
# of expected passes 1819
# of unsupported tests 55
=== libffi Summary ===
# of expected passes 3638
# of unsupported tests 110
=== libgomp tests ===
Running target unix//-m32
FAIL: libgomp.fortran/pr34020.f90 -O0 (test for excess errors)
UNRESOLVED: libgomp.fortran/pr34020.f90 -O0 compilation failed to produce executable
FAIL: libgomp.fortran/pr34020.f90 -O1 (test for excess errors)
UNRESOLVED: libgomp.fortran/pr34020.f90 -O1 compilation failed to produce executable
FAIL: libgomp.fortran/pr34020.f90 -O2 (test for excess errors)
UNRESOLVED: libgomp.fortran/pr34020.f90 -O2 compilation failed to produce executable
FAIL: libgomp.fortran/pr34020.f90 -O3 -fomit-frame-pointer (test for excess errors)
UNRESOLVED: libgomp.fortran/pr34020.f90 -O3 -fomit-frame-pointer compilation failed to produce executable
FAIL: libgomp.fortran/pr34020.f90 -O3 -fomit-frame-pointer -funroll-loops (test for excess errors)
UNRESOLVED: libgomp.fortran/pr34020.f90 -O3 -fomit-frame-pointer -funroll-loops compilation failed to produce executable
FAIL: libgomp.fortran/pr34020.f90 -O3 -fomit-frame-pointer -funroll-all-loops -finline-functions (test for excess errors)
UNRESOLVED: libgomp.fortran/pr34020.f90 -O3 -fomit-frame-pointer -funroll-all-loops -finline-functions compilation failed to produce executable
FAIL: libgomp.fortran/pr34020.f90 -O3 -g (test for excess errors)
UNRESOLVED: libgomp.fortran/pr34020.f90 -O3 -g compilation failed to produce executable
FAIL: libgomp.fortran/pr34020.f90 -Os (test for excess errors)
UNRESOLVED: libgomp.fortran/pr34020.f90 -Os compilation failed to produce executable
=== libgomp Summary for unix//-m32 ===
# of expected passes 3168
# of unexpected failures 8
# of unresolved testcases 8
# of unsupported tests 35
Running target unix//-m64
FAIL: libgomp.fortran/pr34020.f90 -O0 (test for excess errors)
UNRESOLVED: libgomp.fortran/pr34020.f90 -O0 compilation failed to produce executable
FAIL: libgomp.fortran/pr34020.f90 -O1 (test for excess errors)
UNRESOLVED: libgomp.fortran/pr34020.f90 -O1 compilation failed to produce executable
FAIL: libgomp.fortran/pr34020.f90 -O2 (test for excess errors)
UNRESOLVED: libgomp.fortran/pr34020.f90 -O2 compilation failed to produce executable
FAIL: libgomp.fortran/pr34020.f90 -O3 -fomit-frame-pointer (test for excess errors)
UNRESOLVED: libgomp.fortran/pr34020.f90 -O3 -fomit-frame-pointer compilation failed to produce executable
FAIL: libgomp.fortran/pr34020.f90 -O3 -fomit-frame-pointer -funroll-loops (test for excess errors)
UNRESOLVED: libgomp.fortran/pr34020.f90 -O3 -fomit-frame-pointer -funroll-loops compilation failed to produce executable
FAIL: libgomp.fortran/pr34020.f90 -O3 -fomit-frame-pointer -funroll-all-loops -finline-functions (test for excess errors)
UNRESOLVED: libgomp.fortran/pr34020.f90 -O3 -fomit-frame-pointer -funroll-all-loops -finline-functions compilation failed to produce executable
FAIL: libgomp.fortran/pr34020.f90 -O3 -g (test for excess errors)
UNRESOLVED: libgomp.fortran/pr34020.f90 -O3 -g compilation failed to produce executable
FAIL: libgomp.fortran/pr34020.f90 -Os (test for excess errors)
UNRESOLVED: libgomp.fortran/pr34020.f90 -Os compilation failed to produce executable
=== libgomp Summary for unix//-m64 ===
# of expected passes 3168
# of unexpected failures 8
# of unresolved testcases 8
# of unsupported tests 35
=== libgomp Summary ===
# of expected passes 6336
# of unexpected failures 16
# of unresolved testcases 16
# of unsupported tests 70
=== libitm tests ===
Running target unix//-m32
=== libitm Summary for unix//-m32 ===
# of expected passes 26
# of expected failures 3
# of unsupported tests 1
Running target unix//-m64
=== libitm Summary for unix//-m64 ===
# of expected passes 26
# of expected failures 3
# of unsupported tests 1
=== libitm Summary ===
# of expected passes 52
# of expected failures 6
# of unsupported tests 2
=== libjava tests ===
Running target unix//-m32
=== libjava Summary for unix//-m32 ===
# of expected passes 2582
# of expected failures 4
Running target unix//-m64
=== libjava Summary for unix//-m64 ===
# of expected passes 2582
# of expected failures 4
=== libjava Summary ===
# of expected passes 5164
# of expected failures 8
=== libstdc++ tests ===
Running target unix//-m32
=== libstdc++ Summary for unix//-m32 ===
# of expected passes 9407
# of expected failures 69
# of unsupported tests 533
Running target unix//-m64
=== libstdc++ Summary for unix//-m64 ===
# of expected passes 9399
# of expected failures 69
# of unsupported tests 537
=== libstdc++ Summary ===
# of expected passes 18806
# of expected failures 138
# of unsupported tests 1070
Compiler version: 4.10.0 20140712 (experimental) (GCC)
Platform: x86_64-unknown-linux-gnu
configure flags: --prefix=/var/lib/jenkins/workspace/GCCupstream/objdir/install
More information about the Gcc-testresults
mailing list