Results for 4.9.0 20140117 (experimental) [trunk revision 206708] (GCC) testsuite on sparcv9-sun-solaris2.11
Rainer Orth
ro@CeBiTec.Uni-Bielefeld.DE
Mon Jan 20 06:37:00 GMT 2014
LAST_UPDATED: Fri Jan 17 14:29:30 UTC 2014 (revision 206708)
=== acats tests ===
=== acats Summary ===
# of expected passes 2320
# of unexpected failures 0
Native configuration is sparcv9-sun-solaris2.11
=== g++ tests ===
Running target unix
FAIL: g++.dg/warn/Wunused-3.C -std=gnu++98 (test for excess errors)
FAIL: g++.dg/warn/Wunused-3.C -std=gnu++11 (test for excess errors)
=== g++ Summary for unix ===
# of expected passes 55748
# of unexpected failures 2
# of expected failures 292
# of unsupported tests 1146
Running target unix/-m32
FAIL: g++.dg/warn/Wunused-3.C -std=gnu++98 (test for excess errors)
FAIL: g++.dg/warn/Wunused-3.C -std=gnu++11 (test for excess errors)
=== g++ Summary for unix/-m32 ===
# of expected passes 54506
# of unexpected failures 2
# of expected failures 292
# of unsupported tests 1158
=== g++ Summary ===
# of expected passes 110254
# of unexpected failures 4
# of expected failures 584
# of unsupported tests 2304
/var/gcc/regression/trunk/11-gcc-gas-64/build/gcc/testsuite/g++/../../xg++ version 4.9.0 20140117 (experimental) [trunk revision 206708] (GCC)
=== gcc tests ===
Running target unix
FAIL: c-c++-common/cilk-plus/AN/rank_mismatch2.c -fcilkplus (internal compiler error)
FAIL: c-c++-common/cilk-plus/AN/rank_mismatch2.c -fcilkplus (test for excess errors)
FAIL: c-c++-common/cilk-plus/AN/rank_mismatch2.c -O1 -fcilkplus (internal compiler error)
FAIL: c-c++-common/cilk-plus/AN/rank_mismatch2.c -O1 -fcilkplus (test for excess errors)
FAIL: c-c++-common/cilk-plus/AN/rank_mismatch2.c -O2 -fcilkplus (internal compiler error)
FAIL: c-c++-common/cilk-plus/AN/rank_mismatch2.c -O2 -fcilkplus (test for excess errors)
FAIL: c-c++-common/cilk-plus/AN/rank_mismatch2.c -O3 -fcilkplus (internal compiler error)
FAIL: c-c++-common/cilk-plus/AN/rank_mismatch2.c -O3 -fcilkplus (test for excess errors)
FAIL: c-c++-common/cilk-plus/AN/rank_mismatch2.c -g -fcilkplus (internal compiler error)
FAIL: c-c++-common/cilk-plus/AN/rank_mismatch2.c -g -fcilkplus (test for excess errors)
FAIL: c-c++-common/cilk-plus/AN/rank_mismatch2.c -g -O2 -ftree-vectorize -fcilkplus (internal compiler error)
FAIL: c-c++-common/cilk-plus/AN/rank_mismatch2.c -g -O2 -ftree-vectorize -fcilkplus (test for excess errors)
FAIL: c-c++-common/cilk-plus/AN/rank_mismatch2.c -fcilkplus -std=c99 (internal compiler error)
FAIL: c-c++-common/cilk-plus/AN/rank_mismatch2.c -fcilkplus -std=c99 (test for excess errors)
FAIL: c-c++-common/cilk-plus/AN/rank_mismatch2.c -fcilkplus -O2 -std=c99 (internal compiler error)
FAIL: c-c++-common/cilk-plus/AN/rank_mismatch2.c -fcilkplus -O2 -std=c99 (test for excess errors)
FAIL: c-c++-common/cilk-plus/AN/rank_mismatch2.c -fcilkplus -O3 -std=c99 (internal compiler error)
FAIL: c-c++-common/cilk-plus/AN/rank_mismatch2.c -fcilkplus -O3 -std=c99 (test for excess errors)
FAIL: c-c++-common/cilk-plus/AN/rank_mismatch2.c -fcilkplus -g -O0 -std=c99 (internal compiler error)
FAIL: c-c++-common/cilk-plus/AN/rank_mismatch2.c -fcilkplus -g -O0 -std=c99 (test for excess errors)
XPASS: gcc.dg/binop-xor1.c scan-tree-dump-times optimized "\\\\^" 1
WARNING: program timed out.
FAIL: gcc.dg/c11-atomic-2.c (test for excess errors)
FAIL: gcc.dg/unroll_1.c (test for warnings, line 14)
FAIL: gcc.dg/unroll_1.c (test for warnings, line 24)
=== gcc Summary for unix ===
# of expected passes 88973
# of unexpected failures 23
# of unexpected successes 1
# of expected failures 305
# of unsupported tests 1747
Running target unix/-m32
WARNING: program timed out.
FAIL: gcc.dg/atomic/c11-atomic-exec-2.c -O3 -fomit-frame-pointer -funroll-all-loops -finline-functions (test for excess errors)
WARNING: gcc.dg/atomic/c11-atomic-exec-2.c -O3 -fomit-frame-pointer -funroll-all-loops -finline-functions compilation failed to produce executable
WARNING: program timed out.
FAIL: gcc.dg/atomic/c11-atomic-exec-3.c -O3 -fomit-frame-pointer -funroll-all-loops -finline-functions (test for excess errors)
WARNING: gcc.dg/atomic/c11-atomic-exec-3.c -O3 -fomit-frame-pointer -funroll-all-loops -finline-functions compilation failed to produce executable
FAIL: c-c++-common/cilk-plus/AN/rank_mismatch2.c -fcilkplus (internal compiler error)
FAIL: c-c++-common/cilk-plus/AN/rank_mismatch2.c -fcilkplus (test for excess errors)
FAIL: c-c++-common/cilk-plus/AN/rank_mismatch2.c -O1 -fcilkplus (internal compiler error)
FAIL: c-c++-common/cilk-plus/AN/rank_mismatch2.c -O1 -fcilkplus (test for excess errors)
FAIL: c-c++-common/cilk-plus/AN/rank_mismatch2.c -O2 -fcilkplus (internal compiler error)
FAIL: c-c++-common/cilk-plus/AN/rank_mismatch2.c -O2 -fcilkplus (test for excess errors)
FAIL: c-c++-common/cilk-plus/AN/rank_mismatch2.c -O3 -fcilkplus (internal compiler error)
FAIL: c-c++-common/cilk-plus/AN/rank_mismatch2.c -O3 -fcilkplus (test for excess errors)
FAIL: c-c++-common/cilk-plus/AN/rank_mismatch2.c -g -fcilkplus (internal compiler error)
FAIL: c-c++-common/cilk-plus/AN/rank_mismatch2.c -g -fcilkplus (test for excess errors)
FAIL: c-c++-common/cilk-plus/AN/rank_mismatch2.c -g -O2 -ftree-vectorize -fcilkplus (internal compiler error)
FAIL: c-c++-common/cilk-plus/AN/rank_mismatch2.c -g -O2 -ftree-vectorize -fcilkplus (test for excess errors)
FAIL: c-c++-common/cilk-plus/AN/rank_mismatch2.c -fcilkplus -std=c99 (internal compiler error)
FAIL: c-c++-common/cilk-plus/AN/rank_mismatch2.c -fcilkplus -std=c99 (test for excess errors)
FAIL: c-c++-common/cilk-plus/AN/rank_mismatch2.c -fcilkplus -O2 -std=c99 (internal compiler error)
FAIL: c-c++-common/cilk-plus/AN/rank_mismatch2.c -fcilkplus -O2 -std=c99 (test for excess errors)
FAIL: c-c++-common/cilk-plus/AN/rank_mismatch2.c -fcilkplus -O3 -std=c99 (internal compiler error)
FAIL: c-c++-common/cilk-plus/AN/rank_mismatch2.c -fcilkplus -O3 -std=c99 (test for excess errors)
FAIL: c-c++-common/cilk-plus/AN/rank_mismatch2.c -fcilkplus -g -O0 -std=c99 (internal compiler error)
FAIL: c-c++-common/cilk-plus/AN/rank_mismatch2.c -fcilkplus -g -O0 -std=c99 (test for excess errors)
XPASS: gcc.dg/binop-xor1.c scan-tree-dump-times optimized "\\\\^" 1
WARNING: program timed out.
FAIL: gcc.dg/c11-atomic-2.c (test for excess errors)
FAIL: gcc.dg/unroll_1.c (test for warnings, line 14)
FAIL: gcc.dg/unroll_1.c (test for warnings, line 24)
FAIL: gcc.dg/simulate-thread/atomic-other-int.c -O0 -g thread simulation test
FAIL: gcc.dg/simulate-thread/atomic-other-int.c -O2 -g thread simulation test
FAIL: gcc.dg/simulate-thread/atomic-other-int.c -O3 -g thread simulation test
FAIL: gcc.dg/simulate-thread/speculative-store-4.c -O0 -g thread simulation test
FAIL: gcc.dg/simulate-thread/speculative-store-4.c -O2 -g thread simulation test
FAIL: gcc.dg/simulate-thread/speculative-store-4.c -O3 -g thread simulation test
FAIL: gcc.dg/simulate-thread/speculative-store.c -O0 -g thread simulation test
=== gcc Summary for unix/-m32 ===
# of expected passes 88181
# of unexpected failures 32
# of unexpected successes 1
# of expected failures 316
# of unsupported tests 1814
=== gcc Summary ===
# of expected passes 177154
# of unexpected failures 55
# of unexpected successes 2
# of expected failures 621
# of unsupported tests 3561
/var/gcc/regression/trunk/11-gcc-gas-64/build/gcc/xgcc version 4.9.0 20140117 (experimental) [trunk revision 206708] (GCC)
=== gfortran tests ===
Running target unix
=== gfortran Summary for unix ===
# of expected passes 45124
# of expected failures 40
# of unsupported tests 102
Running target unix/-m32
FAIL: gfortran.dg/class_48.f90 -O2 (test for excess errors)
FAIL: gfortran.dg/class_48.f90 -Os (test for excess errors)
=== gfortran Summary for unix/-m32 ===
# of expected passes 44795
# of unexpected failures 2
# of expected failures 40
# of unsupported tests 263
=== gfortran Summary ===
# of expected passes 89919
# of unexpected failures 2
# of expected failures 80
# of unsupported tests 365
/var/gcc/regression/trunk/11-gcc-gas-64/build/gcc/testsuite/gfortran/../../gfortran version 4.9.0 20140117 (experimental) [trunk revision 206708] (GCC)
=== gnat tests ===
Running target unix/-m32
=== gnat Summary for unix/-m32 ===
# of expected passes 1200
# of expected failures 18
# of unsupported tests 13
Running target unix
=== gnat Summary for unix ===
# of expected passes 1200
# of expected failures 18
# of unsupported tests 13
=== gnat Summary ===
# of expected passes 2400
# of expected failures 36
# of unsupported tests 26
/var/gcc/regression/trunk/11-gcc-gas-64/build/gcc/gnatmake version 4.9.0 20140117 (experimental) [trunk revision 206708]
=== go tests ===
Running target unix
FAIL: ./index0-out.go compilation, -O0 -g -fno-var-tracking-assignments
FAIL: ./slice3-out.go compilation, -O0 -g -fno-var-tracking-assignments
FAIL: go.test/test/recover.go execution, -O2 -g
WARNING: program timed out.
WARNING: program timed out.
=== go Summary for unix ===
# of expected passes 7243
# of unexpected failures 3
# of expected failures 1
# of untested testcases 12
# of unsupported tests 3
Running target unix/-m32
FAIL: ./index0-out.go compilation, -O0 -g -fno-var-tracking-assignments
FAIL: ./slice3-out.go compilation, -O0 -g -fno-var-tracking-assignments
FAIL: go.test/test/recover.go execution, -O2 -g
WARNING: program timed out.
WARNING: program timed out.
=== go Summary for unix/-m32 ===
# of expected passes 7363
# of unexpected failures 3
# of expected failures 1
# of untested testcases 12
# of unsupported tests 3
=== go Summary ===
# of expected passes 14606
# of unexpected failures 6
# of expected failures 2
# of untested testcases 24
# of unsupported tests 6
/var/gcc/regression/trunk/11-gcc-gas-64/build/gcc/testsuite/go/../../gccgo version 4.9.0 20140117 (experimental) [trunk revision 206708] (GCC)
=== obj-c++ tests ===
Running target unix/-m32
=== obj-c++ Summary for unix/-m32 ===
# of expected passes 1449
# of expected failures 2
# of unsupported tests 86
Running target unix
=== obj-c++ Summary for unix ===
# of expected passes 1441
# of expected failures 10
# of unsupported tests 86
=== obj-c++ Summary ===
# of expected passes 2890
# of expected failures 12
# of unsupported tests 172
/var/gcc/regression/trunk/11-gcc-gas-64/build/gcc/testsuite/obj-c++/../../xg++ version 4.9.0 20140117 (experimental) [trunk revision 206708] (GCC)
=== objc tests ===
Running target unix
=== objc Summary for unix ===
# of expected passes 2994
# of unsupported tests 74
Running target unix/-m32
=== objc Summary for unix/-m32 ===
# of expected passes 2994
# of unsupported tests 74
=== objc Summary ===
# of expected passes 5988
# of unsupported tests 148
/var/gcc/regression/trunk/11-gcc-gas-64/build/gcc/xgcc version 4.9.0 20140117 (experimental) [trunk revision 206708] (GCC)
=== boehm-gc tests ===
Running target unix/-m32
=== boehm-gc Summary for unix/-m32 ===
# of expected passes 12
# of unsupported tests 1
Running target unix
=== boehm-gc Summary for unix ===
# of expected passes 12
# of unsupported tests 1
=== boehm-gc Summary ===
# of expected passes 24
# of unsupported tests 2
=== libatomic tests ===
Running target unix/-m32
=== libatomic Summary for unix/-m32 ===
# of expected passes 44
# of unsupported tests 5
Running target unix
=== libatomic Summary for unix ===
# of expected passes 54
=== libatomic Summary ===
# of expected passes 98
# of unsupported tests 5
=== libffi tests ===
Running target unix/-m32
=== libffi Summary for unix/-m32 ===
# of expected passes 1819
# of unsupported tests 55
Running target unix
FAIL: libffi.call/cls_double_va.c -O0 -W -Wall output pattern test, is 7.0
FAIL: libffi.call/cls_double_va.c -O2 output pattern test, is 7.0
FAIL: libffi.call/cls_double_va.c -O3 output pattern test, is 7.0
FAIL: libffi.call/cls_double_va.c -Os output pattern test, is 7.0
FAIL: libffi.call/cls_double_va.c -O2 -fomit-frame-pointer output pattern test, is 7.0
=== libffi Summary for unix ===
# of expected passes 1814
# of unexpected failures 5
# of unsupported tests 55
=== libffi Summary ===
# of expected passes 3633
# of unexpected failures 5
# of unsupported tests 110
=== libgo tests ===
Running target unix
=== libgo Summary for unix ===
# of expected passes 122
Running target unix/-m32
FAIL: runtime
FAIL: os/exec
FAIL: text/template
FAIL: testing/quick
=== libgo Summary for unix/-m32 ===
# of expected passes 118
# of unexpected failures 4
=== libgo Summary ===
# of expected passes 240
# of unexpected failures 4
/var/gcc/regression/trunk/11-gcc-gas-64/build/./gcc/gccgo version 4.9.0 20140117 (experimental) [trunk revision 206708] (GCC)
=== libgomp tests ===
Running target unix/-m32
=== libgomp Summary for unix/-m32 ===
# of expected passes 2339
# of unsupported tests 3
Running target unix
=== libgomp Summary for unix ===
# of expected passes 2339
# of unsupported tests 3
=== libgomp Summary ===
# of expected passes 4678
# of unsupported tests 6
=== libitm tests ===
Running target unix/-m32
=== libitm Summary for unix/-m32 ===
# of expected passes 26
# of expected failures 3
# of unsupported tests 1
Running target unix
=== libitm Summary for unix ===
# of expected passes 26
# of expected failures 3
# of unsupported tests 1
=== libitm Summary ===
# of expected passes 52
# of expected failures 6
# of unsupported tests 2
=== libjava tests ===
Running target unix/-m32
FAIL: sourcelocation output - source compiled test
FAIL: sourcelocation -findirect-dispatch output - source compiled test
FAIL: sourcelocation -O3 output - source compiled test
FAIL: sourcelocation -O3 -findirect-dispatch output - source compiled test
=== libjava Summary for unix/-m32 ===
# of expected passes 2582
# of unexpected failures 4
Running target unix
FAIL: sourcelocation output - source compiled test
FAIL: sourcelocation -findirect-dispatch output - source compiled test
FAIL: sourcelocation -O3 output - source compiled test
FAIL: sourcelocation -O3 -findirect-dispatch output - source compiled test
=== libjava Summary for unix ===
# of expected passes 2582
# of unexpected failures 4
=== libjava Summary ===
# of expected passes 5164
# of unexpected failures 8
=== libstdc++ tests ===
Running target unix
=== libstdc++ Summary for unix ===
# of expected passes 8959
# of expected failures 41
# of unsupported tests 599
Running target unix/-m32
=== libstdc++ Summary for unix/-m32 ===
# of expected passes 8959
# of expected failures 41
# of unsupported tests 599
=== libstdc++ Summary ===
# of expected passes 17918
# of expected failures 82
# of unsupported tests 1198
Compiler version: 4.9.0 20140117 (experimental) [trunk revision 206708] (GCC)
Platform: sparcv9-sun-solaris2.11
configure flags: --prefix=/vol/gcc --target=sparcv9-sun-solaris2.11 --enable-objc-gc --enable-libmudflap --with-as=/vol/gcc/bin/gas-2.24 --with-gnu-as --with-gmp-include=/vol/gcc/include --with-gmp-lib=/vol/gcc/lib/sparcv9 --with-mpfr-include=/vol/gcc/include --with-mpfr-lib=/vol/gcc/lib/sparcv9 --with-mpc-include=/vol/gcc/include --with-mpc-lib=/vol/gcc/lib/sparcv9 --enable-languages=all,ada,obj-c++,go --without-isl --without-cloog --build=sparcv9-sun-solaris2.11 --host=sparcv9-sun-solaris2.11
BOOT_CFLAGS=-g -O2
More information about the Gcc-testresults
mailing list