Results for 4.9.0 20140117 (experimental) [trunk revision 206708] (GCC) testsuite on i386-pc-solaris2.10
Rainer Orth
ro@CeBiTec.Uni-Bielefeld.DE
Sat Jan 18 17:04:00 GMT 2014
LAST_UPDATED: Fri Jan 17 14:29:30 UTC 2014 (revision 206708)
=== acats tests ===
=== acats Summary ===
# of expected passes 2320
# of unexpected failures 0
Native configuration is i386-pc-solaris2.10
=== g++ tests ===
Running target unix
FAIL: g++.dg/cilk-plus/CK/catch_exc.cc -O1 -fcilkplus execution test
FAIL: g++.dg/cilk-plus/CK/catch_exc.cc -O3 -fcilkplus execution test
FAIL: g++.dg/cilk-plus/CK/catch_exc.cc -g -fcilkplus execution test
FAIL: g++.dg/cilk-plus/CK/catch_exc.cc -g -O2 -fcilkplus execution test
FAIL: g++.dg/init/cleanup3.C -std=c++98 scan-assembler-not _tcf
FAIL: g++.dg/init/cleanup3.C -std=c++11 scan-assembler-not _tcf
FAIL: g++.dg/warn/Wunused-3.C -std=gnu++98 (test for excess errors)
FAIL: g++.dg/warn/Wunused-3.C -std=gnu++11 (test for excess errors)
FAIL: g++.dg/lto/20100302 cp_lto_20100302_0.o-cp_lto_20100302_1.o link, -flto -fabi-version=2
UNRESOLVED: g++.dg/lto/20100302 cp_lto_20100302_0.o-cp_lto_20100302_1.o execute -flto -fabi-version=2
FAIL: g++.dg/tls/thread_local-order1.C execution test
FAIL: g++.dg/tls/thread_local3g.C -std=gnu++11 execution test
FAIL: g++.dg/tls/thread_local4g.C -std=gnu++11 execution test
FAIL: g++.dg/tls/thread_local5g.C -std=gnu++11 execution test
FAIL: g++.dg/tls/thread_local6g.C execution test
FAIL: g++.old-deja/g++.other/init5.C -std=c++98 execution test
FAIL: g++.old-deja/g++.other/init5.C -std=c++11 execution test
=== g++ Summary for unix ===
# of expected passes 55502
# of unexpected failures 16
# of expected failures 290
# of unresolved testcases 1
# of unsupported tests 779
Running target unix/-m64
FAIL: g++.dg/init/cleanup3.C -std=c++98 scan-assembler-not _tcf
FAIL: g++.dg/init/cleanup3.C -std=c++11 scan-assembler-not _tcf
FAIL: g++.dg/warn/Wunused-3.C -std=gnu++98 (test for excess errors)
FAIL: g++.dg/warn/Wunused-3.C -std=gnu++11 (test for excess errors)
FAIL: g++.dg/lto/20100302 cp_lto_20100302_0.o-cp_lto_20100302_1.o link, -flto -fabi-version=2
UNRESOLVED: g++.dg/lto/20100302 cp_lto_20100302_0.o-cp_lto_20100302_1.o execute -flto -fabi-version=2
FAIL: g++.dg/tls/thread_local-order1.C execution test
FAIL: g++.dg/tls/thread_local3g.C -std=gnu++11 execution test
FAIL: g++.dg/tls/thread_local4g.C -std=gnu++11 execution test
FAIL: g++.dg/tls/thread_local5g.C -std=gnu++11 execution test
FAIL: g++.dg/tls/thread_local6g.C execution test
FAIL: g++.old-deja/g++.other/init5.C -std=c++98 execution test
FAIL: g++.old-deja/g++.other/init5.C -std=c++11 execution test
=== g++ Summary for unix/-m64 ===
# of expected passes 56271
# of unexpected failures 12
# of expected failures 290
# of unresolved testcases 1
# of unsupported tests 1023
=== g++ Summary ===
# of expected passes 111773
# of unexpected failures 28
# of expected failures 580
# of unresolved testcases 2
# of unsupported tests 1802
/var/gcc/regression/trunk/10-gcc-gld/build/gcc/testsuite/g++/../../xg++ version 4.9.0 20140117 (experimental) [trunk revision 206708] (GCC)
=== gcc tests ===
Running target unix
FAIL: c-c++-common/cilk-plus/AN/rank_mismatch2.c -fcilkplus (internal compiler error)
FAIL: c-c++-common/cilk-plus/AN/rank_mismatch2.c -fcilkplus (test for excess errors)
FAIL: c-c++-common/cilk-plus/AN/rank_mismatch2.c -O1 -fcilkplus (internal compiler error)
FAIL: c-c++-common/cilk-plus/AN/rank_mismatch2.c -O1 -fcilkplus (test for excess errors)
FAIL: c-c++-common/cilk-plus/AN/rank_mismatch2.c -O2 -fcilkplus (internal compiler error)
FAIL: c-c++-common/cilk-plus/AN/rank_mismatch2.c -O2 -fcilkplus (test for excess errors)
FAIL: c-c++-common/cilk-plus/AN/rank_mismatch2.c -O3 -fcilkplus (internal compiler error)
FAIL: c-c++-common/cilk-plus/AN/rank_mismatch2.c -O3 -fcilkplus (test for excess errors)
FAIL: c-c++-common/cilk-plus/AN/rank_mismatch2.c -g -fcilkplus (internal compiler error)
FAIL: c-c++-common/cilk-plus/AN/rank_mismatch2.c -g -fcilkplus (test for excess errors)
FAIL: c-c++-common/cilk-plus/AN/rank_mismatch2.c -g -O2 -ftree-vectorize -fcilkplus (internal compiler error)
FAIL: c-c++-common/cilk-plus/AN/rank_mismatch2.c -g -O2 -ftree-vectorize -fcilkplus (test for excess errors)
FAIL: c-c++-common/cilk-plus/AN/rank_mismatch2.c -fcilkplus -std=c99 (internal compiler error)
FAIL: c-c++-common/cilk-plus/AN/rank_mismatch2.c -fcilkplus -std=c99 (test for excess errors)
FAIL: c-c++-common/cilk-plus/AN/rank_mismatch2.c -fcilkplus -O2 -std=c99 (internal compiler error)
FAIL: c-c++-common/cilk-plus/AN/rank_mismatch2.c -fcilkplus -O2 -std=c99 (test for excess errors)
FAIL: c-c++-common/cilk-plus/AN/rank_mismatch2.c -fcilkplus -O3 -std=c99 (internal compiler error)
FAIL: c-c++-common/cilk-plus/AN/rank_mismatch2.c -fcilkplus -O3 -std=c99 (test for excess errors)
FAIL: c-c++-common/cilk-plus/AN/rank_mismatch2.c -fcilkplus -g -O0 -std=c99 (internal compiler error)
FAIL: c-c++-common/cilk-plus/AN/rank_mismatch2.c -fcilkplus -g -O0 -std=c99 (test for excess errors)
XPASS: gcc.dg/binop-xor1.c scan-tree-dump-times optimized "\\\\^" 1
XPASS: gcc.target/i386/avx512f-gather-2.c scan-assembler-not gather[^\\n]*ymm[^\\n]*ymm
XPASS: gcc.target/i386/avx512f-gather-2.c scan-assembler-not gather[^\\n]*xmm[^\\n]*ymm
XPASS: gcc.target/i386/avx512f-gather-2.c scan-assembler-not gather[^\\n]*ymm[^\\n]*xmm
XPASS: gcc.target/i386/avx512f-gather-5.c scan-assembler gather[^\\n]*zmm
XPASS: gcc.target/i386/avx512f-gather-5.c scan-assembler-not gather[^\\n]*ymm[^\\n]*ymm
=== gcc Summary for unix ===
# of expected passes 99582
# of unexpected failures 20
# of unexpected successes 6
# of expected failures 252
# of unsupported tests 1631
Running target unix/-m64
FAIL: c-c++-common/cilk-plus/AN/rank_mismatch2.c -fcilkplus (internal compiler error)
FAIL: c-c++-common/cilk-plus/AN/rank_mismatch2.c -fcilkplus (test for excess errors)
FAIL: c-c++-common/cilk-plus/AN/rank_mismatch2.c -O1 -fcilkplus (internal compiler error)
FAIL: c-c++-common/cilk-plus/AN/rank_mismatch2.c -O1 -fcilkplus (test for excess errors)
FAIL: c-c++-common/cilk-plus/AN/rank_mismatch2.c -O2 -fcilkplus (internal compiler error)
FAIL: c-c++-common/cilk-plus/AN/rank_mismatch2.c -O2 -fcilkplus (test for excess errors)
FAIL: c-c++-common/cilk-plus/AN/rank_mismatch2.c -O3 -fcilkplus (internal compiler error)
FAIL: c-c++-common/cilk-plus/AN/rank_mismatch2.c -O3 -fcilkplus (test for excess errors)
FAIL: c-c++-common/cilk-plus/AN/rank_mismatch2.c -g -fcilkplus (internal compiler error)
FAIL: c-c++-common/cilk-plus/AN/rank_mismatch2.c -g -fcilkplus (test for excess errors)
FAIL: c-c++-common/cilk-plus/AN/rank_mismatch2.c -g -O2 -ftree-vectorize -fcilkplus (internal compiler error)
FAIL: c-c++-common/cilk-plus/AN/rank_mismatch2.c -g -O2 -ftree-vectorize -fcilkplus (test for excess errors)
FAIL: c-c++-common/cilk-plus/AN/rank_mismatch2.c -fcilkplus -std=c99 (internal compiler error)
FAIL: c-c++-common/cilk-plus/AN/rank_mismatch2.c -fcilkplus -std=c99 (test for excess errors)
FAIL: c-c++-common/cilk-plus/AN/rank_mismatch2.c -fcilkplus -O2 -std=c99 (internal compiler error)
FAIL: c-c++-common/cilk-plus/AN/rank_mismatch2.c -fcilkplus -O2 -std=c99 (test for excess errors)
FAIL: c-c++-common/cilk-plus/AN/rank_mismatch2.c -fcilkplus -O3 -std=c99 (internal compiler error)
FAIL: c-c++-common/cilk-plus/AN/rank_mismatch2.c -fcilkplus -O3 -std=c99 (test for excess errors)
FAIL: c-c++-common/cilk-plus/AN/rank_mismatch2.c -fcilkplus -g -O0 -std=c99 (internal compiler error)
FAIL: c-c++-common/cilk-plus/AN/rank_mismatch2.c -fcilkplus -g -O0 -std=c99 (test for excess errors)
XPASS: gcc.dg/binop-xor1.c scan-tree-dump-times optimized "\\\\^" 1
FAIL: gcc.misc-tests/linkage.c link
XPASS: gcc.target/i386/avx512f-gather-2.c scan-assembler-not gather[^\\n]*ymm[^\\n]*ymm
XPASS: gcc.target/i386/avx512f-gather-2.c scan-assembler-not gather[^\\n]*xmm[^\\n]*ymm
XPASS: gcc.target/i386/avx512f-gather-2.c scan-assembler-not gather[^\\n]*ymm[^\\n]*xmm
XPASS: gcc.target/i386/avx512f-gather-2.c scan-assembler-not gather[^\\n]*xmm[^\\n]*xmm
XPASS: gcc.target/i386/avx512f-gather-5.c scan-assembler gather[^\\n]*zmm
XPASS: gcc.target/i386/avx512f-gather-5.c scan-assembler-not gather[^\\n]*ymm[^\\n]*ymm
FAIL: gcc.target/i386/pr58218.c (test for excess errors)
=== gcc Summary for unix/-m64 ===
# of expected passes 100089
# of unexpected failures 22
# of unexpected successes 7
# of expected failures 255
# of unsupported tests 1901
=== gcc Summary ===
# of expected passes 199671
# of unexpected failures 42
# of unexpected successes 13
# of expected failures 507
# of unsupported tests 3532
/var/gcc/regression/trunk/10-gcc-gld/build/gcc/xgcc version 4.9.0 20140117 (experimental) [trunk revision 206708] (GCC)
=== gfortran tests ===
Running target unix
FAIL: gfortran.dg/class_48.f90 -O2 (test for excess errors)
FAIL: gfortran.dg/class_48.f90 -Os (test for excess errors)
=== gfortran Summary for unix ===
# of expected passes 44986
# of unexpected failures 2
# of expected failures 52
# of unsupported tests 230
Running target unix/-m64
=== gfortran Summary for unix/-m64 ===
# of expected passes 45291
# of expected failures 52
# of unsupported tests 84
=== gfortran Summary ===
# of expected passes 90277
# of unexpected failures 2
# of expected failures 104
# of unsupported tests 314
/var/gcc/regression/trunk/10-gcc-gld/build/gcc/testsuite/gfortran/../../gfortran version 4.9.0 20140117 (experimental) [trunk revision 206708] (GCC)
=== gnat tests ===
Running target unix
=== gnat Summary for unix ===
# of expected passes 1216
# of expected failures 18
# of unsupported tests 6
Running target unix/-m64
=== gnat Summary for unix/-m64 ===
# of expected passes 1216
# of expected failures 18
# of unsupported tests 6
=== gnat Summary ===
# of expected passes 2432
# of expected failures 36
# of unsupported tests 12
/var/gcc/regression/trunk/10-gcc-gld/build/gcc/gnatmake version 4.9.0 20140117 (experimental) [trunk revision 206708]
=== go tests ===
Running target unix
=== go Summary for unix ===
# of expected passes 7371
# of expected failures 1
# of untested testcases 9
# of unsupported tests 2
Running target unix/-m64
FAIL: go.test/test/fixedbugs/issue4348.go -O (test for excess errors)
FAIL: go.test/test/fixedbugs/issue6036.go -O (internal compiler error)
FAIL: go.test/test/fixedbugs/issue6036.go -O (test for excess errors)
=== go Summary for unix/-m64 ===
# of expected passes 7250
# of unexpected failures 3
# of expected failures 1
# of untested testcases 9
# of unsupported tests 1
=== go Summary ===
# of expected passes 14621
# of unexpected failures 3
# of expected failures 2
# of untested testcases 18
# of unsupported tests 3
/var/gcc/regression/trunk/10-gcc-gld/build/gcc/testsuite/go/../../gccgo version 4.9.0 20140117 (experimental) [trunk revision 206708] (GCC)
=== obj-c++ tests ===
Running target unix
=== obj-c++ Summary for unix ===
# of expected passes 1449
# of expected failures 2
# of unsupported tests 86
Running target unix/-m64
=== obj-c++ Summary for unix/-m64 ===
# of expected passes 1441
# of expected failures 10
# of unsupported tests 86
=== obj-c++ Summary ===
# of expected passes 2890
# of expected failures 12
# of unsupported tests 172
/var/gcc/regression/trunk/10-gcc-gld/build/gcc/testsuite/obj-c++/../../xg++ version 4.9.0 20140117 (experimental) [trunk revision 206708] (GCC)
=== objc tests ===
Running target unix
=== objc Summary for unix ===
# of expected passes 2988
# of expected failures 6
# of unsupported tests 74
Running target unix/-m64
=== objc Summary for unix/-m64 ===
# of expected passes 2988
# of expected failures 6
# of unsupported tests 74
=== objc Summary ===
# of expected passes 5976
# of expected failures 12
# of unsupported tests 148
/var/gcc/regression/trunk/10-gcc-gld/build/gcc/xgcc version 4.9.0 20140117 (experimental) [trunk revision 206708] (GCC)
=== boehm-gc tests ===
Running target unix
FAIL: boehm-gc.c/gctest.c -O2 execution test
=== boehm-gc Summary for unix ===
# of expected passes 11
# of unexpected failures 1
# of unsupported tests 1
Running target unix/-m64
=== boehm-gc Summary for unix/-m64 ===
# of expected passes 12
# of unsupported tests 1
=== boehm-gc Summary ===
# of expected passes 23
# of unexpected failures 1
# of unsupported tests 2
=== libatomic tests ===
Running target unix
=== libatomic Summary for unix ===
# of expected passes 44
# of unsupported tests 5
Running target unix/-m64
=== libatomic Summary for unix/-m64 ===
# of expected passes 54
=== libatomic Summary ===
# of expected passes 98
# of unsupported tests 5
=== libffi tests ===
Running target unix
=== libffi Summary for unix ===
# of expected passes 1819
# of unsupported tests 55
Running target unix/-m64
=== libffi Summary for unix/-m64 ===
# of expected passes 1819
# of unsupported tests 55
=== libffi Summary ===
# of expected passes 3638
# of unsupported tests 110
=== libgo tests ===
Running target unix
FAIL: net
FAIL: runtime
FAIL: net/http
FAIL: sync/atomic
=== libgo Summary for unix ===
# of expected passes 118
# of unexpected failures 4
Running target unix/-m64
FAIL: time
=== libgo Summary for unix/-m64 ===
# of expected passes 121
# of unexpected failures 1
=== libgo Summary ===
# of expected passes 239
# of unexpected failures 5
/var/gcc/regression/trunk/10-gcc-gld/build/./gcc/gccgo version 4.9.0 20140117 (experimental) [trunk revision 206708] (GCC)
=== libgomp tests ===
Running target unix
FAIL: libgomp.graphite/bounds.c scan-tree-dump-times graphite "0 loops carried no dependency" 1
FAIL: libgomp.graphite/force-parallel-4.c scan-tree-dump-times graphite "2 loops carried no dependency" 1
FAIL: libgomp.graphite/force-parallel-6.c scan-tree-dump-times graphite "1 loops carried no dependency" 1
FAIL: libgomp.graphite/pr41118.c scan-tree-dump-times optimized "loopfn" 0
=== libgomp Summary for unix ===
# of expected passes 2384
# of unexpected failures 4
# of unsupported tests 3
Running target unix/-m64
FAIL: libgomp.graphite/bounds.c scan-tree-dump-times graphite "0 loops carried no dependency" 1
FAIL: libgomp.graphite/force-parallel-4.c execution test
FAIL: libgomp.graphite/force-parallel-4.c scan-tree-dump-times graphite "2 loops carried no dependency" 1
FAIL: libgomp.graphite/force-parallel-6.c scan-tree-dump-times graphite "1 loops carried no dependency" 1
FAIL: libgomp.graphite/pr41118.c scan-tree-dump-times optimized "loopfn" 0
=== libgomp Summary for unix/-m64 ===
# of expected passes 2383
# of unexpected failures 5
# of unsupported tests 3
=== libgomp Summary ===
# of expected passes 4767
# of unexpected failures 9
# of unsupported tests 6
=== libitm tests ===
Running target unix
=== libitm Summary for unix ===
# of expected passes 26
# of expected failures 3
# of unsupported tests 1
Running target unix/-m64
=== libitm Summary for unix/-m64 ===
# of expected passes 26
# of expected failures 3
# of unsupported tests 1
=== libitm Summary ===
# of expected passes 52
# of expected failures 6
# of unsupported tests 2
=== libjava tests ===
Running target unix
FAIL: Process_6 -findirect-dispatch execution - source compiled test
FAIL: sourcelocation output - source compiled test
FAIL: sourcelocation -findirect-dispatch output - source compiled test
FAIL: sourcelocation -O3 output - source compiled test
FAIL: sourcelocation -O3 -findirect-dispatch output - source compiled test
=== libjava Summary for unix ===
# of expected passes 2580
# of unexpected failures 5
# of untested testcases 1
Running target unix/-m64
FAIL: sourcelocation output - source compiled test
FAIL: sourcelocation -findirect-dispatch output - source compiled test
FAIL: sourcelocation -O3 output - source compiled test
FAIL: sourcelocation -O3 -findirect-dispatch output - source compiled test
=== libjava Summary for unix/-m64 ===
# of expected passes 2582
# of unexpected failures 4
=== libjava Summary ===
# of expected passes 5162
# of unexpected failures 9
# of untested testcases 1
=== libstdc++ tests ===
Running target unix
FAIL: ext/random/hypergeometric_distribution/operators/values.cc execution test
=== libstdc++ Summary for unix ===
# of expected passes 8988
# of unexpected failures 1
# of expected failures 42
# of unsupported tests 584
Running target unix/-m64
FAIL: ext/random/hypergeometric_distribution/operators/values.cc execution test
=== libstdc++ Summary for unix/-m64 ===
# of expected passes 8988
# of unexpected failures 1
# of expected failures 42
# of unsupported tests 584
=== libstdc++ Summary ===
# of expected passes 17976
# of unexpected failures 2
# of expected failures 84
# of unsupported tests 1168
Compiler version: 4.9.0 20140117 (experimental) [trunk revision 206708] (GCC)
Platform: i386-pc-solaris2.10
configure flags: --prefix=/vol/gcc --target=i386-pc-solaris2.10 --enable-objc-gc --with-ld=/vol/gcc/bin/gld-2.24 --with-gnu-ld --with-gmp-include=/vol/gcc/include --with-gmp-lib=/vol/gcc/lib --with-mpfr-include=/vol/gcc/include --with-mpfr-lib=/vol/gcc/lib --with-mpc-include=/vol/gcc/include --with-mpc-lib=/vol/gcc/lib --enable-languages=all,ada,obj-c++,go --with-isl-include=/vol/gcc/include --with-isl-lib=/vol/gcc/lib --with-cloog-include=/vol/gcc/include --with-cloog-lib=/vol/gcc/lib --enable-cloog-backend=isl
BOOT_CFLAGS=-g -O2
More information about the Gcc-testresults
mailing list