Results for 4.7.4 20140117 (prerelease) [gcc-4_7-branch revision 206707] (GCC) testsuite on sparc-sun-solaris2.8
Rainer Orth
ro@CeBiTec.Uni-Bielefeld.DE
Sat Jan 18 08:06:00 GMT 2014
LAST_UPDATED: Fri Jan 17 14:31:45 UTC 2014 (revision 206707)
=== acats tests ===
=== acats Summary ===
# of expected passes 2320
# of unexpected failures 0
Native configuration is sparc-sun-solaris2.8
=== g++ tests ===
Running target unix
WARNING: program timed out.
FAIL: g++.dg/debug/using1.C -gstabs+3 (test for warnings, line 12)
FAIL: g++.dg/debug/using1.C -gstabs+3 (test for excess errors)
WARNING: program timed out.
FAIL: g++.dg/ext/has_nothrow_constructor.C -std=c++98 (test for excess errors)
WARNING: g++.dg/ext/has_nothrow_constructor.C -std=c++98 compilation failed to produce executable
WARNING: program timed out.
FAIL: g++.dg/ext/is_polymorphic.C -std=c++11 (test for excess errors)
WARNING: program timed out.
WARNING: program timed out.
FAIL: c-c++-common/torture/complex-sign-mul.c -O1 (test for excess errors)
WARNING: program timed out.
FAIL: c-c++-common/torture/pr42834.c -O3 -fomit-frame-pointer (test for excess errors)
FAIL: g++.dg/torture/pr31863.C -O2 -flto (test for excess errors)
WARNING: program timed out.
FAIL: g++.old-deja/g++.jason/thunk2.C -std=gnu++11 (test for excess errors)
=== g++ Summary for unix ===
# of expected passes 46400
# of unexpected failures 8
# of expected failures 290
# of unsupported tests 860
Running target unix/-m64
WARNING: program timed out.
FAIL: tmpdir-g++.dg-struct-layout-1/t024 cp_compat_y_tst.o compile
UNRESOLVED: tmpdir-g++.dg-struct-layout-1/t024 cp_compat_x_tst.o-cp_compat_y_tst.o link
UNRESOLVED: tmpdir-g++.dg-struct-layout-1/t024 cp_compat_x_tst.o-cp_compat_y_tst.o execute
FAIL: g++.dg/cpp0x/nullptr28.C -std=c++11 execution test
WARNING: program timed out.
WARNING: program timed out.
FAIL: g++.dg/torture/pr31863.C -O2 -flto (test for excess errors)
=== g++ Summary for unix/-m64 ===
# of expected passes 47641
# of unexpected failures 3
# of expected failures 290
# of unresolved testcases 2
# of unsupported tests 853
=== g++ Summary ===
# of expected passes 94041
# of unexpected failures 11
# of expected failures 580
# of unresolved testcases 2
# of unsupported tests 1713
/var/gcc/regression/gcc-4.7-branch/8-gcc/build/gcc/testsuite/g++/../../g++ version 4.7.4 20140117 (prerelease) [gcc-4_7-branch revision 206707] (GCC)
=== gcc tests ===
Running target unix
FAIL: gcc.c-torture/compile/20000127-1.c -O2 -flto (test for excess errors)
WARNING: program timed out.
FAIL: gcc.c-torture/execute/20020118-1.c compilation, -O1
UNRESOLVED: gcc.c-torture/execute/20020118-1.c execution, -O1
FAIL: gcc.c-torture/execute/20020213-1.c compilation, -O0
UNRESOLVED: gcc.c-torture/execute/20020213-1.c execution, -O0
FAIL: gcc.c-torture/execute/20021118-2.c compilation, -O2 -flto
UNRESOLVED: gcc.c-torture/execute/20021118-2.c execution, -O2 -flto
FAIL: gcc.c-torture/execute/941015-1.c compilation, -Os
UNRESOLVED: gcc.c-torture/execute/941015-1.c execution, -Os
FAIL: gcc.c-torture/execute/941202-1.c compilation, -O2 -flto
UNRESOLVED: gcc.c-torture/execute/941202-1.c execution, -O2 -flto
FAIL: gcc.c-torture/execute/950221-1.c compilation, -O0
UNRESOLVED: gcc.c-torture/execute/950221-1.c execution, -O0
FAIL: gcc.c-torture/execute/enum-1.c compilation, -O2 -flto -flto-partition=none
UNRESOLVED: gcc.c-torture/execute/enum-1.c execution, -O2 -flto -flto-partition=none
FAIL: gcc.c-torture/execute/pr29797-1.c compilation, -O2 -flto
UNRESOLVED: gcc.c-torture/execute/pr29797-1.c execution, -O2 -flto
FAIL: gcc.c-torture/execute/pr29797-2.c compilation, -O0
UNRESOLVED: gcc.c-torture/execute/pr29797-2.c execution, -O0
FAIL: gcc.c-torture/execute/pr31448-2.c compilation, -O0
UNRESOLVED: gcc.c-torture/execute/pr31448-2.c execution, -O0
WARNING: program timed out.
WARNING: program timed out.
WARNING: program timed out.
WARNING: program timed out.
WARNING: program timed out.
WARNING: program timed out.
WARNING: program timed out.
WARNING: program timed out.
WARNING: program timed out.
WARNING: program timed out.
WARNING: program timed out.
FAIL: gcc.dg/ipa/ipa-pta-6.c (test for excess errors)
WARNING: program timed out.
FAIL: gcc.dg/lto/20081112 c_lto_20081112_0.o-c_lto_20081112_1.o link, -O0 -flto -flto-partition=1to1
UNRESOLVED: gcc.dg/lto/20081112 c_lto_20081112_0.o-c_lto_20081112_1.o execute -O0 -flto -flto-partition=1to1
WARNING: program timed out.
FAIL: gcc.dg/lto/20081112 c_lto_20081112_0.o assemble, -O2 -flto -flto-partition=1to1
FAIL: gcc.dg/simulate-thread/atomic-other-int.c -O2 -g thread simulation test
FAIL: gcc.dg/simulate-thread/atomic-other-int.c -O3 -g thread simulation test
FAIL: gcc.dg/simulate-thread/atomic-other-short.c -O2 -g thread simulation test
FAIL: gcc.dg/simulate-thread/atomic-other-short.c -O3 -g thread simulation test
FAIL: gcc.dg/simulate-thread/speculative-store.c -O0 -g thread simulation test
WARNING: program timed out.
FAIL: c-c++-common/torture/complex-sign-mixed-add.c -O2 -flto (test for excess errors)
=== gcc Summary for unix ===
# of expected passes 75939
# of unexpected failures 20
# of expected failures 318
# of unresolved testcases 11
# of unsupported tests 1657
Running target unix/-m64
=== gcc Summary for unix/-m64 ===
# of expected passes 76645
# of expected failures 305
# of unsupported tests 1641
=== gcc Summary ===
# of expected passes 152584
# of unexpected failures 20
# of expected failures 623
# of unresolved testcases 11
# of unsupported tests 3298
/var/gcc/regression/gcc-4.7-branch/8-gcc/build/gcc/xgcc version 4.7.4 20140117 (prerelease) [gcc-4_7-branch revision 206707] (GCC)
=== gfortran tests ===
Running target unix
FAIL: gfortran.dg/array_constructor_36.f90 -O1 (test for excess errors)
FAIL: gfortran.dg/array_constructor_9.f90 -O3 -g (test for excess errors)
FAIL: gfortran.dg/char_expr_1.f90 -O3 -fomit-frame-pointer -funroll-loops (test for excess errors)
FAIL: gfortran.dg/char_length_6.f90 -O2 (test for excess errors)
WARNING: gfortran.dg/char_length_6.f90 -O2 compilation failed to produce executable
FAIL: gfortran.dg/char_length_6.f90 -O3 -fomit-frame-pointer (test for excess errors)
WARNING: gfortran.dg/char_length_6.f90 -O3 -fomit-frame-pointer compilation failed to produce executable
FAIL: gfortran.dg/pack_mask_1.f90 -O3 -g (test for excess errors)
WARNING: gfortran.dg/pack_mask_1.f90 -O3 -g compilation failed to produce executable
FAIL: gfortran.dg/parens_5.f90 -O3 -fomit-frame-pointer (test for excess errors)
WARNING: gfortran.dg/parens_5.f90 -O3 -fomit-frame-pointer compilation failed to produce executable
WARNING: program timed out.
WARNING: program timed out.
WARNING: program timed out.
WARNING: program timed out.
WARNING: program timed out.
WARNING: program timed out.
WARNING: program timed out.
WARNING: program timed out.
FAIL: gfortran.fortran-torture/execute/equiv_init_1.f90 compilation, -O2 -fomit-frame-pointer -finline-functions -funroll-loops
WARNING: program timed out.
WARNING: program timed out.
WARNING: program timed out.
=== gfortran Summary for unix ===
# of expected passes 40537
# of unexpected failures 8
# of expected failures 44
# of untested testcases 1
# of unsupported tests 406
Running target unix/-m64
=== gfortran Summary for unix/-m64 ===
# of expected passes 40829
# of expected failures 44
# of unsupported tests 269
=== gfortran Summary ===
# of expected passes 81366
# of unexpected failures 8
# of expected failures 88
# of untested testcases 1
# of unsupported tests 675
/var/gcc/regression/gcc-4.7-branch/8-gcc/build/gcc/testsuite/gfortran/../../gfortran version 4.7.4 20140117 (prerelease) [gcc-4_7-branch revision 206707] (GCC)
=== gnat tests ===
Running target unix
=== gnat Summary for unix ===
# of expected passes 1109
# of expected failures 14
# of unsupported tests 13
Running target unix/-m64
WARNING: program timed out.
FAIL: gnat.dg/derived_type3.adb (test for excess errors)
WARNING: program timed out.
FAIL: gnat.dg/gnat_malloc.adb (test for excess errors)
WARNING: program timed out.
FAIL: gnat.dg/test_prio.adb (test for excess errors)
WARNING: gnat.dg/test_prio.adb compilation failed to produce executable
=== gnat Summary for unix/-m64 ===
# of expected passes 1105
# of unexpected failures 3
# of expected failures 14
# of unsupported tests 13
=== gnat Summary ===
# of expected passes 2214
# of unexpected failures 3
# of expected failures 28
# of unsupported tests 26
/var/gcc/regression/gcc-4.7-branch/8-gcc/build/gcc/gnatmake version 4.7.4 20140117 (prerelease) [gcc-4_7-branch revision 206707]
=== go tests ===
Running target unix
FAIL: go.test/test/chan/select5.go -O (test for excess errors)
FAIL: go.test/test/crlf.go -O (test for excess errors)
WARNING: program timed out.
WARNING: program timed out.
WARNING: program timed out.
=== go Summary for unix ===
# of expected passes 3286
# of unexpected failures 2
# of expected failures 4
# of untested testcases 7
Running target unix/-m64
FAIL: go.test/test/cmplxdivide.go
FAIL: go.test/test/printbig.go -O (test for excess errors)
WARNING: program timed out.
WARNING: program timed out.
=== go Summary for unix/-m64 ===
# of expected passes 3286
# of unexpected failures 2
# of expected failures 4
# of untested testcases 7
=== go Summary ===
# of expected passes 6572
# of unexpected failures 4
# of expected failures 8
# of untested testcases 14
/var/gcc/regression/gcc-4.7-branch/8-gcc/build/gcc/testsuite/go/../../gccgo version 4.7.4 20140117 (prerelease) [gcc-4_7-branch revision 206707] (GCC)
=== obj-c++ tests ===
Running target unix
=== obj-c++ Summary for unix ===
# of expected passes 1450
# of expected failures 2
# of unsupported tests 86
Running target unix/-m64
=== obj-c++ Summary for unix/-m64 ===
# of expected passes 1442
# of expected failures 10
# of unsupported tests 86
=== obj-c++ Summary ===
# of expected passes 2892
# of expected failures 12
# of unsupported tests 172
/var/gcc/regression/gcc-4.7-branch/8-gcc/build/gcc/testsuite/obj-c++/../../g++ version 4.7.4 20140117 (prerelease) [gcc-4_7-branch revision 206707] (GCC)
=== objc tests ===
Running target unix
WARNING: program timed out.
FAIL: objc/execute/formal_protocol-6.m compilation, -O2 -fgnu-runtime
UNRESOLVED: objc/execute/formal_protocol-6.m execution, -O2 -fgnu-runtime
WARNING: program timed out.
FAIL: objc/execute/nested-1.m compilation, -Os -fgnu-runtime
UNRESOLVED: objc/execute/nested-1.m execution, -Os -fgnu-runtime
=== objc Summary for unix ===
# of expected passes 2990
# of unexpected failures 2
# of unresolved testcases 2
# of unsupported tests 74
Running target unix/-m64
=== objc Summary for unix/-m64 ===
# of expected passes 2994
# of unsupported tests 74
=== objc Summary ===
# of expected passes 5984
# of unexpected failures 2
# of unresolved testcases 2
# of unsupported tests 148
/var/gcc/regression/gcc-4.7-branch/8-gcc/build/gcc/xgcc version 4.7.4 20140117 (prerelease) [gcc-4_7-branch revision 206707] (GCC)
=== boehm-gc tests ===
Running target unix
=== boehm-gc Summary for unix ===
# of expected passes 12
# of unsupported tests 1
Running target unix/-m64
=== boehm-gc Summary for unix/-m64 ===
# of expected passes 12
# of unsupported tests 1
=== boehm-gc Summary ===
# of expected passes 24
# of unsupported tests 2
=== libffi tests ===
Running target unix
=== libffi Summary for unix ===
# of expected passes 1634
# of expected failures 10
# of unsupported tests 55
Running target unix/-m64
WARNING: program timed out.
FAIL: libffi.special/unwindtest.cc -shared-libgcc -lstdc++ (test for excess errors)
=== libffi Summary for unix/-m64 ===
# of expected passes 1633
# of unexpected failures 1
# of expected failures 10
# of unsupported tests 55
=== libffi Summary ===
# of expected passes 3267
# of unexpected failures 1
# of expected failures 20
# of unsupported tests 110
=== libgo tests ===
Running target unix
FAIL: runtime/pprof
=== libgo Summary for unix ===
# of expected passes 123
# of unexpected failures 1
Running target unix/-m64
FAIL: runtime/pprof
=== libgo Summary for unix/-m64 ===
# of expected passes 123
# of unexpected failures 1
=== libgo Summary ===
# of expected passes 246
# of unexpected failures 2
=== libgomp tests ===
Running target unix
WARNING: program timed out.
FAIL: libgomp.fortran/appendix-a/a.28.4.f90 -O2 (test for excess errors)
WARNING: libgomp.fortran/appendix-a/a.28.4.f90 -O2 compilation failed to produce executable
WARNING: program timed out.
FAIL: libgomp.fortran/appendix-a/a10.1.f90 -Os (test for excess errors)
WARNING: libgomp.fortran/appendix-a/a10.1.f90 -Os compilation failed to produce executable
=== libgomp Summary for unix ===
# of expected passes 2936
# of unexpected failures 2
# of unsupported tests 3
Running target unix/-m64
=== libgomp Summary for unix/-m64 ===
# of expected passes 2940
# of unsupported tests 3
=== libgomp Summary ===
# of expected passes 5876
# of unexpected failures 2
# of unsupported tests 6
=== libitm tests ===
Running target unix
=== libitm Summary for unix ===
# of expected passes 26
# of expected failures 3
# of unsupported tests 1
Running target unix/-m64
=== libitm Summary for unix/-m64 ===
# of expected passes 26
# of expected failures 3
# of unsupported tests 1
=== libitm Summary ===
# of expected passes 52
# of expected failures 6
# of unsupported tests 2
=== libjava tests ===
Running target unix
FAIL: InvokeInterface execution - source compiled test
FAIL: InvokeInterface -O3 execution - source compiled test
WARNING: program timed out.
FAIL: PR31264 compilation from source
WARNING: program timed out.
FAIL: PR55 -O3 compilation from source
WARNING: program timed out.
FAIL: PR55 -O3 -findirect-dispatch compilation from source
=== libjava Summary for unix ===
# of expected passes 2561
# of unexpected failures 5
# of untested testcases 8
Running target unix/-m64
FAIL: InvokeInterface execution - source compiled test
FAIL: InvokeInterface -O3 execution - source compiled test
=== libjava Summary for unix/-m64 ===
# of expected passes 2570
# of unexpected failures 2
# of untested testcases 2
=== libjava Summary ===
# of expected passes 5131
# of unexpected failures 7
# of untested testcases 10
=== libstdc++ tests ===
Running target unix
FAIL: 21_strings/basic_string/compare/char/1.cc (test for excess errors)
WARNING: 21_strings/basic_string/compare/char/1.cc compilation failed to produce executable
FAIL: 21_strings/basic_string/init-list.cc (test for excess errors)
FAIL: 23_containers/multiset/debug/invalidation/2.cc (test for excess errors)
FAIL: 23_containers/queue/members/7157.cc (test for excess errors)
FAIL: 23_containers/unordered_set/debug/construct4_neg.cc (test for excess errors)
FAIL: 23_containers/unordered_set/requirements/citerators.cc (test for excess errors)
WARNING: 23_containers/unordered_set/requirements/citerators.cc compilation failed to produce executable
FAIL: 25_algorithms/stable_sort/1.cc (test for excess errors)
WARNING: 25_algorithms/stable_sort/1.cc compilation failed to produce executable
FAIL: 27_io/basic_ostream/inserters_arithmetic/char/exceptions_failbit_throw.cc (test for excess errors)
FAIL: 28_regex/algorithms/02_match/basic/string_01.cc (test for excess errors)
WARNING: 28_regex/algorithms/02_match/basic/string_01.cc compilation failed to produce executable
WARNING: program timed out.
WARNING: program timed out.
WARNING: program timed out.
WARNING: program timed out.
WARNING: program timed out.
WARNING: program timed out.
WARNING: program timed out.
WARNING: program timed out.
WARNING: program timed out.
WARNING: program timed out.
FAIL: tr1/6_containers/unordered_multimap/swap/1.cc (test for excess errors)
=== libstdc++ Summary for unix ===
# of expected passes 7372
# of unexpected failures 10
# of expected failures 47
# of unsupported tests 812
Running target unix/-m64
FAIL: 22_locale/facet/1.cc (test for excess errors)
WARNING: 22_locale/facet/1.cc compilation failed to produce executable
WARNING: program timed out.
=== libstdc++ Summary for unix/-m64 ===
# of expected passes 7384
# of unexpected failures 1
# of expected failures 47
# of unsupported tests 812
=== libstdc++ Summary ===
# of expected passes 14756
# of unexpected failures 11
# of expected failures 94
# of unsupported tests 1624
Compiler version: 4.7.4 20140117 (prerelease) [gcc-4_7-branch revision 206707] (GCC)
Platform: sparc-sun-solaris2.8
configure flags: --prefix=/vol/gcc --target=sparc-sun-solaris2.8 --enable-obsolete --enable-objc-gc --with-gmp-include=/vol/gcc/include --with-gmp-lib=/vol/gcc/lib --with-mpfr-include=/vol/gcc/include --with-mpfr-lib=/vol/gcc/lib --with-mpc-include=/vol/gcc/include --with-mpc-lib=/vol/gcc/lib --enable-languages=all,ada,obj-c++,go --without-ppl --without-isl --without-cloog
BOOT_CFLAGS=-g -O2
More information about the Gcc-testresults
mailing list