Results for 4.9.0 20140111 (experimental) [trunk revision 206560] (GCC) testsuite on x86_64-apple-darwin10.8.0
Dominique Dhumieres
dominiq@lps.ens.fr
Mon Jan 13 12:39:00 GMT 2014
LAST_UPDATED: Updated Sun Jan 12 00:24:43 CET 2014 to to revision 206560.
=== acats tests ===
=== acats Summary ===
# of expected passes 2320
# of unexpected failures 0
Native configuration is x86_64-apple-darwin10.8.0
=== g++ tests ===
Running target unix/-m32
FAIL: c-c++-common/asan/use-after-return-1.c -O0 output pattern test, is 1: 0x2341020
FAIL: c-c++-common/asan/use-after-return-1.c -O1 output pattern test, is 1: 0x2341020
FAIL: c-c++-common/asan/use-after-return-1.c -O2 output pattern test, is 1: 0x2341020
FAIL: c-c++-common/asan/use-after-return-1.c -O3 -fomit-frame-pointer output pattern test, is 1: 0x2341020
FAIL: c-c++-common/asan/use-after-return-1.c -O3 -g output pattern test, is 1: 0x2341020
FAIL: c-c++-common/asan/use-after-return-1.c -Os output pattern test, is 1: 0x2341020
FAIL: c-c++-common/asan/use-after-return-1.c -O2 -flto -flto-partition=none output pattern test, is 1: 0x2341020
FAIL: c-c++-common/asan/use-after-return-1.c -O2 -flto output pattern test, is 1: 0x2341020
FAIL: g++.dg/ext/sync-4.C -std=gnu++98 execution test
FAIL: g++.dg/ext/sync-4.C -std=gnu++11 execution test
FAIL: g++.dg/opt/vt4.C -std=gnu++98 scan-assembler-not _ZTV.A
FAIL: g++.dg/opt/vt4.C -std=gnu++11 scan-assembler-not _ZTV.A
=== g++ Summary for unix/-m32 ===
# of expected passes 56880
# of unexpected failures 12
# of expected failures 288
# of unsupported tests 1024
Running target unix/-m64
FAIL: c-c++-common/asan/use-after-return-1.c -O0 output pattern test, is 1: 0x103965020
FAIL: c-c++-common/asan/use-after-return-1.c -O1 output pattern test, is 1: 0x103965020
FAIL: c-c++-common/asan/use-after-return-1.c -O2 output pattern test, is 1: 0x103965020
FAIL: c-c++-common/asan/use-after-return-1.c -O3 -fomit-frame-pointer output pattern test, is 1: 0x103965020
FAIL: c-c++-common/asan/use-after-return-1.c -O3 -g output pattern test, is 1: 0x103965020
FAIL: c-c++-common/asan/use-after-return-1.c -Os output pattern test, is 1: 0x103965020
FAIL: c-c++-common/asan/use-after-return-1.c -O2 -flto -flto-partition=none output pattern test, is 1: 0x103965020
FAIL: c-c++-common/asan/use-after-return-1.c -O2 -flto output pattern test, is 1: 0x103965020
FAIL: g++.dg/ext/sync-4.C -std=gnu++98 (test for excess errors)
UNRESOLVED: g++.dg/ext/sync-4.C -std=gnu++98 compilation failed to produce executable
FAIL: g++.dg/ext/sync-4.C -std=gnu++11 (test for excess errors)
UNRESOLVED: g++.dg/ext/sync-4.C -std=gnu++11 compilation failed to produce executable
FAIL: g++.dg/opt/vt4.C -std=gnu++98 scan-assembler-not _ZTV.A
FAIL: g++.dg/opt/vt4.C -std=gnu++11 scan-assembler-not _ZTV.A
=== g++ Summary for unix/-m64 ===
# of expected passes 57683
# of unexpected failures 12
# of expected failures 288
# of unresolved testcases 2
# of unsupported tests 1245
=== g++ Summary ===
# of expected passes 114563
# of unexpected failures 24
# of expected failures 576
# of unresolved testcases 2
# of unsupported tests 2269
/opt/gcc/build_c/gcc/testsuite/g++/../../xg++ version 4.9.0 20140111 (experimental) [trunk revision 206560] (GCC)
=== gcc tests ===
Running target unix/-m32
FAIL: c-c++-common/asan/use-after-return-1.c -O0 output pattern test, is 1: 0x2341020
FAIL: c-c++-common/asan/use-after-return-1.c -O1 output pattern test, is 1: 0x2341020
FAIL: c-c++-common/asan/use-after-return-1.c -O2 output pattern test, is 1: 0x2341020
FAIL: c-c++-common/asan/use-after-return-1.c -O3 -fomit-frame-pointer output pattern test, is 1: 0x2341020
FAIL: c-c++-common/asan/use-after-return-1.c -O3 -g output pattern test, is 1: 0x2341020
FAIL: c-c++-common/asan/use-after-return-1.c -Os output pattern test, is 1: 0x2341020
FAIL: c-c++-common/asan/use-after-return-1.c -O2 -flto -flto-partition=none output pattern test, is 1: 0x2341020
FAIL: c-c++-common/asan/use-after-return-1.c -O2 -flto output pattern test, is 1: 0x2341020
WARNING: program timed out.
FAIL: gcc.dg/atomic/c11-atomic-exec-5.c -O0 execution test
WARNING: program timed out.
FAIL: gcc.dg/atomic/c11-atomic-exec-5.c -O1 execution test
WARNING: program timed out.
FAIL: gcc.dg/atomic/c11-atomic-exec-5.c -O2 execution test
WARNING: program timed out.
FAIL: gcc.dg/atomic/c11-atomic-exec-5.c -O3 -fomit-frame-pointer execution test
WARNING: program timed out.
FAIL: gcc.dg/atomic/c11-atomic-exec-5.c -O3 -fomit-frame-pointer -funroll-loops execution test
WARNING: program timed out.
FAIL: gcc.dg/atomic/c11-atomic-exec-5.c -O3 -fomit-frame-pointer -funroll-all-loops -finline-functions execution test
WARNING: program timed out.
FAIL: gcc.dg/atomic/c11-atomic-exec-5.c -O3 -g execution test
WARNING: program timed out.
FAIL: gcc.dg/atomic/c11-atomic-exec-5.c -Os execution test
WARNING: program timed out.
FAIL: gcc.dg/atomic/c11-atomic-exec-5.c -O2 -flto -flto-partition=none execution test
WARNING: program timed out.
FAIL: gcc.dg/atomic/c11-atomic-exec-5.c -O2 -flto execution test
FAIL: gcc.dg/20021014-1.c execution test
XPASS: gcc.dg/binop-xor1.c scan-tree-dump-times optimized "\\\\^" 1
FAIL: gcc.dg/pr43643.c execution test
XPASS: gcc.target/i386/avx512f-gather-5.c scan-assembler-not gather[^\\n]*ymm[^\\n]*ymm
FAIL: gcc.target/i386/memcpy-strategy-3.c scan-assembler-times memcpy 2
FAIL: gcc.target/i386/memset-strategy-1.c scan-assembler-times memset 2
=== gcc Summary for unix/-m32 ===
# of expected passes 99309
# of unexpected failures 22
# of unexpected successes 2
# of expected failures 252
# of unsupported tests 2695
Running target unix/-m64
FAIL: c-c++-common/asan/use-after-return-1.c -O0 output pattern test, is 1: 0x103965020
FAIL: c-c++-common/asan/use-after-return-1.c -O1 output pattern test, is 1: 0x103965020
FAIL: c-c++-common/asan/use-after-return-1.c -O2 output pattern test, is 1: 0x103965020
FAIL: c-c++-common/asan/use-after-return-1.c -O3 -fomit-frame-pointer output pattern test, is 1: 0x103965020
FAIL: c-c++-common/asan/use-after-return-1.c -O3 -g output pattern test, is 1: 0x103965020
FAIL: c-c++-common/asan/use-after-return-1.c -Os output pattern test, is 1: 0x103965020
FAIL: c-c++-common/asan/use-after-return-1.c -O2 -flto -flto-partition=none output pattern test, is 1: 0x103965020
FAIL: c-c++-common/asan/use-after-return-1.c -O2 -flto output pattern test, is 1: 0x103965020
WARNING: program timed out.
FAIL: gcc.dg/atomic/c11-atomic-exec-5.c -O0 execution test
WARNING: program timed out.
FAIL: gcc.dg/atomic/c11-atomic-exec-5.c -O1 execution test
WARNING: program timed out.
FAIL: gcc.dg/atomic/c11-atomic-exec-5.c -O2 execution test
WARNING: program timed out.
FAIL: gcc.dg/atomic/c11-atomic-exec-5.c -O3 -fomit-frame-pointer execution test
WARNING: program timed out.
FAIL: gcc.dg/atomic/c11-atomic-exec-5.c -O3 -fomit-frame-pointer -funroll-loops execution test
WARNING: program timed out.
FAIL: gcc.dg/atomic/c11-atomic-exec-5.c -O3 -fomit-frame-pointer -funroll-all-loops -finline-functions execution test
WARNING: program timed out.
FAIL: gcc.dg/atomic/c11-atomic-exec-5.c -O3 -g execution test
WARNING: program timed out.
FAIL: gcc.dg/atomic/c11-atomic-exec-5.c -Os execution test
WARNING: program timed out.
FAIL: gcc.dg/atomic/c11-atomic-exec-5.c -O2 -flto -flto-partition=none execution test
WARNING: program timed out.
FAIL: gcc.dg/atomic/c11-atomic-exec-5.c -O2 -flto execution test
XPASS: gcc.dg/binop-xor1.c scan-tree-dump-times optimized "\\\\^" 1
XPASS: gcc.target/i386/avx512f-gather-5.c scan-assembler-not gather[^\\n]*ymm[^\\n]*ymm
FAIL: gcc.target/i386/memcpy-strategy-3.c scan-assembler-times memcpy 2
FAIL: gcc.target/i386/memset-strategy-1.c scan-assembler-times memset 2
FAIL: gcc.target/i386/pr36222-1.c scan-assembler-not movdqa
FAIL: gcc.target/i386/pr49866.c (test for excess errors)
=== gcc Summary for unix/-m64 ===
# of expected passes 99822
# of unexpected failures 22
# of unexpected successes 2
# of expected failures 257
# of unsupported tests 2924
=== gcc Summary ===
# of expected passes 199131
# of unexpected failures 44
# of unexpected successes 4
# of expected failures 509
# of unsupported tests 5619
/opt/gcc/build_c/gcc/xgcc version 4.9.0 20140111 (experimental) [trunk revision 206560] (GCC)
=== gfortran tests ===
Running target unix/-m32
FAIL: gfortran.dg/class_48.f90 -O2 (test for excess errors)
FAIL: gfortran.dg/class_48.f90 -Os (test for excess errors)
FAIL: gfortran.dg/vect/fast-math-mgrid-resid.f scan-tree-dump-times optimized "vect_[^\\\\n]*\\\\+ " 13
=== gfortran Summary for unix/-m32 ===
# of expected passes 44955
# of unexpected failures 3
# of expected failures 52
# of unsupported tests 212
Running target unix/-m64
FAIL: gfortran.dg/vect/fast-math-mgrid-resid.f scan-tree-dump-times optimized "vect_[^\\\\n]*\\\\+ " 13
=== gfortran Summary for unix/-m64 ===
# of expected passes 45244
# of unexpected failures 1
# of expected failures 52
# of unsupported tests 74
=== gfortran Summary ===
# of expected passes 90199
# of unexpected failures 4
# of expected failures 104
# of unsupported tests 286
/opt/gcc/build_c/gcc/testsuite/gfortran/../../gfortran version 4.9.0 20140111 (experimental) [trunk revision 206560] (GCC)
=== gnat tests ===
Running target unix/-m32
=== gnat Summary for unix/-m32 ===
# of expected passes 1212
# of expected failures 18
# of unsupported tests 6
Running target unix/-m64
=== gnat Summary for unix/-m64 ===
# of expected passes 1212
# of expected failures 18
# of unsupported tests 6
=== gnat Summary ===
# of expected passes 2424
# of expected failures 36
# of unsupported tests 12
/opt/gcc/build_c/gcc/gnatmake version 4.9.0 20140111 (experimental) [trunk revision 206560]
=== obj-c++ tests ===
Running target unix/-m32
=== obj-c++ Summary for unix/-m32 ===
# of expected passes 3157
# of expected failures 2
# of unsupported tests 68
Running target unix/-m64
=== obj-c++ Summary for unix/-m64 ===
# of expected passes 3098
# of expected failures 19
# of unsupported tests 74
=== obj-c++ Summary ===
# of expected passes 6255
# of expected failures 21
# of unsupported tests 142
/opt/gcc/build_c/gcc/testsuite/obj-c++/../../xg++ version 4.9.0 20140111 (experimental) [trunk revision 206560] (GCC)
=== objc tests ===
Running target unix/-m32
=== objc Summary for unix/-m32 ===
# of expected passes 6100
# of expected failures 6
# of unsupported tests 85
Running target unix/-m64
=== objc Summary for unix/-m64 ===
# of expected passes 6052
# of expected failures 14
# of unsupported tests 91
=== objc Summary ===
# of expected passes 12152
# of expected failures 20
# of unsupported tests 176
/opt/gcc/build_c/gcc/xgcc version 4.9.0 20140111 (experimental) [trunk revision 206560] (GCC)
=== boehm-gc tests ===
Running target unix/-m32
=== boehm-gc Summary for unix/-m32 ===
# of expected passes 12
# of unsupported tests 1
Running target unix/-m64
=== boehm-gc Summary for unix/-m64 ===
# of expected passes 12
# of unsupported tests 1
=== boehm-gc Summary ===
# of expected passes 24
# of unsupported tests 2
=== libatomic tests ===
Running target unix/-m32
=== libatomic Summary for unix/-m32 ===
# of expected passes 44
# of unsupported tests 5
Running target unix/-m64
=== libatomic Summary for unix/-m64 ===
# of expected passes 54
=== libatomic Summary ===
# of expected passes 98
# of unsupported tests 5
=== libffi tests ===
Running target unix/-m32
=== libffi Summary for unix/-m32 ===
# of expected passes 1819
# of unsupported tests 55
Running target unix/-m64
=== libffi Summary for unix/-m64 ===
# of expected passes 1819
# of unsupported tests 55
=== libffi Summary ===
# of expected passes 3638
# of unsupported tests 110
=== libgomp tests ===
Running target unix/-m32
FAIL: libgomp.graphite/bounds.c scan-tree-dump-times graphite "0 loops carried no dependency" 1
FAIL: libgomp.graphite/force-parallel-4.c execution test
FAIL: libgomp.graphite/force-parallel-4.c scan-tree-dump-times graphite "2 loops carried no dependency" 1
FAIL: libgomp.graphite/force-parallel-6.c scan-tree-dump-times graphite "1 loops carried no dependency" 1
FAIL: libgomp.graphite/pr41118.c scan-tree-dump-times optimized "loopfn" 0
=== libgomp Summary for unix/-m32 ===
# of expected passes 2383
# of unexpected failures 5
# of unsupported tests 3
Running target unix/-m64
FAIL: libgomp.graphite/bounds.c scan-tree-dump-times graphite "0 loops carried no dependency" 1
FAIL: libgomp.graphite/force-parallel-4.c execution test
FAIL: libgomp.graphite/force-parallel-4.c scan-tree-dump-times graphite "2 loops carried no dependency" 1
FAIL: libgomp.graphite/force-parallel-6.c scan-tree-dump-times graphite "1 loops carried no dependency" 1
FAIL: libgomp.graphite/pr41118.c scan-tree-dump-times optimized "loopfn" 0
=== libgomp Summary for unix/-m64 ===
# of expected passes 2383
# of unexpected failures 5
# of unsupported tests 3
=== libgomp Summary ===
# of expected passes 4766
# of unexpected failures 10
# of unsupported tests 6
=== libitm tests ===
Running target unix/-m32
=== libitm Summary for unix/-m32 ===
# of expected passes 26
# of expected failures 3
# of unsupported tests 1
Running target unix/-m64
=== libitm Summary for unix/-m64 ===
# of expected passes 26
# of expected failures 3
# of unsupported tests 1
=== libitm Summary ===
# of expected passes 52
# of expected failures 6
# of unsupported tests 2
=== libjava tests ===
Running target unix/-m32
FAIL: sourcelocation output - source compiled test
FAIL: sourcelocation -findirect-dispatch output - source compiled test
FAIL: sourcelocation -O3 output - source compiled test
FAIL: sourcelocation -O3 -findirect-dispatch output - source compiled test
=== libjava Summary for unix/-m32 ===
# of expected passes 2582
# of unexpected failures 4
Running target unix/-m64
FAIL: Throw_2 execution - source compiled test
FAIL: Throw_2 -findirect-dispatch execution - source compiled test
FAIL: Throw_2 -O3 execution - source compiled test
FAIL: Throw_2 -O3 -findirect-dispatch execution - source compiled test
FAIL: sourcelocation output - source compiled test
FAIL: sourcelocation -findirect-dispatch output - source compiled test
FAIL: sourcelocation -O3 output - source compiled test
FAIL: sourcelocation -O3 -findirect-dispatch output - source compiled test
=== libjava Summary for unix/-m64 ===
# of expected passes 2574
# of unexpected failures 8
# of untested testcases 4
=== libjava Summary ===
# of expected passes 5156
# of unexpected failures 12
# of untested testcases 4
=== libstdc++ tests ===
Running target unix/-m32
WARNING: program timed out.
FAIL: 30_threads/condition_variable/54185.cc execution test
=== libstdc++ Summary for unix/-m32 ===
# of expected passes 8748
# of unexpected failures 1
# of expected failures 41
# of unsupported tests 662
Running target unix/-m64
WARNING: program timed out.
FAIL: 30_threads/condition_variable/54185.cc execution test
=== libstdc++ Summary for unix/-m64 ===
# of expected passes 8746
# of unexpected failures 1
# of expected failures 41
# of unsupported tests 663
=== libstdc++ Summary ===
# of expected passes 17494
# of unexpected failures 2
# of expected failures 82
# of unsupported tests 1325
Compiler version: 4.9.0 20140111 (experimental) [trunk revision 206560] (GCC)
Platform: x86_64-apple-darwin10.8.0
configure flags: --prefix=/opt/gcc/gcc4.9c --enable-languages=c,c++,fortran,objc,obj-c++,java,ada,lto --with-gmp=/opt/mp --with-system-zlib --with-isl=/opt/mp --enable-lto --enable-plugin
More information about the Gcc-testresults
mailing list