Results for 4.9.0 20140110 (experimental) (GCC) testsuite on s390-ibm-linux-gnu z196
Andreas Krebbel
Andreas.Krebbel@de.ibm.com
Fri Jan 10 23:37:00 GMT 2014
LAST_UPDATED: Fri Jan 10 18:25:07 UTC 2014 (revision 206535)
Native configuration is s390-ibm-linux-gnu z196
=== g++ tests ===
Running target unix
WARNING: program timed out.
FAIL: g++.dg/torture/pr42739.C -O1 (internal compiler error)
FAIL: g++.dg/torture/pr42739.C -O1 (test for excess errors)
FAIL: g++.dg/torture/pr42739.C -O2 (internal compiler error)
FAIL: g++.dg/torture/pr42739.C -O2 (test for excess errors)
FAIL: g++.dg/torture/pr42739.C -O3 -fomit-frame-pointer (internal compiler error)
FAIL: g++.dg/torture/pr42739.C -O3 -fomit-frame-pointer (test for excess errors)
FAIL: g++.dg/torture/pr42739.C -O3 -g (internal compiler error)
FAIL: g++.dg/torture/pr42739.C -O3 -g (test for excess errors)
FAIL: g++.dg/torture/pr42739.C -Os (internal compiler error)
FAIL: g++.dg/torture/pr42739.C -Os (test for excess errors)
FAIL: g++.dg/torture/pr42739.C -O2 -flto -fno-use-linker-plugin -flto-partition=none (internal compiler error)
FAIL: g++.dg/torture/pr42739.C -O2 -flto -fno-use-linker-plugin -flto-partition=none (test for excess errors)
FAIL: g++.dg/torture/vshuf-v2di.C -O1 execution test
FAIL: g++.dg/torture/vshuf-v2di.C -O2 execution test
FAIL: g++.dg/torture/vshuf-v2di.C -O3 -fomit-frame-pointer execution test
FAIL: g++.dg/torture/vshuf-v2di.C -O3 -g execution test
FAIL: g++.dg/torture/vshuf-v2di.C -Os execution test
FAIL: g++.dg/torture/vshuf-v2di.C -O2 -flto -fno-use-linker-plugin -flto-partition=none execution test
FAIL: g++.dg/torture/vshuf-v2di.C -O2 -flto -fuse-linker-plugin -fno-fat-lto-objects execution test
FAIL: g++.dg/torture/vshuf-v4di.C -O1 execution test
FAIL: g++.dg/torture/vshuf-v4di.C -O2 execution test
FAIL: g++.dg/torture/vshuf-v4di.C -O3 -fomit-frame-pointer execution test
FAIL: g++.dg/torture/vshuf-v4di.C -O3 -g execution test
FAIL: g++.dg/torture/vshuf-v4di.C -Os execution test
FAIL: g++.dg/torture/vshuf-v4di.C -O2 -flto -fno-use-linker-plugin -flto-partition=none execution test
FAIL: g++.dg/torture/vshuf-v4di.C -O2 -flto -fuse-linker-plugin -fno-fat-lto-objects execution test
FAIL: g++.dg/torture/vshuf-v4si.C -O1 execution test
FAIL: g++.dg/torture/vshuf-v4si.C -O2 execution test
FAIL: g++.dg/torture/vshuf-v4si.C -O3 -fomit-frame-pointer execution test
FAIL: g++.dg/torture/vshuf-v4si.C -O3 -g execution test
FAIL: g++.dg/torture/vshuf-v4si.C -Os execution test
FAIL: g++.dg/torture/vshuf-v4si.C -O2 -flto -fno-use-linker-plugin -flto-partition=none execution test
FAIL: g++.dg/torture/vshuf-v4si.C -O2 -flto -fuse-linker-plugin -fno-fat-lto-objects execution test
FAIL: g++.dg/torture/vshuf-v8si.C -O1 execution test
FAIL: g++.dg/torture/vshuf-v8si.C -O2 execution test
FAIL: g++.dg/torture/vshuf-v8si.C -O3 -fomit-frame-pointer execution test
FAIL: g++.dg/torture/vshuf-v8si.C -O3 -g execution test
FAIL: g++.dg/torture/vshuf-v8si.C -Os execution test
FAIL: g++.dg/torture/vshuf-v8si.C -O2 -flto -fno-use-linker-plugin -flto-partition=none execution test
FAIL: g++.dg/torture/vshuf-v8si.C -O2 -flto -fuse-linker-plugin -fno-fat-lto-objects execution test
FAIL: g++.old-deja/g++.eh/crash4.C -std=gnu++98 (internal compiler error)
FAIL: g++.old-deja/g++.eh/crash4.C -std=gnu++98 (test for excess errors)
FAIL: g++.old-deja/g++.eh/crash4.C -std=gnu++11 (internal compiler error)
FAIL: g++.old-deja/g++.eh/crash4.C -std=gnu++11 (test for excess errors)
=== g++ Summary ===
# of expected passes 55002
# of unexpected failures 44
# of expected failures 290
# of unsupported tests 1110
-z196/gcc/testsuite/g++/../../xg++ version 4.9.0 20140110 (experimental) (GCC)
=== gcc tests ===
Running target unix
FAIL: gcc.c-torture/compile/920623-1.c -O1 (internal compiler error)
FAIL: gcc.c-torture/compile/920623-1.c -O1 (test for excess errors)
FAIL: gcc.c-torture/compile/950618-1.c -O1 (internal compiler error)
FAIL: gcc.c-torture/compile/950618-1.c -O1 (test for excess errors)
FAIL: gcc.c-torture/compile/pr40556.c -O2 (internal compiler error)
FAIL: gcc.c-torture/compile/pr40556.c -O2 (test for excess errors)
FAIL: gcc.c-torture/compile/pr40556.c -O3 -fomit-frame-pointer (internal compiler error)
FAIL: gcc.c-torture/compile/pr40556.c -O3 -fomit-frame-pointer (test for excess errors)
FAIL: gcc.c-torture/compile/pr40556.c -O3 -g (internal compiler error)
FAIL: gcc.c-torture/compile/pr40556.c -O3 -g (test for excess errors)
FAIL: gcc.c-torture/compile/pr40556.c -Os (internal compiler error)
FAIL: gcc.c-torture/compile/pr40556.c -Os (test for excess errors)
FAIL: gcc.c-torture/compile/pr40556.c -O2 -flto -fno-use-linker-plugin -flto-partition=none (internal compiler error)
FAIL: gcc.c-torture/compile/pr40556.c -O2 -flto -fno-use-linker-plugin -flto-partition=none (test for excess errors)
FAIL: gcc.c-torture/compile/pr42632.c -O1 (internal compiler error)
FAIL: gcc.c-torture/compile/pr42632.c -O1 (test for excess errors)
FAIL: gcc.c-torture/compile/pr42632.c -O2 (internal compiler error)
FAIL: gcc.c-torture/compile/pr42632.c -O2 (test for excess errors)
FAIL: gcc.c-torture/compile/pr42632.c -O3 -fomit-frame-pointer (internal compiler error)
FAIL: gcc.c-torture/compile/pr42632.c -O3 -fomit-frame-pointer (test for excess errors)
FAIL: gcc.c-torture/compile/pr42632.c -O3 -g (internal compiler error)
FAIL: gcc.c-torture/compile/pr42632.c -O3 -g (test for excess errors)
FAIL: gcc.c-torture/compile/pr42632.c -Os (internal compiler error)
FAIL: gcc.c-torture/compile/pr42632.c -Os (test for excess errors)
FAIL: gcc.c-torture/compile/pr42632.c -O2 -flto -fno-use-linker-plugin -flto-partition=none (internal compiler error)
FAIL: gcc.c-torture/compile/pr42632.c -O2 -flto -fno-use-linker-plugin -flto-partition=none (test for excess errors)
FAIL: gcc.c-torture/compile/pr49735.c -O1 (internal compiler error)
FAIL: gcc.c-torture/compile/pr49735.c -O1 (test for excess errors)
FAIL: gcc.c-torture/execute/20000205-1.c compilation, -O3 -fomit-frame-pointer
UNRESOLVED: gcc.c-torture/execute/20000205-1.c execution, -O3 -fomit-frame-pointer
FAIL: gcc.c-torture/execute/20000205-1.c compilation, -O3 -fomit-frame-pointer -funroll-loops
UNRESOLVED: gcc.c-torture/execute/20000205-1.c execution, -O3 -fomit-frame-pointer -funroll-loops
FAIL: gcc.c-torture/execute/20000205-1.c compilation, -O3 -fomit-frame-pointer -funroll-all-loops -finline-functions
UNRESOLVED: gcc.c-torture/execute/20000205-1.c execution, -O3 -fomit-frame-pointer -funroll-all-loops -finline-functions
FAIL: gcc.c-torture/execute/20000205-1.c compilation, -O3 -g
UNRESOLVED: gcc.c-torture/execute/20000205-1.c execution, -O3 -g
FAIL: gcc.c-torture/execute/20001130-1.c compilation, -O3 -fomit-frame-pointer (internal compiler error)
UNRESOLVED: gcc.c-torture/execute/20001130-1.c execution, -O3 -fomit-frame-pointer
FAIL: gcc.c-torture/execute/20001130-1.c compilation, -O3 -g
UNRESOLVED: gcc.c-torture/execute/20001130-1.c execution, -O3 -g
FAIL: gcc.dg/atomic/c11-atomic-exec-5.c -O0 execution test
FAIL: gcc.dg/atomic/c11-atomic-exec-5.c -O1 execution test
FAIL: gcc.dg/atomic/c11-atomic-exec-5.c -O2 execution test
FAIL: gcc.dg/atomic/c11-atomic-exec-5.c -O3 -fomit-frame-pointer execution test
FAIL: gcc.dg/atomic/c11-atomic-exec-5.c -O3 -fomit-frame-pointer -funroll-loops execution test
FAIL: gcc.dg/atomic/c11-atomic-exec-5.c -O3 -fomit-frame-pointer -funroll-all-loops -finline-functions execution test
FAIL: gcc.dg/atomic/c11-atomic-exec-5.c -O3 -g execution test
FAIL: gcc.dg/atomic/c11-atomic-exec-5.c -Os execution test
FAIL: gcc.dg/atomic/c11-atomic-exec-5.c -O2 -flto -fno-use-linker-plugin -flto-partition=none execution test
FAIL: gcc.dg/atomic/c11-atomic-exec-5.c -O2 -flto -fuse-linker-plugin -fno-fat-lto-objects execution test
FAIL: gcc.dg/builtin-bswap-6.c scan-rtl-dump-not combine "bswapsi"
FAIL: gcc.dg/builtin-bswap-8.c scan-rtl-dump-not combine "bswapsi"
FAIL: gcc.dg/c99-stdint-1.c (test for excess errors)
FAIL: gcc.dg/gcc-have-sync-compare-and-swap.c (test for excess errors)
FAIL: gcc.dg/hoist-register-pressure-1.c scan-rtl-dump hoist "PRE/HOIST: end of bb .* copying expression"
FAIL: gcc.dg/hoist-register-pressure-2.c scan-rtl-dump hoist "PRE/HOIST: end of bb .* copying expression"
FAIL: gcc.dg/hoist-register-pressure-3.c scan-rtl-dump hoist "PRE/HOIST: end of bb .* copying expression"
FAIL: gcc.dg/lower-subreg-1.c scan-rtl-dump subreg1 "Splitting reg"
FAIL: gcc.dg/pr46233.c (internal compiler error)
FAIL: gcc.dg/pr46233.c (test for excess errors)
FAIL: gcc.dg/pr48837.c (internal compiler error)
FAIL: gcc.dg/pr48837.c (test for excess errors)
WARNING: gcc.dg/pr48837.c compilation failed to produce executable
FAIL: gcc.dg/uninit-13.c unconditional (test for warnings, line 8)
FAIL: gcc.dg/uninit-13.c (test for excess errors)
FAIL: gcc.dg/var-expand1.c scan-rtl-dump loop2_unroll "Expanding Accumulator"
WARNING: program timed out.
FAIL: gcc.dg/torture/inline-2.c -O1 (internal compiler error)
FAIL: gcc.dg/torture/inline-2.c -O1 (test for excess errors)
FAIL: gcc.dg/torture/inline-2.c -O2 (internal compiler error)
FAIL: gcc.dg/torture/inline-2.c -O2 (test for excess errors)
FAIL: gcc.dg/torture/inline-2.c -O3 -fomit-frame-pointer (internal compiler error)
FAIL: gcc.dg/torture/inline-2.c -O3 -fomit-frame-pointer (test for excess errors)
FAIL: gcc.dg/torture/inline-2.c -O3 -g (internal compiler error)
FAIL: gcc.dg/torture/inline-2.c -O3 -g (test for excess errors)
FAIL: gcc.dg/torture/inline-2.c -Os (internal compiler error)
FAIL: gcc.dg/torture/inline-2.c -Os (test for excess errors)
FAIL: gcc.dg/torture/inline-2.c -O2 -flto -fno-use-linker-plugin -flto-partition=none (internal compiler error)
FAIL: gcc.dg/torture/inline-2.c -O2 -flto -fno-use-linker-plugin -flto-partition=none (test for excess errors)
XPASS: gcc.dg/tree-ssa/20040204-1.c scan-tree-dump-times optimized "link_error" 0
FAIL: gcc.dg/tree-ssa/flatten-2.c (internal compiler error)
FAIL: gcc.dg/tree-ssa/flatten-2.c (test for excess errors)
FAIL: gcc.dg/tree-ssa/flatten-2.c scan-assembler cycle[123][: \\t\\n]
FAIL: gcc.dg/tree-ssa/forwprop-28.c scan-tree-dump-times forwprop1 "Replaced" 8
FAIL: gcc.dg/tree-ssa/reassoc-33.c scan-tree-dump-times reassoc1 "Optimizing range tests" 3
FAIL: gcc.dg/tree-ssa/reassoc-34.c scan-tree-dump-times reassoc1 "Optimizing range tests" 1
FAIL: gcc.dg/tree-ssa/reassoc-35.c scan-tree-dump-times reassoc1 "Optimizing range tests" 1
FAIL: gcc.dg/tree-ssa/reassoc-36.c scan-tree-dump-times reassoc1 "Optimizing range tests" 1
FAIL: gcc.dg/tree-ssa/ssa-ifcombine-ccmp-1.c scan-tree-dump optimized "&"
FAIL: gcc.dg/tree-ssa/ssa-ifcombine-ccmp-4.c scan-tree-dump optimized "&"
FAIL: gcc.dg/tree-ssa/ssa-ifcombine-ccmp-5.c scan-tree-dump-times optimized "&" 2
FAIL: gcc.dg/tree-ssa/ssa-ifcombine-ccmp-6.c scan-tree-dump-times optimized "\\\\|" 2
FAIL: gcc.dg/tree-ssa/vrp87.c scan-tree-dump vrp2 "Folded into: if.*"
FAIL: gcc.dg/tree-ssa/vrp87.c scan-tree-dump cddce2 "Deleting.*_Bool.*;"
FAIL: gcc.target/s390/htm-builtins-compile-1.c (test for excess errors)
=== gcc Summary ===
# of expected passes 86648
# of unexpected failures 86
# of unexpected successes 1
# of expected failures 107
# of unresolved testcases 6
# of unsupported tests 1366
-z196/gcc/xgcc version 4.9.0 20140110 (experimental) (GCC)
=== gfortran tests ===
Running target unix
FAIL: gfortran.dg/class_48.f90 -O2 (test for excess errors)
FAIL: gfortran.dg/class_48.f90 -Os (test for excess errors)
FAIL: gfortran.dg/minlocval_3.f90 -Os execution test
=== gfortran Summary ===
# of expected passes 44231
# of unexpected failures 3
# of expected failures 38
# of unsupported tests 248
-z196/gcc/testsuite/gfortran/../../gfortran version 4.9.0 20140110 (experimental) (GCC)
=== obj-c++ tests ===
Running target unix
=== obj-c++ Summary ===
# of expected passes 1449
# of expected failures 2
# of unsupported tests 86
-z196/gcc/testsuite/obj-c++/../../xg++ version 4.9.0 20140110 (experimental) (GCC)
=== objc tests ===
Running target unix
=== objc Summary ===
# of expected passes 2994
# of unsupported tests 74
-z196/gcc/xgcc version 4.9.0 20140110 (experimental) (GCC)
=== libatomic tests ===
Running target unix
=== libatomic Summary ===
# of expected passes 44
# of unsupported tests 5
=== libgomp tests ===
Running target unix
FAIL: libgomp.fortran/allocatable6.f90 -O1 execution test
FAIL: libgomp.fortran/allocatable6.f90 -O2 execution test
FAIL: libgomp.fortran/allocatable6.f90 -O3 -fomit-frame-pointer execution test
FAIL: libgomp.fortran/allocatable6.f90 -O3 -fomit-frame-pointer -funroll-loops execution test
FAIL: libgomp.fortran/allocatable6.f90 -O3 -fomit-frame-pointer -funroll-all-loops -finline-functions execution test
FAIL: libgomp.fortran/allocatable6.f90 -O3 -g execution test
FAIL: libgomp.fortran/allocatable6.f90 -Os execution test
FAIL: libgomp.fortran/workshare1.f90 -O execution test
=== libgomp Summary ===
# of expected passes 2335
# of unexpected failures 8
# of unsupported tests 1
=== libitm tests ===
Running target unix
=== libitm Summary ===
# of expected passes 26
# of expected failures 3
# of unsupported tests 1
=== libstdc++ tests ===
Running target unix
=== libstdc++ Summary ===
# of expected passes 9900
# of expected failures 41
# of unsupported tests 237
Version: 4.9.0 20140110 (experimental) (GCC)
Platform: s390-ibm-linux-gnu z196
configure flags: --prefix=/build/build-system/build/20140110/gcc-head/install-s390-z196 --enable-shared --with-system-zlib --enable-threads=posix --enable-__cxa_atexit --enable-checking --enable-languages=c,c++,objc,obj-c++,fortran --with-mode=zarch --with-arch=z196
GCC version:
More information about the Gcc-testresults
mailing list