Results for 4.9.0 20140105 (experimental) [trunk revision 206340p1] (GCC) testsuite on x86_64-apple-darwin13.0.0
Dominique Dhumieres
dominiq@lps.ens.fr
Sun Jan 5 13:59:00 GMT 2014
LAST_UPDATED: Updated Sun Jan 5 11:08:56 CET 2014 to revision 206340
with the patch at
http://gcc.gnu.org/ml/gcc-testresults/2013-12/msg02179.html.
=== acats tests ===
=== acats Summary ===
# of expected passes 2320
# of unexpected failures 0
Native configuration is x86_64-apple-darwin13.0.0
=== g++ tests ===
Running target unix/-m32
FAIL: g++.dg/cilk-plus/CK/catch_exc.cc -O1 -fcilkplus execution test
FAIL: g++.dg/cilk-plus/CK/catch_exc.cc -O2 -fcilkplus execution test
FAIL: g++.dg/cilk-plus/CK/catch_exc.cc -O3 -fcilkplus execution test
FAIL: g++.dg/cilk-plus/CK/catch_exc.cc -g -O2 -fcilkplus execution test
FAIL: g++.dg/cilk-plus/CK/catch_exc.cc -g -O3 -fcilkplus execution test
FAIL: g++.dg/ext/sync-4.C -std=gnu++98 execution test
FAIL: g++.dg/ext/sync-4.C -std=gnu++11 execution test
FAIL: g++.dg/opt/vt4.C -std=gnu++98 scan-assembler-not _ZTV.A
FAIL: g++.dg/opt/vt4.C -std=gnu++11 scan-assembler-not _ZTV.A
=== g++ Summary for unix/-m32 ===
# of expected passes 56983
# of unexpected failures 9
# of expected failures 288
# of unsupported tests 1008
Running target unix/-m64
FAIL: g++.dg/ext/sync-4.C -std=gnu++98 (test for excess errors)
UNRESOLVED: g++.dg/ext/sync-4.C -std=gnu++98 compilation failed to produce executable
FAIL: g++.dg/ext/sync-4.C -std=gnu++11 (test for excess errors)
UNRESOLVED: g++.dg/ext/sync-4.C -std=gnu++11 compilation failed to produce executable
FAIL: g++.dg/opt/vt4.C -std=gnu++98 scan-assembler-not _ZTV.A
FAIL: g++.dg/opt/vt4.C -std=gnu++11 scan-assembler-not _ZTV.A
FAIL: g++.dg/tree-prof/partition1.C compilation, -fprofile-use
UNRESOLVED: g++.dg/tree-prof/partition1.C execution, -fprofile-use
FAIL: g++.dg/tree-prof/pr57451.C compilation, -fprofile-use
UNRESOLVED: g++.dg/tree-prof/pr57451.C execution, -fprofile-use
=== g++ Summary for unix/-m64 ===
# of expected passes 57787
# of unexpected failures 6
# of expected failures 288
# of unresolved testcases 4
# of unsupported tests 1229
=== g++ Summary ===
# of expected passes 114770
# of unexpected failures 15
# of expected failures 576
# of unresolved testcases 4
# of unsupported tests 2237
/opt/gcc/p_build/gcc/testsuite/g++/../../xg++ version 4.9.0 20140105 (experimental) [trunk revision 206340p1] (GCC)
=== gcc tests ===
Running target unix/-m32
FAIL: c-c++-common/asan/strncpy-overflow-1.c -O0 execution test
FAIL: gcc.dg/20021014-1.c execution test
XPASS: gcc.dg/binop-xor1.c scan-tree-dump-times optimized "\\\\^" 1
FAIL: gcc.dg/pr43643.c execution test
WARNING: program timed out.
FAIL: gcc.dg/pch/save-temps-1.c -O1 -I. -Dwith_PCH (test for excess errors)
FAIL: gcc.dg/pch/save-temps-1.c -O1 assembly comparison
XPASS: gcc.target/i386/avx512f-gather-5.c scan-assembler-not gather[^\\n]*ymm[^\\n]*ymm
FAIL: gcc.target/i386/memcpy-strategy-3.c scan-assembler-times memcpy 2
FAIL: gcc.target/i386/memset-strategy-1.c scan-assembler-times memset 2
FAIL: gcc.target/i386/pr57275.c (test for excess errors)
UNRESOLVED: gcc.target/i386/pr57275.c compilation failed to produce executable
FAIL: gcc.target/i386/pr59501-1.c (test for excess errors)
UNRESOLVED: gcc.target/i386/pr59501-1.c compilation failed to produce executable
FAIL: gcc.target/i386/pr59501-2.c (test for excess errors)
UNRESOLVED: gcc.target/i386/pr59501-2.c compilation failed to produce executable
FAIL: gcc.target/i386/pr59501-3.c (test for excess errors)
UNRESOLVED: gcc.target/i386/pr59501-3.c compilation failed to produce executable
FAIL: gcc.target/i386/pr59501-4.c (test for excess errors)
UNRESOLVED: gcc.target/i386/pr59501-4.c compilation failed to produce executable
FAIL: gcc.target/i386/pr59501-5.c (test for excess errors)
UNRESOLVED: gcc.target/i386/pr59501-5.c compilation failed to produce executable
FAIL: gcc.target/i386/pr59501-6.c (test for excess errors)
UNRESOLVED: gcc.target/i386/pr59501-6.c compilation failed to produce executable
=== gcc Summary for unix/-m32 ===
# of expected passes 98990
# of unexpected failures 14
# of unexpected successes 2
# of expected failures 252
# of unresolved testcases 7
# of unsupported tests 2669
Running target unix/-m64
FAIL: c-c++-common/asan/strncpy-overflow-1.c -O0 execution test
XPASS: gcc.dg/binop-xor1.c scan-tree-dump-times optimized "\\\\^" 1
WARNING: program timed out.
FAIL: gcc.dg/pch/save-temps-1.c -O3 -fomit-frame-pointer -I. -Dwith_PCH (test for excess errors)
FAIL: gcc.dg/pch/save-temps-1.c -O3 -fomit-frame-pointer assembly comparison
FAIL: gcc.dg/tree-prof/20041218-1.c compilation, -fprofile-use -D_PROFILE_USE
UNRESOLVED: gcc.dg/tree-prof/20041218-1.c execution, -fprofile-use -D_PROFILE_USE
FAIL: gcc.dg/tree-prof/crossmodule-indircall-1.c compilation, -fprofile-use -D_PROFILE_USE
UNRESOLVED: gcc.dg/tree-prof/crossmodule-indircall-1.c execution, -fprofile-use -D_PROFILE_USE
FAIL: gcc.dg/tree-prof/pr34999.c compilation, -fprofile-use -D_PROFILE_USE
UNRESOLVED: gcc.dg/tree-prof/pr34999.c execution, -fprofile-use -D_PROFILE_USE
FAIL: gcc.dg/tree-prof/pr45354.c compilation, -fprofile-use -D_PROFILE_USE
UNRESOLVED: gcc.dg/tree-prof/pr45354.c execution, -fprofile-use -D_PROFILE_USE
FAIL: gcc.dg/tree-prof/pr49299-1.c compilation, -fprofile-use -D_PROFILE_USE
UNRESOLVED: gcc.dg/tree-prof/pr49299-1.c execution, -fprofile-use -D_PROFILE_USE
FAIL: gcc.dg/tree-prof/pr49299-2.c compilation, -fprofile-use -D_PROFILE_USE
UNRESOLVED: gcc.dg/tree-prof/pr49299-2.c execution, -fprofile-use -D_PROFILE_USE
FAIL: gcc.dg/tree-prof/pr50907.c compilation, -fprofile-use -D_PROFILE_USE
UNRESOLVED: gcc.dg/tree-prof/pr50907.c execution, -fprofile-use -D_PROFILE_USE
XPASS: gcc.target/i386/avx512f-gather-5.c scan-assembler-not gather[^\\n]*ymm[^\\n]*ymm
FAIL: gcc.target/i386/memcpy-strategy-3.c scan-assembler-times memcpy 2
FAIL: gcc.target/i386/memset-strategy-1.c scan-assembler-times memset 2
FAIL: gcc.target/i386/pr36222-1.c scan-assembler-not movdqa
FAIL: gcc.target/i386/pr49866.c (test for excess errors)
FAIL: gcc.target/i386/pr57275.c (test for excess errors)
UNRESOLVED: gcc.target/i386/pr57275.c compilation failed to produce executable
FAIL: gcc.target/i386/pr59501-1.c (test for excess errors)
UNRESOLVED: gcc.target/i386/pr59501-1.c compilation failed to produce executable
FAIL: gcc.target/i386/pr59501-2.c (test for excess errors)
UNRESOLVED: gcc.target/i386/pr59501-2.c compilation failed to produce executable
FAIL: gcc.target/i386/pr59501-3.c (test for excess errors)
UNRESOLVED: gcc.target/i386/pr59501-3.c compilation failed to produce executable
FAIL: gcc.target/i386/pr59501-4.c (test for excess errors)
UNRESOLVED: gcc.target/i386/pr59501-4.c compilation failed to produce executable
FAIL: gcc.target/i386/pr59501-5.c (test for excess errors)
UNRESOLVED: gcc.target/i386/pr59501-5.c compilation failed to produce executable
FAIL: gcc.target/i386/pr59501-6.c (test for excess errors)
UNRESOLVED: gcc.target/i386/pr59501-6.c compilation failed to produce executable
=== gcc Summary for unix/-m64 ===
# of expected passes 99473
# of unexpected failures 21
# of unexpected successes 2
# of expected failures 257
# of unresolved testcases 14
# of unsupported tests 2906
=== gcc Summary ===
# of expected passes 198463
# of unexpected failures 35
# of unexpected successes 4
# of expected failures 509
# of unresolved testcases 21
# of unsupported tests 5575
/opt/gcc/p_build/gcc/xgcc version 4.9.0 20140105 (experimental) [trunk revision 206340p1] (GCC)
=== gfortran tests ===
Running target unix/-m32
FAIL: gfortran.dg/class_48.f90 -O2 (test for excess errors)
FAIL: gfortran.dg/class_48.f90 -Os (test for excess errors)
FAIL: gfortran.dg/lto/pr45586-2 f_lto_pr45586-2_0.o-f_lto_pr45586-2_0.o link, -O0 -flto -flto-partition=none (internal compiler error)
UNRESOLVED: gfortran.dg/lto/pr45586-2 f_lto_pr45586-2_0.o-f_lto_pr45586-2_0.o execute -O0 -flto -flto-partition=none
FAIL: gfortran.dg/lto/pr45586-2 f_lto_pr45586-2_0.o-f_lto_pr45586-2_0.o link, -O0 -flto -flto-partition=1to1 (internal compiler error)
UNRESOLVED: gfortran.dg/lto/pr45586-2 f_lto_pr45586-2_0.o-f_lto_pr45586-2_0.o execute -O0 -flto -flto-partition=1to1
FAIL: gfortran.dg/lto/pr45586-2 f_lto_pr45586-2_0.o-f_lto_pr45586-2_0.o link, -O0 -flto (internal compiler error)
UNRESOLVED: gfortran.dg/lto/pr45586-2 f_lto_pr45586-2_0.o-f_lto_pr45586-2_0.o execute -O0 -flto
FAIL: gfortran.dg/lto/pr45586 f_lto_pr45586_0.o-f_lto_pr45586_0.o link, -O0 -flto -flto-partition=none (internal compiler error)
UNRESOLVED: gfortran.dg/lto/pr45586 f_lto_pr45586_0.o-f_lto_pr45586_0.o execute -O0 -flto -flto-partition=none
FAIL: gfortran.dg/lto/pr45586 f_lto_pr45586_0.o-f_lto_pr45586_0.o link, -O0 -flto -flto-partition=1to1 (internal compiler error)
UNRESOLVED: gfortran.dg/lto/pr45586 f_lto_pr45586_0.o-f_lto_pr45586_0.o execute -O0 -flto -flto-partition=1to1
FAIL: gfortran.dg/lto/pr45586 f_lto_pr45586_0.o-f_lto_pr45586_0.o link, -O0 -flto (internal compiler error)
UNRESOLVED: gfortran.dg/lto/pr45586 f_lto_pr45586_0.o-f_lto_pr45586_0.o execute -O0 -flto
FAIL: gfortran.dg/vect/fast-math-mgrid-resid.f scan-tree-dump-times optimized "vect_[^\\\\n]*\\\\+ " 13
=== gfortran Summary for unix/-m32 ===
# of expected passes 44926
# of unexpected failures 9
# of expected failures 52
# of unresolved testcases 6
# of unsupported tests 212
Running target unix/-m64
FAIL: gfortran.dg/lto/pr45586-2 f_lto_pr45586-2_0.o-f_lto_pr45586-2_0.o link, -O0 -flto -flto-partition=none (internal compiler error)
UNRESOLVED: gfortran.dg/lto/pr45586-2 f_lto_pr45586-2_0.o-f_lto_pr45586-2_0.o execute -O0 -flto -flto-partition=none
FAIL: gfortran.dg/lto/pr45586-2 f_lto_pr45586-2_0.o-f_lto_pr45586-2_0.o link, -O0 -flto -flto-partition=1to1 (internal compiler error)
UNRESOLVED: gfortran.dg/lto/pr45586-2 f_lto_pr45586-2_0.o-f_lto_pr45586-2_0.o execute -O0 -flto -flto-partition=1to1
FAIL: gfortran.dg/lto/pr45586-2 f_lto_pr45586-2_0.o-f_lto_pr45586-2_0.o link, -O0 -flto (internal compiler error)
UNRESOLVED: gfortran.dg/lto/pr45586-2 f_lto_pr45586-2_0.o-f_lto_pr45586-2_0.o execute -O0 -flto
FAIL: gfortran.dg/lto/pr45586 f_lto_pr45586_0.o-f_lto_pr45586_0.o link, -O0 -flto -flto-partition=none (internal compiler error)
UNRESOLVED: gfortran.dg/lto/pr45586 f_lto_pr45586_0.o-f_lto_pr45586_0.o execute -O0 -flto -flto-partition=none
FAIL: gfortran.dg/lto/pr45586 f_lto_pr45586_0.o-f_lto_pr45586_0.o link, -O0 -flto -flto-partition=1to1 (internal compiler error)
UNRESOLVED: gfortran.dg/lto/pr45586 f_lto_pr45586_0.o-f_lto_pr45586_0.o execute -O0 -flto -flto-partition=1to1
FAIL: gfortran.dg/lto/pr45586 f_lto_pr45586_0.o-f_lto_pr45586_0.o link, -O0 -flto (internal compiler error)
UNRESOLVED: gfortran.dg/lto/pr45586 f_lto_pr45586_0.o-f_lto_pr45586_0.o execute -O0 -flto
FAIL: gfortran.dg/vect/fast-math-mgrid-resid.f scan-tree-dump-times optimized "vect_[^\\\\n]*\\\\+ " 13
=== gfortran Summary for unix/-m64 ===
# of expected passes 45215
# of unexpected failures 7
# of expected failures 52
# of unresolved testcases 6
# of unsupported tests 74
=== gfortran Summary ===
# of expected passes 90141
# of unexpected failures 16
# of expected failures 104
# of unresolved testcases 12
# of unsupported tests 286
/opt/gcc/p_build/gcc/testsuite/gfortran/../../gfortran version 4.9.0 20140105 (experimental) [trunk revision 206340p1] (GCC)
=== gnat tests ===
Running target unix/-m32
=== gnat Summary for unix/-m32 ===
# of expected passes 1211
# of expected failures 18
# of unsupported tests 6
Running target unix/-m64
=== gnat Summary for unix/-m64 ===
# of expected passes 1211
# of expected failures 18
# of unsupported tests 6
=== gnat Summary ===
# of expected passes 2422
# of expected failures 36
# of unsupported tests 12
/opt/gcc/p_build/gcc/gnatmake version 4.9.0 20140105 (experimental) [trunk revision 206340p1]
=== obj-c++ tests ===
Running target unix/-m32
FAIL: obj-c++.dg/cxx-ivars-3.mm -fnext-runtime execution test
FAIL: obj-c++.dg/gnu-api-2-objc.mm -fnext-runtime execution test
=== obj-c++ Summary for unix/-m32 ===
# of expected passes 3155
# of unexpected failures 2
# of expected failures 2
# of unsupported tests 68
Running target unix/-m64
FAIL: obj-c++.dg/gnu-api-2-objc.mm -fnext-runtime execution test
FAIL: obj-c++.dg/try-catch-2.mm -fnext-runtime execution test
FAIL: obj-c++.dg/try-catch-9.mm -fnext-runtime execution test
=== obj-c++ Summary for unix/-m64 ===
# of expected passes 3095
# of unexpected failures 3
# of expected failures 19
# of unsupported tests 74
=== obj-c++ Summary ===
# of expected passes 6250
# of unexpected failures 5
# of expected failures 21
# of unsupported tests 142
/opt/gcc/p_build/gcc/testsuite/obj-c++/../../xg++ version 4.9.0 20140105 (experimental) [trunk revision 206340p1] (GCC)
=== objc tests ===
Running target unix/-m32
FAIL: objc.dg/call-super-2.m -fnext-runtime (test for warnings, line 74)
FAIL: objc.dg/call-super-2.m -fnext-runtime (test for warnings, line 104)
FAIL: objc.dg/gnu-api-2-objc.m -fnext-runtime execution test
=== objc Summary for unix/-m32 ===
# of expected passes 6097
# of unexpected failures 3
# of expected failures 6
# of unsupported tests 85
Running target unix/-m64
FAIL: objc.dg/call-super-2.m -fnext-runtime (test for warnings, line 74)
FAIL: objc.dg/call-super-2.m -fnext-runtime (test for warnings, line 104)
FAIL: objc.dg/exceptions-2.m -fnext-runtime execution test
FAIL: objc.dg/gnu-api-2-objc.m -fnext-runtime execution test
=== objc Summary for unix/-m64 ===
# of expected passes 5940
# of unexpected failures 4
# of expected failures 6
# of unsupported tests 91
=== objc Summary ===
# of expected passes 12037
# of unexpected failures 7
# of expected failures 12
# of unsupported tests 176
/opt/gcc/p_build/gcc/xgcc version 4.9.0 20140105 (experimental) [trunk revision 206340p1] (GCC)
=== boehm-gc tests ===
Running target unix/-m32
=== boehm-gc Summary for unix/-m32 ===
# of expected passes 12
# of unsupported tests 1
Running target unix/-m64
=== boehm-gc Summary for unix/-m64 ===
# of expected passes 12
# of unsupported tests 1
=== boehm-gc Summary ===
# of expected passes 24
# of unsupported tests 2
=== libatomic tests ===
Running target unix/-m32
=== libatomic Summary for unix/-m32 ===
# of expected passes 44
# of unsupported tests 5
Running target unix/-m64
=== libatomic Summary for unix/-m64 ===
# of expected passes 54
=== libatomic Summary ===
# of expected passes 98
# of unsupported tests 5
=== libffi tests ===
Running target unix/-m32
=== libffi Summary for unix/-m32 ===
# of expected passes 1819
# of unsupported tests 55
Running target unix/-m64
=== libffi Summary for unix/-m64 ===
# of expected passes 1819
# of unsupported tests 55
=== libffi Summary ===
# of expected passes 3638
# of unsupported tests 110
=== libgomp tests ===
Running target unix/-m32
FAIL: libgomp.graphite/bounds.c scan-tree-dump-times graphite "0 loops carried no dependency" 1
FAIL: libgomp.graphite/force-parallel-4.c execution test
FAIL: libgomp.graphite/force-parallel-4.c scan-tree-dump-times graphite "2 loops carried no dependency" 1
FAIL: libgomp.graphite/force-parallel-6.c scan-tree-dump-times graphite "1 loops carried no dependency" 1
FAIL: libgomp.graphite/pr41118.c scan-tree-dump-times optimized "loopfn" 0
=== libgomp Summary for unix/-m32 ===
# of expected passes 2383
# of unexpected failures 5
# of unsupported tests 3
Running target unix/-m64
FAIL: libgomp.graphite/bounds.c scan-tree-dump-times graphite "0 loops carried no dependency" 1
FAIL: libgomp.graphite/force-parallel-4.c execution test
FAIL: libgomp.graphite/force-parallel-4.c scan-tree-dump-times graphite "2 loops carried no dependency" 1
FAIL: libgomp.graphite/force-parallel-6.c scan-tree-dump-times graphite "1 loops carried no dependency" 1
FAIL: libgomp.graphite/pr41118.c scan-tree-dump-times optimized "loopfn" 0
=== libgomp Summary for unix/-m64 ===
# of expected passes 2383
# of unexpected failures 5
# of unsupported tests 3
=== libgomp Summary ===
# of expected passes 4766
# of unexpected failures 10
# of unsupported tests 6
=== libitm tests ===
Running target unix/-m32
=== libitm Summary for unix/-m32 ===
# of expected passes 26
# of expected failures 3
# of unsupported tests 1
Running target unix/-m64
=== libitm Summary for unix/-m64 ===
# of expected passes 26
# of expected failures 3
# of unsupported tests 1
=== libitm Summary ===
# of expected passes 52
# of expected failures 6
# of unsupported tests 2
=== libjava tests ===
Running target unix/-m32
FAIL: sourcelocation output - source compiled test
FAIL: sourcelocation -findirect-dispatch output - source compiled test
FAIL: sourcelocation -O3 output - source compiled test
FAIL: sourcelocation -O3 -findirect-dispatch output - source compiled test
=== libjava Summary for unix/-m32 ===
# of expected passes 2582
# of unexpected failures 4
Running target unix/-m64
FAIL: Throw_2 execution - source compiled test
FAIL: Throw_2 -findirect-dispatch execution - source compiled test
FAIL: Throw_2 -O3 execution - source compiled test
FAIL: Throw_2 -O3 -findirect-dispatch execution - source compiled test
FAIL: sourcelocation output - source compiled test
FAIL: sourcelocation -findirect-dispatch output - source compiled test
FAIL: sourcelocation -O3 output - source compiled test
FAIL: sourcelocation -O3 -findirect-dispatch output - source compiled test
=== libjava Summary for unix/-m64 ===
# of expected passes 2574
# of unexpected failures 8
# of untested testcases 4
=== libjava Summary ===
# of expected passes 5156
# of unexpected failures 12
# of untested testcases 4
=== libstdc++ tests ===
Running target unix/-m32
=== libstdc++ Summary for unix/-m32 ===
# of expected passes 8843
# of expected failures 40
# of unsupported tests 656
Running target unix/-m64
=== libstdc++ Summary for unix/-m64 ===
# of expected passes 8841
# of expected failures 40
# of unsupported tests 657
=== libstdc++ Summary ===
# of expected passes 17684
# of expected failures 80
# of unsupported tests 1313
Compiler version: 4.9.0 20140105 (experimental) [trunk revision 206340p1] (GCC)
Platform: x86_64-apple-darwin13.0.0
configure flags: --prefix=/opt/gcc/gcc4.9p-206340p1 --enable-languages=c,c++,lto,fortran,ada,objc,obj-c++,java --with-gmp=/opt/mp --with-system-zlib --with-isl=/opt/mp --enable-lto --enable-plugin --with-arch=corei7 --with-cpu=corei7
More information about the Gcc-testresults
mailing list