Results for 4.9.0 20140102 (experimental) (GCC) testsuite on arm-none-linux-gnueabi
CodeSourcery Automatic Testing System
gcc@codesourcery.com
Fri Jan 3 00:33:00 GMT 2014
LAST_UPDATED: Thu Jan 2 08:08:49 UTC 2014 (/trunk revision 206279)
Target is arm-none-linux-gnueabi
Host is i686-pc-linux-gnu
=== g++ tests ===
Running target qemu-default
FAIL: g++.dg/cilk-plus/CK/catch_exc.cc -fcilkplus (test for excess errors)
UNRESOLVED: g++.dg/cilk-plus/CK/catch_exc.cc -fcilkplus compilation failed to produce executable
FAIL: g++.dg/cilk-plus/CK/const_spawn.cc -fcilkplus (test for excess errors)
UNRESOLVED: g++.dg/cilk-plus/CK/const_spawn.cc -fcilkplus compilation failed to produce executable
FAIL: g++.dg/cilk-plus/CK/fib-opr-overload.cc -fcilkplus (test for excess errors)
UNRESOLVED: g++.dg/cilk-plus/CK/fib-opr-overload.cc -fcilkplus compilation failed to produce executable
FAIL: g++.dg/cilk-plus/CK/fib-tplt.cc -fcilkplus (test for excess errors)
UNRESOLVED: g++.dg/cilk-plus/CK/fib-tplt.cc -fcilkplus compilation failed to produce executable
FAIL: g++.dg/cilk-plus/CK/lambda_spawns.cc -fcilkplus (test for excess errors)
UNRESOLVED: g++.dg/cilk-plus/CK/lambda_spawns.cc -fcilkplus compilation failed to produce executable
FAIL: g++.dg/cilk-plus/CK/lambda_spawns_tplt.cc -fcilkplus (test for excess errors)
UNRESOLVED: g++.dg/cilk-plus/CK/lambda_spawns_tplt.cc -fcilkplus compilation failed to produce executable
FAIL: g++.dg/cilk-plus/CK/catch_exc.cc -O1 -fcilkplus (test for excess errors)
UNRESOLVED: g++.dg/cilk-plus/CK/catch_exc.cc -O1 -fcilkplus compilation failed to produce executable
FAIL: g++.dg/cilk-plus/CK/const_spawn.cc -O1 -fcilkplus (test for excess errors)
UNRESOLVED: g++.dg/cilk-plus/CK/const_spawn.cc -O1 -fcilkplus compilation failed to produce executable
FAIL: g++.dg/cilk-plus/CK/fib-opr-overload.cc -O1 -fcilkplus (test for excess errors)
UNRESOLVED: g++.dg/cilk-plus/CK/fib-opr-overload.cc -O1 -fcilkplus compilation failed to produce executable
FAIL: g++.dg/cilk-plus/CK/fib-tplt.cc -O1 -fcilkplus (test for excess errors)
UNRESOLVED: g++.dg/cilk-plus/CK/fib-tplt.cc -O1 -fcilkplus compilation failed to produce executable
FAIL: g++.dg/cilk-plus/CK/lambda_spawns.cc -O1 -fcilkplus (test for excess errors)
UNRESOLVED: g++.dg/cilk-plus/CK/lambda_spawns.cc -O1 -fcilkplus compilation failed to produce executable
FAIL: g++.dg/cilk-plus/CK/lambda_spawns_tplt.cc -O1 -fcilkplus (test for excess errors)
UNRESOLVED: g++.dg/cilk-plus/CK/lambda_spawns_tplt.cc -O1 -fcilkplus compilation failed to produce executable
FAIL: g++.dg/cilk-plus/CK/catch_exc.cc -O2 -fcilkplus (test for excess errors)
UNRESOLVED: g++.dg/cilk-plus/CK/catch_exc.cc -O2 -fcilkplus compilation failed to produce executable
FAIL: g++.dg/cilk-plus/CK/const_spawn.cc -O2 -fcilkplus (test for excess errors)
UNRESOLVED: g++.dg/cilk-plus/CK/const_spawn.cc -O2 -fcilkplus compilation failed to produce executable
FAIL: g++.dg/cilk-plus/CK/fib-opr-overload.cc -O2 -fcilkplus (test for excess errors)
UNRESOLVED: g++.dg/cilk-plus/CK/fib-opr-overload.cc -O2 -fcilkplus compilation failed to produce executable
FAIL: g++.dg/cilk-plus/CK/fib-tplt.cc -O2 -fcilkplus (test for excess errors)
UNRESOLVED: g++.dg/cilk-plus/CK/fib-tplt.cc -O2 -fcilkplus compilation failed to produce executable
FAIL: g++.dg/cilk-plus/CK/lambda_spawns.cc -O2 -fcilkplus (test for excess errors)
UNRESOLVED: g++.dg/cilk-plus/CK/lambda_spawns.cc -O2 -fcilkplus compilation failed to produce executable
FAIL: g++.dg/cilk-plus/CK/lambda_spawns_tplt.cc -O2 -fcilkplus (test for excess errors)
UNRESOLVED: g++.dg/cilk-plus/CK/lambda_spawns_tplt.cc -O2 -fcilkplus compilation failed to produce executable
FAIL: g++.dg/cilk-plus/CK/catch_exc.cc -O3 -fcilkplus (test for excess errors)
UNRESOLVED: g++.dg/cilk-plus/CK/catch_exc.cc -O3 -fcilkplus compilation failed to produce executable
FAIL: g++.dg/cilk-plus/CK/const_spawn.cc -O3 -fcilkplus (test for excess errors)
UNRESOLVED: g++.dg/cilk-plus/CK/const_spawn.cc -O3 -fcilkplus compilation failed to produce executable
FAIL: g++.dg/cilk-plus/CK/fib-opr-overload.cc -O3 -fcilkplus (test for excess errors)
UNRESOLVED: g++.dg/cilk-plus/CK/fib-opr-overload.cc -O3 -fcilkplus compilation failed to produce executable
FAIL: g++.dg/cilk-plus/CK/fib-tplt.cc -O3 -fcilkplus (test for excess errors)
UNRESOLVED: g++.dg/cilk-plus/CK/fib-tplt.cc -O3 -fcilkplus compilation failed to produce executable
FAIL: g++.dg/cilk-plus/CK/lambda_spawns.cc -O3 -fcilkplus (test for excess errors)
UNRESOLVED: g++.dg/cilk-plus/CK/lambda_spawns.cc -O3 -fcilkplus compilation failed to produce executable
FAIL: g++.dg/cilk-plus/CK/lambda_spawns_tplt.cc -O3 -fcilkplus (test for excess errors)
UNRESOLVED: g++.dg/cilk-plus/CK/lambda_spawns_tplt.cc -O3 -fcilkplus compilation failed to produce executable
FAIL: g++.dg/cilk-plus/CK/catch_exc.cc -g -fcilkplus (test for excess errors)
UNRESOLVED: g++.dg/cilk-plus/CK/catch_exc.cc -g -fcilkplus compilation failed to produce executable
FAIL: g++.dg/cilk-plus/CK/const_spawn.cc -g -fcilkplus (test for excess errors)
UNRESOLVED: g++.dg/cilk-plus/CK/const_spawn.cc -g -fcilkplus compilation failed to produce executable
FAIL: g++.dg/cilk-plus/CK/fib-opr-overload.cc -g -fcilkplus (test for excess errors)
UNRESOLVED: g++.dg/cilk-plus/CK/fib-opr-overload.cc -g -fcilkplus compilation failed to produce executable
FAIL: g++.dg/cilk-plus/CK/fib-tplt.cc -g -fcilkplus (test for excess errors)
UNRESOLVED: g++.dg/cilk-plus/CK/fib-tplt.cc -g -fcilkplus compilation failed to produce executable
FAIL: g++.dg/cilk-plus/CK/lambda_spawns.cc -g -fcilkplus (test for excess errors)
UNRESOLVED: g++.dg/cilk-plus/CK/lambda_spawns.cc -g -fcilkplus compilation failed to produce executable
FAIL: g++.dg/cilk-plus/CK/lambda_spawns_tplt.cc -g -fcilkplus (test for excess errors)
UNRESOLVED: g++.dg/cilk-plus/CK/lambda_spawns_tplt.cc -g -fcilkplus compilation failed to produce executable
FAIL: g++.dg/cilk-plus/CK/catch_exc.cc -g -O2 -fcilkplus (test for excess errors)
UNRESOLVED: g++.dg/cilk-plus/CK/catch_exc.cc -g -O2 -fcilkplus compilation failed to produce executable
FAIL: g++.dg/cilk-plus/CK/const_spawn.cc -g -O2 -fcilkplus (test for excess errors)
UNRESOLVED: g++.dg/cilk-plus/CK/const_spawn.cc -g -O2 -fcilkplus compilation failed to produce executable
FAIL: g++.dg/cilk-plus/CK/fib-opr-overload.cc -g -O2 -fcilkplus (test for excess errors)
UNRESOLVED: g++.dg/cilk-plus/CK/fib-opr-overload.cc -g -O2 -fcilkplus compilation failed to produce executable
FAIL: g++.dg/cilk-plus/CK/fib-tplt.cc -g -O2 -fcilkplus (test for excess errors)
UNRESOLVED: g++.dg/cilk-plus/CK/fib-tplt.cc -g -O2 -fcilkplus compilation failed to produce executable
FAIL: g++.dg/cilk-plus/CK/lambda_spawns.cc -g -O2 -fcilkplus (test for excess errors)
UNRESOLVED: g++.dg/cilk-plus/CK/lambda_spawns.cc -g -O2 -fcilkplus compilation failed to produce executable
FAIL: g++.dg/cilk-plus/CK/lambda_spawns_tplt.cc -g -O2 -fcilkplus (test for excess errors)
UNRESOLVED: g++.dg/cilk-plus/CK/lambda_spawns_tplt.cc -g -O2 -fcilkplus compilation failed to produce executable
FAIL: g++.dg/cilk-plus/CK/catch_exc.cc -g -O3 -fcilkplus (test for excess errors)
UNRESOLVED: g++.dg/cilk-plus/CK/catch_exc.cc -g -O3 -fcilkplus compilation failed to produce executable
FAIL: g++.dg/cilk-plus/CK/const_spawn.cc -g -O3 -fcilkplus (test for excess errors)
UNRESOLVED: g++.dg/cilk-plus/CK/const_spawn.cc -g -O3 -fcilkplus compilation failed to produce executable
FAIL: g++.dg/cilk-plus/CK/fib-opr-overload.cc -g -O3 -fcilkplus (test for excess errors)
UNRESOLVED: g++.dg/cilk-plus/CK/fib-opr-overload.cc -g -O3 -fcilkplus compilation failed to produce executable
FAIL: g++.dg/cilk-plus/CK/fib-tplt.cc -g -O3 -fcilkplus (test for excess errors)
UNRESOLVED: g++.dg/cilk-plus/CK/fib-tplt.cc -g -O3 -fcilkplus compilation failed to produce executable
FAIL: g++.dg/cilk-plus/CK/lambda_spawns.cc -g -O3 -fcilkplus (test for excess errors)
UNRESOLVED: g++.dg/cilk-plus/CK/lambda_spawns.cc -g -O3 -fcilkplus compilation failed to produce executable
FAIL: g++.dg/cilk-plus/CK/lambda_spawns_tplt.cc -g -O3 -fcilkplus (test for excess errors)
UNRESOLVED: g++.dg/cilk-plus/CK/lambda_spawns_tplt.cc -g -O3 -fcilkplus compilation failed to produce executable
WARNING: program timed out.
FAIL: g++.dg/gomp/pr59150.C -std=gnu++98 (internal compiler error)
FAIL: g++.dg/gomp/pr59150.C -std=gnu++98 (test for excess errors)
WARNING: program timed out.
FAIL: g++.dg/gomp/pr59150.C -std=gnu++11 (internal compiler error)
FAIL: g++.dg/gomp/pr59150.C -std=gnu++11 (test for excess errors)
=== g++ Summary ===
# of expected passes 54517
# of unexpected failures 46
# of expected failures 289
# of unresolved testcases 42
# of unsupported tests 1145
/scratch/gcc/nightly-2014-01-02-mainline/arm-none-linux-gnueabi/obj/test-mainline-0-arm-none-linux-gnueabi/host-i686-pc-linux-gnu/fsf-mainline/bin/arm-none-linux-gnueabi-g++ version 4.9.0 20140102 (experimental) (GCC)
=== Summary adjusted for local xfails ===
# of unexpected failures 46
# of expected passes 54517
# of expected failures 289
# of unresolved testcases 42
# of unsupported tests 1145
Host is i686-pc-linux-gnu
=== gcc tests ===
Running target qemu-default
FAIL: gcc.dg/atomic/c11-atomic-exec-1.c -O0 execution test
FAIL: gcc.dg/atomic/c11-atomic-exec-1.c -O1 execution test
FAIL: gcc.dg/atomic/c11-atomic-exec-1.c -O2 execution test
FAIL: gcc.dg/atomic/c11-atomic-exec-1.c -O3 -fomit-frame-pointer execution test
FAIL: gcc.dg/atomic/c11-atomic-exec-1.c -O3 -fomit-frame-pointer -funroll-loops execution test
FAIL: gcc.dg/atomic/c11-atomic-exec-1.c -O3 -fomit-frame-pointer -funroll-all-loops -finline-functions execution test
FAIL: gcc.dg/atomic/c11-atomic-exec-1.c -O3 -g execution test
FAIL: gcc.dg/atomic/c11-atomic-exec-1.c -Os execution test
FAIL: gcc.dg/atomic/c11-atomic-exec-1.c -O2 -flto -fno-use-linker-plugin -flto-partition=none execution test
FAIL: gcc.dg/atomic/c11-atomic-exec-1.c -O2 -flto -fuse-linker-plugin -fno-fat-lto-objects execution test
FAIL: gcc.dg/atomic/c11-atomic-exec-2.c -O0 execution test
FAIL: gcc.dg/atomic/c11-atomic-exec-2.c -O1 execution test
FAIL: gcc.dg/atomic/c11-atomic-exec-2.c -O2 execution test
FAIL: gcc.dg/atomic/c11-atomic-exec-2.c -O3 -fomit-frame-pointer execution test
FAIL: gcc.dg/atomic/c11-atomic-exec-2.c -O3 -fomit-frame-pointer -funroll-loops execution test
FAIL: gcc.dg/atomic/c11-atomic-exec-2.c -O3 -fomit-frame-pointer -funroll-all-loops -finline-functions execution test
FAIL: gcc.dg/atomic/c11-atomic-exec-2.c -O3 -g execution test
FAIL: gcc.dg/atomic/c11-atomic-exec-2.c -Os execution test
FAIL: gcc.dg/atomic/c11-atomic-exec-2.c -O2 -flto -fno-use-linker-plugin -flto-partition=none execution test
FAIL: gcc.dg/atomic/c11-atomic-exec-2.c -O2 -flto -fuse-linker-plugin -fno-fat-lto-objects execution test
FAIL: gcc.dg/atomic/c11-atomic-exec-3.c -O0 execution test
FAIL: gcc.dg/atomic/c11-atomic-exec-3.c -O1 execution test
FAIL: gcc.dg/atomic/c11-atomic-exec-3.c -O2 execution test
FAIL: gcc.dg/atomic/c11-atomic-exec-3.c -O3 -fomit-frame-pointer execution test
FAIL: gcc.dg/atomic/c11-atomic-exec-3.c -O3 -fomit-frame-pointer -funroll-loops execution test
FAIL: gcc.dg/atomic/c11-atomic-exec-3.c -O3 -fomit-frame-pointer -funroll-all-loops -finline-functions execution test
FAIL: gcc.dg/atomic/c11-atomic-exec-3.c -O3 -g execution test
FAIL: gcc.dg/atomic/c11-atomic-exec-3.c -Os execution test
FAIL: gcc.dg/atomic/c11-atomic-exec-3.c -O2 -flto -fno-use-linker-plugin -flto-partition=none execution test
FAIL: gcc.dg/atomic/c11-atomic-exec-3.c -O2 -flto -fuse-linker-plugin -fno-fat-lto-objects execution test
FAIL: gcc.dg/atomic/c11-atomic-exec-4.c -O0 execution test
FAIL: gcc.dg/atomic/c11-atomic-exec-4.c -O1 execution test
FAIL: gcc.dg/atomic/c11-atomic-exec-4.c -O2 execution test
FAIL: gcc.dg/atomic/c11-atomic-exec-4.c -O3 -fomit-frame-pointer execution test
FAIL: gcc.dg/atomic/c11-atomic-exec-4.c -O3 -fomit-frame-pointer -funroll-loops execution test
FAIL: gcc.dg/atomic/c11-atomic-exec-4.c -O3 -fomit-frame-pointer -funroll-all-loops -finline-functions execution test
FAIL: gcc.dg/atomic/c11-atomic-exec-4.c -O3 -g execution test
FAIL: gcc.dg/atomic/c11-atomic-exec-4.c -Os execution test
FAIL: gcc.dg/atomic/c11-atomic-exec-4.c -O2 -flto -fno-use-linker-plugin -flto-partition=none execution test
FAIL: gcc.dg/atomic/c11-atomic-exec-4.c -O2 -flto -fuse-linker-plugin -fno-fat-lto-objects execution test
FAIL: gcc.dg/atomic/stdatomic-compare-exchange-4.c -O0 execution test
FAIL: gcc.dg/atomic/stdatomic-compare-exchange-4.c -O1 execution test
FAIL: gcc.dg/atomic/stdatomic-compare-exchange-4.c -O2 execution test
FAIL: gcc.dg/atomic/stdatomic-compare-exchange-4.c -O3 -fomit-frame-pointer execution test
FAIL: gcc.dg/atomic/stdatomic-compare-exchange-4.c -O3 -g execution test
FAIL: gcc.dg/atomic/stdatomic-compare-exchange-4.c -Os execution test
FAIL: gcc.dg/atomic/stdatomic-compare-exchange-4.c -O2 -flto -fno-use-linker-plugin -flto-partition=none execution test
FAIL: gcc.dg/atomic/stdatomic-compare-exchange-4.c -O2 -flto -fuse-linker-plugin -fno-fat-lto-objects execution test
FAIL: gcc.dg/atomic/stdatomic-exchange-4.c -O0 execution test
FAIL: gcc.dg/atomic/stdatomic-exchange-4.c -O1 execution test
FAIL: gcc.dg/atomic/stdatomic-exchange-4.c -O2 execution test
FAIL: gcc.dg/atomic/stdatomic-exchange-4.c -O3 -fomit-frame-pointer execution test
FAIL: gcc.dg/atomic/stdatomic-exchange-4.c -O3 -g execution test
FAIL: gcc.dg/atomic/stdatomic-exchange-4.c -Os execution test
FAIL: gcc.dg/atomic/stdatomic-exchange-4.c -O2 -flto -fno-use-linker-plugin -flto-partition=none execution test
FAIL: gcc.dg/atomic/stdatomic-exchange-4.c -O2 -flto -fuse-linker-plugin -fno-fat-lto-objects execution test
FAIL: gcc.dg/atomic/stdatomic-load-4.c -O0 execution test
FAIL: gcc.dg/atomic/stdatomic-load-4.c -O1 execution test
FAIL: gcc.dg/atomic/stdatomic-load-4.c -O2 execution test
FAIL: gcc.dg/atomic/stdatomic-load-4.c -O3 -fomit-frame-pointer execution test
FAIL: gcc.dg/atomic/stdatomic-load-4.c -O3 -g execution test
FAIL: gcc.dg/atomic/stdatomic-load-4.c -Os execution test
FAIL: gcc.dg/atomic/stdatomic-load-4.c -O2 -flto -fno-use-linker-plugin -flto-partition=none execution test
FAIL: gcc.dg/atomic/stdatomic-load-4.c -O2 -flto -fuse-linker-plugin -fno-fat-lto-objects execution test
FAIL: gcc.dg/atomic/stdatomic-op-4.c -O0 execution test
FAIL: gcc.dg/atomic/stdatomic-op-4.c -O1 execution test
FAIL: gcc.dg/atomic/stdatomic-op-4.c -O2 execution test
FAIL: gcc.dg/atomic/stdatomic-op-4.c -O3 -fomit-frame-pointer execution test
FAIL: gcc.dg/atomic/stdatomic-op-4.c -O3 -g execution test
FAIL: gcc.dg/atomic/stdatomic-op-4.c -Os execution test
FAIL: gcc.dg/atomic/stdatomic-op-4.c -O2 -flto -fno-use-linker-plugin -flto-partition=none execution test
FAIL: gcc.dg/atomic/stdatomic-op-4.c -O2 -flto -fuse-linker-plugin -fno-fat-lto-objects execution test
FAIL: gcc.dg/atomic/stdatomic-store-4.c -O0 execution test
FAIL: gcc.dg/atomic/stdatomic-store-4.c -O1 execution test
FAIL: gcc.dg/atomic/stdatomic-store-4.c -O2 execution test
FAIL: gcc.dg/atomic/stdatomic-store-4.c -O3 -fomit-frame-pointer execution test
FAIL: gcc.dg/atomic/stdatomic-store-4.c -O3 -g execution test
FAIL: gcc.dg/atomic/stdatomic-store-4.c -Os execution test
FAIL: gcc.dg/atomic/stdatomic-store-4.c -O2 -flto -fno-use-linker-plugin -flto-partition=none execution test
FAIL: gcc.dg/atomic/stdatomic-store-4.c -O2 -flto -fuse-linker-plugin -fno-fat-lto-objects execution test
XPASS: gcc.dg/binop-xor1.c scan-tree-dump-times optimized "\\\\^" 1
FAIL: gcc.dg/builtin-unreachable-6.c (internal compiler error)
FAIL: gcc.dg/builtin-unreachable-6.c (test for excess errors)
FAIL: gcc.dg/uninit-13.c unconditional (test for warnings, line 8)
FAIL: gcc.dg/uninit-13.c (test for excess errors)
FAIL: gcc.dg/uninit-pred-8_b.c bogus warning (test for bogus messages, line 20)
FAIL: gcc.dg/uninit-pred-9_b.c bogus warning (test for bogus messages, line 24)
FAIL: gcc.dg/tree-ssa/sra-12.c scan-tree-dump-times release_ssa "l;" 0
FAIL: gcc.dg/vect/vect-nop-move.c execution test
FAIL: gcc.dg/vect/vect-nop-move.c -flto -ffat-lto-objects execution test
FAIL: gcc.target/arm/fixed_float_conversion.c scan-assembler vcvt.f32.s32
FAIL: gcc.target/arm/fixed_float_conversion.c scan-assembler vcvt.s32.f32
FAIL: gcc.target/arm/neon-vext-execute.c execution test
FAIL: gcc.target/arm/pr42172-1.c scan-assembler-times ldr 1
FAIL: gcc.target/arm/pr42575.c scan-assembler-not mov
FAIL: gcc.target/arm/pr45701-1.c scan-assembler push\\t{r3
FAIL: gcc.target/arm/thumb-cbranchqi.c scan-assembler bhi
FAIL: gcc.target/arm/thumb-ltu.c scan-assembler-not uxtb
=== gcc Summary ===
# of expected passes 94512
# of unexpected failures 97
# of unexpected successes 1
# of expected failures 244
# of unsupported tests 1584
/scratch/gcc/nightly-2014-01-02-mainline/arm-none-linux-gnueabi/obj/test-mainline-0-arm-none-linux-gnueabi/host-i686-pc-linux-gnu/fsf-mainline/bin/arm-none-linux-gnueabi-gcc version 4.9.0 20140102 (experimental) (GCC)
=== Summary adjusted for local xfails ===
# of unexpected failures 97
# of expected passes 94512
# of unexpected successes 1
# of expected failures 244
# of unsupported tests 1584
Host is i686-pc-linux-gnu
=== gfortran tests ===
Running target qemu-default
FAIL: gfortran.dg/class_48.f90 -O2 (test for excess errors)
FAIL: gfortran.dg/class_48.f90 -Os (test for excess errors)
FAIL: gfortran.dg/select_type_4.f90 -O2 execution test
FAIL: gfortran.dg/select_type_4.f90 -O3 -fomit-frame-pointer execution test
FAIL: gfortran.dg/select_type_4.f90 -O3 -fomit-frame-pointer -funroll-loops execution test
FAIL: gfortran.dg/select_type_4.f90 -O3 -fomit-frame-pointer -funroll-all-loops -finline-functions execution test
FAIL: gfortran.dg/select_type_4.f90 -O3 -g execution test
FAIL: gfortran.dg/lto/pr45586-2 f_lto_pr45586-2_0.o-f_lto_pr45586-2_0.o link, -O0 -flto -flto-partition=none -fuse-linker-plugin (internal compiler error)
UNRESOLVED: gfortran.dg/lto/pr45586-2 f_lto_pr45586-2_0.o-f_lto_pr45586-2_0.o execute -O0 -flto -flto-partition=none -fuse-linker-plugin
FAIL: gfortran.dg/lto/pr45586-2 f_lto_pr45586-2_0.o-f_lto_pr45586-2_0.o link, -O0 -flto -flto-partition=1to1 -fno-use-linker-plugin (internal compiler error)
UNRESOLVED: gfortran.dg/lto/pr45586-2 f_lto_pr45586-2_0.o-f_lto_pr45586-2_0.o execute -O0 -flto -flto-partition=1to1 -fno-use-linker-plugin
FAIL: gfortran.dg/lto/pr45586-2 f_lto_pr45586-2_0.o-f_lto_pr45586-2_0.o link, -O0 -flto -fuse-linker-plugin -fno-fat-lto-objects (internal compiler error)
UNRESOLVED: gfortran.dg/lto/pr45586-2 f_lto_pr45586-2_0.o-f_lto_pr45586-2_0.o execute -O0 -flto -fuse-linker-plugin -fno-fat-lto-objects
FAIL: gfortran.dg/lto/pr45586 f_lto_pr45586_0.o-f_lto_pr45586_0.o link, -O0 -flto -flto-partition=none -fuse-linker-plugin (internal compiler error)
UNRESOLVED: gfortran.dg/lto/pr45586 f_lto_pr45586_0.o-f_lto_pr45586_0.o execute -O0 -flto -flto-partition=none -fuse-linker-plugin
FAIL: gfortran.dg/lto/pr45586 f_lto_pr45586_0.o-f_lto_pr45586_0.o link, -O0 -flto -flto-partition=1to1 -fno-use-linker-plugin (internal compiler error)
UNRESOLVED: gfortran.dg/lto/pr45586 f_lto_pr45586_0.o-f_lto_pr45586_0.o execute -O0 -flto -flto-partition=1to1 -fno-use-linker-plugin
FAIL: gfortran.dg/lto/pr45586 f_lto_pr45586_0.o-f_lto_pr45586_0.o link, -O0 -flto -fuse-linker-plugin -fno-fat-lto-objects (internal compiler error)
UNRESOLVED: gfortran.dg/lto/pr45586 f_lto_pr45586_0.o-f_lto_pr45586_0.o execute -O0 -flto -fuse-linker-plugin -fno-fat-lto-objects
FAIL: gfortran.dg/vect/pr32380.f -O scan-tree-dump-times vect "vectorized 6 loops" 1
=== gfortran Summary ===
# of expected passes 43995
# of unexpected failures 14
# of expected failures 53
# of unresolved testcases 6
# of unsupported tests 415
/scratch/gcc/nightly-2014-01-02-mainline/arm-none-linux-gnueabi/obj/test-mainline-0-arm-none-linux-gnueabi/host-i686-pc-linux-gnu/fsf-mainline/bin/arm-none-linux-gnueabi-gfortran version 4.9.0 20140102 (experimental) (GCC)
=== Summary adjusted for local xfails ===
# of unexpected failures 14
# of expected passes 43995
# of expected failures 53
# of unresolved testcases 6
# of unsupported tests 415
Host is i686-pc-linux-gnu
=== libstdc++ tests ===
Running target qemu-default
ERROR: tcl error sourcing /scratch/gcc/nightly-2014-01-02-mainline/src/gcc-mainline/libstdc++-v3/testsuite/libstdc++-abi/abi.exp.
ERROR: can't read "baseline_subdir_switch": no such variable
FAIL: 21_strings/basic_string/inserters_extractors/wchar_t/28277.cc execution test
WARNING: program timed out.
FAIL: 25_algorithms/partial_sort_copy/random_test.cc execution test
FAIL: 27_io/basic_ostream/inserters_character/wchar_t/28277-3.cc execution test
FAIL: 27_io/basic_ostream/inserters_character/wchar_t/28277-4.cc execution test
FAIL: 29_atomics/atomic/operators/integral_assignment.cc execution test
FAIL: 29_atomics/atomic/operators/integral_conversion.cc execution test
FAIL: 29_atomics/atomic_integral/operators/integral_assignment.cc execution test
FAIL: 29_atomics/atomic_integral/operators/integral_conversion.cc execution test
FAIL: ext/vstring/inserters_extractors/wchar_t/28277.cc execution test
=== libstdc++ Summary ===
# of expected passes 9437
# of unexpected failures 9
# of expected failures 40
# of unsupported tests 352
=== Summary adjusted for local xfails ===
# of errors 2
# of unexpected failures 9
# of expected passes 9437
# of expected failures 40
# of unsupported tests 352
Host is i686-pc-linux-gnu
=== g++ tests ===
Running target qemu-default-thumb/-mthumb
FAIL: g++.dg/cilk-plus/CK/catch_exc.cc -fcilkplus (test for excess errors)
UNRESOLVED: g++.dg/cilk-plus/CK/catch_exc.cc -fcilkplus compilation failed to produce executable
FAIL: g++.dg/cilk-plus/CK/const_spawn.cc -fcilkplus (test for excess errors)
UNRESOLVED: g++.dg/cilk-plus/CK/const_spawn.cc -fcilkplus compilation failed to produce executable
FAIL: g++.dg/cilk-plus/CK/fib-opr-overload.cc -fcilkplus (test for excess errors)
UNRESOLVED: g++.dg/cilk-plus/CK/fib-opr-overload.cc -fcilkplus compilation failed to produce executable
FAIL: g++.dg/cilk-plus/CK/fib-tplt.cc -fcilkplus (test for excess errors)
UNRESOLVED: g++.dg/cilk-plus/CK/fib-tplt.cc -fcilkplus compilation failed to produce executable
FAIL: g++.dg/cilk-plus/CK/lambda_spawns.cc -fcilkplus (test for excess errors)
UNRESOLVED: g++.dg/cilk-plus/CK/lambda_spawns.cc -fcilkplus compilation failed to produce executable
FAIL: g++.dg/cilk-plus/CK/lambda_spawns_tplt.cc -fcilkplus (test for excess errors)
UNRESOLVED: g++.dg/cilk-plus/CK/lambda_spawns_tplt.cc -fcilkplus compilation failed to produce executable
FAIL: g++.dg/cilk-plus/CK/catch_exc.cc -O1 -fcilkplus (test for excess errors)
UNRESOLVED: g++.dg/cilk-plus/CK/catch_exc.cc -O1 -fcilkplus compilation failed to produce executable
FAIL: g++.dg/cilk-plus/CK/const_spawn.cc -O1 -fcilkplus (test for excess errors)
UNRESOLVED: g++.dg/cilk-plus/CK/const_spawn.cc -O1 -fcilkplus compilation failed to produce executable
FAIL: g++.dg/cilk-plus/CK/fib-opr-overload.cc -O1 -fcilkplus (test for excess errors)
UNRESOLVED: g++.dg/cilk-plus/CK/fib-opr-overload.cc -O1 -fcilkplus compilation failed to produce executable
FAIL: g++.dg/cilk-plus/CK/fib-tplt.cc -O1 -fcilkplus (test for excess errors)
UNRESOLVED: g++.dg/cilk-plus/CK/fib-tplt.cc -O1 -fcilkplus compilation failed to produce executable
FAIL: g++.dg/cilk-plus/CK/lambda_spawns.cc -O1 -fcilkplus (test for excess errors)
UNRESOLVED: g++.dg/cilk-plus/CK/lambda_spawns.cc -O1 -fcilkplus compilation failed to produce executable
FAIL: g++.dg/cilk-plus/CK/lambda_spawns_tplt.cc -O1 -fcilkplus (test for excess errors)
UNRESOLVED: g++.dg/cilk-plus/CK/lambda_spawns_tplt.cc -O1 -fcilkplus compilation failed to produce executable
FAIL: g++.dg/cilk-plus/CK/catch_exc.cc -O2 -fcilkplus (test for excess errors)
UNRESOLVED: g++.dg/cilk-plus/CK/catch_exc.cc -O2 -fcilkplus compilation failed to produce executable
FAIL: g++.dg/cilk-plus/CK/const_spawn.cc -O2 -fcilkplus (test for excess errors)
UNRESOLVED: g++.dg/cilk-plus/CK/const_spawn.cc -O2 -fcilkplus compilation failed to produce executable
FAIL: g++.dg/cilk-plus/CK/fib-opr-overload.cc -O2 -fcilkplus (test for excess errors)
UNRESOLVED: g++.dg/cilk-plus/CK/fib-opr-overload.cc -O2 -fcilkplus compilation failed to produce executable
FAIL: g++.dg/cilk-plus/CK/fib-tplt.cc -O2 -fcilkplus (test for excess errors)
UNRESOLVED: g++.dg/cilk-plus/CK/fib-tplt.cc -O2 -fcilkplus compilation failed to produce executable
FAIL: g++.dg/cilk-plus/CK/lambda_spawns.cc -O2 -fcilkplus (test for excess errors)
UNRESOLVED: g++.dg/cilk-plus/CK/lambda_spawns.cc -O2 -fcilkplus compilation failed to produce executable
FAIL: g++.dg/cilk-plus/CK/lambda_spawns_tplt.cc -O2 -fcilkplus (test for excess errors)
UNRESOLVED: g++.dg/cilk-plus/CK/lambda_spawns_tplt.cc -O2 -fcilkplus compilation failed to produce executable
FAIL: g++.dg/cilk-plus/CK/catch_exc.cc -O3 -fcilkplus (test for excess errors)
UNRESOLVED: g++.dg/cilk-plus/CK/catch_exc.cc -O3 -fcilkplus compilation failed to produce executable
FAIL: g++.dg/cilk-plus/CK/const_spawn.cc -O3 -fcilkplus (test for excess errors)
UNRESOLVED: g++.dg/cilk-plus/CK/const_spawn.cc -O3 -fcilkplus compilation failed to produce executable
FAIL: g++.dg/cilk-plus/CK/fib-opr-overload.cc -O3 -fcilkplus (test for excess errors)
UNRESOLVED: g++.dg/cilk-plus/CK/fib-opr-overload.cc -O3 -fcilkplus compilation failed to produce executable
FAIL: g++.dg/cilk-plus/CK/fib-tplt.cc -O3 -fcilkplus (test for excess errors)
UNRESOLVED: g++.dg/cilk-plus/CK/fib-tplt.cc -O3 -fcilkplus compilation failed to produce executable
FAIL: g++.dg/cilk-plus/CK/lambda_spawns.cc -O3 -fcilkplus (test for excess errors)
UNRESOLVED: g++.dg/cilk-plus/CK/lambda_spawns.cc -O3 -fcilkplus compilation failed to produce executable
FAIL: g++.dg/cilk-plus/CK/lambda_spawns_tplt.cc -O3 -fcilkplus (test for excess errors)
UNRESOLVED: g++.dg/cilk-plus/CK/lambda_spawns_tplt.cc -O3 -fcilkplus compilation failed to produce executable
FAIL: g++.dg/cilk-plus/CK/catch_exc.cc -g -fcilkplus (test for excess errors)
UNRESOLVED: g++.dg/cilk-plus/CK/catch_exc.cc -g -fcilkplus compilation failed to produce executable
FAIL: g++.dg/cilk-plus/CK/const_spawn.cc -g -fcilkplus (test for excess errors)
UNRESOLVED: g++.dg/cilk-plus/CK/const_spawn.cc -g -fcilkplus compilation failed to produce executable
FAIL: g++.dg/cilk-plus/CK/fib-opr-overload.cc -g -fcilkplus (test for excess errors)
UNRESOLVED: g++.dg/cilk-plus/CK/fib-opr-overload.cc -g -fcilkplus compilation failed to produce executable
FAIL: g++.dg/cilk-plus/CK/fib-tplt.cc -g -fcilkplus (test for excess errors)
UNRESOLVED: g++.dg/cilk-plus/CK/fib-tplt.cc -g -fcilkplus compilation failed to produce executable
FAIL: g++.dg/cilk-plus/CK/lambda_spawns.cc -g -fcilkplus (test for excess errors)
UNRESOLVED: g++.dg/cilk-plus/CK/lambda_spawns.cc -g -fcilkplus compilation failed to produce executable
FAIL: g++.dg/cilk-plus/CK/lambda_spawns_tplt.cc -g -fcilkplus (test for excess errors)
UNRESOLVED: g++.dg/cilk-plus/CK/lambda_spawns_tplt.cc -g -fcilkplus compilation failed to produce executable
FAIL: g++.dg/cilk-plus/CK/catch_exc.cc -g -O2 -fcilkplus (test for excess errors)
UNRESOLVED: g++.dg/cilk-plus/CK/catch_exc.cc -g -O2 -fcilkplus compilation failed to produce executable
FAIL: g++.dg/cilk-plus/CK/const_spawn.cc -g -O2 -fcilkplus (test for excess errors)
UNRESOLVED: g++.dg/cilk-plus/CK/const_spawn.cc -g -O2 -fcilkplus compilation failed to produce executable
FAIL: g++.dg/cilk-plus/CK/fib-opr-overload.cc -g -O2 -fcilkplus (test for excess errors)
UNRESOLVED: g++.dg/cilk-plus/CK/fib-opr-overload.cc -g -O2 -fcilkplus compilation failed to produce executable
FAIL: g++.dg/cilk-plus/CK/fib-tplt.cc -g -O2 -fcilkplus (test for excess errors)
UNRESOLVED: g++.dg/cilk-plus/CK/fib-tplt.cc -g -O2 -fcilkplus compilation failed to produce executable
FAIL: g++.dg/cilk-plus/CK/lambda_spawns.cc -g -O2 -fcilkplus (test for excess errors)
UNRESOLVED: g++.dg/cilk-plus/CK/lambda_spawns.cc -g -O2 -fcilkplus compilation failed to produce executable
FAIL: g++.dg/cilk-plus/CK/lambda_spawns_tplt.cc -g -O2 -fcilkplus (test for excess errors)
UNRESOLVED: g++.dg/cilk-plus/CK/lambda_spawns_tplt.cc -g -O2 -fcilkplus compilation failed to produce executable
FAIL: g++.dg/cilk-plus/CK/catch_exc.cc -g -O3 -fcilkplus (test for excess errors)
UNRESOLVED: g++.dg/cilk-plus/CK/catch_exc.cc -g -O3 -fcilkplus compilation failed to produce executable
FAIL: g++.dg/cilk-plus/CK/const_spawn.cc -g -O3 -fcilkplus (test for excess errors)
UNRESOLVED: g++.dg/cilk-plus/CK/const_spawn.cc -g -O3 -fcilkplus compilation failed to produce executable
FAIL: g++.dg/cilk-plus/CK/fib-opr-overload.cc -g -O3 -fcilkplus (test for excess errors)
UNRESOLVED: g++.dg/cilk-plus/CK/fib-opr-overload.cc -g -O3 -fcilkplus compilation failed to produce executable
FAIL: g++.dg/cilk-plus/CK/fib-tplt.cc -g -O3 -fcilkplus (test for excess errors)
UNRESOLVED: g++.dg/cilk-plus/CK/fib-tplt.cc -g -O3 -fcilkplus compilation failed to produce executable
FAIL: g++.dg/cilk-plus/CK/lambda_spawns.cc -g -O3 -fcilkplus (test for excess errors)
UNRESOLVED: g++.dg/cilk-plus/CK/lambda_spawns.cc -g -O3 -fcilkplus compilation failed to produce executable
FAIL: g++.dg/cilk-plus/CK/lambda_spawns_tplt.cc -g -O3 -fcilkplus (test for excess errors)
UNRESOLVED: g++.dg/cilk-plus/CK/lambda_spawns_tplt.cc -g -O3 -fcilkplus compilation failed to produce executable
WARNING: program timed out.
FAIL: g++.dg/gomp/pr59150.C -std=gnu++98 (internal compiler error)
FAIL: g++.dg/gomp/pr59150.C -std=gnu++98 (test for excess errors)
WARNING: program timed out.
FAIL: g++.dg/gomp/pr59150.C -std=gnu++11 (internal compiler error)
FAIL: g++.dg/gomp/pr59150.C -std=gnu++11 (test for excess errors)
FAIL: g++.dg/torture/covariant-1.C -O2 -flto -fno-use-linker-plugin -flto-partition=none execution test
FAIL: g++.dg/torture/covariant-1.C -O2 -flto -fuse-linker-plugin -fno-fat-lto-objects execution test
FAIL: g++.dg/torture/pr45699.C -O2 -flto -fuse-linker-plugin -fno-fat-lto-objects execution test
FAIL: g++.dg/torture/pr58464.C -Os (internal compiler error)
FAIL: g++.dg/torture/pr58464.C -Os (test for excess errors)
=== g++ Summary ===
# of expected passes 54339
# of unexpected failures 51
# of expected failures 289
# of unresolved testcases 42
# of unsupported tests 1159
/scratch/gcc/nightly-2014-01-02-mainline/arm-none-linux-gnueabi/obj/test-mainline-0-arm-none-linux-gnueabi/host-i686-pc-linux-gnu/fsf-mainline/bin/arm-none-linux-gnueabi-g++ version 4.9.0 20140102 (experimental) (GCC)
=== Summary adjusted for local xfails ===
# of unexpected failures 51
# of expected passes 54339
# of expected failures 289
# of unresolved testcases 42
# of unsupported tests 1159
Host is i686-pc-linux-gnu
=== gcc tests ===
Running target qemu-default-thumb/-mthumb
FAIL: gcc.c-torture/compile/920928-2.c -Os (internal compiler error)
FAIL: gcc.c-torture/compile/920928-2.c -Os (test for excess errors)
FAIL: gcc.c-torture/compile/pr54713-1.c -O0 (internal compiler error)
FAIL: gcc.c-torture/compile/pr54713-1.c -O0 (test for excess errors)
FAIL: gcc.c-torture/execute/builtin-bitops-1.c compilation, -O2 (internal compiler error)
UNRESOLVED: gcc.c-torture/execute/builtin-bitops-1.c execution, -O2
FAIL: gcc.c-torture/execute/builtin-bitops-1.c compilation, -O3 -fomit-frame-pointer -funroll-loops (internal compiler error)
UNRESOLVED: gcc.c-torture/execute/builtin-bitops-1.c execution, -O3 -fomit-frame-pointer -funroll-loops
FAIL: gcc.c-torture/execute/builtin-bitops-1.c compilation, -O3 -fomit-frame-pointer -funroll-all-loops -finline-functions (internal compiler error)
UNRESOLVED: gcc.c-torture/execute/builtin-bitops-1.c execution, -O3 -fomit-frame-pointer -funroll-all-loops -finline-functions
FAIL: gcc.c-torture/execute/builtin-bitops-1.c compilation, -O2 -flto -fno-use-linker-plugin -flto-partition=none (internal compiler error)
UNRESOLVED: gcc.c-torture/execute/builtin-bitops-1.c execution, -O2 -flto -fno-use-linker-plugin -flto-partition=none
FAIL: gcc.c-torture/execute/builtin-bitops-1.c compilation, -O2 -flto -fuse-linker-plugin -fno-fat-lto-objects (internal compiler error)
UNRESOLVED: gcc.c-torture/execute/builtin-bitops-1.c execution, -O2 -flto -fuse-linker-plugin -fno-fat-lto-objects
FAIL: gcc.dg/atomic/c11-atomic-exec-1.c -O0 execution test
FAIL: gcc.dg/atomic/c11-atomic-exec-1.c -O1 execution test
FAIL: gcc.dg/atomic/c11-atomic-exec-1.c -O2 execution test
FAIL: gcc.dg/atomic/c11-atomic-exec-1.c -O3 -fomit-frame-pointer execution test
FAIL: gcc.dg/atomic/c11-atomic-exec-1.c -O3 -fomit-frame-pointer -funroll-loops execution test
FAIL: gcc.dg/atomic/c11-atomic-exec-1.c -O3 -fomit-frame-pointer -funroll-all-loops -finline-functions execution test
FAIL: gcc.dg/atomic/c11-atomic-exec-1.c -O3 -g execution test
FAIL: gcc.dg/atomic/c11-atomic-exec-1.c -Os execution test
FAIL: gcc.dg/atomic/c11-atomic-exec-1.c -O2 -flto -fno-use-linker-plugin -flto-partition=none execution test
FAIL: gcc.dg/atomic/c11-atomic-exec-1.c -O2 -flto -fuse-linker-plugin -fno-fat-lto-objects execution test
FAIL: gcc.dg/atomic/c11-atomic-exec-2.c -O0 execution test
FAIL: gcc.dg/atomic/c11-atomic-exec-2.c -O1 execution test
FAIL: gcc.dg/atomic/c11-atomic-exec-2.c -O2 execution test
FAIL: gcc.dg/atomic/c11-atomic-exec-2.c -O3 -fomit-frame-pointer execution test
FAIL: gcc.dg/atomic/c11-atomic-exec-2.c -O3 -fomit-frame-pointer -funroll-loops execution test
FAIL: gcc.dg/atomic/c11-atomic-exec-2.c -O3 -fomit-frame-pointer -funroll-all-loops -finline-functions execution test
FAIL: gcc.dg/atomic/c11-atomic-exec-2.c -O3 -g execution test
FAIL: gcc.dg/atomic/c11-atomic-exec-2.c -Os execution test
FAIL: gcc.dg/atomic/c11-atomic-exec-2.c -O2 -flto -fno-use-linker-plugin -flto-partition=none execution test
FAIL: gcc.dg/atomic/c11-atomic-exec-2.c -O2 -flto -fuse-linker-plugin -fno-fat-lto-objects execution test
FAIL: gcc.dg/atomic/c11-atomic-exec-3.c -O0 execution test
FAIL: gcc.dg/atomic/c11-atomic-exec-3.c -O1 execution test
FAIL: gcc.dg/atomic/c11-atomic-exec-3.c -O2 execution test
FAIL: gcc.dg/atomic/c11-atomic-exec-3.c -O3 -fomit-frame-pointer execution test
FAIL: gcc.dg/atomic/c11-atomic-exec-3.c -O3 -fomit-frame-pointer -funroll-loops execution test
FAIL: gcc.dg/atomic/c11-atomic-exec-3.c -O3 -fomit-frame-pointer -funroll-all-loops -finline-functions execution test
FAIL: gcc.dg/atomic/c11-atomic-exec-3.c -O3 -g execution test
FAIL: gcc.dg/atomic/c11-atomic-exec-3.c -Os execution test
FAIL: gcc.dg/atomic/c11-atomic-exec-3.c -O2 -flto -fno-use-linker-plugin -flto-partition=none execution test
FAIL: gcc.dg/atomic/c11-atomic-exec-3.c -O2 -flto -fuse-linker-plugin -fno-fat-lto-objects execution test
FAIL: gcc.dg/atomic/c11-atomic-exec-4.c -O0 execution test
FAIL: gcc.dg/atomic/c11-atomic-exec-4.c -O1 execution test
FAIL: gcc.dg/atomic/c11-atomic-exec-4.c -O2 execution test
FAIL: gcc.dg/atomic/c11-atomic-exec-4.c -O3 -fomit-frame-pointer execution test
FAIL: gcc.dg/atomic/c11-atomic-exec-4.c -O3 -fomit-frame-pointer -funroll-loops execution test
FAIL: gcc.dg/atomic/c11-atomic-exec-4.c -O3 -fomit-frame-pointer -funroll-all-loops -finline-functions execution test
FAIL: gcc.dg/atomic/c11-atomic-exec-4.c -O3 -g execution test
FAIL: gcc.dg/atomic/c11-atomic-exec-4.c -Os execution test
FAIL: gcc.dg/atomic/c11-atomic-exec-4.c -O2 -flto -fno-use-linker-plugin -flto-partition=none execution test
FAIL: gcc.dg/atomic/c11-atomic-exec-4.c -O2 -flto -fuse-linker-plugin -fno-fat-lto-objects execution test
FAIL: gcc.dg/atomic/stdatomic-compare-exchange-4.c -O0 execution test
FAIL: gcc.dg/atomic/stdatomic-compare-exchange-4.c -O1 execution test
FAIL: gcc.dg/atomic/stdatomic-compare-exchange-4.c -O2 execution test
FAIL: gcc.dg/atomic/stdatomic-compare-exchange-4.c -O3 -fomit-frame-pointer execution test
FAIL: gcc.dg/atomic/stdatomic-compare-exchange-4.c -O3 -g execution test
FAIL: gcc.dg/atomic/stdatomic-compare-exchange-4.c -Os execution test
FAIL: gcc.dg/atomic/stdatomic-compare-exchange-4.c -O2 -flto -fno-use-linker-plugin -flto-partition=none execution test
FAIL: gcc.dg/atomic/stdatomic-compare-exchange-4.c -O2 -flto -fuse-linker-plugin -fno-fat-lto-objects execution test
FAIL: gcc.dg/atomic/stdatomic-exchange-4.c -O0 execution test
FAIL: gcc.dg/atomic/stdatomic-exchange-4.c -O1 execution test
FAIL: gcc.dg/atomic/stdatomic-exchange-4.c -O2 execution test
FAIL: gcc.dg/atomic/stdatomic-exchange-4.c -O3 -fomit-frame-pointer execution test
FAIL: gcc.dg/atomic/stdatomic-exchange-4.c -O3 -g execution test
FAIL: gcc.dg/atomic/stdatomic-exchange-4.c -Os execution test
FAIL: gcc.dg/atomic/stdatomic-exchange-4.c -O2 -flto -fno-use-linker-plugin -flto-partition=none execution test
FAIL: gcc.dg/atomic/stdatomic-exchange-4.c -O2 -flto -fuse-linker-plugin -fno-fat-lto-objects execution test
FAIL: gcc.dg/atomic/stdatomic-load-4.c -O0 execution test
FAIL: gcc.dg/atomic/stdatomic-load-4.c -O1 execution test
FAIL: gcc.dg/atomic/stdatomic-load-4.c -O2 execution test
FAIL: gcc.dg/atomic/stdatomic-load-4.c -O3 -fomit-frame-pointer execution test
FAIL: gcc.dg/atomic/stdatomic-load-4.c -O3 -g execution test
FAIL: gcc.dg/atomic/stdatomic-load-4.c -Os execution test
FAIL: gcc.dg/atomic/stdatomic-load-4.c -O2 -flto -fno-use-linker-plugin -flto-partition=none execution test
FAIL: gcc.dg/atomic/stdatomic-load-4.c -O2 -flto -fuse-linker-plugin -fno-fat-lto-objects execution test
FAIL: gcc.dg/atomic/stdatomic-op-4.c -O0 execution test
FAIL: gcc.dg/atomic/stdatomic-op-4.c -O1 execution test
FAIL: gcc.dg/atomic/stdatomic-op-4.c -O2 execution test
FAIL: gcc.dg/atomic/stdatomic-op-4.c -O3 -fomit-frame-pointer execution test
FAIL: gcc.dg/atomic/stdatomic-op-4.c -O3 -g execution test
FAIL: gcc.dg/atomic/stdatomic-op-4.c -Os execution test
FAIL: gcc.dg/atomic/stdatomic-op-4.c -O2 -flto -fno-use-linker-plugin -flto-partition=none execution test
FAIL: gcc.dg/atomic/stdatomic-op-4.c -O2 -flto -fuse-linker-plugin -fno-fat-lto-objects execution test
FAIL: gcc.dg/atomic/stdatomic-store-4.c -O0 execution test
FAIL: gcc.dg/atomic/stdatomic-store-4.c -O1 execution test
FAIL: gcc.dg/atomic/stdatomic-store-4.c -O2 execution test
FAIL: gcc.dg/atomic/stdatomic-store-4.c -O3 -fomit-frame-pointer execution test
FAIL: gcc.dg/atomic/stdatomic-store-4.c -O3 -g execution test
FAIL: gcc.dg/atomic/stdatomic-store-4.c -Os execution test
FAIL: gcc.dg/atomic/stdatomic-store-4.c -O2 -flto -fno-use-linker-plugin -flto-partition=none execution test
FAIL: gcc.dg/atomic/stdatomic-store-4.c -O2 -flto -fuse-linker-plugin -fno-fat-lto-objects execution test
XPASS: gcc.dg/binop-xor1.c scan-tree-dump-times optimized "\\\\^" 1
FAIL: gcc.dg/uninit-13.c unconditional (test for warnings, line 8)
FAIL: gcc.dg/uninit-13.c (test for excess errors)
FAIL: gcc.dg/uninit-pred-8_b.c bogus warning (test for bogus messages, line 20)
FAIL: gcc.dg/uninit-pred-9_b.c bogus warning (test for bogus messages, line 24)
FAIL: c-c++-common/torture/vshuf-v4df.c -O0 (internal compiler error)
FAIL: c-c++-common/torture/vshuf-v4df.c -O0 (test for excess errors)
FAIL: gcc.dg/torture/pr52028.c -Os (internal compiler error)
FAIL: gcc.dg/torture/pr52028.c -Os (test for excess errors)
UNRESOLVED: gcc.dg/torture/pr52028.c -Os compilation failed to produce executable
FAIL: gcc.dg/torture/tls/tls-reload-1.c -Os (internal compiler error)
FAIL: gcc.dg/torture/tls/tls-reload-1.c -Os (test for excess errors)
UNRESOLVED: gcc.dg/torture/tls/tls-reload-1.c -Os compilation failed to produce executable
FAIL: gcc.dg/torture/tls/tls-reload-1.c -O1 -pie -fpie execution test
FAIL: gcc.dg/torture/tls/tls-reload-1.c -O2 -pie -fpie execution test
FAIL: gcc.dg/torture/tls/tls-reload-1.c -O3 -fomit-frame-pointer -pie -fpie execution test
FAIL: gcc.dg/torture/tls/tls-reload-1.c -O3 -g -pie -fpie execution test
FAIL: gcc.dg/torture/tls/tls-reload-1.c -Os -pie -fpie (internal compiler error)
FAIL: gcc.dg/torture/tls/tls-reload-1.c -Os -pie -fpie (test for excess errors)
UNRESOLVED: gcc.dg/torture/tls/tls-reload-1.c -Os -pie -fpie compilation failed to produce executable
FAIL: gcc.dg/torture/tls/tls-reload-1.c -O1 -pie -fPIE execution test
FAIL: gcc.dg/torture/tls/tls-reload-1.c -O2 -pie -fPIE execution test
FAIL: gcc.dg/torture/tls/tls-reload-1.c -O3 -fomit-frame-pointer -pie -fPIE execution test
FAIL: gcc.dg/torture/tls/tls-reload-1.c -O3 -g -pie -fPIE execution test
FAIL: gcc.dg/torture/tls/tls-reload-1.c -Os -pie -fPIE (internal compiler error)
FAIL: gcc.dg/torture/tls/tls-reload-1.c -Os -pie -fPIE (test for excess errors)
UNRESOLVED: gcc.dg/torture/tls/tls-reload-1.c -Os -pie -fPIE compilation failed to produce executable
FAIL: gcc.dg/tree-ssa/sra-12.c scan-tree-dump-times release_ssa "l;" 0
FAIL: gcc.target/arm/iordi3-opt.c scan-assembler-not mov[\\\\t ]+.+,[\\\\t ]*.+
FAIL: gcc.target/arm/pr42172-1.c scan-assembler-times ldr 1
FAIL: gcc.target/arm/pr45701-1.c scan-assembler push\\t{r3
FAIL: gcc.target/arm/thumb-cbranchqi.c scan-assembler bhi
FAIL: gcc.target/arm/thumb-ltu.c scan-assembler-not uxtb
FAIL: gcc.target/arm/xordi3-opt.c scan-assembler-not mov[\\\\t ]+.+,[\\\\t ]*.+
=== gcc Summary ===
# of expected passes 87119
# of unexpected failures 118
# of unexpected successes 1
# of expected failures 107
# of unresolved testcases 9
# of unsupported tests 3654
/scratch/gcc/nightly-2014-01-02-mainline/arm-none-linux-gnueabi/obj/test-mainline-0-arm-none-linux-gnueabi/host-i686-pc-linux-gnu/fsf-mainline/bin/arm-none-linux-gnueabi-gcc version 4.9.0 20140102 (experimental) (GCC)
=== Summary adjusted for local xfails ===
# of unexpected failures 118
# of expected passes 87119
# of unexpected successes 1
# of expected failures 107
# of unresolved testcases 9
# of unsupported tests 3654
Host is i686-pc-linux-gnu
=== gfortran tests ===
Running target qemu-default-thumb/-mthumb
FAIL: gfortran.dg/class_48.f90 -O2 (test for excess errors)
FAIL: gfortran.dg/class_48.f90 -Os (test for excess errors)
FAIL: gfortran.dg/finalize_12.f90 -Os (internal compiler error)
FAIL: gfortran.dg/finalize_12.f90 -Os (test for excess errors)
UNRESOLVED: gfortran.dg/finalize_12.f90 -Os compilation failed to produce executable
FAIL: gfortran.dg/intrinsic_unpack_1.f90 -Os (internal compiler error)
FAIL: gfortran.dg/intrinsic_unpack_1.f90 -Os (test for excess errors)
UNRESOLVED: gfortran.dg/intrinsic_unpack_1.f90 -Os compilation failed to produce executable
FAIL: gfortran.dg/minmaxloc_1.f90 -Os (internal compiler error)
FAIL: gfortran.dg/minmaxloc_1.f90 -Os (test for excess errors)
UNRESOLVED: gfortran.dg/minmaxloc_1.f90 -Os compilation failed to produce executable
FAIL: gfortran.dg/zero_sized_1.f90 -Os (internal compiler error)
FAIL: gfortran.dg/zero_sized_1.f90 -Os (test for excess errors)
UNRESOLVED: gfortran.dg/zero_sized_1.f90 -Os compilation failed to produce executable
FAIL: gfortran.dg/lto/pr45586-2 f_lto_pr45586-2_0.o-f_lto_pr45586-2_0.o link, -O0 -flto -flto-partition=none -fuse-linker-plugin (internal compiler error)
UNRESOLVED: gfortran.dg/lto/pr45586-2 f_lto_pr45586-2_0.o-f_lto_pr45586-2_0.o execute -O0 -flto -flto-partition=none -fuse-linker-plugin
FAIL: gfortran.dg/lto/pr45586-2 f_lto_pr45586-2_0.o-f_lto_pr45586-2_0.o link, -O0 -flto -flto-partition=1to1 -fno-use-linker-plugin (internal compiler error)
UNRESOLVED: gfortran.dg/lto/pr45586-2 f_lto_pr45586-2_0.o-f_lto_pr45586-2_0.o execute -O0 -flto -flto-partition=1to1 -fno-use-linker-plugin
FAIL: gfortran.dg/lto/pr45586-2 f_lto_pr45586-2_0.o-f_lto_pr45586-2_0.o link, -O0 -flto -fuse-linker-plugin -fno-fat-lto-objects (internal compiler error)
UNRESOLVED: gfortran.dg/lto/pr45586-2 f_lto_pr45586-2_0.o-f_lto_pr45586-2_0.o execute -O0 -flto -fuse-linker-plugin -fno-fat-lto-objects
FAIL: gfortran.dg/lto/pr45586 f_lto_pr45586_0.o-f_lto_pr45586_0.o link, -O0 -flto -flto-partition=none -fuse-linker-plugin (internal compiler error)
UNRESOLVED: gfortran.dg/lto/pr45586 f_lto_pr45586_0.o-f_lto_pr45586_0.o execute -O0 -flto -flto-partition=none -fuse-linker-plugin
FAIL: gfortran.dg/lto/pr45586 f_lto_pr45586_0.o-f_lto_pr45586_0.o link, -O0 -flto -flto-partition=1to1 -fno-use-linker-plugin (internal compiler error)
UNRESOLVED: gfortran.dg/lto/pr45586 f_lto_pr45586_0.o-f_lto_pr45586_0.o execute -O0 -flto -flto-partition=1to1 -fno-use-linker-plugin
FAIL: gfortran.dg/lto/pr45586 f_lto_pr45586_0.o-f_lto_pr45586_0.o link, -O0 -flto -fuse-linker-plugin -fno-fat-lto-objects (internal compiler error)
UNRESOLVED: gfortran.dg/lto/pr45586 f_lto_pr45586_0.o-f_lto_pr45586_0.o execute -O0 -flto -fuse-linker-plugin -fno-fat-lto-objects
=== gfortran Summary ===
# of expected passes 43939
# of unexpected failures 16
# of expected failures 52
# of unresolved testcases 10
# of unsupported tests 403
/scratch/gcc/nightly-2014-01-02-mainline/arm-none-linux-gnueabi/obj/test-mainline-0-arm-none-linux-gnueabi/host-i686-pc-linux-gnu/fsf-mainline/bin/arm-none-linux-gnueabi-gfortran version 4.9.0 20140102 (experimental) (GCC)
=== Summary adjusted for local xfails ===
# of unexpected failures 16
# of expected passes 43939
# of expected failures 52
# of unresolved testcases 10
# of unsupported tests 403
Host is i686-pc-linux-gnu
=== libstdc++ tests ===
Running target qemu-default-thumb/-mthumb
ERROR: tcl error sourcing /scratch/gcc/nightly-2014-01-02-mainline/src/gcc-mainline/libstdc++-v3/testsuite/libstdc++-abi/abi.exp.
ERROR: can't read "baseline_subdir_switch": no such variable
FAIL: 21_strings/basic_string/inserters_extractors/wchar_t/28277.cc execution test
WARNING: program timed out.
FAIL: 25_algorithms/partial_sort/random_test.cc execution test
WARNING: program timed out.
FAIL: 25_algorithms/partial_sort_copy/random_test.cc execution test
FAIL: 27_io/basic_ostream/inserters_character/wchar_t/28277-3.cc execution test
FAIL: 27_io/basic_ostream/inserters_character/wchar_t/28277-4.cc execution test
FAIL: 29_atomics/atomic/operators/integral_assignment.cc execution test
FAIL: 29_atomics/atomic/operators/integral_conversion.cc execution test
FAIL: 29_atomics/atomic_integral/operators/integral_assignment.cc execution test
FAIL: 29_atomics/atomic_integral/operators/integral_conversion.cc execution test
FAIL: ext/vstring/inserters_extractors/wchar_t/28277.cc execution test
=== libstdc++ Summary ===
# of expected passes 9436
# of unexpected failures 10
# of expected failures 40
# of unsupported tests 352
=== Summary adjusted for local xfails ===
# of errors 2
# of unexpected failures 10
# of expected passes 9436
# of expected failures 40
# of unsupported tests 352
Compiler version: 4.9.0 20140102 (experimental) (GCC)
Platform: arm-none-linux-gnueabi
configure flags: --build=i686-pc-linux-gnu --host=i686-pc-linux-gnu --target=arm-none-linux-gnueabi --enable-threads --disable-libmudflap --disable-libssp --disable-libstdcxx-pch --with-gnu-as --with-gnu-ld --enable-languages=c,c++,fortran --enable-shared --enable-lto --enable-symvers=gnu --enable-__cxa_atexit --with-glibc-version=2.19 --disable-nls --prefix=/scratch/gcc/nightly-2014-01-02-mainline/arm-none-linux-gnueabi/install --with-sysroot=/scratch/gcc/nightly-2014-01-02-mainline/arm-none-linux-gnueabi/install/arm-none-linux-gnueabi/libc --with-gmp=/scratch/gcc/nightly-2014-01-02-mainline/arm-none-linux-gnueabi/obj/pkg-mainline-0-arm-none-linux-gnueabi/fsf-mainline-0-arm-none-linux-gnueabi.extras/host-libs-i686-pc-linux-gnu/usr --with-mpfr=/scratch/gcc/nightly-2014-01-02-mainline/arm-none-linux-gnueabi/obj/pkg-mainline-0-arm-none-linux-gnueabi/fsf-mainline-0-arm-none-linux-gnueabi.extras/host-libs-i686-pc-linux-gnu/usr --with-mpc=/scratch/gcc/nightly-2014-01-02-mainline/a
rm-none-linux-gnueabi/obj/pkg-mainline-0-arm-none-linux-gnueabi/fsf-mainline-0-arm-none-linux-gnueabi.extras/host-libs-i686-pc-linux-gnu/usr --with-host-libstdcxx='-static-libgcc -Wl,-Bstatic,-lstdc++,-Bdynamic -lm' --with-isl=/scratch/gcc/nightly-2014-01-02-mainline/arm-none-linux-gnueabi/obj/pkg-mainline-0-arm-none-linux-gnueabi/fsf-mainline-0-arm-none-linux-gnueabi.extras/host-libs-i686-pc-linux-gnu/usr --with-cloog=/scratch/gcc/nightly-2014-01-02-mainline/arm-none-linux-gnueabi/obj/pkg-mainline-0-arm-none-linux-gnueabi/fsf-mainline-0-arm-none-linux-gnueabi.extras/host-libs-i686-pc-linux-gnu/usr --disable-libgomp --disable-libitm --disable-libssp --enable-poison-system-directories --with-build-time-tools=/scratch/gcc/nightly-2014-01-02-mainline/arm-none-linux-gnueabi/install/arm-none-linux-gnueabi/bin --with-build-time-tools=/scratch/gcc/nightly-2014-01-02-mainline/arm-none-linux-gnueabi/install/arm-none-linux-gnueabi/bin SED=sed
More information about the Gcc-testresults
mailing list