Results for 4.9.0 20140216 (experimental) [trunk revision 207807] (GCC) testsuite on hppa1.1-hp-hpux10.20
John David Anglin
dave@hiauly1.hia.nrc.ca
Wed Feb 26 02:40:00 GMT 2014
Native configuration is hppa1.1-hp-hpux10.20
=== g++ tests ===
Running target unix
WARNING: program timed out.
FAIL: tmpdir-g++.dg-struct-layout-1/t001 cp_compat_y_tst.o compile
UNRESOLVED: tmpdir-g++.dg-struct-layout-1/t001 cp_compat_x_tst.o-cp_compat_y_tst.o link
UNRESOLVED: tmpdir-g++.dg-struct-layout-1/t001 cp_compat_x_tst.o-cp_compat_y_tst.o execute
WARNING: program timed out.
FAIL: tmpdir-g++.dg-struct-layout-1/t002 cp_compat_y_tst.o compile
UNRESOLVED: tmpdir-g++.dg-struct-layout-1/t002 cp_compat_x_tst.o-cp_compat_y_tst.o link
UNRESOLVED: tmpdir-g++.dg-struct-layout-1/t002 cp_compat_x_tst.o-cp_compat_y_tst.o execute
WARNING: program timed out.
FAIL: tmpdir-g++.dg-struct-layout-1/t003 cp_compat_y_tst.o compile
UNRESOLVED: tmpdir-g++.dg-struct-layout-1/t003 cp_compat_x_tst.o-cp_compat_y_tst.o link
UNRESOLVED: tmpdir-g++.dg-struct-layout-1/t003 cp_compat_x_tst.o-cp_compat_y_tst.o execute
WARNING: program timed out.
FAIL: tmpdir-g++.dg-struct-layout-1/t024 cp_compat_y_tst.o compile
UNRESOLVED: tmpdir-g++.dg-struct-layout-1/t024 cp_compat_x_tst.o-cp_compat_y_tst.o link
UNRESOLVED: tmpdir-g++.dg-struct-layout-1/t024 cp_compat_x_tst.o-cp_compat_y_tst.o execute
WARNING: program timed out.
FAIL: tmpdir-g++.dg-struct-layout-1/t025 cp_compat_y_tst.o compile
UNRESOLVED: tmpdir-g++.dg-struct-layout-1/t025 cp_compat_x_tst.o-cp_compat_y_tst.o link
UNRESOLVED: tmpdir-g++.dg-struct-layout-1/t025 cp_compat_x_tst.o-cp_compat_y_tst.o execute
WARNING: program timed out.
FAIL: tmpdir-g++.dg-struct-layout-1/t026 cp_compat_y_tst.o compile
UNRESOLVED: tmpdir-g++.dg-struct-layout-1/t026 cp_compat_x_tst.o-cp_compat_y_tst.o link
UNRESOLVED: tmpdir-g++.dg-struct-layout-1/t026 cp_compat_x_tst.o-cp_compat_y_tst.o execute
WARNING: program timed out.
FAIL: tmpdir-g++.dg-struct-layout-1/t027 cp_compat_y_tst.o compile
UNRESOLVED: tmpdir-g++.dg-struct-layout-1/t027 cp_compat_x_tst.o-cp_compat_y_tst.o link
UNRESOLVED: tmpdir-g++.dg-struct-layout-1/t027 cp_compat_x_tst.o-cp_compat_y_tst.o execute
WARNING: program timed out.
FAIL: tmpdir-g++.dg-struct-layout-1/t030 cp_compat_y_tst.o compile
UNRESOLVED: tmpdir-g++.dg-struct-layout-1/t030 cp_compat_x_tst.o-cp_compat_y_tst.o link
UNRESOLVED: tmpdir-g++.dg-struct-layout-1/t030 cp_compat_x_tst.o-cp_compat_y_tst.o execute
FAIL: g++.dg/cpp0x/udlit-string-literal.C (test for excess errors)
WARNING: program timed out.
FAIL: g++.dg/eh/cleanup1.C -std=c++98 (test for excess errors)
WARNING: program timed out.
FAIL: g++.dg/eh/cleanup1.C -std=c++11 (test for excess errors)
WARNING: program timed out.
WARNING: program timed out.
FAIL: g++.dg/pr49718.C -std=gnu++98 scan-assembler-times __cyg_profile_func_enter 1
FAIL: g++.dg/pr49718.C -std=gnu++11 scan-assembler-times __cyg_profile_func_enter 1
FAIL: g++.dg/template/linkage1.C -std=c++98 scan-assembler (weak|glob)[^\\n]*_Z3fooIXadL_Z13external_funcvEEEvv
FAIL: g++.dg/template/linkage1.C -std=c++11 scan-assembler (weak|glob)[^\\n]*_Z3fooIXadL_Z13external_funcvEEEvv
FAIL: c-c++-common/simulate-thread/bitfields-2.c -O2 -g -std=c++98 thread simulation test
FAIL: c-c++-common/simulate-thread/bitfields-2.c -O3 -g -std=c++11 thread simulation test
FAIL: c-c++-common/simulate-thread/bitfields-2.c -Os -g thread simulation test
WARNING: program timed out.
FAIL: g++.dg/torture/pr31863.C -Os (test for excess errors)
=== g++ Summary ===
# of expected passes 47477
# of unexpected failures 19
# of expected failures 284
# of unresolved testcases 16
# of unsupported tests 1514
/xxx/gnu/gcc/objdir/gcc/testsuite/g++/../../xg++ version 4.9.0 20140216 (experimental) [trunk revision 207807] (GCC)
=== gcc tests ===
Running target unix
WARNING: program timed out.
FAIL: gcc.c-torture/compile/20001226-1.c -O2 (test for excess errors)
WARNING: program timed out.
FAIL: gcc.c-torture/compile/20001226-1.c -O3 -fomit-frame-pointer (test for excess errors)
WARNING: program timed out.
FAIL: gcc.c-torture/compile/20001226-1.c -O3 -g (test for excess errors)
WARNING: program timed out.
FAIL: gcc.c-torture/compile/20001226-1.c -Os (test for excess errors)
WARNING: program timed out.
FAIL: gcc.c-torture/compile/limits-externdecl.c -O0 (test for excess errors)
WARNING: program timed out.
FAIL: gcc.c-torture/compile/limits-externdecl.c -O1 (test for excess errors)
WARNING: program timed out.
FAIL: gcc.c-torture/compile/limits-externdecl.c -O2 (test for excess errors)
WARNING: program timed out.
FAIL: gcc.c-torture/compile/limits-externdecl.c -O3 -fomit-frame-pointer (test for excess errors)
WARNING: program timed out.
FAIL: gcc.c-torture/compile/limits-externdecl.c -O3 -g (test for excess errors)
WARNING: program timed out.
FAIL: gcc.c-torture/compile/limits-externdecl.c -Os (test for excess errors)
WARNING: program timed out.
FAIL: gcc.c-torture/compile/limits-fndefn.c -O1 (test for excess errors)
WARNING: program timed out.
FAIL: gcc.c-torture/compile/limits-fndefn.c -O2 (test for excess errors)
WARNING: program timed out.
FAIL: gcc.c-torture/compile/limits-fndefn.c -O3 -fomit-frame-pointer (test for excess errors)
WARNING: program timed out.
FAIL: gcc.c-torture/compile/limits-fndefn.c -O3 -g (test for excess errors)
WARNING: program timed out.
FAIL: gcc.c-torture/compile/limits-fndefn.c -Os (test for excess errors)
FAIL: gcc.c-torture/compile/limits-structnest.c -O2 (test for excess errors)
FAIL: gcc.c-torture/compile/limits-structnest.c -O3 -fomit-frame-pointer (test for excess errors)
FAIL: gcc.c-torture/compile/limits-structnest.c -O3 -g (test for excess errors)
FAIL: gcc.c-torture/compile/limits-structnest.c -Os (test for excess errors)
WARNING: program timed out.
FAIL: gcc.c-torture/compile/pr46534.c -O0 (test for excess errors)
WARNING: program timed out.
FAIL: gcc.c-torture/compile/pr46534.c -O1 (test for excess errors)
WARNING: program timed out.
FAIL: gcc.c-torture/compile/pr46534.c -O2 (test for excess errors)
WARNING: program timed out.
FAIL: gcc.c-torture/compile/pr46534.c -O3 -fomit-frame-pointer (test for excess errors)
WARNING: program timed out.
FAIL: gcc.c-torture/compile/pr46534.c -O3 -g (test for excess errors)
WARNING: program timed out.
FAIL: gcc.c-torture/compile/pr46534.c -Os (test for excess errors)
WARNING: program timed out.
FAIL: gcc.c-torture/unsorted/dump-noaddr.c, -O2 -dumpbase dump1/dump-noaddr.c -DMASK=1 -x c --param ggc-min-heapsize=1 -fdump-ipa-all -fdump-rtl-all -fdump-tree-all -fdump-noaddr
FAIL: gcc.c-torture/unsorted/dump-noaddr.c.000i.cgraph, -O2 comparison
FAIL: gcc.c-torture/unsorted/dump-noaddr.c.033t.profile_estimate, -O2 comparison
FAIL: gcc.c-torture/unsorted/dump-noaddr.c.046i.cp, -O2 comparison
FAIL: gcc.c-torture/unsorted/dump-noaddr.c.048i.inline, -O2 comparison
FAIL: gcc.c-torture/unsorted/dump-noaddr.c.054t.copyrename2, -O2 comparison
FAIL: gcc.c-torture/unsorted/dump-noaddr.c.055t.ccp2, -O2 comparison
FAIL: gcc.c-torture/unsorted/dump-noaddr.c.056t.copyprop2, -O2 comparison
FAIL: gcc.c-torture/unsorted/dump-noaddr.c.057t.cunrolli, -O2 comparison
FAIL: gcc.c-torture/unsorted/dump-noaddr.c.058t.phiprop, -O2 comparison
FAIL: gcc.c-torture/unsorted/dump-noaddr.c.059t.forwprop2, -O2 comparison
FAIL: gcc.c-torture/unsorted/dump-noaddr.c.060t.objsz1, -O2 comparison
FAIL: gcc.c-torture/unsorted/dump-noaddr.c.061t.alias, -O2 comparison
FAIL: gcc.c-torture/unsorted/dump-noaddr.c.062t.retslot, -O2 comparison
FAIL: gcc.c-torture/unsorted/dump-noaddr.c.063t.fre2, -O2 comparison
FAIL: gcc.c-torture/unsorted/dump-noaddr.c.064t.copyprop3, -O2 comparison
FAIL: gcc.c-torture/unsorted/dump-noaddr.c.065t.mergephi2, -O2 comparison
FAIL: gcc.c-torture/unsorted/dump-noaddr.c.066t.vrp1, -O2 comparison
FAIL: gcc.c-torture/unsorted/dump-noaddr.c.067t.dce1, -O2 comparison
FAIL: gcc.c-torture/unsorted/dump-noaddr.c.068t.cdce, -O2 comparison
FAIL: gcc.c-torture/unsorted/dump-noaddr.c.069t.cselim, -O2 comparison
FAIL: gcc.c-torture/unsorted/dump-noaddr.c.070t.ifcombine, -O2 comparison
FAIL: gcc.c-torture/unsorted/dump-noaddr.c.071t.phiopt1, -O2 comparison
FAIL: gcc.c-torture/unsorted/dump-noaddr.c.072t.tailr2, -O2 comparison
FAIL: gcc.c-torture/unsorted/dump-noaddr.c.073t.ch, -O2 comparison
FAIL: gcc.c-torture/unsorted/dump-noaddr.c.075t.cplxlower1, -O2 comparison
FAIL: gcc.c-torture/unsorted/dump-noaddr.c.076t.sra, -O2 comparison
FAIL: gcc.c-torture/unsorted/dump-noaddr.c.077t.copyrename3, -O2 comparison
FAIL: gcc.c-torture/unsorted/dump-noaddr.c.078t.dom1, -O2 comparison
FAIL: gcc.c-torture/unsorted/dump-noaddr.c.079t.isolate-paths, -O2 comparison
FAIL: gcc.c-torture/unsorted/dump-noaddr.c.080t.phicprop1, -O2 comparison
FAIL: gcc.c-torture/unsorted/dump-noaddr.c.081t.dse1, -O2 comparison
FAIL: gcc.c-torture/unsorted/dump-noaddr.c.082t.reassoc1, -O2 comparison
FAIL: gcc.c-torture/unsorted/dump-noaddr.c.083t.dce2, -O2 comparison
FAIL: gcc.c-torture/unsorted/dump-noaddr.c.084t.forwprop3, -O2 comparison
FAIL: gcc.c-torture/unsorted/dump-noaddr.c.085t.phiopt2, -O2 comparison
FAIL: gcc.c-torture/unsorted/dump-noaddr.c.086t.strlen, -O2 comparison
FAIL: gcc.c-torture/unsorted/dump-noaddr.c.087t.ccp3, -O2 comparison
FAIL: gcc.c-torture/unsorted/dump-noaddr.c.088t.copyprop4, -O2 comparison
FAIL: gcc.c-torture/unsorted/dump-noaddr.c.089t.sincos, -O2 comparison
FAIL: gcc.c-torture/unsorted/dump-noaddr.c.090t.bswap, -O2 comparison
FAIL: gcc.c-torture/unsorted/dump-noaddr.c.091t.crited1, -O2 comparison
FAIL: gcc.c-torture/unsorted/dump-noaddr.c.092t.pre, -O2 comparison
FAIL: gcc.c-torture/unsorted/dump-noaddr.c.093t.sink, -O2 comparison
FAIL: gcc.c-torture/unsorted/dump-noaddr.c.096t.loop, -O2 comparison
FAIL: gcc.c-torture/unsorted/dump-noaddr.c.097t.loopinit, -O2 comparison
FAIL: gcc.c-torture/unsorted/dump-noaddr.c.098t.lim1, -O2 comparison
FAIL: gcc.c-torture/unsorted/dump-noaddr.c.099t.copyprop5, -O2 comparison
FAIL: gcc.c-torture/unsorted/dump-noaddr.c.100t.dceloop1, -O2 comparison
FAIL: gcc.c-torture/unsorted/dump-noaddr.c.102t.sccp, -O2 comparison
FAIL: gcc.c-torture/unsorted/dump-noaddr.c.105t.copyprop6, -O2 comparison
FAIL: gcc.c-torture/unsorted/dump-noaddr.c.111t.ivcanon, -O2 comparison
FAIL: gcc.c-torture/unsorted/dump-noaddr.c.117t.cunroll, -O2 comparison
FAIL: gcc.c-torture/unsorted/dump-noaddr.c.120t.ivopts, -O2 comparison
FAIL: gcc.c-torture/unsorted/dump-noaddr.c.121t.lim3, -O2 comparison
FAIL: gcc.c-torture/unsorted/dump-noaddr.c.122t.loopdone, -O2 comparison
FAIL: gcc.c-torture/unsorted/dump-noaddr.c.123t.veclower21, -O2 comparison
FAIL: gcc.c-torture/unsorted/dump-noaddr.c.125t.reassoc2, -O2 comparison
FAIL: gcc.c-torture/unsorted/dump-noaddr.c.126t.slsr, -O2 comparison
FAIL: gcc.c-torture/unsorted/dump-noaddr.c.127t.dom2, -O2 comparison
FAIL: gcc.c-torture/unsorted/dump-noaddr.c.128t.phicprop2, -O2 comparison
FAIL: gcc.c-torture/unsorted/dump-noaddr.c.129t.vrp2, -O2 comparison
FAIL: gcc.c-torture/unsorted/dump-noaddr.c.130t.cddce2, -O2 comparison
FAIL: gcc.c-torture/unsorted/dump-noaddr.c.132t.dse2, -O2 comparison
FAIL: gcc.c-torture/unsorted/dump-noaddr.c.133t.forwprop4, -O2 comparison
FAIL: gcc.c-torture/unsorted/dump-noaddr.c.134t.phiopt3, -O2 comparison
FAIL: gcc.c-torture/unsorted/dump-noaddr.c.135t.fab1, -O2 comparison
FAIL: gcc.c-torture/unsorted/dump-noaddr.c.136t.widening_mul, -O2 comparison
FAIL: gcc.c-torture/unsorted/dump-noaddr.c.137t.tailc, -O2 comparison
FAIL: gcc.c-torture/unsorted/dump-noaddr.c.138t.copyrename4, -O2 comparison
FAIL: gcc.c-torture/unsorted/dump-noaddr.c.139t.crited2, -O2 comparison
FAIL: gcc.c-torture/unsorted/dump-noaddr.c.141t.uncprop1, -O2 comparison
FAIL: gcc.c-torture/unsorted/dump-noaddr.c.142t.local-pure-const2, -O2 comparison
FAIL: gcc.c-torture/unsorted/dump-noaddr.c.168t.nrv, -O2 comparison
FAIL: gcc.c-torture/unsorted/dump-noaddr.c.169t.optimized, -O2 comparison
FAIL: gcc.c-torture/unsorted/dump-noaddr.c.170r.expand, -O2 comparison
FAIL: gcc.c-torture/unsorted/dump-noaddr.c.171r.vregs, -O2 comparison
FAIL: gcc.c-torture/unsorted/dump-noaddr.c.172r.into_cfglayout, -O2 comparison
FAIL: gcc.c-torture/unsorted/dump-noaddr.c.173r.jump, -O2 comparison
FAIL: gcc.c-torture/unsorted/dump-noaddr.c.174r.subreg1, -O2 comparison
FAIL: gcc.c-torture/unsorted/dump-noaddr.c.175r.dfinit, -O2 comparison
FAIL: gcc.c-torture/unsorted/dump-noaddr.c.176r.cse1, -O2 comparison
FAIL: gcc.c-torture/unsorted/dump-noaddr.c.177r.fwprop1, -O2 comparison
FAIL: gcc.c-torture/unsorted/dump-noaddr.c.178r.cprop1, -O2 comparison
FAIL: gcc.c-torture/unsorted/dump-noaddr.c.179r.pre, -O2 comparison
FAIL: gcc.c-torture/unsorted/dump-noaddr.c.181r.cprop2, -O2 comparison
FAIL: gcc.c-torture/unsorted/dump-noaddr.c.184r.ce1, -O2 comparison
FAIL: gcc.c-torture/unsorted/dump-noaddr.c.185r.reginfo, -O2 comparison
FAIL: gcc.c-torture/unsorted/dump-noaddr.c.186r.loop2, -O2 comparison
FAIL: gcc.c-torture/unsorted/dump-noaddr.c.187r.loop2_init, -O2 comparison
FAIL: gcc.c-torture/unsorted/dump-noaddr.c.188r.loop2_invariant, -O2 comparison
FAIL: gcc.c-torture/unsorted/dump-noaddr.c.192r.loop2_done, -O2 comparison
FAIL: gcc.c-torture/unsorted/dump-noaddr.c.194r.cprop3, -O2 comparison
FAIL: gcc.c-torture/unsorted/dump-noaddr.c.195r.cse2, -O2 comparison
FAIL: gcc.c-torture/unsorted/dump-noaddr.c.196r.dse1, -O2 comparison
FAIL: gcc.c-torture/unsorted/dump-noaddr.c.197r.fwprop2, -O2 comparison
FAIL: gcc.c-torture/unsorted/dump-noaddr.c.198r.auto_inc_dec, -O2 comparison
FAIL: gcc.c-torture/unsorted/dump-noaddr.c.199r.init-regs, -O2 comparison
FAIL: gcc.c-torture/unsorted/dump-noaddr.c.200r.ud_dce, -O2 comparison
FAIL: gcc.c-torture/unsorted/dump-noaddr.c.201r.combine, -O2 comparison
FAIL: gcc.c-torture/unsorted/dump-noaddr.c.202r.ce2, -O2 comparison
FAIL: gcc.c-torture/unsorted/dump-noaddr.c.204r.outof_cfglayout, -O2 comparison
FAIL: gcc.c-torture/unsorted/dump-noaddr.c.205r.split1, -O2 comparison
FAIL: gcc.c-torture/unsorted/dump-noaddr.c.206r.subreg2, -O2 comparison
FAIL: gcc.c-torture/unsorted/dump-noaddr.c.209r.asmcons, -O2 comparison
FAIL: gcc.c-torture/unsorted/dump-noaddr.c.212r.sched1, -O2 comparison
FAIL: gcc.c-torture/unsorted/dump-noaddr.c.213r.ira, -O2 comparison
FAIL: gcc.c-torture/unsorted/dump-noaddr.c.214r.reload, -O2 comparison
FAIL: gcc.c-torture/unsorted/dump-noaddr.c.215r.postreload, -O2 comparison
FAIL: gcc.c-torture/unsorted/dump-noaddr.c.217r.split2, -O2 comparison
FAIL: gcc.c-torture/unsorted/dump-noaddr.c.221r.pro_and_epilogue, -O2 comparison
FAIL: gcc.c-torture/unsorted/dump-noaddr.c.222r.dse2, -O2 comparison
FAIL: gcc.c-torture/unsorted/dump-noaddr.c.224r.jump2, -O2 comparison
FAIL: gcc.c-torture/unsorted/dump-noaddr.c.225r.peephole2, -O2 comparison
FAIL: gcc.c-torture/unsorted/dump-noaddr.c.226r.ce3, -O2 comparison
FAIL: gcc.c-torture/unsorted/dump-noaddr.c.249t.statistics, -O2 comparison
WARNING: program timed out.
FAIL: gcc.c-torture/unsorted/dump-noaddr.c, -O3 -fomit-frame-pointer -dumpbase dump1/dump-noaddr.c -DMASK=1 -x c --param ggc-min-heapsize=1 -fdump-ipa-all -fdump-rtl-all -fdump-tree-all -fdump-noaddr
WARNING: program timed out.
FAIL: gcc.c-torture/unsorted/dump-noaddr.c, -O3 -fomit-frame-pointer -funroll-loops -dumpbase dump1/dump-noaddr.c -DMASK=1 -x c --param ggc-min-heapsize=1 -fdump-ipa-all -fdump-rtl-all -fdump-tree-all -fdump-noaddr
FAIL: gcc.c-torture/unsorted/dump-noaddr.c.000i.cgraph, -O3 -fomit-frame-pointer -funroll-loops comparison
FAIL: gcc.c-torture/unsorted/dump-noaddr.c.033t.profile_estimate, -O3 -fomit-frame-pointer -funroll-loops comparison
FAIL: gcc.c-torture/unsorted/dump-noaddr.c.046i.cp, -O3 -fomit-frame-pointer -funroll-loops comparison
FAIL: gcc.c-torture/unsorted/dump-noaddr.c.048i.inline, -O3 -fomit-frame-pointer -funroll-loops comparison
FAIL: gcc.c-torture/unsorted/dump-noaddr.c.054t.copyrename2, -O3 -fomit-frame-pointer -funroll-loops comparison
FAIL: gcc.c-torture/unsorted/dump-noaddr.c.055t.ccp2, -O3 -fomit-frame-pointer -funroll-loops comparison
FAIL: gcc.c-torture/unsorted/dump-noaddr.c.056t.copyprop2, -O3 -fomit-frame-pointer -funroll-loops comparison
FAIL: gcc.c-torture/unsorted/dump-noaddr.c.057t.cunrolli, -O3 -fomit-frame-pointer -funroll-loops comparison
FAIL: gcc.c-torture/unsorted/dump-noaddr.c.058t.phiprop, -O3 -fomit-frame-pointer -funroll-loops comparison
FAIL: gcc.c-torture/unsorted/dump-noaddr.c.059t.forwprop2, -O3 -fomit-frame-pointer -funroll-loops comparison
FAIL: gcc.c-torture/unsorted/dump-noaddr.c.060t.objsz1, -O3 -fomit-frame-pointer -funroll-loops comparison
FAIL: gcc.c-torture/unsorted/dump-noaddr.c.061t.alias, -O3 -fomit-frame-pointer -funroll-loops comparison
FAIL: gcc.c-torture/unsorted/dump-noaddr.c.062t.retslot, -O3 -fomit-frame-pointer -funroll-loops comparison
FAIL: gcc.c-torture/unsorted/dump-noaddr.c.063t.fre2, -O3 -fomit-frame-pointer -funroll-loops comparison
FAIL: gcc.c-torture/unsorted/dump-noaddr.c.064t.copyprop3, -O3 -fomit-frame-pointer -funroll-loops comparison
FAIL: gcc.c-torture/unsorted/dump-noaddr.c.065t.mergephi2, -O3 -fomit-frame-pointer -funroll-loops comparison
FAIL: gcc.c-torture/unsorted/dump-noaddr.c.066t.vrp1, -O3 -fomit-frame-pointer -funroll-loops comparison
FAIL: gcc.c-torture/unsorted/dump-noaddr.c.067t.dce1, -O3 -fomit-frame-pointer -funroll-loops comparison
FAIL: gcc.c-torture/unsorted/dump-noaddr.c.068t.cdce, -O3 -fomit-frame-pointer -funroll-loops comparison
FAIL: gcc.c-torture/unsorted/dump-noaddr.c.069t.cselim, -O3 -fomit-frame-pointer -funroll-loops comparison
FAIL: gcc.c-torture/unsorted/dump-noaddr.c.070t.ifcombine, -O3 -fomit-frame-pointer -funroll-loops comparison
FAIL: gcc.c-torture/unsorted/dump-noaddr.c.071t.phiopt1, -O3 -fomit-frame-pointer -funroll-loops comparison
FAIL: gcc.c-torture/unsorted/dump-noaddr.c.072t.tailr2, -O3 -fomit-frame-pointer -funroll-loops comparison
FAIL: gcc.c-torture/unsorted/dump-noaddr.c.073t.ch, -O3 -fomit-frame-pointer -funroll-loops comparison
FAIL: gcc.c-torture/unsorted/dump-noaddr.c.075t.cplxlower1, -O3 -fomit-frame-pointer -funroll-loops comparison
FAIL: gcc.c-torture/unsorted/dump-noaddr.c.076t.sra, -O3 -fomit-frame-pointer -funroll-loops comparison
FAIL: gcc.c-torture/unsorted/dump-noaddr.c.077t.copyrename3, -O3 -fomit-frame-pointer -funroll-loops comparison
FAIL: gcc.c-torture/unsorted/dump-noaddr.c.078t.dom1, -O3 -fomit-frame-pointer -funroll-loops comparison
FAIL: gcc.c-torture/unsorted/dump-noaddr.c.079t.isolate-paths, -O3 -fomit-frame-pointer -funroll-loops comparison
FAIL: gcc.c-torture/unsorted/dump-noaddr.c.080t.phicprop1, -O3 -fomit-frame-pointer -funroll-loops comparison
FAIL: gcc.c-torture/unsorted/dump-noaddr.c.081t.dse1, -O3 -fomit-frame-pointer -funroll-loops comparison
FAIL: gcc.c-torture/unsorted/dump-noaddr.c.082t.reassoc1, -O3 -fomit-frame-pointer -funroll-loops comparison
FAIL: gcc.c-torture/unsorted/dump-noaddr.c.083t.dce2, -O3 -fomit-frame-pointer -funroll-loops comparison
FAIL: gcc.c-torture/unsorted/dump-noaddr.c.084t.forwprop3, -O3 -fomit-frame-pointer -funroll-loops comparison
FAIL: gcc.c-torture/unsorted/dump-noaddr.c.085t.phiopt2, -O3 -fomit-frame-pointer -funroll-loops comparison
FAIL: gcc.c-torture/unsorted/dump-noaddr.c.086t.strlen, -O3 -fomit-frame-pointer -funroll-loops comparison
FAIL: gcc.c-torture/unsorted/dump-noaddr.c.087t.ccp3, -O3 -fomit-frame-pointer -funroll-loops comparison
FAIL: gcc.c-torture/unsorted/dump-noaddr.c.088t.copyprop4, -O3 -fomit-frame-pointer -funroll-loops comparison
FAIL: gcc.c-torture/unsorted/dump-noaddr.c.089t.sincos, -O3 -fomit-frame-pointer -funroll-loops comparison
FAIL: gcc.c-torture/unsorted/dump-noaddr.c.090t.bswap, -O3 -fomit-frame-pointer -funroll-loops comparison
FAIL: gcc.c-torture/unsorted/dump-noaddr.c.091t.crited1, -O3 -fomit-frame-pointer -funroll-loops comparison
FAIL: gcc.c-torture/unsorted/dump-noaddr.c.092t.pre, -O3 -fomit-frame-pointer -funroll-loops comparison
FAIL: gcc.c-torture/unsorted/dump-noaddr.c.093t.sink, -O3 -fomit-frame-pointer -funroll-loops comparison
FAIL: gcc.c-torture/unsorted/dump-noaddr.c.096t.loop, -O3 -fomit-frame-pointer -funroll-loops comparison
FAIL: gcc.c-torture/unsorted/dump-noaddr.c.097t.loopinit, -O3 -fomit-frame-pointer -funroll-loops comparison
FAIL: gcc.c-torture/unsorted/dump-noaddr.c.098t.lim1, -O3 -fomit-frame-pointer -funroll-loops comparison
FAIL: gcc.c-torture/unsorted/dump-noaddr.c.099t.copyprop5, -O3 -fomit-frame-pointer -funroll-loops comparison
FAIL: gcc.c-torture/unsorted/dump-noaddr.c.100t.dceloop1, -O3 -fomit-frame-pointer -funroll-loops comparison
FAIL: gcc.c-torture/unsorted/dump-noaddr.c.101t.unswitch, -O3 -fomit-frame-pointer -funroll-loops comparison
FAIL: gcc.c-torture/unsorted/dump-noaddr.c.102t.sccp, -O3 -fomit-frame-pointer -funroll-loops comparison
FAIL: gcc.c-torture/unsorted/dump-noaddr.c.104t.ldist, -O3 -fomit-frame-pointer -funroll-loops comparison
FAIL: gcc.c-torture/unsorted/dump-noaddr.c.105t.copyprop6, -O3 -fomit-frame-pointer -funroll-loops comparison
FAIL: gcc.c-torture/unsorted/dump-noaddr.c.111t.ivcanon, -O3 -fomit-frame-pointer -funroll-loops comparison
FAIL: gcc.c-torture/unsorted/dump-noaddr.c.113t.ifcvt, -O3 -fomit-frame-pointer -funroll-loops comparison
FAIL: gcc.c-torture/unsorted/dump-noaddr.c.114t.vect, -O3 -fomit-frame-pointer -funroll-loops comparison
FAIL: gcc.c-torture/unsorted/dump-noaddr.c.115t.dceloop3, -O3 -fomit-frame-pointer -funroll-loops comparison
FAIL: gcc.c-torture/unsorted/dump-noaddr.c.116t.pcom, -O3 -fomit-frame-pointer -funroll-loops comparison
FAIL: gcc.c-torture/unsorted/dump-noaddr.c.249t.statistics, -O3 -fomit-frame-pointer -funroll-loops comparison
WARNING: program timed out.
FAIL: gcc.c-torture/unsorted/dump-noaddr.c, -O3 -fomit-frame-pointer -funroll-all-loops -finline-functions -dumpbase dump1/dump-noaddr.c -DMASK=1 -x c --param ggc-min-heapsize=1 -fdump-ipa-all -fdump-rtl-all -fdump-tree-all -fdump-noaddr
WARNING: program timed out.
FAIL: gcc.c-torture/unsorted/dump-noaddr.c, -Og -g -dumpbase dump1/dump-noaddr.c -DMASK=1 -x c --param ggc-min-heapsize=1 -fdump-ipa-all -fdump-rtl-all -fdump-tree-all -fdump-noaddr
WARNING: program timed out.
FAIL: tmpdir-gcc.dg-struct-layout-1/t001 c_compat_y_tst.o compile
UNRESOLVED: tmpdir-gcc.dg-struct-layout-1/t001 c_compat_x_tst.o-c_compat_y_tst.o link
UNRESOLVED: tmpdir-gcc.dg-struct-layout-1/t001 c_compat_x_tst.o-c_compat_y_tst.o execute
WARNING: program timed out.
FAIL: tmpdir-gcc.dg-struct-layout-1/t002 c_compat_y_tst.o compile
UNRESOLVED: tmpdir-gcc.dg-struct-layout-1/t002 c_compat_x_tst.o-c_compat_y_tst.o link
UNRESOLVED: tmpdir-gcc.dg-struct-layout-1/t002 c_compat_x_tst.o-c_compat_y_tst.o execute
WARNING: program timed out.
FAIL: tmpdir-gcc.dg-struct-layout-1/t003 c_compat_y_tst.o compile
UNRESOLVED: tmpdir-gcc.dg-struct-layout-1/t003 c_compat_x_tst.o-c_compat_y_tst.o link
UNRESOLVED: tmpdir-gcc.dg-struct-layout-1/t003 c_compat_x_tst.o-c_compat_y_tst.o execute
WARNING: program timed out.
FAIL: tmpdir-gcc.dg-struct-layout-1/t024 c_compat_y_tst.o compile
UNRESOLVED: tmpdir-gcc.dg-struct-layout-1/t024 c_compat_x_tst.o-c_compat_y_tst.o link
UNRESOLVED: tmpdir-gcc.dg-struct-layout-1/t024 c_compat_x_tst.o-c_compat_y_tst.o execute
WARNING: program timed out.
FAIL: tmpdir-gcc.dg-struct-layout-1/t025 c_compat_y_tst.o compile
UNRESOLVED: tmpdir-gcc.dg-struct-layout-1/t025 c_compat_x_tst.o-c_compat_y_tst.o link
UNRESOLVED: tmpdir-gcc.dg-struct-layout-1/t025 c_compat_x_tst.o-c_compat_y_tst.o execute
WARNING: program timed out.
FAIL: tmpdir-gcc.dg-struct-layout-1/t026 c_compat_y_tst.o compile
UNRESOLVED: tmpdir-gcc.dg-struct-layout-1/t026 c_compat_x_tst.o-c_compat_y_tst.o link
UNRESOLVED: tmpdir-gcc.dg-struct-layout-1/t026 c_compat_x_tst.o-c_compat_y_tst.o execute
WARNING: program timed out.
FAIL: tmpdir-gcc.dg-struct-layout-1/t027 c_compat_y_tst.o compile
UNRESOLVED: tmpdir-gcc.dg-struct-layout-1/t027 c_compat_x_tst.o-c_compat_y_tst.o link
UNRESOLVED: tmpdir-gcc.dg-struct-layout-1/t027 c_compat_x_tst.o-c_compat_y_tst.o execute
WARNING: program timed out.
FAIL: tmpdir-gcc.dg-struct-layout-1/t028 c_compat_y_tst.o compile
UNRESOLVED: tmpdir-gcc.dg-struct-layout-1/t028 c_compat_x_tst.o-c_compat_y_tst.o link
UNRESOLVED: tmpdir-gcc.dg-struct-layout-1/t028 c_compat_x_tst.o-c_compat_y_tst.o execute
WARNING: program timed out.
FAIL: gcc.dg/20020425-1.c (test for excess errors)
WARNING: program timed out.
FAIL: gcc.dg/binary-constants-1.c (test for excess errors)
FAIL: gcc.dg/binop-xor1.c scan-tree-dump-times optimized "\\\\^" 1
WARNING: program timed out.
FAIL: gcc.dg/c11-atomic-2.c (test for excess errors)
FAIL: gcc.dg/c11-complex-1.c execution test
WARNING: program timed out.
FAIL: gcc.dg/c99-intconst-1.c (test for excess errors)
FAIL: gcc.dg/large-size-array-6.c (internal compiler error)
FAIL: gcc.dg/large-size-array-6.c (test for errors, line 6)
FAIL: gcc.dg/large-size-array-6.c (test for excess errors)
WARNING: program timed out.
FAIL: gcc.dg/pr43058.c (test for excess errors)
FAIL: gcc.dg/pr46309.c scan-tree-dump-times reassoc2 "Optimizing range tests [^\\r\\n]*_[0-9]* -.0, 31. and -.128, 159.[\\n\\r]* into" 1
WARNING: program timed out.
FAIL: gcc.dg/pr48141.c (test for excess errors)
WARNING: program timed out.
FAIL: gcc.dg/pr59920-3.c (test for excess errors)
FAIL: c-c++-common/simulate-thread/bitfields-2.c -O2 -g thread simulation test
FAIL: c-c++-common/simulate-thread/bitfields-2.c -O3 -g thread simulation test
FAIL: gcc.dg/torture/builtin-complex-1.c -O0 execution test
FAIL: gcc.dg/torture/builtin-complex-1.c -O1 execution test
FAIL: gcc.dg/torture/builtin-complex-1.c -O2 execution test
FAIL: gcc.dg/torture/builtin-complex-1.c -Os execution test
FAIL: gcc.dg/torture/pr41094.c -O0 execution test
FAIL: gcc.dg/tree-prof/crossmodule-indircall-1a.c compilation, -fprofile-generate -D_PROFILE_GENERATE
UNRESOLVED: gcc.dg/tree-prof/crossmodule-indircall-1a.c execution, -fprofile-generate -D_PROFILE_GENERATE
UNRESOLVED: gcc.dg/tree-prof/crossmodule-indircall-1a.c compilation, -fprofile-use -D_PROFILE_USE
UNRESOLVED: gcc.dg/tree-prof/crossmodule-indircall-1a.c execution, -fprofile-use -D_PROFILE_USE
FAIL: gcc.dg/tree-prof/pr59003.c compilation, -fprofile-generate -D_PROFILE_GENERATE
UNRESOLVED: gcc.dg/tree-prof/pr59003.c execution, -fprofile-generate -D_PROFILE_GENERATE
UNRESOLVED: gcc.dg/tree-prof/pr59003.c compilation, -fprofile-use -D_PROFILE_USE
UNRESOLVED: gcc.dg/tree-prof/pr59003.c execution, -fprofile-use -D_PROFILE_USE
FAIL: gcc.dg/tree-ssa/ssa-dom-thread-4.c scan-tree-dump-times dom1 "Threaded" 3
FAIL: gcc.dg/tree-ssa/ssa-ifcombine-ccmp-1.c scan-tree-dump optimized "&"
FAIL: gcc.dg/tree-ssa/ssa-ifcombine-ccmp-4.c scan-tree-dump optimized "&"
FAIL: gcc.dg/tree-ssa/ssa-ifcombine-ccmp-5.c scan-tree-dump-times optimized "&" 2
FAIL: gcc.dg/tree-ssa/ssa-ifcombine-ccmp-6.c scan-tree-dump-times optimized "\\\\|" 2
=== gcc Summary ===
# of expected passes 68320
# of unexpected failures 238
# of expected failures 111
# of unresolved testcases 22
# of unsupported tests 1720
/xxx/gnu/gcc/objdir/gcc/xgcc version 4.9.0 20140216 (experimental) [trunk revision 207807] (GCC)
=== libstdc++ tests ===
Running target unix
WARNING: program timed out.
FAIL: 20_util/hash/chi2_q_uniform_random.cc execution test
WARNING: program timed out.
FAIL: 20_util/scoped_allocator/2.cc (test for excess errors)
WARNING: 20_util/scoped_allocator/2.cc compilation failed to produce executable
WARNING: program timed out.
FAIL: 20_util/tuple/creation_functions/tuple_cat.cc (test for excess errors)
WARNING: 20_util/tuple/creation_functions/tuple_cat.cc compilation failed to produce executable
FAIL: 21_strings/basic_string/literals/types.cc (test for excess errors)
FAIL: 21_strings/basic_string/literals/values.cc (test for excess errors)
WARNING: 21_strings/basic_string/literals/values.cc compilation failed to produce executable
WARNING: program timed out.
FAIL: 23_containers/deque/requirements/exception/basic.cc (test for excess errors)
WARNING: 23_containers/deque/requirements/exception/basic.cc compilation failed to produce executable
WARNING: program timed out.
FAIL: 23_containers/deque/requirements/exception/generation_prohibited.cc (test for excess errors)
WARNING: 23_containers/deque/requirements/exception/generation_prohibited.cc compilation failed to produce executable
WARNING: program timed out.
FAIL: 23_containers/deque/requirements/exception/propagation_consistent.cc (test for excess errors)
WARNING: 23_containers/deque/requirements/exception/propagation_consistent.cc compilation failed to produce executable
WARNING: program timed out.
FAIL: 23_containers/forward_list/requirements/exception/basic.cc (test for excess errors)
WARNING: 23_containers/forward_list/requirements/exception/basic.cc compilation failed to produce executable
WARNING: program timed out.
FAIL: 23_containers/list/requirements/exception/basic.cc (test for excess errors)
WARNING: 23_containers/list/requirements/exception/basic.cc compilation failed to produce executable
WARNING: program timed out.
FAIL: 23_containers/list/requirements/exception/propagation_consistent.cc (test for excess errors)
WARNING: program timed out.
FAIL: 23_containers/map/requirements/exception/basic.cc (test for excess errors)
WARNING: 23_containers/map/requirements/exception/basic.cc compilation failed to produce executable
WARNING: program timed out.
FAIL: 23_containers/map/requirements/exception/generation_prohibited.cc (test for excess errors)
WARNING: 23_containers/map/requirements/exception/generation_prohibited.cc compilation failed to produce executable
WARNING: program timed out.
FAIL: 23_containers/map/requirements/exception/propagation_consistent.cc (test for excess errors)
WARNING: 23_containers/map/requirements/exception/propagation_consistent.cc compilation failed to produce executable
WARNING: program timed out.
FAIL: 23_containers/multimap/requirements/exception/basic.cc (test for excess errors)
WARNING: 23_containers/multimap/requirements/exception/basic.cc compilation failed to produce executable
WARNING: program timed out.
FAIL: 23_containers/multimap/requirements/exception/propagation_consistent.cc (test for excess errors)
WARNING: 23_containers/multimap/requirements/exception/propagation_consistent.cc compilation failed to produce executable
WARNING: program timed out.
FAIL: 23_containers/multiset/requirements/exception/basic.cc (test for excess errors)
WARNING: 23_containers/multiset/requirements/exception/basic.cc compilation failed to produce executable
WARNING: program timed out.
FAIL: 23_containers/multiset/requirements/exception/generation_prohibited.cc (test for excess errors)
WARNING: program timed out.
FAIL: 23_containers/set/requirements/exception/basic.cc (test for excess errors)
WARNING: 23_containers/set/requirements/exception/basic.cc compilation failed to produce executable
WARNING: program timed out.
FAIL: 23_containers/set/requirements/exception/propagation_consistent.cc (test for excess errors)
WARNING: 23_containers/set/requirements/exception/propagation_consistent.cc compilation failed to produce executable
WARNING: program timed out.
FAIL: 23_containers/unordered_map/requirements/exception/basic.cc (test for excess errors)
WARNING: 23_containers/unordered_map/requirements/exception/basic.cc compilation failed to produce executable
WARNING: program timed out.
FAIL: 23_containers/unordered_map/requirements/exception/propagation_consistent.cc (test for excess errors)
WARNING: 23_containers/unordered_map/requirements/exception/propagation_consistent.cc compilation failed to produce executable
WARNING: program timed out.
FAIL: 23_containers/unordered_multimap/requirements/exception/basic.cc (test for excess errors)
WARNING: 23_containers/unordered_multimap/requirements/exception/basic.cc compilation failed to produce executable
WARNING: program timed out.
FAIL: 23_containers/unordered_multimap/requirements/exception/propagation_consistent.cc (test for excess errors)
WARNING: 23_containers/unordered_multimap/requirements/exception/propagation_consistent.cc compilation failed to produce executable
WARNING: program timed out.
FAIL: 23_containers/unordered_multiset/requirements/exception/basic.cc (test for excess errors)
WARNING: 23_containers/unordered_multiset/requirements/exception/basic.cc compilation failed to produce executable
WARNING: program timed out.
FAIL: 23_containers/unordered_set/requirements/exception/basic.cc (test for excess errors)
WARNING: 23_containers/unordered_set/requirements/exception/basic.cc compilation failed to produce executable
WARNING: program timed out.
FAIL: 23_containers/unordered_set/requirements/exception/propagation_consistent.cc (test for excess errors)
WARNING: 23_containers/unordered_set/requirements/exception/propagation_consistent.cc compilation failed to produce executable
WARNING: program timed out.
FAIL: 23_containers/vector/requirements/exception/basic.cc (test for excess errors)
WARNING: 23_containers/vector/requirements/exception/basic.cc compilation failed to produce executable
WARNING: program timed out.
FAIL: 23_containers/vector/requirements/exception/propagation_consistent.cc (test for excess errors)
WARNING: 23_containers/vector/requirements/exception/propagation_consistent.cc compilation failed to produce executable
WARNING: program timed out.
FAIL: 25_algorithms/partial_sort/random_test.cc execution test
WARNING: program timed out.
FAIL: 25_algorithms/partial_sort_copy/random_test.cc execution test
XPASS: 26_numerics/headers/cmath/c99_classification_macros_c.cc (test for excess errors)
FAIL: 27_io/basic_istream/extractors_arithmetic/char/12.cc execution test
WARNING: program timed out.
FAIL: 28_regex/algorithms/regex_match/awk/cstring_01.cc (test for excess errors)
WARNING: 28_regex/algorithms/regex_match/awk/cstring_01.cc compilation failed to produce executable
WARNING: program timed out.
FAIL: 28_regex/algorithms/regex_match/basic/empty_range.cc (test for excess errors)
WARNING: 28_regex/algorithms/regex_match/basic/empty_range.cc compilation failed to produce executable
WARNING: program timed out.
FAIL: 28_regex/algorithms/regex_match/basic/string_01.cc (test for excess errors)
WARNING: 28_regex/algorithms/regex_match/basic/string_01.cc compilation failed to produce executable
WARNING: program timed out.
FAIL: 28_regex/algorithms/regex_match/basic/string_range_00_03.cc (test for excess errors)
WARNING: 28_regex/algorithms/regex_match/basic/string_range_00_03.cc compilation failed to produce executable
WARNING: program timed out.
FAIL: 28_regex/algorithms/regex_match/basic/string_range_01_03.cc (test for excess errors)
WARNING: 28_regex/algorithms/regex_match/basic/string_range_01_03.cc compilation failed to produce executable
WARNING: program timed out.
FAIL: 28_regex/algorithms/regex_match/basic/string_range_02_03.cc (test for excess errors)
WARNING: 28_regex/algorithms/regex_match/basic/string_range_02_03.cc compilation failed to produce executable
WARNING: program timed out.
FAIL: 28_regex/algorithms/regex_match/ecma/char/53622.cc (test for excess errors)
WARNING: 28_regex/algorithms/regex_match/ecma/char/53622.cc compilation failed to produce executable
WARNING: program timed out.
FAIL: 28_regex/algorithms/regex_match/ecma/char/57173.cc (test for excess errors)
WARNING: 28_regex/algorithms/regex_match/ecma/char/57173.cc compilation failed to produce executable
WARNING: program timed out.
FAIL: 28_regex/algorithms/regex_match/ecma/char/58576.cc (test for excess errors)
WARNING: 28_regex/algorithms/regex_match/ecma/char/58576.cc compilation failed to produce executable
WARNING: program timed out.
FAIL: 28_regex/algorithms/regex_match/ecma/char/anymatcher.cc (test for excess errors)
WARNING: 28_regex/algorithms/regex_match/ecma/char/anymatcher.cc compilation failed to produce executable
WARNING: program timed out.
FAIL: 28_regex/algorithms/regex_match/ecma/char/backref.cc (test for excess errors)
WARNING: 28_regex/algorithms/regex_match/ecma/char/backref.cc compilation failed to produce executable
WARNING: program timed out.
FAIL: 28_regex/algorithms/regex_match/ecma/char/empty_range.cc (test for excess errors)
WARNING: 28_regex/algorithms/regex_match/ecma/char/empty_range.cc compilation failed to produce executable
WARNING: program timed out.
FAIL: 28_regex/algorithms/regex_match/ecma/char/emptygroup.cc (test for excess errors)
WARNING: 28_regex/algorithms/regex_match/ecma/char/emptygroup.cc compilation failed to produce executable
WARNING: program timed out.
FAIL: 28_regex/algorithms/regex_match/ecma/char/hex.cc (test for excess errors)
WARNING: 28_regex/algorithms/regex_match/ecma/char/hex.cc compilation failed to produce executable
WARNING: program timed out.
FAIL: 28_regex/algorithms/regex_match/ecma/char/quoted_char.cc (test for excess errors)
WARNING: 28_regex/algorithms/regex_match/ecma/char/quoted_char.cc compilation failed to produce executable
WARNING: program timed out.
FAIL: 28_regex/algorithms/regex_match/ecma/char/ungreedy.cc (test for excess errors)
WARNING: 28_regex/algorithms/regex_match/ecma/char/ungreedy.cc compilation failed to produce executable
WARNING: program timed out.
FAIL: 28_regex/algorithms/regex_match/extended/cstring_bracket_01.cc (test for excess errors)
WARNING: 28_regex/algorithms/regex_match/extended/cstring_bracket_01.cc compilation failed to produce executable
WARNING: program timed out.
FAIL: 28_regex/algorithms/regex_match/extended/cstring_plus.cc (test for excess errors)
WARNING: 28_regex/algorithms/regex_match/extended/cstring_plus.cc compilation failed to produce executable
WARNING: program timed out.
FAIL: 28_regex/algorithms/regex_match/extended/cstring_questionmark.cc (test for excess errors)
WARNING: 28_regex/algorithms/regex_match/extended/cstring_questionmark.cc compilation failed to produce executable
WARNING: program timed out.
FAIL: 28_regex/algorithms/regex_match/extended/cstring_range.cc (test for excess errors)
WARNING: 28_regex/algorithms/regex_match/extended/cstring_range.cc compilation failed to produce executable
WARNING: program timed out.
FAIL: 28_regex/algorithms/regex_match/extended/string_any.cc (test for excess errors)
WARNING: 28_regex/algorithms/regex_match/extended/string_any.cc compilation failed to produce executable
WARNING: program timed out.
FAIL: 28_regex/algorithms/regex_match/extended/string_range_00_03.cc (test for excess errors)
WARNING: 28_regex/algorithms/regex_match/extended/string_range_00_03.cc compilation failed to produce executable
WARNING: program timed out.
FAIL: 28_regex/algorithms/regex_match/extended/string_range_01_03.cc (test for excess errors)
WARNING: 28_regex/algorithms/regex_match/extended/string_range_01_03.cc compilation failed to produce executable
WARNING: program timed out.
FAIL: 28_regex/algorithms/regex_match/extended/string_range_02_03.cc (test for excess errors)
WARNING: 28_regex/algorithms/regex_match/extended/string_range_02_03.cc compilation failed to produce executable
WARNING: program timed out.
FAIL: 28_regex/algorithms/regex_replace/char/51711.cc (test for excess errors)
WARNING: program timed out.
FAIL: 28_regex/algorithms/regex_replace/char/basic_replace.cc (test for excess errors)
WARNING: 28_regex/algorithms/regex_replace/char/basic_replace.cc compilation failed to produce executable
WARNING: program timed out.
FAIL: 28_regex/algorithms/regex_search/basic/string_01.cc (test for excess errors)
WARNING: 28_regex/algorithms/regex_search/basic/string_01.cc compilation failed to produce executable
WARNING: program timed out.
FAIL: 28_regex/algorithms/regex_search/ecma/assertion.cc (test for excess errors)
WARNING: 28_regex/algorithms/regex_search/ecma/assertion.cc compilation failed to produce executable
WARNING: program timed out.
FAIL: 28_regex/algorithms/regex_search/ecma/flags.cc (test for excess errors)
WARNING: 28_regex/algorithms/regex_search/ecma/flags.cc compilation failed to produce executable
WARNING: program timed out.
FAIL: 28_regex/algorithms/regex_search/ecma/greedy.cc (test for excess errors)
WARNING: 28_regex/algorithms/regex_search/ecma/greedy.cc compilation failed to produce executable
WARNING: program timed out.
FAIL: 28_regex/algorithms/regex_search/ecma/string_01.cc (test for excess errors)
WARNING: 28_regex/algorithms/regex_search/ecma/string_01.cc compilation failed to produce executable
WARNING: program timed out.
FAIL: 28_regex/basic_regex/assign/char/cstring.cc (test for excess errors)
WARNING: program timed out.
FAIL: 28_regex/basic_regex/assign/char/cstring_op.cc (test for excess errors)
WARNING: program timed out.
FAIL: 28_regex/basic_regex/assign/char/moveable.cc (test for excess errors)
WARNING: 28_regex/basic_regex/assign/char/moveable.cc compilation failed to produce executable
WARNING: program timed out.
FAIL: 28_regex/basic_regex/assign/char/pstring.cc (test for excess errors)
WARNING: program timed out.
FAIL: 28_regex/basic_regex/assign/char/range.cc (test for excess errors)
WARNING: program timed out.
FAIL: 28_regex/basic_regex/assign/char/string.cc (test for excess errors)
WARNING: program timed out.
FAIL: 28_regex/basic_regex/assign/char/string_op.cc (test for excess errors)
WARNING: program timed out.
FAIL: 28_regex/basic_regex/ctors/47724.cc (test for excess errors)
WARNING: 28_regex/basic_regex/ctors/47724.cc compilation failed to produce executable
WARNING: program timed out.
FAIL: 28_regex/basic_regex/ctors/basic/cstring.cc (test for excess errors)
WARNING: program timed out.
FAIL: 28_regex/basic_regex/ctors/basic/pstring_char.cc (test for excess errors)
WARNING: 28_regex/basic_regex/ctors/basic/pstring_char.cc compilation failed to produce executable
WARNING: program timed out.
FAIL: 28_regex/basic_regex/ctors/basic/raw_string.cc (test for excess errors)
WARNING: 28_regex/basic_regex/ctors/basic/raw_string.cc compilation failed to produce executable
WARNING: program timed out.
FAIL: 28_regex/basic_regex/ctors/basic/string_range_01_02_03.cc (test for excess errors)
WARNING: 28_regex/basic_regex/ctors/basic/string_range_01_02_03.cc compilation failed to produce executable
WARNING: program timed out.
FAIL: 28_regex/basic_regex/ctors/char/cstring.cc (test for excess errors)
WARNING: program timed out.
FAIL: 28_regex/basic_regex/ctors/char/cstring_awk.cc (test for excess errors)
WARNING: program timed out.
FAIL: 28_regex/basic_regex/ctors/char/cstring_ecma.cc (test for excess errors)
WARNING: program timed out.
FAIL: 28_regex/basic_regex/ctors/char/cstring_egrep.cc (test for excess errors)
WARNING: program timed out.
FAIL: 28_regex/basic_regex/ctors/char/cstring_grep.cc (test for excess errors)
WARNING: program timed out.
FAIL: 28_regex/basic_regex/ctors/char/range.cc (test for excess errors)
WARNING: program timed out.
FAIL: 28_regex/basic_regex/ctors/copy_char.cc (test for excess errors)
WARNING: 28_regex/basic_regex/ctors/copy_char.cc compilation failed to produce executable
WARNING: program timed out.
FAIL: 28_regex/basic_regex/ctors/extended/cstring.cc (test for excess errors)
WARNING: 28_regex/basic_regex/ctors/extended/cstring.cc compilation failed to produce executable
WARNING: program timed out.
FAIL: 28_regex/basic_regex/ctors/extended/string_range_01_02_03.cc (test for excess errors)
WARNING: 28_regex/basic_regex/ctors/extended/string_range_01_02_03.cc compilation failed to produce executable
WARNING: program timed out.
FAIL: 28_regex/basic_regex/ctors/move_char.cc (test for excess errors)
WARNING: 28_regex/basic_regex/ctors/move_char.cc compilation failed to produce executable
WARNING: program timed out.
FAIL: 28_regex/basic_regex/ctors/string_char.cc (test for excess errors)
WARNING: program timed out.
FAIL: 28_regex/basic_regex/multiple_quantifiers.cc (test for excess errors)
WARNING: 28_regex/basic_regex/multiple_quantifiers.cc compilation failed to produce executable
WARNING: program timed out.
FAIL: 28_regex/constants/syntax_option_type.cc (test for excess errors)
WARNING: 28_regex/constants/syntax_option_type.cc compilation failed to produce executable
WARNING: program timed out.
FAIL: 28_regex/init-list.cc (test for excess errors)
WARNING: 28_regex/init-list.cc compilation failed to produce executable
WARNING: program timed out.
FAIL: 28_regex/iterators/regex_iterator/char/string_01.cc (test for excess errors)
WARNING: 28_regex/iterators/regex_iterator/char/string_01.cc compilation failed to produce executable
WARNING: program timed out.
FAIL: 28_regex/iterators/regex_iterator/char/string_position_01.cc (test for excess errors)
WARNING: 28_regex/iterators/regex_iterator/char/string_position_01.cc compilation failed to produce executable
WARNING: program timed out.
FAIL: 28_regex/iterators/regex_token_iterator/char/string_01.cc (test for excess errors)
WARNING: 28_regex/iterators/regex_token_iterator/char/string_01.cc compilation failed to produce executable
WARNING: program timed out.
FAIL: 28_regex/match_results/format.cc (test for excess errors)
WARNING: 28_regex/match_results/format.cc compilation failed to produce executable
WARNING: program timed out.
FAIL: 28_regex/traits/char/user_defined.cc (test for excess errors)
WARNING: 28_regex/traits/char/user_defined.cc compilation failed to produce executable
FAIL: experimental/string_view/literals/types.cc (test for excess errors)
FAIL: experimental/string_view/literals/values.cc (test for excess errors)
WARNING: experimental/string_view/literals/values.cc compilation failed to produce executable
WARNING: program timed out.
FAIL: ext/vstring/requirements/exception/basic.cc (test for excess errors)
WARNING: ext/vstring/requirements/exception/basic.cc compilation failed to produce executable
WARNING: program timed out.
FAIL: ext/vstring/requirements/exception/propagation_consistent.cc (test for excess errors)
WARNING: ext/vstring/requirements/exception/propagation_consistent.cc compilation failed to produce executable
=== libstdc++ Summary ===
# of expected passes 6988
# of unexpected failures 98
# of unexpected successes 1
# of expected failures 39
# of unsupported tests 537
Compiler version: 4.9.0 20140216 (experimental) [trunk revision 207807] (GCC)
Platform: hppa1.1-hp-hpux10.20
configure flags:Test Run By dave on Sat Feb 22 02:39:53 2014
More information about the Gcc-testresults
mailing list