Results for 4.7.4 20140221 (prerelease) [gcc-4_7-branch revision 207985] (GCC) testsuite on sparc-sun-solaris2.8
Rainer Orth
ro@CeBiTec.Uni-Bielefeld.DE
Sun Feb 23 12:47:00 GMT 2014
LAST_UPDATED: Fri Feb 21 12:04:07 UTC 2014 (revision 207985)
=== acats tests ===
=== acats Summary ===
# of expected passes 2320
# of unexpected failures 0
Native configuration is sparc-sun-solaris2.8
=== g++ tests ===
Running target unix
FAIL: g++.dg/bprob/g++-bprob-1.C execution, -g -fprofile-arcs
UNRESOLVED: g++.dg/bprob/g++-bprob-1.C compilation, -g -fbranch-probabilities
UNRESOLVED: g++.dg/bprob/g++-bprob-1.C execution, -g -fbranch-probabilities
FAIL: g++.dg/bprob/g++-bprob-1.C execution, -O0 -fprofile-arcs
UNRESOLVED: g++.dg/bprob/g++-bprob-1.C compilation, -O0 -fbranch-probabilities
UNRESOLVED: g++.dg/bprob/g++-bprob-1.C execution, -O0 -fbranch-probabilities
FAIL: g++.dg/bprob/g++-bprob-2.C execution, -g -fprofile-arcs
UNRESOLVED: g++.dg/bprob/g++-bprob-2.C compilation, -g -fbranch-probabilities
UNRESOLVED: g++.dg/bprob/g++-bprob-2.C execution, -g -fbranch-probabilities
FAIL: g++.dg/bprob/g++-bprob-2.C execution, -O0 -fprofile-arcs
UNRESOLVED: g++.dg/bprob/g++-bprob-2.C compilation, -O0 -fbranch-probabilities
UNRESOLVED: g++.dg/bprob/g++-bprob-2.C execution, -O0 -fbranch-probabilities
WARNING: program timed out.
FAIL: g++.dg/bprob/g++-bprob-2.C compilation, -O3 -fprofile-arcs
UNRESOLVED: g++.dg/bprob/g++-bprob-2.C execution, -O3 -fprofile-arcs
UNRESOLVED: g++.dg/bprob/g++-bprob-2.C compilation, -O3 -fbranch-probabilities
UNRESOLVED: g++.dg/bprob/g++-bprob-2.C execution, -O3 -fbranch-probabilities
WARNING: program timed out.
FAIL: g++.dg/bprob/g++-bprob-2.C compilation, -O3 -g -fprofile-arcs
UNRESOLVED: g++.dg/bprob/g++-bprob-2.C execution, -O3 -g -fprofile-arcs
UNRESOLVED: g++.dg/bprob/g++-bprob-2.C compilation, -O3 -g -fbranch-probabilities
UNRESOLVED: g++.dg/bprob/g++-bprob-2.C execution, -O3 -g -fbranch-probabilities
FAIL: g++.dg/other/profile1.C -std=gnu++98 execution test
FAIL: g++.dg/other/profile1.C -std=gnu++11 execution test
FAIL: g++.dg/gcov/gcov-1.C -std=gnu++98 execution test
FAIL: g++.dg/gcov/gcov-1.C -std=gnu++98 gcov failed: gcov-1.C.gov does not exist
FAIL: g++.dg/gcov/gcov-1.C -std=gnu++11 execution test
FAIL: g++.dg/gcov/gcov-1.C -std=gnu++11 gcov failed: gcov-1.C.gov does not exist
FAIL: g++.dg/gcov/gcov-10.C -std=gnu++98 execution test
FAIL: g++.dg/gcov/gcov-10.C -std=gnu++98 gcov failed: gcov-10.C.gov does not exist
FAIL: g++.dg/gcov/gcov-10.C -std=gnu++11 execution test
FAIL: g++.dg/gcov/gcov-10.C -std=gnu++11 gcov failed: gcov-10.C.gov does not exist
FAIL: g++.dg/gcov/gcov-11.C -std=gnu++98 execution test
FAIL: g++.dg/gcov/gcov-11.C -std=gnu++98 gcov failed: gcov-11.C.gov does not exist
FAIL: g++.dg/gcov/gcov-11.C -std=gnu++11 execution test
FAIL: g++.dg/gcov/gcov-11.C -std=gnu++11 gcov failed: gcov-11.C.gov does not exist
FAIL: g++.dg/gcov/gcov-12.C -std=gnu++98 execution test
FAIL: g++.dg/gcov/gcov-12.C -std=gnu++98 gcov failed: gcov-12.C.gov does not exist
FAIL: g++.dg/gcov/gcov-12.C -std=gnu++11 execution test
FAIL: g++.dg/gcov/gcov-12.C -std=gnu++11 gcov failed: gcov-12.C.gov does not exist
FAIL: g++.dg/gcov/gcov-13.C -std=gnu++98 execution test
FAIL: g++.dg/gcov/gcov-13.C -std=gnu++98 gcov failed: gcov-13.C.gov does not exist
FAIL: g++.dg/gcov/gcov-13.C -std=gnu++11 execution test
FAIL: g++.dg/gcov/gcov-13.C -std=gnu++11 gcov failed: gcov-13.C.gov does not exist
FAIL: g++.dg/gcov/gcov-2.C -std=gnu++98 execution test
FAIL: g++.dg/gcov/gcov-2.C -std=gnu++98 gcov failed: gcov-2.C.gov does not exist
FAIL: g++.dg/gcov/gcov-2.C -std=gnu++11 execution test
FAIL: g++.dg/gcov/gcov-2.C -std=gnu++11 gcov failed: gcov-2.C.gov does not exist
FAIL: g++.dg/gcov/gcov-3.C -std=gnu++98 execution test
FAIL: g++.dg/gcov/gcov-3.C -std=gnu++98 gcov failed: gcov-3.C.gov does not exist
FAIL: g++.dg/gcov/gcov-3.C -std=gnu++11 execution test
FAIL: g++.dg/gcov/gcov-3.C -std=gnu++11 gcov failed: gcov-3.C.gov does not exist
FAIL: g++.dg/gcov/gcov-4.C -std=gnu++98 execution test
FAIL: g++.dg/gcov/gcov-4.C -std=gnu++98 gcov failed: gcov-4.C.gov does not exist
FAIL: g++.dg/gcov/gcov-4.C -std=gnu++11 execution test
FAIL: g++.dg/gcov/gcov-4.C -std=gnu++11 gcov failed: gcov-4.C.gov does not exist
FAIL: g++.dg/gcov/gcov-5.C -std=gnu++98 execution test
FAIL: g++.dg/gcov/gcov-5.C -std=gnu++98 gcov failed: gcov-5.C.gov does not exist
FAIL: g++.dg/gcov/gcov-5.C -std=gnu++11 execution test
FAIL: g++.dg/gcov/gcov-5.C -std=gnu++11 gcov failed: gcov-5.C.gov does not exist
FAIL: g++.dg/gcov/gcov-7.C -std=gnu++98 execution test
FAIL: g++.dg/gcov/gcov-7.C -std=gnu++98 gcov failed: gcov-7.C.gov does not exist
FAIL: g++.dg/gcov/gcov-7.C -std=gnu++11 execution test
FAIL: g++.dg/gcov/gcov-7.C -std=gnu++11 gcov failed: gcov-7.C.gov does not exist
FAIL: g++.old-deja/g++.robertl/eb83.C -std=gnu++98 execution test
FAIL: g++.old-deja/g++.robertl/eb83.C -std=gnu++11 execution test
=== g++ Summary for unix ===
# of expected passes 46538
# of unexpected failures 50
# of expected failures 286
# of unresolved testcases 14
# of unsupported tests 738
Running target unix/-m64
FAIL: g++.dg/bprob/g++-bprob-1.C execution, -g -fprofile-arcs
UNRESOLVED: g++.dg/bprob/g++-bprob-1.C compilation, -g -fbranch-probabilities
UNRESOLVED: g++.dg/bprob/g++-bprob-1.C execution, -g -fbranch-probabilities
FAIL: g++.dg/bprob/g++-bprob-1.C execution, -O0 -fprofile-arcs
UNRESOLVED: g++.dg/bprob/g++-bprob-1.C compilation, -O0 -fbranch-probabilities
UNRESOLVED: g++.dg/bprob/g++-bprob-1.C execution, -O0 -fbranch-probabilities
FAIL: g++.dg/bprob/g++-bprob-2.C execution, -g -fprofile-arcs
UNRESOLVED: g++.dg/bprob/g++-bprob-2.C compilation, -g -fbranch-probabilities
UNRESOLVED: g++.dg/bprob/g++-bprob-2.C execution, -g -fbranch-probabilities
FAIL: g++.dg/bprob/g++-bprob-2.C execution, -O0 -fprofile-arcs
UNRESOLVED: g++.dg/bprob/g++-bprob-2.C compilation, -O0 -fbranch-probabilities
UNRESOLVED: g++.dg/bprob/g++-bprob-2.C execution, -O0 -fbranch-probabilities
FAIL: g++.dg/cpp0x/nullptr28.C -std=c++11 execution test
FAIL: g++.dg/other/profile1.C -std=gnu++98 execution test
FAIL: g++.dg/other/profile1.C -std=gnu++11 execution test
FAIL: g++.dg/gcov/gcov-1.C -std=gnu++98 execution test
FAIL: g++.dg/gcov/gcov-1.C -std=gnu++98 gcov failed: gcov-1.C.gov does not exist
FAIL: g++.dg/gcov/gcov-1.C -std=gnu++11 execution test
FAIL: g++.dg/gcov/gcov-1.C -std=gnu++11 gcov failed: gcov-1.C.gov does not exist
FAIL: g++.dg/gcov/gcov-10.C -std=gnu++98 execution test
FAIL: g++.dg/gcov/gcov-10.C -std=gnu++98 gcov failed: gcov-10.C.gov does not exist
FAIL: g++.dg/gcov/gcov-10.C -std=gnu++11 execution test
FAIL: g++.dg/gcov/gcov-10.C -std=gnu++11 gcov failed: gcov-10.C.gov does not exist
FAIL: g++.dg/gcov/gcov-11.C -std=gnu++98 execution test
FAIL: g++.dg/gcov/gcov-11.C -std=gnu++98 gcov failed: gcov-11.C.gov does not exist
FAIL: g++.dg/gcov/gcov-11.C -std=gnu++11 execution test
FAIL: g++.dg/gcov/gcov-11.C -std=gnu++11 gcov failed: gcov-11.C.gov does not exist
FAIL: g++.dg/gcov/gcov-12.C -std=gnu++98 execution test
FAIL: g++.dg/gcov/gcov-12.C -std=gnu++98 gcov failed: gcov-12.C.gov does not exist
FAIL: g++.dg/gcov/gcov-12.C -std=gnu++11 execution test
FAIL: g++.dg/gcov/gcov-12.C -std=gnu++11 gcov failed: gcov-12.C.gov does not exist
FAIL: g++.dg/gcov/gcov-13.C -std=gnu++98 execution test
FAIL: g++.dg/gcov/gcov-13.C -std=gnu++98 gcov failed: gcov-13.C.gov does not exist
FAIL: g++.dg/gcov/gcov-13.C -std=gnu++11 execution test
FAIL: g++.dg/gcov/gcov-13.C -std=gnu++11 gcov failed: gcov-13.C.gov does not exist
FAIL: g++.dg/gcov/gcov-2.C -std=gnu++98 execution test
FAIL: g++.dg/gcov/gcov-2.C -std=gnu++98 gcov failed: gcov-2.C.gov does not exist
FAIL: g++.dg/gcov/gcov-2.C -std=gnu++11 execution test
FAIL: g++.dg/gcov/gcov-2.C -std=gnu++11 gcov failed: gcov-2.C.gov does not exist
FAIL: g++.dg/gcov/gcov-3.C -std=gnu++98 execution test
FAIL: g++.dg/gcov/gcov-3.C -std=gnu++98 gcov failed: gcov-3.C.gov does not exist
FAIL: g++.dg/gcov/gcov-3.C -std=gnu++11 execution test
FAIL: g++.dg/gcov/gcov-3.C -std=gnu++11 gcov failed: gcov-3.C.gov does not exist
FAIL: g++.dg/gcov/gcov-4.C -std=gnu++98 execution test
FAIL: g++.dg/gcov/gcov-4.C -std=gnu++98 gcov failed: gcov-4.C.gov does not exist
FAIL: g++.dg/gcov/gcov-4.C -std=gnu++11 execution test
FAIL: g++.dg/gcov/gcov-4.C -std=gnu++11 gcov failed: gcov-4.C.gov does not exist
FAIL: g++.dg/gcov/gcov-5.C -std=gnu++98 execution test
FAIL: g++.dg/gcov/gcov-5.C -std=gnu++98 gcov failed: gcov-5.C.gov does not exist
FAIL: g++.dg/gcov/gcov-5.C -std=gnu++11 execution test
FAIL: g++.dg/gcov/gcov-5.C -std=gnu++11 gcov failed: gcov-5.C.gov does not exist
FAIL: g++.dg/gcov/gcov-7.C -std=gnu++98 execution test
FAIL: g++.dg/gcov/gcov-7.C -std=gnu++98 gcov failed: gcov-7.C.gov does not exist
FAIL: g++.dg/gcov/gcov-7.C -std=gnu++11 execution test
FAIL: g++.dg/gcov/gcov-7.C -std=gnu++11 gcov failed: gcov-7.C.gov does not exist
WARNING: program timed out.
FAIL: g++.dg/lto/20081211-1 cp_lto_20081211-1_0.o-cp_lto_20081211-1_1.o link, -O2 -flto -flto-partition=1to1
UNRESOLVED: g++.dg/lto/20081211-1 cp_lto_20081211-1_0.o-cp_lto_20081211-1_1.o execute -O2 -flto -flto-partition=1to1
FAIL: g++.old-deja/g++.robertl/eb83.C -std=gnu++98 execution test
FAIL: g++.old-deja/g++.robertl/eb83.C -std=gnu++11 execution test
=== g++ Summary for unix/-m64 ===
# of expected passes 47780
# of unexpected failures 50
# of expected failures 286
# of unresolved testcases 9
# of unsupported tests 731
=== g++ Summary ===
# of expected passes 94318
# of unexpected failures 100
# of expected failures 572
# of unresolved testcases 23
# of unsupported tests 1469
/var/gcc/regression/gcc-4.7-branch/8-gcc-gas/build/gcc/testsuite/g++/../../g++ version 4.7.4 20140221 (prerelease) [gcc-4_7-branch revision 207985] (GCC)
=== gcc tests ===
Running target unix
FAIL: gcc.c-torture/execute/20000113-1.c compilation, -O2 -flto
UNRESOLVED: gcc.c-torture/execute/20000113-1.c execution, -O2 -flto
FAIL: gcc.c-torture/execute/20000121-1.c compilation, -O2
UNRESOLVED: gcc.c-torture/execute/20000121-1.c execution, -O2
FAIL: gcc.c-torture/execute/20000121-1.c compilation, -O2 -flto -flto-partition=none
UNRESOLVED: gcc.c-torture/execute/20000121-1.c execution, -O2 -flto -flto-partition=none
FAIL: gcc.c-torture/execute/900409-1.c compilation, -O2 -flto -flto-partition=none
UNRESOLVED: gcc.c-torture/execute/900409-1.c execution, -O2 -flto -flto-partition=none
FAIL: gcc.c-torture/execute/920202-1.c compilation, -O0
UNRESOLVED: gcc.c-torture/execute/920202-1.c execution, -O0
FAIL: gcc.c-torture/execute/920202-1.c compilation, -O1
UNRESOLVED: gcc.c-torture/execute/920202-1.c execution, -O1
WARNING: program timed out.
WARNING: program timed out.
WARNING: program timed out.
WARNING: program timed out.
WARNING: program timed out.
WARNING: program timed out.
WARNING: program timed out.
WARNING: program timed out.
WARNING: program timed out.
FAIL: gcc.dg/compat/scalar-by-value-2 c_compat_y_tst.o compile
UNRESOLVED: gcc.dg/compat/scalar-by-value-2 c_compat_x_tst.o-c_compat_y_tst.o link
UNRESOLVED: gcc.dg/compat/scalar-by-value-2 c_compat_x_tst.o-c_compat_y_tst.o execute
WARNING: program timed out.
FAIL: gcc.dg/compat/scalar-by-value-3 c_compat_x_tst.o compile
UNRESOLVED: gcc.dg/compat/scalar-by-value-3 c_compat_x_tst.o-c_compat_y_tst.o link
UNRESOLVED: gcc.dg/compat/scalar-by-value-3 c_compat_x_tst.o-c_compat_y_tst.o execute
FAIL: gcc.dg/20020201-1.c execution test
FAIL: gcc.dg/simulate-thread/atomic-other-int.c -O2 -g thread simulation test
FAIL: gcc.dg/simulate-thread/atomic-other-int.c -O3 -g thread simulation test
FAIL: gcc.dg/simulate-thread/atomic-other-short.c -O2 -g thread simulation test
FAIL: gcc.dg/simulate-thread/atomic-other-short.c -O3 -g thread simulation test
FAIL: gcc.dg/simulate-thread/speculative-store.c -O0 -g thread simulation test
WARNING: program timed out.
FAIL: gcc.dg/torture/tls/run-le.c -O2 -flto (test for excess errors)
FAIL: gcc.misc-tests/gcov-1.c execution test
FAIL: gcc.misc-tests/gcov-1.c gcov failed: gcov-1.c.gov does not exist
FAIL: gcc.misc-tests/gcov-10.c execution test
FAIL: gcc.misc-tests/gcov-10.c gcov failed: gcov-10.c.gov does not exist
FAIL: gcc.misc-tests/gcov-10b.c execution test
FAIL: gcc.misc-tests/gcov-10b.c gcov failed: gcov-10b.c.gov does not exist
FAIL: gcc.misc-tests/gcov-11.c execution test
FAIL: gcc.misc-tests/gcov-11.c gcov failed: gcov-11.c.gov does not exist
FAIL: gcc.misc-tests/gcov-12.c execution test
FAIL: gcc.misc-tests/gcov-12.c gcov failed: gcov-12.c.gov does not exist
FAIL: gcc.misc-tests/gcov-13.c execution test
FAIL: gcc.misc-tests/gcov-13.c gcov failed: gcovpart-13b.c.gov does not exist
FAIL: gcc.misc-tests/gcov-15.c execution test
FAIL: gcc.misc-tests/gcov-15.c gcov failed: gcov-15.c.gov does not exist
FAIL: gcc.misc-tests/gcov-2.c execution test
FAIL: gcc.misc-tests/gcov-2.c gcov failed: gcov-2.c.gov does not exist
FAIL: gcc.misc-tests/gcov-3.c execution test
FAIL: gcc.misc-tests/gcov-3.c gcov failed: gcov-3.c.gov does not exist
FAIL: gcc.misc-tests/gcov-4.c execution test
FAIL: gcc.misc-tests/gcov-4.c gcov failed: gcov-4.c.gov does not exist
FAIL: gcc.misc-tests/gcov-4b.c execution test
FAIL: gcc.misc-tests/gcov-4b.c gcov failed: gcov-4b.c.gov does not exist
FAIL: gcc.misc-tests/gcov-5b.c execution test
FAIL: gcc.misc-tests/gcov-5b.c gcov failed: gcov-5b.c.gov does not exist
FAIL: gcc.misc-tests/gcov-6.c execution test
FAIL: gcc.misc-tests/gcov-6.c gcov failed: gcov-6.c.gov does not exist
FAIL: gcc.misc-tests/gcov-7.c execution test
FAIL: gcc.misc-tests/gcov-7.c gcov failed: gcov-7.c.gov does not exist
FAIL: gcc.misc-tests/gcov-8.c execution test
FAIL: gcc.misc-tests/gcov-8.c gcov failed: gcov-8.c.gov does not exist
FAIL: gcc.misc-tests/gcov-9.c execution test
FAIL: gcc.misc-tests/gcov-9.c gcov failed: gcov-9.c.gov does not exist
=== gcc Summary for unix ===
# of expected passes 75990
# of unexpected failures 47
# of expected failures 318
# of unresolved testcases 10
# of unsupported tests 1599
Running target unix/-m64
FAIL: gcc.dg/20020201-1.c execution test
WARNING: program timed out.
FAIL: gcc.dg/lto/20100720-2 c_lto_20100720-2_0.o-c_lto_20100720-2_1.o link, -O2 -flto
UNRESOLVED: gcc.dg/lto/20100720-2 c_lto_20100720-2_0.o-c_lto_20100720-2_1.o execute -O2 -flto
WARNING: program timed out.
FAIL: gcc.dg/torture/stackalign/nested-4.c -O2 -flto -fpic (test for excess errors)
FAIL: gcc.misc-tests/gcov-1.c execution test
FAIL: gcc.misc-tests/gcov-1.c gcov failed: gcov-1.c.gov does not exist
FAIL: gcc.misc-tests/gcov-10.c execution test
FAIL: gcc.misc-tests/gcov-10.c gcov failed: gcov-10.c.gov does not exist
FAIL: gcc.misc-tests/gcov-10b.c execution test
FAIL: gcc.misc-tests/gcov-10b.c gcov failed: gcov-10b.c.gov does not exist
FAIL: gcc.misc-tests/gcov-11.c execution test
FAIL: gcc.misc-tests/gcov-11.c gcov failed: gcov-11.c.gov does not exist
FAIL: gcc.misc-tests/gcov-12.c execution test
FAIL: gcc.misc-tests/gcov-12.c gcov failed: gcov-12.c.gov does not exist
FAIL: gcc.misc-tests/gcov-13.c execution test
FAIL: gcc.misc-tests/gcov-13.c gcov failed: gcovpart-13b.c.gov does not exist
FAIL: gcc.misc-tests/gcov-15.c execution test
FAIL: gcc.misc-tests/gcov-15.c gcov failed: gcov-15.c.gov does not exist
FAIL: gcc.misc-tests/gcov-2.c execution test
FAIL: gcc.misc-tests/gcov-2.c gcov failed: gcov-2.c.gov does not exist
FAIL: gcc.misc-tests/gcov-3.c execution test
FAIL: gcc.misc-tests/gcov-3.c gcov failed: gcov-3.c.gov does not exist
FAIL: gcc.misc-tests/gcov-4.c execution test
FAIL: gcc.misc-tests/gcov-4.c gcov failed: gcov-4.c.gov does not exist
FAIL: gcc.misc-tests/gcov-4b.c execution test
FAIL: gcc.misc-tests/gcov-4b.c gcov failed: gcov-4b.c.gov does not exist
FAIL: gcc.misc-tests/gcov-5b.c execution test
FAIL: gcc.misc-tests/gcov-5b.c gcov failed: gcov-5b.c.gov does not exist
FAIL: gcc.misc-tests/gcov-6.c execution test
FAIL: gcc.misc-tests/gcov-6.c gcov failed: gcov-6.c.gov does not exist
FAIL: gcc.misc-tests/gcov-7.c execution test
FAIL: gcc.misc-tests/gcov-7.c gcov failed: gcov-7.c.gov does not exist
FAIL: gcc.misc-tests/gcov-8.c execution test
FAIL: gcc.misc-tests/gcov-8.c gcov failed: gcov-8.c.gov does not exist
FAIL: gcc.misc-tests/gcov-9.c execution test
FAIL: gcc.misc-tests/gcov-9.c gcov failed: gcov-9.c.gov does not exist
=== gcc Summary for unix/-m64 ===
# of expected passes 76686
# of unexpected failures 35
# of expected failures 305
# of unresolved testcases 1
# of unsupported tests 1583
=== gcc Summary ===
# of expected passes 152676
# of unexpected failures 82
# of expected failures 623
# of unresolved testcases 11
# of unsupported tests 3182
/var/gcc/regression/gcc-4.7-branch/8-gcc-gas/build/gcc/xgcc version 4.7.4 20140221 (prerelease) [gcc-4_7-branch revision 207985] (GCC)
=== gfortran tests ===
Running target unix
WARNING: program timed out.
FAIL: gfortran.dg/coarray/registering_1.f90 -fcoarray=lib -O2 -lcaf_single (test for excess errors)
WARNING: program timed out.
FAIL: gfortran.dg/coarray/scalar_alloc_1.f90 -fcoarray=single -O2 (test for excess errors)
FAIL: gfortran.dg/PR19754_2.f90 -O3 -g (test for excess errors)
FAIL: gfortran.dg/PR49268.f90 -O0 (test for excess errors)
FAIL: gfortran.dg/achar_4.f90 -O0 (test for excess errors)
FAIL: gfortran.dg/backslash_2.f90 -O3 -fomit-frame-pointer -funroll-all-loops -finline-functions (test for excess errors)
FAIL: gfortran.dg/backslash_2.f90 -O3 -g (test for excess errors)
WARNING: program timed out.
WARNING: program timed out.
WARNING: program timed out.
WARNING: program timed out.
WARNING: program timed out.
WARNING: program timed out.
=== gfortran Summary for unix ===
# of expected passes 40394
# of unexpected failures 7
# of expected failures 44
# of unsupported tests 501
Running target unix/-m64
=== gfortran Summary for unix/-m64 ===
# of expected passes 40872
# of expected failures 44
# of unsupported tests 268
=== gfortran Summary ===
# of expected passes 81266
# of unexpected failures 7
# of expected failures 88
# of unsupported tests 769
/var/gcc/regression/gcc-4.7-branch/8-gcc-gas/build/gcc/testsuite/gfortran/../../gfortran version 4.7.4 20140221 (prerelease) [gcc-4_7-branch revision 207985] (GCC)
=== gnat tests ===
Running target unix
WARNING: program timed out.
FAIL: gnat.dg/aliasing3.adb (test for excess errors)
WARNING: program timed out.
FAIL: gnat.dg/align_max.adb (test for excess errors)
WARNING: program timed out.
FAIL: gnat.dg/aligned_vla.adb (test for excess errors)
WARNING: program timed out.
FAIL: gnat.dg/alignment1.adb (test for excess errors)
WARNING: program timed out.
FAIL: gnat.dg/alignment10.adb (test for excess errors)
=== gnat Summary for unix ===
# of expected passes 1105
# of unexpected failures 5
# of expected failures 14
# of unsupported tests 13
Running target unix/-m64
=== gnat Summary for unix/-m64 ===
# of expected passes 1110
# of expected failures 14
# of unsupported tests 13
=== gnat Summary ===
# of expected passes 2215
# of unexpected failures 5
# of expected failures 28
# of unsupported tests 26
/var/gcc/regression/gcc-4.7-branch/8-gcc-gas/build/gcc/gnatmake version 4.7.4 20140221 (prerelease) [gcc-4_7-branch revision 207985]
=== go tests ===
Running target unix
WARNING: program timed out.
WARNING: program timed out.
FAIL: go.test/test/chan/select3.go compilation, -O2 -g
FAIL: go.test/test/chan/select5.go -O (test for excess errors)
FAIL: go.test/test/chan/select5.go execution
FAIL: go.test/test/ddd.go compilation, -O2 -g
FAIL: go.test/test/ddd3.go
FAIL: go.test/test/deferprint.go -O (test for excess errors)
FAIL: go.test/test/deferprint.go execution
WARNING: program timed out.
WARNING: program timed out.
WARNING: program timed out.
WARNING: program timed out.
WARNING: program timed out.
WARNING: program timed out.
WARNING: program timed out.
WARNING: program timed out.
WARNING: program timed out.
=== go Summary for unix ===
# of expected passes 3276
# of unexpected failures 7
# of expected failures 4
# of untested testcases 10
Running target unix/-m64
=== go Summary for unix/-m64 ===
# of expected passes 3288
# of expected failures 4
# of untested testcases 7
=== go Summary ===
# of expected passes 6564
# of unexpected failures 7
# of expected failures 8
# of untested testcases 17
/var/gcc/regression/gcc-4.7-branch/8-gcc-gas/build/gcc/testsuite/go/../../gccgo version 4.7.4 20140221 (prerelease) [gcc-4_7-branch revision 207985] (GCC)
=== obj-c++ tests ===
Running target unix
WARNING: program timed out.
FAIL: obj-c++.dg/encode-5.mm -fgnu-runtime (test for excess errors)
=== obj-c++ Summary for unix ===
# of expected passes 1449
# of unexpected failures 1
# of expected failures 2
# of unsupported tests 86
Running target unix/-m64
=== obj-c++ Summary for unix/-m64 ===
# of expected passes 1442
# of expected failures 10
# of unsupported tests 86
=== obj-c++ Summary ===
# of expected passes 2891
# of unexpected failures 1
# of expected failures 12
# of unsupported tests 172
/var/gcc/regression/gcc-4.7-branch/8-gcc-gas/build/gcc/testsuite/obj-c++/../../g++ version 4.7.4 20140221 (prerelease) [gcc-4_7-branch revision 207985] (GCC)
=== objc tests ===
Running target unix
WARNING: program timed out.
WARNING: program timed out.
FAIL: objc.dg-struct-layout-encoding-1/t005_main.m (test for excess errors)
WARNING: program timed out.
FAIL: objc.dg-struct-layout-encoding-1/t007_main.m (test for excess errors)
WARNING: program timed out.
FAIL: objc.dg-struct-layout-encoding-1/t008_main.m (test for excess errors)
WARNING: program timed out.
FAIL: objc.dg-struct-layout-encoding-1/t009_main.m (test for excess errors)
WARNING: program timed out.
FAIL: objc.dg-struct-layout-encoding-1/t014_main.m (test for excess errors)
=== objc Summary for unix ===
# of expected passes 2989
# of unexpected failures 5
# of unsupported tests 74
Running target unix/-m64
=== objc Summary for unix/-m64 ===
# of expected passes 2994
# of unsupported tests 74
=== objc Summary ===
# of expected passes 5983
# of unexpected failures 5
# of unsupported tests 148
/var/gcc/regression/gcc-4.7-branch/8-gcc-gas/build/gcc/xgcc version 4.7.4 20140221 (prerelease) [gcc-4_7-branch revision 207985] (GCC)
=== boehm-gc tests ===
Running target unix
=== boehm-gc Summary for unix ===
# of expected passes 12
# of unsupported tests 1
Running target unix/-m64
=== boehm-gc Summary for unix/-m64 ===
# of expected passes 12
# of unsupported tests 1
=== boehm-gc Summary ===
# of expected passes 24
# of unsupported tests 2
=== libffi tests ===
Running target unix
WARNING: program timed out.
FAIL: libffi.call/cls_schar.c -O0 -W -Wall (test for excess errors)
WARNING: program timed out.
FAIL: libffi.call/cls_schar.c -O0 -W -Wall execution test
WARNING: program timed out.
FAIL: libffi.call/cls_sint.c -O0 -W -Wall (test for excess errors)
=== libffi Summary for unix ===
# of expected passes 1630
# of unexpected failures 3
# of expected failures 10
# of unsupported tests 55
Running target unix/-m64
=== libffi Summary for unix/-m64 ===
# of expected passes 1634
# of expected failures 10
# of unsupported tests 55
=== libffi Summary ===
# of expected passes 3264
# of unexpected failures 3
# of expected failures 20
# of unsupported tests 110
=== libgo tests ===
Running target unix
FAIL: runtime/pprof
=== libgo Summary for unix ===
# of expected passes 123
# of unexpected failures 1
Running target unix/-m64
FAIL: fmt
FAIL: runtime/pprof
=== libgo Summary for unix/-m64 ===
# of expected passes 122
# of unexpected failures 2
=== libgo Summary ===
# of expected passes 245
# of unexpected failures 3
=== libgomp tests ===
Running target unix
WARNING: program timed out.
FAIL: libgomp.c/loop-8.c (test for excess errors)
WARNING: program timed out.
FAIL: libgomp.c/loop-9.c (test for excess errors)
=== libgomp Summary for unix ===
# of expected passes 2938
# of unexpected failures 2
# of unsupported tests 3
Running target unix/-m64
=== libgomp Summary for unix/-m64 ===
# of expected passes 2940
# of unsupported tests 3
=== libgomp Summary ===
# of expected passes 5878
# of unexpected failures 2
# of unsupported tests 6
=== libitm tests ===
Running target unix
=== libitm Summary for unix ===
# of expected passes 26
# of expected failures 3
# of unsupported tests 1
Running target unix/-m64
=== libitm Summary for unix/-m64 ===
# of expected passes 26
# of expected failures 3
# of unsupported tests 1
=== libitm Summary ===
# of expected passes 52
# of expected failures 6
# of unsupported tests 2
=== libjava tests ===
Running target unix
WARNING: program timed out.
FAIL: PR28178.c compilation
WARNING: program timed out.
FAIL: bytebuffer.c compilation
WARNING: program timed out.
FAIL: calls.c compilation
WARNING: program timed out.
FAIL: cxxtest.cc compilation
=== libjava Summary for unix ===
# of expected passes 2554
# of unexpected failures 4
Running target unix/-m64
=== libjava Summary for unix/-m64 ===
# of expected passes 2574
=== libjava Summary ===
# of expected passes 5128
# of unexpected failures 4
=== libstdc++ tests ===
Running target unix
FAIL: 22_locale/codecvt/in/wchar_t/5.cc (test for excess errors)
FAIL: 23_containers/array/element_access/back.cc (test for excess errors)
WARNING: 23_containers/array/element_access/back.cc compilation failed to produce executable
FAIL: 23_containers/list/check_construct_destroy.cc (test for excess errors)
WARNING: 23_containers/list/check_construct_destroy.cc compilation failed to produce executable
FAIL: 24_iterators/istreambuf_iterator/cons/constexpr.cc (test for excess errors)
FAIL: 26_numerics/complex/50880.cc (test for excess errors)
WARNING: 26_numerics/complex/50880.cc compilation failed to produce executable
FAIL: 26_numerics/complex/51083.cc (test for excess errors)
FAIL: 27_io/basic_filebuf/close/char/12790-3.cc (test for excess errors)
WARNING: program timed out.
WARNING: program timed out.
WARNING: program timed out.
WARNING: program timed out.
WARNING: program timed out.
WARNING: program timed out.
WARNING: program timed out.
WARNING: program timed out.
FAIL: tr1/2_general_utilities/enable_shared_from_this/requirements/explicit_instantiation/1.cc (test for excess errors)
=== libstdc++ Summary for unix ===
# of expected passes 7375
# of unexpected failures 8
# of expected failures 47
# of unsupported tests 812
Running target unix/-m64
WARNING: program timed out.
WARNING: program timed out.
ERROR: tcl error sourcing /vol/gcc/src/hg/gcc-4.7-branch/local/libstdc++-v3/testsuite/libstdc++-prettyprinters/prettyprinters.exp.
ERROR: could not compile testsuite_abi.cc
=== libstdc++ Summary for unix/-m64 ===
# of expected passes 7386
# of expected failures 47
# of unsupported tests 811
=== libstdc++ Summary ===
# of expected passes 14761
# of unexpected failures 8
# of expected failures 94
# of unsupported tests 1623
Compiler version: 4.7.4 20140221 (prerelease) [gcc-4_7-branch revision 207985] (GCC)
Platform: sparc-sun-solaris2.8
configure flags: --prefix=/vol/gcc --target=sparc-sun-solaris2.8 --enable-obsolete --enable-objc-gc --with-as=/vol/gcc/bin/gas-2.24 --with-gnu-as --with-gmp-include=/vol/gcc/include --with-gmp-lib=/vol/gcc/lib --with-mpfr-include=/vol/gcc/include --with-mpfr-lib=/vol/gcc/lib --with-mpc-include=/vol/gcc/include --with-mpc-lib=/vol/gcc/lib --enable-languages=all,ada,obj-c++,go --without-ppl --without-isl --without-cloog
BOOT_CFLAGS=-g -O2
More information about the Gcc-testresults
mailing list