Results for 4.7.4 20140214 (prerelease) [gcc-4_7-branch revision 207771] (GCC) testsuite on sparc-sun-solaris2.8
Rainer Orth
ro@CeBiTec.Uni-Bielefeld.DE
Sat Feb 15 14:58:00 GMT 2014
LAST_UPDATED: Fri Feb 14 12:35:40 UTC 2014 (revision 207771)
=== acats tests ===
FAIL: cxa9001
=== acats Summary ===
# of expected passes 2319
# of unexpected failures 1
Native configuration is sparc-sun-solaris2.8
=== g++ tests ===
Running target unix
FAIL: g++.dg/bprob/g++-bprob-1.C execution, -g -fprofile-arcs
UNRESOLVED: g++.dg/bprob/g++-bprob-1.C compilation, -g -fbranch-probabilities
UNRESOLVED: g++.dg/bprob/g++-bprob-1.C execution, -g -fbranch-probabilities
FAIL: g++.dg/bprob/g++-bprob-1.C execution, -O0 -fprofile-arcs
UNRESOLVED: g++.dg/bprob/g++-bprob-1.C compilation, -O0 -fbranch-probabilities
UNRESOLVED: g++.dg/bprob/g++-bprob-1.C execution, -O0 -fbranch-probabilities
FAIL: g++.dg/bprob/g++-bprob-2.C execution, -g -fprofile-arcs
UNRESOLVED: g++.dg/bprob/g++-bprob-2.C compilation, -g -fbranch-probabilities
UNRESOLVED: g++.dg/bprob/g++-bprob-2.C execution, -g -fbranch-probabilities
FAIL: g++.dg/bprob/g++-bprob-2.C execution, -O0 -fprofile-arcs
UNRESOLVED: g++.dg/bprob/g++-bprob-2.C compilation, -O0 -fbranch-probabilities
UNRESOLVED: g++.dg/bprob/g++-bprob-2.C execution, -O0 -fbranch-probabilities
FAIL: g++.dg/other/profile1.C -std=gnu++98 execution test
FAIL: g++.dg/other/profile1.C -std=gnu++11 execution test
WARNING: program timed out.
FAIL: g++.dg/parse/parser-pr28152-2.C -std=gnu++98 primary-expression (test for errors, line 9)
FAIL: g++.dg/parse/parser-pr28152-2.C -std=gnu++98 semicolon (test for errors, line 9)
FAIL: g++.dg/parse/parser-pr28152-2.C -std=gnu++98 primaty-expression (test for errors, line 11)
FAIL: g++.dg/parse/parser-pr28152-2.C -std=gnu++98 semicolon (test for errors, line 11)
FAIL: g++.dg/parse/parser-pr28152-2.C -std=gnu++98 end (test for errors, line 11)
FAIL: g++.dg/parse/parser-pr28152-2.C -std=gnu++98 (test for excess errors)
FAIL: g++.dg/gcov/gcov-1.C -std=gnu++98 execution test
FAIL: g++.dg/gcov/gcov-1.C -std=gnu++98 gcov failed: gcov-1.C.gov does not exist
FAIL: g++.dg/gcov/gcov-1.C -std=gnu++11 execution test
FAIL: g++.dg/gcov/gcov-1.C -std=gnu++11 gcov failed: gcov-1.C.gov does not exist
FAIL: g++.dg/gcov/gcov-10.C -std=gnu++98 execution test
FAIL: g++.dg/gcov/gcov-10.C -std=gnu++98 gcov failed: gcov-10.C.gov does not exist
FAIL: g++.dg/gcov/gcov-10.C -std=gnu++11 execution test
FAIL: g++.dg/gcov/gcov-10.C -std=gnu++11 gcov failed: gcov-10.C.gov does not exist
FAIL: g++.dg/gcov/gcov-11.C -std=gnu++98 execution test
FAIL: g++.dg/gcov/gcov-11.C -std=gnu++98 gcov failed: gcov-11.C.gov does not exist
FAIL: g++.dg/gcov/gcov-11.C -std=gnu++11 execution test
FAIL: g++.dg/gcov/gcov-11.C -std=gnu++11 gcov failed: gcov-11.C.gov does not exist
FAIL: g++.dg/gcov/gcov-12.C -std=gnu++98 execution test
FAIL: g++.dg/gcov/gcov-12.C -std=gnu++98 gcov failed: gcov-12.C.gov does not exist
FAIL: g++.dg/gcov/gcov-12.C -std=gnu++11 execution test
FAIL: g++.dg/gcov/gcov-12.C -std=gnu++11 gcov failed: gcov-12.C.gov does not exist
FAIL: g++.dg/gcov/gcov-13.C -std=gnu++98 execution test
FAIL: g++.dg/gcov/gcov-13.C -std=gnu++98 gcov failed: gcov-13.C.gov does not exist
FAIL: g++.dg/gcov/gcov-13.C -std=gnu++11 execution test
FAIL: g++.dg/gcov/gcov-13.C -std=gnu++11 gcov failed: gcov-13.C.gov does not exist
FAIL: g++.dg/gcov/gcov-2.C -std=gnu++98 execution test
FAIL: g++.dg/gcov/gcov-2.C -std=gnu++98 gcov failed: gcov-2.C.gov does not exist
FAIL: g++.dg/gcov/gcov-2.C -std=gnu++11 execution test
FAIL: g++.dg/gcov/gcov-2.C -std=gnu++11 gcov failed: gcov-2.C.gov does not exist
FAIL: g++.dg/gcov/gcov-3.C -std=gnu++98 execution test
FAIL: g++.dg/gcov/gcov-3.C -std=gnu++98 gcov failed: gcov-3.C.gov does not exist
FAIL: g++.dg/gcov/gcov-3.C -std=gnu++11 execution test
FAIL: g++.dg/gcov/gcov-3.C -std=gnu++11 gcov failed: gcov-3.C.gov does not exist
FAIL: g++.dg/gcov/gcov-4.C -std=gnu++98 execution test
FAIL: g++.dg/gcov/gcov-4.C -std=gnu++98 gcov failed: gcov-4.C.gov does not exist
FAIL: g++.dg/gcov/gcov-4.C -std=gnu++11 execution test
FAIL: g++.dg/gcov/gcov-4.C -std=gnu++11 gcov failed: gcov-4.C.gov does not exist
FAIL: g++.dg/gcov/gcov-5.C -std=gnu++98 execution test
FAIL: g++.dg/gcov/gcov-5.C -std=gnu++98 gcov failed: gcov-5.C.gov does not exist
FAIL: g++.dg/gcov/gcov-5.C -std=gnu++11 execution test
FAIL: g++.dg/gcov/gcov-5.C -std=gnu++11 gcov failed: gcov-5.C.gov does not exist
FAIL: g++.dg/gcov/gcov-7.C -std=gnu++98 execution test
FAIL: g++.dg/gcov/gcov-7.C -std=gnu++98 gcov failed: gcov-7.C.gov does not exist
FAIL: g++.dg/gcov/gcov-7.C -std=gnu++11 execution test
FAIL: g++.dg/gcov/gcov-7.C -std=gnu++11 gcov failed: gcov-7.C.gov does not exist
WARNING: program timed out.
FAIL: g++.dg/torture/pr41186.C -O0 (test for excess errors)
FAIL: g++.old-deja/g++.robertl/eb83.C -std=gnu++98 execution test
FAIL: g++.old-deja/g++.robertl/eb83.C -std=gnu++11 execution test
=== g++ Summary for unix ===
# of expected passes 46538
# of unexpected failures 55
# of expected failures 286
# of unresolved testcases 8
# of unsupported tests 737
Running target unix/-m64
FAIL: g++.dg/bprob/g++-bprob-1.C execution, -g -fprofile-arcs
UNRESOLVED: g++.dg/bprob/g++-bprob-1.C compilation, -g -fbranch-probabilities
UNRESOLVED: g++.dg/bprob/g++-bprob-1.C execution, -g -fbranch-probabilities
FAIL: g++.dg/bprob/g++-bprob-1.C execution, -O0 -fprofile-arcs
UNRESOLVED: g++.dg/bprob/g++-bprob-1.C compilation, -O0 -fbranch-probabilities
UNRESOLVED: g++.dg/bprob/g++-bprob-1.C execution, -O0 -fbranch-probabilities
FAIL: g++.dg/bprob/g++-bprob-2.C execution, -g -fprofile-arcs
UNRESOLVED: g++.dg/bprob/g++-bprob-2.C compilation, -g -fbranch-probabilities
UNRESOLVED: g++.dg/bprob/g++-bprob-2.C execution, -g -fbranch-probabilities
FAIL: g++.dg/bprob/g++-bprob-2.C execution, -O0 -fprofile-arcs
UNRESOLVED: g++.dg/bprob/g++-bprob-2.C compilation, -O0 -fbranch-probabilities
UNRESOLVED: g++.dg/bprob/g++-bprob-2.C execution, -O0 -fbranch-probabilities
FAIL: g++.dg/cpp0x/nullptr28.C -std=c++11 execution test
FAIL: g++.dg/other/profile1.C -std=gnu++98 execution test
FAIL: g++.dg/other/profile1.C -std=gnu++11 execution test
FAIL: g++.dg/gcov/gcov-1.C -std=gnu++98 execution test
FAIL: g++.dg/gcov/gcov-1.C -std=gnu++98 gcov failed: gcov-1.C.gov does not exist
FAIL: g++.dg/gcov/gcov-1.C -std=gnu++11 execution test
FAIL: g++.dg/gcov/gcov-1.C -std=gnu++11 gcov failed: gcov-1.C.gov does not exist
FAIL: g++.dg/gcov/gcov-10.C -std=gnu++98 execution test
FAIL: g++.dg/gcov/gcov-10.C -std=gnu++98 gcov failed: gcov-10.C.gov does not exist
FAIL: g++.dg/gcov/gcov-10.C -std=gnu++11 execution test
FAIL: g++.dg/gcov/gcov-10.C -std=gnu++11 gcov failed: gcov-10.C.gov does not exist
FAIL: g++.dg/gcov/gcov-11.C -std=gnu++98 execution test
FAIL: g++.dg/gcov/gcov-11.C -std=gnu++98 gcov failed: gcov-11.C.gov does not exist
FAIL: g++.dg/gcov/gcov-11.C -std=gnu++11 execution test
FAIL: g++.dg/gcov/gcov-11.C -std=gnu++11 gcov failed: gcov-11.C.gov does not exist
FAIL: g++.dg/gcov/gcov-12.C -std=gnu++98 execution test
FAIL: g++.dg/gcov/gcov-12.C -std=gnu++98 gcov failed: gcov-12.C.gov does not exist
FAIL: g++.dg/gcov/gcov-12.C -std=gnu++11 execution test
FAIL: g++.dg/gcov/gcov-12.C -std=gnu++11 gcov failed: gcov-12.C.gov does not exist
FAIL: g++.dg/gcov/gcov-13.C -std=gnu++98 execution test
FAIL: g++.dg/gcov/gcov-13.C -std=gnu++98 gcov failed: gcov-13.C.gov does not exist
FAIL: g++.dg/gcov/gcov-13.C -std=gnu++11 execution test
FAIL: g++.dg/gcov/gcov-13.C -std=gnu++11 gcov failed: gcov-13.C.gov does not exist
FAIL: g++.dg/gcov/gcov-2.C -std=gnu++98 execution test
FAIL: g++.dg/gcov/gcov-2.C -std=gnu++98 gcov failed: gcov-2.C.gov does not exist
FAIL: g++.dg/gcov/gcov-2.C -std=gnu++11 execution test
FAIL: g++.dg/gcov/gcov-2.C -std=gnu++11 gcov failed: gcov-2.C.gov does not exist
FAIL: g++.dg/gcov/gcov-3.C -std=gnu++98 execution test
FAIL: g++.dg/gcov/gcov-3.C -std=gnu++98 gcov failed: gcov-3.C.gov does not exist
FAIL: g++.dg/gcov/gcov-3.C -std=gnu++11 execution test
FAIL: g++.dg/gcov/gcov-3.C -std=gnu++11 gcov failed: gcov-3.C.gov does not exist
FAIL: g++.dg/gcov/gcov-4.C -std=gnu++98 execution test
FAIL: g++.dg/gcov/gcov-4.C -std=gnu++98 gcov failed: gcov-4.C.gov does not exist
FAIL: g++.dg/gcov/gcov-4.C -std=gnu++11 execution test
FAIL: g++.dg/gcov/gcov-4.C -std=gnu++11 gcov failed: gcov-4.C.gov does not exist
FAIL: g++.dg/gcov/gcov-5.C -std=gnu++98 execution test
FAIL: g++.dg/gcov/gcov-5.C -std=gnu++98 gcov failed: gcov-5.C.gov does not exist
FAIL: g++.dg/gcov/gcov-5.C -std=gnu++11 execution test
FAIL: g++.dg/gcov/gcov-5.C -std=gnu++11 gcov failed: gcov-5.C.gov does not exist
FAIL: g++.dg/gcov/gcov-7.C -std=gnu++98 execution test
FAIL: g++.dg/gcov/gcov-7.C -std=gnu++98 gcov failed: gcov-7.C.gov does not exist
FAIL: g++.dg/gcov/gcov-7.C -std=gnu++11 execution test
FAIL: g++.dg/gcov/gcov-7.C -std=gnu++11 gcov failed: gcov-7.C.gov does not exist
FAIL: g++.old-deja/g++.robertl/eb83.C -std=gnu++98 execution test
FAIL: g++.old-deja/g++.robertl/eb83.C -std=gnu++11 execution test
=== g++ Summary for unix/-m64 ===
# of expected passes 47781
# of unexpected failures 49
# of expected failures 286
# of unresolved testcases 8
# of unsupported tests 730
=== g++ Summary ===
# of expected passes 94319
# of unexpected failures 104
# of expected failures 572
# of unresolved testcases 16
# of unsupported tests 1467
/var/gcc/regression/gcc-4.7-branch/8-gcc-gas/build/gcc/testsuite/g++/../../g++ version 4.7.4 20140214 (prerelease) [gcc-4_7-branch revision 207771] (GCC)
=== gcc tests ===
Running target unix
FAIL: gcc.c-torture/compile/limits-stringlit.c -O0 (test for excess errors)
FAIL: gcc.c-torture/compile/limits-stringlit.c -O1 (test for excess errors)
FAIL: gcc.c-torture/compile/limits-stringlit.c -O2 (test for excess errors)
FAIL: gcc.c-torture/compile/pr37026.c -O3 -fomit-frame-pointer (test for excess errors)
FAIL: gcc.c-torture/compile/pr41182-1.c -O2 (test for excess errors)
WARNING: program timed out.
WARNING: program timed out.
WARNING: program timed out.
WARNING: program timed out.
WARNING: program timed out.
FAIL: gcc.c-torture/execute/20050203-1.c compilation, -O3 -g
UNRESOLVED: gcc.c-torture/execute/20050203-1.c execution, -O3 -g
FAIL: gcc.c-torture/execute/complex-5.c compilation, -Os
UNRESOLVED: gcc.c-torture/execute/complex-5.c execution, -Os
FAIL: gcc.c-torture/execute/doloop-1.c compilation, -O3 -fomit-frame-pointer -funroll-all-loops -finline-functions
UNRESOLVED: gcc.c-torture/execute/doloop-1.c execution, -O3 -fomit-frame-pointer -funroll-all-loops -finline-functions
FAIL: gcc.c-torture/execute/loop-3b.c compilation, -O2 -flto -flto-partition=none
UNRESOLVED: gcc.c-torture/execute/loop-3b.c execution, -O2 -flto -flto-partition=none
FAIL: gcc.c-torture/execute/loop-3b.c compilation, -O2 -flto
UNRESOLVED: gcc.c-torture/execute/loop-3b.c execution, -O2 -flto
FAIL: gcc.c-torture/execute/memcpy-bi.c compilation, -O2 -flto -flto-partition=none
UNRESOLVED: gcc.c-torture/execute/memcpy-bi.c execution, -O2 -flto -flto-partition=none
WARNING: program timed out.
WARNING: program timed out.
WARNING: program timed out.
WARNING: program timed out.
WARNING: program timed out.
WARNING: program timed out.
WARNING: program timed out.
FAIL: gcc.c-torture/execute/ieee/inf-3.c compilation, -O0
UNRESOLVED: gcc.c-torture/execute/ieee/inf-3.c execution, -O0
WARNING: program timed out.
FAIL: gcc.c-torture/execute/ieee/minuszero.c compilation, -O1
UNRESOLVED: gcc.c-torture/execute/ieee/minuszero.c execution, -O1
WARNING: program timed out.
FAIL: gcc.c-torture/unsorted/dump-noaddr.c, -O1 -dumpbase dump2/dump-noaddr.c -DMASK=2 -x c -fdump-ipa-all -fdump-rtl-all -fdump-tree-all -fdump-noaddr
FAIL: gcc.c-torture/unsorted/dump-noaddr.c.000i.cgraph, -O1 comparison
FAIL: gcc.c-torture/unsorted/dump-noaddr.c.051i.inline, -O1 comparison
FAIL: gcc.c-torture/unsorted/dump-noaddr.c.058t.copyrename2, -O1 comparison
FAIL: gcc.c-torture/unsorted/dump-noaddr.c.060t.ccp2, -O1 comparison
FAIL: gcc.c-torture/unsorted/dump-noaddr.c.061t.forwprop2, -O1 comparison
FAIL: gcc.c-torture/unsorted/dump-noaddr.c.063t.alias, -O1 comparison
FAIL: gcc.c-torture/unsorted/dump-noaddr.c.064t.retslot, -O1 comparison
FAIL: gcc.c-torture/unsorted/dump-noaddr.c.065t.phiprop, -O1 comparison
FAIL: gcc.c-torture/unsorted/dump-noaddr.c.066t.fre2, -O1 comparison
FAIL: gcc.c-torture/unsorted/dump-noaddr.c.067t.copyprop2, -O1 comparison
FAIL: gcc.c-torture/unsorted/dump-noaddr.c.068t.mergephi2, -O1 comparison
FAIL: gcc.c-torture/unsorted/dump-noaddr.c.070t.dce1, -O1 comparison
FAIL: gcc.c-torture/unsorted/dump-noaddr.c.071t.cselim, -O1 comparison
FAIL: gcc.c-torture/unsorted/dump-noaddr.c.072t.ifcombine, -O1 comparison
FAIL: gcc.c-torture/unsorted/dump-noaddr.c.073t.phiopt1, -O1 comparison
FAIL: gcc.c-torture/unsorted/dump-noaddr.c.075t.ch, -O1 comparison
FAIL: gcc.c-torture/unsorted/dump-noaddr.c.077t.cplxlower, -O1 comparison
FAIL: gcc.c-torture/unsorted/dump-noaddr.c.078t.sra, -O1 comparison
FAIL: gcc.c-torture/unsorted/dump-noaddr.c.079t.copyrename3, -O1 comparison
FAIL: gcc.c-torture/unsorted/dump-noaddr.c.080t.dom1, -O1 comparison
FAIL: gcc.c-torture/unsorted/dump-noaddr.c.081t.phicprop1, -O1 comparison
FAIL: gcc.c-torture/unsorted/dump-noaddr.c.082t.dse1, -O1 comparison
FAIL: gcc.c-torture/unsorted/dump-noaddr.c.083t.reassoc1, -O1 comparison
FAIL: gcc.c-torture/unsorted/dump-noaddr.c.084t.dce2, -O1 comparison
FAIL: gcc.c-torture/unsorted/dump-noaddr.c.085t.forwprop3, -O1 comparison
FAIL: gcc.c-torture/unsorted/dump-noaddr.c.086t.phiopt2, -O1 comparison
FAIL: gcc.c-torture/unsorted/dump-noaddr.c.087t.objsz, -O1 comparison
FAIL: gcc.c-torture/unsorted/dump-noaddr.c.089t.ccp3, -O1 comparison
FAIL: gcc.c-torture/unsorted/dump-noaddr.c.090t.copyprop3, -O1 comparison
FAIL: gcc.c-torture/unsorted/dump-noaddr.c.091t.sincos, -O1 comparison
FAIL: gcc.c-torture/unsorted/dump-noaddr.c.093t.crited, -O1 comparison
FAIL: gcc.c-torture/unsorted/dump-noaddr.c.095t.sink, -O1 comparison
FAIL: gcc.c-torture/unsorted/dump-noaddr.c.096t.loop, -O1 comparison
FAIL: gcc.c-torture/unsorted/dump-noaddr.c.097t.loopinit, -O1 comparison
FAIL: gcc.c-torture/unsorted/dump-noaddr.c.098t.lim1, -O1 comparison
FAIL: gcc.c-torture/unsorted/dump-noaddr.c.099t.copyprop4, -O1 comparison
FAIL: gcc.c-torture/unsorted/dump-noaddr.c.100t.dceloop1, -O1 comparison
FAIL: gcc.c-torture/unsorted/dump-noaddr.c.102t.sccp, -O1 comparison
FAIL: gcc.c-torture/unsorted/dump-noaddr.c.105t.copyprop5, -O1 comparison
FAIL: gcc.c-torture/unsorted/dump-noaddr.c.111t.ivcanon, -O1 comparison
FAIL: gcc.c-torture/unsorted/dump-noaddr.c.116t.cunroll, -O1 comparison
FAIL: gcc.c-torture/unsorted/dump-noaddr.c.120t.ivopts, -O1 comparison
FAIL: gcc.c-torture/unsorted/dump-noaddr.c.121t.lim3, -O1 comparison
FAIL: gcc.c-torture/unsorted/dump-noaddr.c.122t.loopdone, -O1 comparison
FAIL: gcc.c-torture/unsorted/dump-noaddr.c.123t.veclower2, -O1 comparison
FAIL: gcc.c-torture/unsorted/dump-noaddr.c.125t.reassoc2, -O1 comparison
FAIL: gcc.c-torture/unsorted/dump-noaddr.c.127t.dom2, -O1 comparison
FAIL: gcc.c-torture/unsorted/dump-noaddr.c.128t.phicprop2, -O1 comparison
FAIL: gcc.c-torture/unsorted/dump-noaddr.c.129t.cddce2, -O1 comparison
FAIL: gcc.c-torture/unsorted/dump-noaddr.c.132t.dse2, -O1 comparison
FAIL: gcc.c-torture/unsorted/dump-noaddr.c.133t.forwprop4, -O1 comparison
FAIL: gcc.c-torture/unsorted/dump-noaddr.c.134t.phiopt3, -O1 comparison
FAIL: gcc.c-torture/unsorted/dump-noaddr.c.135t.fab, -O1 comparison
FAIL: gcc.c-torture/unsorted/dump-noaddr.c.138t.copyrename4, -O1 comparison
FAIL: gcc.c-torture/unsorted/dump-noaddr.c.139t.uncprop, -O1 comparison
FAIL: gcc.c-torture/unsorted/dump-noaddr.c.140t.local-pure-const2, -O1 comparison
FAIL: gcc.c-torture/unsorted/dump-noaddr.c.147t.nrv, -O1 comparison
FAIL: gcc.c-torture/unsorted/dump-noaddr.c.149t.optimized, -O1 comparison
FAIL: gcc.c-torture/unsorted/dump-noaddr.c.150r.expand, -O1 comparison
FAIL: gcc.c-torture/unsorted/dump-noaddr.c.151r.sibling, -O1 comparison
FAIL: gcc.c-torture/unsorted/dump-noaddr.c.153r.initvals, -O1 comparison
FAIL: gcc.c-torture/unsorted/dump-noaddr.c.154r.unshare, -O1 comparison
FAIL: gcc.c-torture/unsorted/dump-noaddr.c.155r.vregs, -O1 comparison
FAIL: gcc.c-torture/unsorted/dump-noaddr.c.156r.into_cfglayout, -O1 comparison
FAIL: gcc.c-torture/unsorted/dump-noaddr.c.157r.jump, -O1 comparison
FAIL: gcc.c-torture/unsorted/dump-noaddr.c.158r.subreg1, -O1 comparison
FAIL: gcc.c-torture/unsorted/dump-noaddr.c.159r.dfinit, -O1 comparison
FAIL: gcc.c-torture/unsorted/dump-noaddr.c.160r.cse1, -O1 comparison
FAIL: gcc.c-torture/unsorted/dump-noaddr.c.161r.fwprop1, -O1 comparison
FAIL: gcc.c-torture/unsorted/dump-noaddr.c.168r.ce1, -O1 comparison
FAIL: gcc.c-torture/unsorted/dump-noaddr.c.169r.reginfo, -O1 comparison
FAIL: gcc.c-torture/unsorted/dump-noaddr.c.170r.loop2, -O1 comparison
FAIL: gcc.c-torture/unsorted/dump-noaddr.c.171r.loop2_init, -O1 comparison
FAIL: gcc.c-torture/unsorted/dump-noaddr.c.172r.loop2_invariant, -O1 comparison
FAIL: gcc.c-torture/unsorted/dump-noaddr.c.176r.loop2_done, -O1 comparison
FAIL: gcc.c-torture/unsorted/dump-noaddr.c.180r.dse1, -O1 comparison
WARNING: dump2/dump-noaddr.c.181r.fwprop2 doesn't exist
WARNING: dump2/dump-noaddr.c.183r.init-regs doesn't exist
WARNING: dump2/dump-noaddr.c.185r.combine doesn't exist
WARNING: dump2/dump-noaddr.c.186r.ce2 doesn't exist
WARNING: dump2/dump-noaddr.c.189r.outof_cfglayout doesn't exist
WARNING: dump2/dump-noaddr.c.190r.split1 doesn't exist
WARNING: dump2/dump-noaddr.c.191r.subreg2 doesn't exist
WARNING: dump2/dump-noaddr.c.194r.asmcons doesn't exist
WARNING: dump2/dump-noaddr.c.197r.ira doesn't exist
WARNING: dump2/dump-noaddr.c.198r.reload doesn't exist
WARNING: dump2/dump-noaddr.c.199r.postreload doesn't exist
WARNING: dump2/dump-noaddr.c.201r.split2 doesn't exist
WARNING: dump2/dump-noaddr.c.205r.pro_and_epilogue doesn't exist
WARNING: dump2/dump-noaddr.c.206r.dse2 doesn't exist
WARNING: dump2/dump-noaddr.c.207r.csa doesn't exist
WARNING: dump2/dump-noaddr.c.209r.ce3 doesn't exist
WARNING: dump2/dump-noaddr.c.211r.cprop_hardreg doesn't exist
WARNING: dump2/dump-noaddr.c.212r.rtl_dce doesn't exist
WARNING: dump2/dump-noaddr.c.219r.alignments doesn't exist
WARNING: dump2/dump-noaddr.c.222r.mach doesn't exist
WARNING: dump2/dump-noaddr.c.223r.barriers doesn't exist
WARNING: dump2/dump-noaddr.c.224r.dbr doesn't exist
WARNING: dump2/dump-noaddr.c.225r.split5 doesn't exist
WARNING: dump2/dump-noaddr.c.227r.shorten doesn't exist
WARNING: dump2/dump-noaddr.c.228r.nothrow doesn't exist
WARNING: dump2/dump-noaddr.c.230r.final doesn't exist
WARNING: dump2/dump-noaddr.c.231r.dfinish doesn't exist
FAIL: gcc.c-torture/unsorted/dump-noaddr.c.232t.statistics, -O1 comparison
WARNING: program timed out.
FAIL: gcc.c-torture/unsorted/dump-noaddr.c, -O2 -dumpbase dump2/dump-noaddr.c -DMASK=2 -x c -fdump-ipa-all -fdump-rtl-all -fdump-tree-all -fdump-noaddr
FAIL: gcc.c-torture/unsorted/dump-noaddr.c.000i.cgraph, -O2 comparison
FAIL: gcc.c-torture/unsorted/dump-noaddr.c.089t.ccp3, -O2 comparison
FAIL: gcc.c-torture/unsorted/dump-noaddr.c.090t.copyprop3, -O2 comparison
FAIL: gcc.c-torture/unsorted/dump-noaddr.c.091t.sincos, -O2 comparison
FAIL: gcc.c-torture/unsorted/dump-noaddr.c.092t.bswap, -O2 comparison
FAIL: gcc.c-torture/unsorted/dump-noaddr.c.093t.crited, -O2 comparison
FAIL: gcc.c-torture/unsorted/dump-noaddr.c.094t.pre, -O2 comparison
FAIL: gcc.c-torture/unsorted/dump-noaddr.c.095t.sink, -O2 comparison
FAIL: gcc.c-torture/unsorted/dump-noaddr.c.096t.loop, -O2 comparison
FAIL: gcc.c-torture/unsorted/dump-noaddr.c.097t.loopinit, -O2 comparison
FAIL: gcc.c-torture/unsorted/dump-noaddr.c.098t.lim1, -O2 comparison
FAIL: gcc.c-torture/unsorted/dump-noaddr.c.099t.copyprop4, -O2 comparison
FAIL: gcc.c-torture/unsorted/dump-noaddr.c.100t.dceloop1, -O2 comparison
FAIL: gcc.c-torture/unsorted/dump-noaddr.c.102t.sccp, -O2 comparison
FAIL: gcc.c-torture/unsorted/dump-noaddr.c.105t.copyprop5, -O2 comparison
FAIL: gcc.c-torture/unsorted/dump-noaddr.c.111t.ivcanon, -O2 comparison
FAIL: gcc.c-torture/unsorted/dump-noaddr.c.116t.cunroll, -O2 comparison
FAIL: gcc.c-torture/unsorted/dump-noaddr.c.120t.ivopts, -O2 comparison
FAIL: gcc.c-torture/unsorted/dump-noaddr.c.121t.lim3, -O2 comparison
FAIL: gcc.c-torture/unsorted/dump-noaddr.c.122t.loopdone, -O2 comparison
FAIL: gcc.c-torture/unsorted/dump-noaddr.c.123t.veclower2, -O2 comparison
FAIL: gcc.c-torture/unsorted/dump-noaddr.c.125t.reassoc2, -O2 comparison
FAIL: gcc.c-torture/unsorted/dump-noaddr.c.126t.vrp2, -O2 comparison
FAIL: gcc.c-torture/unsorted/dump-noaddr.c.127t.dom2, -O2 comparison
FAIL: gcc.c-torture/unsorted/dump-noaddr.c.128t.phicprop2, -O2 comparison
FAIL: gcc.c-torture/unsorted/dump-noaddr.c.129t.cddce2, -O2 comparison
FAIL: gcc.c-torture/unsorted/dump-noaddr.c.132t.dse2, -O2 comparison
FAIL: gcc.c-torture/unsorted/dump-noaddr.c.133t.forwprop4, -O2 comparison
FAIL: gcc.c-torture/unsorted/dump-noaddr.c.134t.phiopt3, -O2 comparison
FAIL: gcc.c-torture/unsorted/dump-noaddr.c.135t.fab, -O2 comparison
FAIL: gcc.c-torture/unsorted/dump-noaddr.c.136t.widening_mul, -O2 comparison
FAIL: gcc.c-torture/unsorted/dump-noaddr.c.137t.tailc, -O2 comparison
FAIL: gcc.c-torture/unsorted/dump-noaddr.c.138t.copyrename4, -O2 comparison
FAIL: gcc.c-torture/unsorted/dump-noaddr.c.139t.uncprop, -O2 comparison
FAIL: gcc.c-torture/unsorted/dump-noaddr.c.140t.local-pure-const2, -O2 comparison
FAIL: gcc.c-torture/unsorted/dump-noaddr.c.147t.nrv, -O2 comparison
FAIL: gcc.c-torture/unsorted/dump-noaddr.c.149t.optimized, -O2 comparison
FAIL: gcc.c-torture/unsorted/dump-noaddr.c.150r.expand, -O2 comparison
FAIL: gcc.c-torture/unsorted/dump-noaddr.c.151r.sibling, -O2 comparison
FAIL: gcc.c-torture/unsorted/dump-noaddr.c.153r.initvals, -O2 comparison
FAIL: gcc.c-torture/unsorted/dump-noaddr.c.154r.unshare, -O2 comparison
FAIL: gcc.c-torture/unsorted/dump-noaddr.c.155r.vregs, -O2 comparison
FAIL: gcc.c-torture/unsorted/dump-noaddr.c.156r.into_cfglayout, -O2 comparison
FAIL: gcc.c-torture/unsorted/dump-noaddr.c.157r.jump, -O2 comparison
FAIL: gcc.c-torture/unsorted/dump-noaddr.c.158r.subreg1, -O2 comparison
FAIL: gcc.c-torture/unsorted/dump-noaddr.c.159r.dfinit, -O2 comparison
FAIL: gcc.c-torture/unsorted/dump-noaddr.c.160r.cse1, -O2 comparison
FAIL: gcc.c-torture/unsorted/dump-noaddr.c.161r.fwprop1, -O2 comparison
FAIL: gcc.c-torture/unsorted/dump-noaddr.c.162r.cprop1, -O2 comparison
FAIL: gcc.c-torture/unsorted/dump-noaddr.c.163r.pre, -O2 comparison
FAIL: gcc.c-torture/unsorted/dump-noaddr.c.165r.cprop2, -O2 comparison
FAIL: gcc.c-torture/unsorted/dump-noaddr.c.168r.ce1, -O2 comparison
FAIL: gcc.c-torture/unsorted/dump-noaddr.c.169r.reginfo, -O2 comparison
FAIL: gcc.c-torture/unsorted/dump-noaddr.c.170r.loop2, -O2 comparison
FAIL: gcc.c-torture/unsorted/dump-noaddr.c.171r.loop2_init, -O2 comparison
FAIL: gcc.c-torture/unsorted/dump-noaddr.c.172r.loop2_invariant, -O2 comparison
FAIL: gcc.c-torture/unsorted/dump-noaddr.c.176r.loop2_done, -O2 comparison
FAIL: gcc.c-torture/unsorted/dump-noaddr.c.178r.cprop3, -O2 comparison
FAIL: gcc.c-torture/unsorted/dump-noaddr.c.179r.cse2, -O2 comparison
FAIL: gcc.c-torture/unsorted/dump-noaddr.c.180r.dse1, -O2 comparison
FAIL: gcc.c-torture/unsorted/dump-noaddr.c.181r.fwprop2, -O2 comparison
FAIL: gcc.c-torture/unsorted/dump-noaddr.c.183r.init-regs, -O2 comparison
FAIL: gcc.c-torture/unsorted/dump-noaddr.c.184r.ud_dce, -O2 comparison
FAIL: gcc.c-torture/unsorted/dump-noaddr.c.185r.combine, -O2 comparison
FAIL: gcc.c-torture/unsorted/dump-noaddr.c.186r.ce2, -O2 comparison
FAIL: gcc.c-torture/unsorted/dump-noaddr.c.188r.regmove, -O2 comparison
FAIL: gcc.c-torture/unsorted/dump-noaddr.c.189r.outof_cfglayout, -O2 comparison
FAIL: gcc.c-torture/unsorted/dump-noaddr.c.190r.split1, -O2 comparison
FAIL: gcc.c-torture/unsorted/dump-noaddr.c.191r.subreg2, -O2 comparison
FAIL: gcc.c-torture/unsorted/dump-noaddr.c.194r.asmcons, -O2 comparison
FAIL: gcc.c-torture/unsorted/dump-noaddr.c.196r.sched1, -O2 comparison
FAIL: gcc.c-torture/unsorted/dump-noaddr.c.197r.ira, -O2 comparison
FAIL: gcc.c-torture/unsorted/dump-noaddr.c.198r.reload, -O2 comparison
FAIL: gcc.c-torture/unsorted/dump-noaddr.c.199r.postreload, -O2 comparison
FAIL: gcc.c-torture/unsorted/dump-noaddr.c.201r.split2, -O2 comparison
FAIL: gcc.c-torture/unsorted/dump-noaddr.c.205r.pro_and_epilogue, -O2 comparison
FAIL: gcc.c-torture/unsorted/dump-noaddr.c.206r.dse2, -O2 comparison
FAIL: gcc.c-torture/unsorted/dump-noaddr.c.207r.csa, -O2 comparison
FAIL: gcc.c-torture/unsorted/dump-noaddr.c.208r.peephole2, -O2 comparison
FAIL: gcc.c-torture/unsorted/dump-noaddr.c.209r.ce3, -O2 comparison
FAIL: gcc.c-torture/unsorted/dump-noaddr.c.211r.cprop_hardreg, -O2 comparison
FAIL: gcc.c-torture/unsorted/dump-noaddr.c.212r.rtl_dce, -O2 comparison
FAIL: gcc.c-torture/unsorted/dump-noaddr.c.213r.bbro, -O2 comparison
FAIL: gcc.c-torture/unsorted/dump-noaddr.c.215r.split4, -O2 comparison
FAIL: gcc.c-torture/unsorted/dump-noaddr.c.216r.sched2, -O2 comparison
FAIL: gcc.c-torture/unsorted/dump-noaddr.c.219r.alignments, -O2 comparison
FAIL: gcc.c-torture/unsorted/dump-noaddr.c.220r.compgotos, -O2 comparison
FAIL: gcc.c-torture/unsorted/dump-noaddr.c.222r.mach, -O2 comparison
FAIL: gcc.c-torture/unsorted/dump-noaddr.c.223r.barriers, -O2 comparison
FAIL: gcc.c-torture/unsorted/dump-noaddr.c.224r.dbr, -O2 comparison
FAIL: gcc.c-torture/unsorted/dump-noaddr.c.225r.split5, -O2 comparison
FAIL: gcc.c-torture/unsorted/dump-noaddr.c.227r.shorten, -O2 comparison
FAIL: gcc.c-torture/unsorted/dump-noaddr.c.228r.nothrow, -O2 comparison
FAIL: gcc.c-torture/unsorted/dump-noaddr.c.230r.final, -O2 comparison
FAIL: gcc.c-torture/unsorted/dump-noaddr.c.231r.dfinish, -O2 comparison
FAIL: gcc.c-torture/unsorted/dump-noaddr.c.232t.statistics, -O2 comparison
WARNING: program timed out.
FAIL: tmpdir-gcc.dg-struct-layout-1/t003 c_compat_x_tst.o compile
WARNING: program timed out.
FAIL: tmpdir-gcc.dg-struct-layout-1/t003 c_compat_y_tst.o compile
UNRESOLVED: tmpdir-gcc.dg-struct-layout-1/t003 c_compat_x_tst.o-c_compat_y_tst.o link
UNRESOLVED: tmpdir-gcc.dg-struct-layout-1/t003 c_compat_x_tst.o-c_compat_y_tst.o execute
FAIL: gcc.dg/20020201-1.c execution test
WARNING: program timed out.
FAIL: gcc.dg/c99-version-1.c (test for excess errors)
WARNING: program timed out.
FAIL: gcc.dg/empty-source-2.c empty (test for warnings, line 6)
FAIL: gcc.dg/empty-source-2.c (test for excess errors)
FAIL: gcc.dg/simulate-thread/atomic-other-int.c -O2 -g thread simulation test
FAIL: gcc.dg/simulate-thread/atomic-other-int.c -O3 -g thread simulation test
FAIL: gcc.dg/simulate-thread/atomic-other-short.c -O2 -g thread simulation test
FAIL: gcc.dg/simulate-thread/atomic-other-short.c -O3 -g thread simulation test
FAIL: gcc.dg/simulate-thread/speculative-store.c -O0 -g thread simulation test
WARNING: program timed out.
FAIL: gcc.dg/tree-ssa/pr46076.c (test for excess errors)
WARNING: program timed out.
FAIL: gcc.dg/tree-ssa/pr47392.c (test for excess errors)
FAIL: gcc.misc-tests/gcov-1.c execution test
FAIL: gcc.misc-tests/gcov-1.c gcov failed: gcov-1.c.gov does not exist
FAIL: gcc.misc-tests/gcov-10.c execution test
FAIL: gcc.misc-tests/gcov-10.c gcov failed: gcov-10.c.gov does not exist
FAIL: gcc.misc-tests/gcov-10b.c execution test
FAIL: gcc.misc-tests/gcov-10b.c gcov failed: gcov-10b.c.gov does not exist
FAIL: gcc.misc-tests/gcov-11.c execution test
FAIL: gcc.misc-tests/gcov-11.c gcov failed: gcov-11.c.gov does not exist
FAIL: gcc.misc-tests/gcov-12.c execution test
FAIL: gcc.misc-tests/gcov-12.c gcov failed: gcov-12.c.gov does not exist
FAIL: gcc.misc-tests/gcov-13.c execution test
FAIL: gcc.misc-tests/gcov-13.c gcov failed: gcovpart-13b.c.gov does not exist
FAIL: gcc.misc-tests/gcov-15.c execution test
FAIL: gcc.misc-tests/gcov-15.c gcov failed: gcov-15.c.gov does not exist
FAIL: gcc.misc-tests/gcov-2.c execution test
FAIL: gcc.misc-tests/gcov-2.c gcov failed: gcov-2.c.gov does not exist
FAIL: gcc.misc-tests/gcov-3.c execution test
FAIL: gcc.misc-tests/gcov-3.c gcov failed: gcov-3.c.gov does not exist
FAIL: gcc.misc-tests/gcov-4.c execution test
FAIL: gcc.misc-tests/gcov-4.c gcov failed: gcov-4.c.gov does not exist
FAIL: gcc.misc-tests/gcov-4b.c execution test
FAIL: gcc.misc-tests/gcov-4b.c gcov failed: gcov-4b.c.gov does not exist
FAIL: gcc.misc-tests/gcov-5b.c execution test
FAIL: gcc.misc-tests/gcov-5b.c gcov failed: gcov-5b.c.gov does not exist
FAIL: gcc.misc-tests/gcov-6.c execution test
FAIL: gcc.misc-tests/gcov-6.c gcov failed: gcov-6.c.gov does not exist
FAIL: gcc.misc-tests/gcov-7.c execution test
FAIL: gcc.misc-tests/gcov-7.c gcov failed: gcov-7.c.gov does not exist
FAIL: gcc.misc-tests/gcov-8.c execution test
FAIL: gcc.misc-tests/gcov-8.c gcov failed: gcov-8.c.gov does not exist
FAIL: gcc.misc-tests/gcov-9.c execution test
FAIL: gcc.misc-tests/gcov-9.c gcov failed: gcov-9.c.gov does not exist
=== gcc Summary for unix ===
# of expected passes 75777
# of unexpected failures 233
# of expected failures 318
# of untested testcases 27
# of unresolved testcases 10
# of unsupported tests 1599
Running target unix/-m64
FAIL: gcc.dg/20020201-1.c execution test
FAIL: gcc.misc-tests/gcov-1.c execution test
FAIL: gcc.misc-tests/gcov-1.c gcov failed: gcov-1.c.gov does not exist
FAIL: gcc.misc-tests/gcov-10.c execution test
FAIL: gcc.misc-tests/gcov-10.c gcov failed: gcov-10.c.gov does not exist
FAIL: gcc.misc-tests/gcov-10b.c execution test
FAIL: gcc.misc-tests/gcov-10b.c gcov failed: gcov-10b.c.gov does not exist
FAIL: gcc.misc-tests/gcov-11.c execution test
FAIL: gcc.misc-tests/gcov-11.c gcov failed: gcov-11.c.gov does not exist
FAIL: gcc.misc-tests/gcov-12.c execution test
FAIL: gcc.misc-tests/gcov-12.c gcov failed: gcov-12.c.gov does not exist
FAIL: gcc.misc-tests/gcov-13.c execution test
FAIL: gcc.misc-tests/gcov-13.c gcov failed: gcovpart-13b.c.gov does not exist
FAIL: gcc.misc-tests/gcov-15.c execution test
FAIL: gcc.misc-tests/gcov-15.c gcov failed: gcov-15.c.gov does not exist
FAIL: gcc.misc-tests/gcov-2.c execution test
FAIL: gcc.misc-tests/gcov-2.c gcov failed: gcov-2.c.gov does not exist
FAIL: gcc.misc-tests/gcov-3.c execution test
FAIL: gcc.misc-tests/gcov-3.c gcov failed: gcov-3.c.gov does not exist
FAIL: gcc.misc-tests/gcov-4.c execution test
FAIL: gcc.misc-tests/gcov-4.c gcov failed: gcov-4.c.gov does not exist
FAIL: gcc.misc-tests/gcov-4b.c execution test
FAIL: gcc.misc-tests/gcov-4b.c gcov failed: gcov-4b.c.gov does not exist
FAIL: gcc.misc-tests/gcov-5b.c execution test
FAIL: gcc.misc-tests/gcov-5b.c gcov failed: gcov-5b.c.gov does not exist
FAIL: gcc.misc-tests/gcov-6.c execution test
FAIL: gcc.misc-tests/gcov-6.c gcov failed: gcov-6.c.gov does not exist
FAIL: gcc.misc-tests/gcov-7.c execution test
FAIL: gcc.misc-tests/gcov-7.c gcov failed: gcov-7.c.gov does not exist
FAIL: gcc.misc-tests/gcov-8.c execution test
FAIL: gcc.misc-tests/gcov-8.c gcov failed: gcov-8.c.gov does not exist
FAIL: gcc.misc-tests/gcov-9.c execution test
FAIL: gcc.misc-tests/gcov-9.c gcov failed: gcov-9.c.gov does not exist
=== gcc Summary for unix/-m64 ===
# of expected passes 76689
# of unexpected failures 33
# of expected failures 305
# of unsupported tests 1583
=== gcc Summary ===
# of expected passes 152466
# of unexpected failures 266
# of expected failures 623
# of untested testcases 27
# of unresolved testcases 10
# of unsupported tests 3182
/var/gcc/regression/gcc-4.7-branch/8-gcc-gas/build/gcc/xgcc version 4.7.4 20140214 (prerelease) [gcc-4_7-branch revision 207771] (GCC)
=== gfortran tests ===
Running target unix
FAIL: gfortran.dg/module_equivalence_5.f90 -O3 -g (test for excess errors)
WARNING: gfortran.dg/module_equivalence_5.f90 -O3 -g compilation failed to produce executable
FAIL: gfortran.dg/pr44592.f90 -O1 (test for excess errors)
WARNING: gfortran.dg/pr44592.f90 -O1 compilation failed to produce executable
FAIL: gfortran.dg/select_type_2.f03 -O2 (test for excess errors)
FAIL: gfortran.dg/select_type_2.f03 -O3 -fomit-frame-pointer -funroll-loops (test for excess errors)
WARNING: program timed out.
WARNING: program timed out.
WARNING: program timed out.
WARNING: program timed out.
=== gfortran Summary for unix ===
# of expected passes 40570
# of unexpected failures 4
# of expected failures 44
# of unsupported tests 405
Running target unix/-m64
FAIL: gfortran.dg/aliasing_array_result_1.f90 -O2 (test for excess errors)
FAIL: gfortran.dg/alloc_comp_assign_5.f90 -O1 (test for excess errors)
FAIL: gfortran.dg/bind_c_usage_17.f90 -O3 -fomit-frame-pointer -funroll-loops (test for excess errors)
FAIL: gfortran.dg/bound_5.f90 -O3 -fomit-frame-pointer (test for excess errors)
FAIL: gfortran.dg/bound_6.f90 -O1 (test for excess errors)
FAIL: gfortran.dg/bound_6.f90 -O2 (test for excess errors)
WARNING: program timed out.
WARNING: program timed out.
WARNING: program timed out.
WARNING: program timed out.
WARNING: program timed out.
WARNING: program timed out.
WARNING: program timed out.
FAIL: gfortran.fortran-torture/execute/common_2.f90 compilation, -Os
=== gfortran Summary for unix/-m64 ===
# of expected passes 40847
# of unexpected failures 7
# of expected failures 44
# of untested testcases 1
# of unsupported tests 268
=== gfortran Summary ===
# of expected passes 81417
# of unexpected failures 11
# of expected failures 88
# of untested testcases 1
# of unsupported tests 673
/var/gcc/regression/gcc-4.7-branch/8-gcc-gas/build/gcc/testsuite/gfortran/../../gfortran version 4.7.4 20140214 (prerelease) [gcc-4_7-branch revision 207771] (GCC)
=== gnat tests ===
Running target unix
=== gnat Summary for unix ===
# of expected passes 1109
# of expected failures 14
# of unsupported tests 13
Running target unix/-m64
=== gnat Summary for unix/-m64 ===
# of expected passes 1109
# of expected failures 14
# of unsupported tests 13
=== gnat Summary ===
# of expected passes 2218
# of expected failures 28
# of unsupported tests 26
/var/gcc/regression/gcc-4.7-branch/8-gcc-gas/build/gcc/gnatmake version 4.7.4 20140214 (prerelease) [gcc-4_7-branch revision 207771]
=== go tests ===
Running target unix
=== go Summary for unix ===
# of expected passes 3288
# of expected failures 4
# of untested testcases 7
Running target unix/-m64
=== go Summary for unix/-m64 ===
# of expected passes 3288
# of expected failures 4
# of untested testcases 7
=== go Summary ===
# of expected passes 6576
# of expected failures 8
# of untested testcases 14
/var/gcc/regression/gcc-4.7-branch/8-gcc-gas/build/gcc/testsuite/go/../../gccgo version 4.7.4 20140214 (prerelease) [gcc-4_7-branch revision 207771] (GCC)
=== obj-c++ tests ===
Running target unix
=== obj-c++ Summary for unix ===
# of expected passes 1450
# of expected failures 2
# of unsupported tests 86
Running target unix/-m64
=== obj-c++ Summary for unix/-m64 ===
# of expected passes 1442
# of expected failures 10
# of unsupported tests 86
=== obj-c++ Summary ===
# of expected passes 2892
# of expected failures 12
# of unsupported tests 172
/var/gcc/regression/gcc-4.7-branch/8-gcc-gas/build/gcc/testsuite/obj-c++/../../g++ version 4.7.4 20140214 (prerelease) [gcc-4_7-branch revision 207771] (GCC)
=== objc tests ===
Running target unix
=== objc Summary for unix ===
# of expected passes 2994
# of unsupported tests 74
Running target unix/-m64
=== objc Summary for unix/-m64 ===
# of expected passes 2994
# of unsupported tests 74
=== objc Summary ===
# of expected passes 5988
# of unsupported tests 148
/var/gcc/regression/gcc-4.7-branch/8-gcc-gas/build/gcc/xgcc version 4.7.4 20140214 (prerelease) [gcc-4_7-branch revision 207771] (GCC)
=== boehm-gc tests ===
Running target unix
=== boehm-gc Summary for unix ===
# of expected passes 12
# of unsupported tests 1
Running target unix/-m64
=== boehm-gc Summary for unix/-m64 ===
# of expected passes 12
# of unsupported tests 1
=== boehm-gc Summary ===
# of expected passes 24
# of unsupported tests 2
=== libffi tests ===
Running target unix
=== libffi Summary for unix ===
# of expected passes 1634
# of expected failures 10
# of unsupported tests 55
Running target unix/-m64
=== libffi Summary for unix/-m64 ===
# of expected passes 1634
# of expected failures 10
# of unsupported tests 55
=== libffi Summary ===
# of expected passes 3268
# of expected failures 20
# of unsupported tests 110
=== libgo tests ===
Running target unix
FAIL: os
FAIL: runtime/pprof
=== libgo Summary for unix ===
# of expected passes 122
# of unexpected failures 2
Running target unix/-m64
FAIL: runtime/pprof
=== libgo Summary for unix/-m64 ===
# of expected passes 123
# of unexpected failures 1
=== libgo Summary ===
# of expected passes 245
# of unexpected failures 3
=== libgomp tests ===
Running target unix
=== libgomp Summary for unix ===
# of expected passes 2940
# of unsupported tests 3
Running target unix/-m64
WARNING: program timed out.
FAIL: libgomp.c/appendix-a/a.29.1.c (test for excess errors)
WARNING: program timed out.
FAIL: libgomp.c++/atomic-1.C -O3 -g (test for excess errors)
=== libgomp Summary for unix/-m64 ===
# of expected passes 2938
# of unexpected failures 2
# of unsupported tests 3
=== libgomp Summary ===
# of expected passes 5878
# of unexpected failures 2
# of unsupported tests 6
=== libitm tests ===
Running target unix
=== libitm Summary for unix ===
# of expected passes 26
# of expected failures 3
# of unsupported tests 1
Running target unix/-m64
=== libitm Summary for unix/-m64 ===
# of expected passes 26
# of expected failures 3
# of unsupported tests 1
=== libitm Summary ===
# of expected passes 52
# of expected failures 6
# of unsupported tests 2
=== libjava tests ===
Running target unix
WARNING: program timed out.
FAIL: stub -O3 -findirect-dispatch compilation from source
=== libjava Summary for unix ===
# of expected passes 2571
# of unexpected failures 1
# of untested testcases 2
Running target unix/-m64
WARNING: program timed out.
FAIL: linking directbuffer
WARNING: program timed out.
FAIL: field.c compilation
=== libjava Summary for unix/-m64 ===
# of expected passes 2565
# of unexpected failures 2
# of expected failures 1
=== libjava Summary ===
# of expected passes 5136
# of unexpected failures 3
# of expected failures 1
# of untested testcases 2
=== libstdc++ tests ===
Running target unix
=== libstdc++ Summary for unix ===
# of expected passes 7386
# of expected failures 47
# of unsupported tests 812
Running target unix/-m64
FAIL: 21_strings/basic_string/operators/char/2.cc (test for excess errors)
FAIL: 23_containers/multiset/modifiers/swap/2.cc (test for excess errors)
FAIL: 23_containers/set/modifiers/swap/3.cc (test for excess errors)
FAIL: 23_containers/unordered_multiset/insert/53115.cc (test for excess errors)
FAIL: 26_numerics/random/chi_squared_distribution/operators/serialize.cc (test for excess errors)
FAIL: ext/pb_ds/regression/list_update_set_rand.cc (test for excess errors)
FAIL: ext/pb_ds/regression/tree_set_rand.cc (test for excess errors)
WARNING: ext/pb_ds/regression/tree_set_rand.cc compilation failed to produce executable
WARNING: program timed out.
WARNING: program timed out.
WARNING: program timed out.
WARNING: program timed out.
WARNING: program timed out.
WARNING: program timed out.
WARNING: program timed out.
=== libstdc++ Summary for unix/-m64 ===
# of expected passes 7378
# of unexpected failures 7
# of expected failures 47
# of unsupported tests 812
=== libstdc++ Summary ===
# of expected passes 14764
# of unexpected failures 7
# of expected failures 94
# of unsupported tests 1624
Compiler version: 4.7.4 20140214 (prerelease) [gcc-4_7-branch revision 207771] (GCC)
Platform: sparc-sun-solaris2.8
configure flags: --prefix=/vol/gcc --target=sparc-sun-solaris2.8 --enable-obsolete --enable-objc-gc --with-as=/vol/gcc/bin/gas-2.24 --with-gnu-as --with-gmp-include=/vol/gcc/include --with-gmp-lib=/vol/gcc/lib --with-mpfr-include=/vol/gcc/include --with-mpfr-lib=/vol/gcc/lib --with-mpc-include=/vol/gcc/include --with-mpc-lib=/vol/gcc/lib --enable-languages=all,ada,obj-c++,go --without-ppl --without-isl --without-cloog
BOOT_CFLAGS=-g -O2
More information about the Gcc-testresults
mailing list