Results for 4.9.0 20140214 (experimental) [trunk revision 207783] (GCC) testsuite on x86_64-pc-solaris2.10
Rainer Orth
ro@CeBiTec.Uni-Bielefeld.DE
Sat Feb 15 14:56:00 GMT 2014
LAST_UPDATED: Fri Feb 14 12:32:51 UTC 2014 (revision 207783)
Native configuration is x86_64-pc-solaris2.10
=== boehm-gc tests ===
Running target unix/-m32
=== boehm-gc Summary for unix/-m32 ===
# of expected passes 12
# of unsupported tests 1
Running target unix
=== boehm-gc Summary for unix ===
# of expected passes 12
# of unsupported tests 1
=== boehm-gc Summary ===
# of expected passes 24
# of unsupported tests 2
=== libatomic tests ===
Running target unix/-m32
=== libatomic Summary for unix/-m32 ===
# of expected passes 44
# of unsupported tests 5
Running target unix
=== libatomic Summary for unix ===
# of expected passes 54
=== libatomic Summary ===
# of expected passes 98
# of unsupported tests 5
=== libffi tests ===
Running target unix/-m32
=== libffi Summary for unix/-m32 ===
# of expected passes 1819
# of unsupported tests 55
Running target unix
=== libffi Summary for unix ===
# of expected passes 1819
# of unsupported tests 55
=== libffi Summary ===
# of expected passes 3638
# of unsupported tests 110
=== libgo tests ===
Running target unix
=== libgo Summary for unix ===
# of expected passes 122
Running target unix/-m32
FAIL: runtime
FAIL: net/http
FAIL: sync/atomic
=== libgo Summary for unix/-m32 ===
# of expected passes 119
# of unexpected failures 3
=== libgo Summary ===
# of expected passes 241
# of unexpected failures 3
/var/gcc/regression/trunk/10-gcc-gas-64/build/./gcc/gccgo version 4.9.0 20140214 (experimental) [trunk revision 207783] (GCC)
=== libgomp tests ===
Running target unix/-m32
FAIL: libgomp.graphite/bounds.c scan-tree-dump-times graphite "0 loops carried no dependency" 1
FAIL: libgomp.graphite/force-parallel-4.c execution test
FAIL: libgomp.graphite/force-parallel-4.c scan-tree-dump-times graphite "2 loops carried no dependency" 1
FAIL: libgomp.graphite/force-parallel-6.c scan-tree-dump-times graphite "1 loops carried no dependency" 1
FAIL: libgomp.graphite/pr41118.c scan-tree-dump-times optimized "loopfn" 0
=== libgomp Summary for unix/-m32 ===
# of expected passes 2383
# of unexpected failures 5
# of unsupported tests 3
Running target unix
FAIL: libgomp.graphite/bounds.c scan-tree-dump-times graphite "0 loops carried no dependency" 1
FAIL: libgomp.graphite/force-parallel-4.c execution test
FAIL: libgomp.graphite/force-parallel-4.c scan-tree-dump-times graphite "2 loops carried no dependency" 1
FAIL: libgomp.graphite/force-parallel-6.c scan-tree-dump-times graphite "1 loops carried no dependency" 1
FAIL: libgomp.graphite/pr41118.c scan-tree-dump-times optimized "loopfn" 0
=== libgomp Summary for unix ===
# of expected passes 2383
# of unexpected failures 5
# of unsupported tests 3
=== libgomp Summary ===
# of expected passes 4766
# of unexpected failures 10
# of unsupported tests 6
=== libitm tests ===
Running target unix/-m32
=== libitm Summary for unix/-m32 ===
# of expected passes 26
# of expected failures 3
# of unsupported tests 1
Running target unix
=== libitm Summary for unix ===
# of expected passes 26
# of expected failures 3
# of unsupported tests 1
=== libitm Summary ===
# of expected passes 52
# of expected failures 6
# of unsupported tests 2
=== libjava tests ===
Running target unix/-m32
FAIL: sourcelocation output - source compiled test
FAIL: sourcelocation -findirect-dispatch output - source compiled test
FAIL: sourcelocation -O3 output - source compiled test
FAIL: sourcelocation -O3 -findirect-dispatch output - source compiled test
=== libjava Summary for unix/-m32 ===
# of expected passes 2582
# of unexpected failures 4
Running target unix
FAIL: sourcelocation output - source compiled test
FAIL: sourcelocation -findirect-dispatch output - source compiled test
FAIL: sourcelocation -O3 output - source compiled test
FAIL: sourcelocation -O3 -findirect-dispatch output - source compiled test
=== libjava Summary for unix ===
# of expected passes 2582
# of unexpected failures 4
=== libjava Summary ===
# of expected passes 5164
# of unexpected failures 8
=== libstdc++ tests ===
Running target unix
FAIL: ext/random/hypergeometric_distribution/operators/values.cc execution test
=== libstdc++ Summary for unix ===
# of expected passes 8997
# of unexpected failures 1
# of expected failures 42
# of unsupported tests 591
Running target unix/-m32
FAIL: ext/random/hypergeometric_distribution/operators/values.cc execution test
=== libstdc++ Summary for unix/-m32 ===
# of expected passes 8997
# of unexpected failures 1
# of expected failures 42
# of unsupported tests 591
=== libstdc++ Summary ===
# of expected passes 17994
# of unexpected failures 2
# of expected failures 84
# of unsupported tests 1182
=== acats tests ===
=== acats Summary ===
# of expected passes 2320
# of unexpected failures 0
=== g++ tests ===
Running target unix
=== g++ Summary for unix ===
# of expected passes 56620
# of expected failures 292
# of unsupported tests 1042
Running target unix/-m32
FAIL: g++.dg/cilk-plus/CK/catch_exc.cc -O1 -fcilkplus execution test
FAIL: g++.dg/cilk-plus/CK/catch_exc.cc -O3 -fcilkplus execution test
FAIL: g++.dg/cilk-plus/CK/catch_exc.cc -g -fcilkplus execution test
FAIL: g++.dg/cilk-plus/CK/catch_exc.cc -g -O2 -fcilkplus execution test
=== g++ Summary for unix/-m32 ===
# of expected passes 55831
# of unexpected failures 4
# of expected failures 292
# of unsupported tests 813
=== g++ Summary ===
# of expected passes 112451
# of unexpected failures 4
# of expected failures 584
# of unsupported tests 1855
/var/gcc/regression/trunk/10-gcc-gas-64/build/gcc/testsuite/g++/../../xg++ version 4.9.0 20140214 (experimental) [trunk revision 207783] (GCC)
=== gcc tests ===
Running target unix
=== gcc Summary for unix ===
# of expected passes 101728
# of expected failures 255
# of unsupported tests 1448
Running target unix/-m32
FAIL: gcc.dg/torture/tls/run-ld.c -O1 execution test
FAIL: gcc.dg/torture/tls/run-ld.c -O2 execution test
FAIL: gcc.dg/torture/tls/run-ld.c -O3 -fomit-frame-pointer execution test
FAIL: gcc.dg/torture/tls/run-ld.c -O3 -g execution test
FAIL: gcc.dg/torture/tls/run-ld.c -Os execution test
FAIL: gcc.dg/torture/tls/run-ld.c -O1 -fpic execution test
FAIL: gcc.dg/torture/tls/run-ld.c -O2 -fpic execution test
FAIL: gcc.dg/torture/tls/run-ld.c -O3 -fomit-frame-pointer -fpic execution test
FAIL: gcc.dg/torture/tls/run-ld.c -O3 -g -fpic execution test
FAIL: gcc.dg/torture/tls/run-ld.c -Os -fpic execution test
FAIL: gcc.dg/torture/tls/run-ld.c -O1 -fPIC execution test
FAIL: gcc.dg/torture/tls/run-ld.c -O2 -fPIC execution test
FAIL: gcc.dg/torture/tls/run-ld.c -O3 -fomit-frame-pointer -fPIC execution test
FAIL: gcc.dg/torture/tls/run-ld.c -O3 -g -fPIC execution test
FAIL: gcc.dg/torture/tls/run-ld.c -Os -fPIC execution test
FAIL: gcc.dg/torture/tls/run-ld.c -O2 -flto -flto-partition=none execution test
FAIL: gcc.dg/torture/tls/run-ld.c -O2 -flto execution test
FAIL: gcc.dg/torture/tls/thr-init-2.c -O2 -fpic execution test
FAIL: gcc.dg/torture/tls/thr-init-2.c -O3 -fomit-frame-pointer -fpic execution test
FAIL: gcc.dg/torture/tls/thr-init-2.c -O3 -g -fpic execution test
FAIL: gcc.dg/torture/tls/thr-init-2.c -Os -fpic execution test
FAIL: gcc.dg/torture/tls/thr-init-2.c -O2 -fPIC execution test
FAIL: gcc.dg/torture/tls/thr-init-2.c -O3 -fomit-frame-pointer -fPIC execution test
FAIL: gcc.dg/torture/tls/thr-init-2.c -O3 -g -fPIC execution test
FAIL: gcc.dg/torture/tls/thr-init-2.c -Os -fPIC execution test
=== gcc Summary for unix/-m32 ===
# of expected passes 101036
# of unexpected failures 25
# of expected failures 252
# of unsupported tests 1228
=== gcc Summary ===
# of expected passes 202764
# of unexpected failures 25
# of expected failures 507
# of unsupported tests 2676
/var/gcc/regression/trunk/10-gcc-gas-64/build/gcc/xgcc version 4.9.0 20140214 (experimental) [trunk revision 207783] (GCC)
=== gfortran tests ===
Running target unix
=== gfortran Summary for unix ===
# of expected passes 45401
# of expected failures 52
# of unsupported tests 80
Running target unix/-m32
=== gfortran Summary for unix/-m32 ===
# of expected passes 45114
# of expected failures 52
# of unsupported tests 218
=== gfortran Summary ===
# of expected passes 90515
# of expected failures 104
# of unsupported tests 298
/var/gcc/regression/trunk/10-gcc-gas-64/build/gcc/testsuite/gfortran/../../gfortran version 4.9.0 20140214 (experimental) [trunk revision 207783] (GCC)
=== gnat tests ===
Running target unix/-m32
=== gnat Summary for unix/-m32 ===
# of expected passes 1216
# of expected failures 18
# of unsupported tests 6
Running target unix
=== gnat Summary for unix ===
# of expected passes 1216
# of expected failures 18
# of unsupported tests 6
=== gnat Summary ===
# of expected passes 2432
# of expected failures 36
# of unsupported tests 12
/var/gcc/regression/trunk/10-gcc-gas-64/build/gcc/gnatmake version 4.9.0 20140214 (experimental) [trunk revision 207783]
=== go tests ===
Running target unix
=== go Summary for unix ===
# of expected passes 7252
# of expected failures 1
# of untested testcases 9
# of unsupported tests 1
Running target unix/-m32
=== go Summary for unix/-m32 ===
# of expected passes 7371
# of expected failures 1
# of untested testcases 9
# of unsupported tests 2
=== go Summary ===
# of expected passes 14623
# of expected failures 2
# of untested testcases 18
# of unsupported tests 3
/var/gcc/regression/trunk/10-gcc-gas-64/build/gcc/testsuite/go/../../gccgo version 4.9.0 20140214 (experimental) [trunk revision 207783] (GCC)
=== obj-c++ tests ===
Running target unix/-m32
=== obj-c++ Summary for unix/-m32 ===
# of expected passes 1449
# of expected failures 2
# of unsupported tests 86
Running target unix
=== obj-c++ Summary for unix ===
# of expected passes 1441
# of expected failures 10
# of unsupported tests 86
=== obj-c++ Summary ===
# of expected passes 2890
# of expected failures 12
# of unsupported tests 172
/var/gcc/regression/trunk/10-gcc-gas-64/build/gcc/testsuite/obj-c++/../../xg++ version 4.9.0 20140214 (experimental) [trunk revision 207783] (GCC)
=== objc tests ===
Running target unix
=== objc Summary for unix ===
# of expected passes 2988
# of expected failures 6
# of unsupported tests 74
Running target unix/-m32
=== objc Summary for unix/-m32 ===
# of expected passes 2988
# of expected failures 6
# of unsupported tests 74
=== objc Summary ===
# of expected passes 5976
# of expected failures 12
# of unsupported tests 148
/var/gcc/regression/trunk/10-gcc-gas-64/build/gcc/xgcc version 4.9.0 20140214 (experimental) [trunk revision 207783] (GCC)
Compiler version: 4.9.0 20140214 (experimental) [trunk revision 207783] (GCC)
Platform: x86_64-pc-solaris2.10
configure flags: --prefix=/vol/gcc --target=amd64-pc-solaris2.10 --enable-objc-gc --with-as=/vol/gcc/bin/gas-2.24 --with-gnu-as --with-gmp-include=/vol/gcc/include --with-gmp-lib=/vol/gcc/lib/amd64 --with-mpfr-include=/vol/gcc/include --with-mpfr-lib=/vol/gcc/lib/amd64 --with-mpc-include=/vol/gcc/include --with-mpc-lib=/vol/gcc/lib/amd64 --enable-languages=all,ada,obj-c++,go --with-isl-include=/vol/gcc/include --with-isl-lib=/vol/gcc/lib/amd64 --with-cloog-include=/vol/gcc/include --with-cloog-lib=/vol/gcc/lib/amd64 --enable-cloog-backend=isl --build=amd64-pc-solaris2.10 --host=amd64-pc-solaris2.10
BOOT_CFLAGS=-g -O2
More information about the Gcc-testresults
mailing list