Results for 4.9.0 20140204 (experimental) (GCC) testsuite on arm-none-linux-gnueabi
CodeSourcery Automatic Testing System
gcc@codesourcery.com
Tue Feb 4 22:22:00 GMT 2014
LAST_UPDATED: Tue Feb 4 08:09:51 UTC 2014 (/trunk revision 207452)
Target is arm-none-linux-gnueabi
Host is i686-pc-linux-gnu
=== g++ tests ===
Running target qemu-default
UNRESOLVED: g++.dg/ipa/devirt-22.C -std=gnu++98 scan-tree-dump-times cp "Discovered a virtual call to a known target" 1
UNRESOLVED: g++.dg/ipa/devirt-22.C -std=gnu++11 scan-tree-dump-times cp "Discovered a virtual call to a known target" 1
WARNING: program timed out.
FAIL: g++.dg/gomp/pr59150.C -std=gnu++98 (internal compiler error)
FAIL: g++.dg/gomp/pr59150.C -std=gnu++98 (test for excess errors)
WARNING: program timed out.
FAIL: g++.dg/gomp/pr59150.C -std=gnu++11 (internal compiler error)
FAIL: g++.dg/gomp/pr59150.C -std=gnu++11 (test for excess errors)
=== g++ Summary ===
# of expected passes 54807
# of unexpected failures 4
# of expected failures 289
# of unresolved testcases 2
# of unsupported tests 1109
/scratch/gcc/nightly-2014-02-04-mainline/arm-none-linux-gnueabi/obj/test-mainline-0-arm-none-linux-gnueabi/host-i686-pc-linux-gnu/fsf-mainline/bin/arm-none-linux-gnueabi-g++ version 4.9.0 20140204 (experimental) (GCC)
=== Summary adjusted for local xfails ===
# of unexpected failures 4
# of expected passes 54807
# of expected failures 289
# of unresolved testcases 2
# of unsupported tests 1109
Host is i686-pc-linux-gnu
=== gcc tests ===
Running target qemu-default
FAIL: gcc.dg/atomic/c11-atomic-exec-1.c -O0 execution test
FAIL: gcc.dg/atomic/c11-atomic-exec-1.c -O1 execution test
FAIL: gcc.dg/atomic/c11-atomic-exec-1.c -O2 execution test
FAIL: gcc.dg/atomic/c11-atomic-exec-1.c -O3 -fomit-frame-pointer execution test
FAIL: gcc.dg/atomic/c11-atomic-exec-1.c -O3 -fomit-frame-pointer -funroll-loops execution test
FAIL: gcc.dg/atomic/c11-atomic-exec-1.c -O3 -fomit-frame-pointer -funroll-all-loops -finline-functions execution test
FAIL: gcc.dg/atomic/c11-atomic-exec-1.c -O3 -g execution test
FAIL: gcc.dg/atomic/c11-atomic-exec-1.c -Os execution test
FAIL: gcc.dg/atomic/c11-atomic-exec-1.c -O2 -flto -fno-use-linker-plugin -flto-partition=none execution test
FAIL: gcc.dg/atomic/c11-atomic-exec-1.c -O2 -flto -fuse-linker-plugin -fno-fat-lto-objects execution test
FAIL: gcc.dg/atomic/c11-atomic-exec-2.c -O0 execution test
FAIL: gcc.dg/atomic/c11-atomic-exec-2.c -O1 execution test
FAIL: gcc.dg/atomic/c11-atomic-exec-2.c -O2 execution test
FAIL: gcc.dg/atomic/c11-atomic-exec-2.c -O3 -fomit-frame-pointer execution test
FAIL: gcc.dg/atomic/c11-atomic-exec-2.c -O3 -fomit-frame-pointer -funroll-loops execution test
FAIL: gcc.dg/atomic/c11-atomic-exec-2.c -O3 -fomit-frame-pointer -funroll-all-loops -finline-functions execution test
FAIL: gcc.dg/atomic/c11-atomic-exec-2.c -O3 -g execution test
FAIL: gcc.dg/atomic/c11-atomic-exec-2.c -Os execution test
FAIL: gcc.dg/atomic/c11-atomic-exec-2.c -O2 -flto -fno-use-linker-plugin -flto-partition=none execution test
FAIL: gcc.dg/atomic/c11-atomic-exec-2.c -O2 -flto -fuse-linker-plugin -fno-fat-lto-objects execution test
FAIL: gcc.dg/atomic/c11-atomic-exec-3.c -O0 execution test
FAIL: gcc.dg/atomic/c11-atomic-exec-3.c -O1 execution test
FAIL: gcc.dg/atomic/c11-atomic-exec-3.c -O2 execution test
FAIL: gcc.dg/atomic/c11-atomic-exec-3.c -O3 -fomit-frame-pointer execution test
FAIL: gcc.dg/atomic/c11-atomic-exec-3.c -O3 -fomit-frame-pointer -funroll-loops execution test
FAIL: gcc.dg/atomic/c11-atomic-exec-3.c -O3 -fomit-frame-pointer -funroll-all-loops -finline-functions execution test
FAIL: gcc.dg/atomic/c11-atomic-exec-3.c -O3 -g execution test
FAIL: gcc.dg/atomic/c11-atomic-exec-3.c -Os execution test
FAIL: gcc.dg/atomic/c11-atomic-exec-3.c -O2 -flto -fno-use-linker-plugin -flto-partition=none execution test
FAIL: gcc.dg/atomic/c11-atomic-exec-3.c -O2 -flto -fuse-linker-plugin -fno-fat-lto-objects execution test
FAIL: gcc.dg/atomic/c11-atomic-exec-4.c -O0 execution test
FAIL: gcc.dg/atomic/c11-atomic-exec-4.c -O1 execution test
FAIL: gcc.dg/atomic/c11-atomic-exec-4.c -O2 execution test
FAIL: gcc.dg/atomic/c11-atomic-exec-4.c -O3 -fomit-frame-pointer execution test
FAIL: gcc.dg/atomic/c11-atomic-exec-4.c -O3 -fomit-frame-pointer -funroll-loops execution test
FAIL: gcc.dg/atomic/c11-atomic-exec-4.c -O3 -fomit-frame-pointer -funroll-all-loops -finline-functions execution test
FAIL: gcc.dg/atomic/c11-atomic-exec-4.c -O3 -g execution test
FAIL: gcc.dg/atomic/c11-atomic-exec-4.c -Os execution test
FAIL: gcc.dg/atomic/c11-atomic-exec-4.c -O2 -flto -fno-use-linker-plugin -flto-partition=none execution test
FAIL: gcc.dg/atomic/c11-atomic-exec-4.c -O2 -flto -fuse-linker-plugin -fno-fat-lto-objects execution test
FAIL: gcc.dg/atomic/stdatomic-compare-exchange-4.c -O0 execution test
FAIL: gcc.dg/atomic/stdatomic-compare-exchange-4.c -O1 execution test
FAIL: gcc.dg/atomic/stdatomic-compare-exchange-4.c -O2 execution test
FAIL: gcc.dg/atomic/stdatomic-compare-exchange-4.c -O3 -fomit-frame-pointer execution test
FAIL: gcc.dg/atomic/stdatomic-compare-exchange-4.c -O3 -g execution test
FAIL: gcc.dg/atomic/stdatomic-compare-exchange-4.c -Os execution test
FAIL: gcc.dg/atomic/stdatomic-compare-exchange-4.c -O2 -flto -fno-use-linker-plugin -flto-partition=none execution test
FAIL: gcc.dg/atomic/stdatomic-compare-exchange-4.c -O2 -flto -fuse-linker-plugin -fno-fat-lto-objects execution test
FAIL: gcc.dg/atomic/stdatomic-exchange-4.c -O0 execution test
FAIL: gcc.dg/atomic/stdatomic-exchange-4.c -O1 execution test
FAIL: gcc.dg/atomic/stdatomic-exchange-4.c -O2 execution test
FAIL: gcc.dg/atomic/stdatomic-exchange-4.c -O3 -fomit-frame-pointer execution test
FAIL: gcc.dg/atomic/stdatomic-exchange-4.c -O3 -g execution test
FAIL: gcc.dg/atomic/stdatomic-exchange-4.c -Os execution test
FAIL: gcc.dg/atomic/stdatomic-exchange-4.c -O2 -flto -fno-use-linker-plugin -flto-partition=none execution test
FAIL: gcc.dg/atomic/stdatomic-exchange-4.c -O2 -flto -fuse-linker-plugin -fno-fat-lto-objects execution test
FAIL: gcc.dg/atomic/stdatomic-load-4.c -O0 execution test
FAIL: gcc.dg/atomic/stdatomic-load-4.c -O1 execution test
FAIL: gcc.dg/atomic/stdatomic-load-4.c -O2 execution test
FAIL: gcc.dg/atomic/stdatomic-load-4.c -O3 -fomit-frame-pointer execution test
FAIL: gcc.dg/atomic/stdatomic-load-4.c -O3 -g execution test
FAIL: gcc.dg/atomic/stdatomic-load-4.c -Os execution test
FAIL: gcc.dg/atomic/stdatomic-load-4.c -O2 -flto -fno-use-linker-plugin -flto-partition=none execution test
FAIL: gcc.dg/atomic/stdatomic-load-4.c -O2 -flto -fuse-linker-plugin -fno-fat-lto-objects execution test
FAIL: gcc.dg/atomic/stdatomic-op-4.c -O0 execution test
FAIL: gcc.dg/atomic/stdatomic-op-4.c -O1 execution test
FAIL: gcc.dg/atomic/stdatomic-op-4.c -O2 execution test
FAIL: gcc.dg/atomic/stdatomic-op-4.c -O3 -fomit-frame-pointer execution test
FAIL: gcc.dg/atomic/stdatomic-op-4.c -O3 -g execution test
FAIL: gcc.dg/atomic/stdatomic-op-4.c -Os execution test
FAIL: gcc.dg/atomic/stdatomic-op-4.c -O2 -flto -fno-use-linker-plugin -flto-partition=none execution test
FAIL: gcc.dg/atomic/stdatomic-op-4.c -O2 -flto -fuse-linker-plugin -fno-fat-lto-objects execution test
FAIL: gcc.dg/atomic/stdatomic-store-4.c -O0 execution test
FAIL: gcc.dg/atomic/stdatomic-store-4.c -O1 execution test
FAIL: gcc.dg/atomic/stdatomic-store-4.c -O2 execution test
FAIL: gcc.dg/atomic/stdatomic-store-4.c -O3 -fomit-frame-pointer execution test
FAIL: gcc.dg/atomic/stdatomic-store-4.c -O3 -g execution test
FAIL: gcc.dg/atomic/stdatomic-store-4.c -Os execution test
FAIL: gcc.dg/atomic/stdatomic-store-4.c -O2 -flto -fno-use-linker-plugin -flto-partition=none execution test
FAIL: gcc.dg/atomic/stdatomic-store-4.c -O2 -flto -fuse-linker-plugin -fno-fat-lto-objects execution test
XPASS: gcc.dg/binop-xor1.c scan-tree-dump-times optimized "\\\\^" 1
FAIL: gcc.dg/uninit-13.c unconditional (test for warnings, line 8)
FAIL: gcc.dg/uninit-13.c (test for excess errors)
FAIL: gcc.dg/tree-ssa/sra-12.c scan-tree-dump-times release_ssa "l;" 0
FAIL: gcc.target/arm/fixed_float_conversion.c scan-assembler vcvt.f32.s32
FAIL: gcc.target/arm/fixed_float_conversion.c scan-assembler vcvt.s32.f32
FAIL: gcc.target/arm/neon-vext-execute.c execution test
FAIL: gcc.target/arm/pr42172-1.c scan-assembler-times ldr 1
FAIL: gcc.target/arm/pr42575.c scan-assembler-not mov
FAIL: gcc.target/arm/pr45701-1.c scan-assembler push\\t{r3
FAIL: gcc.target/arm/thumb-ltu.c scan-assembler-not uxtb
=== gcc Summary ===
# of expected passes 94883
# of unexpected failures 90
# of unexpected successes 1
# of expected failures 246
# of unsupported tests 1530
/scratch/gcc/nightly-2014-02-04-mainline/arm-none-linux-gnueabi/obj/test-mainline-0-arm-none-linux-gnueabi/host-i686-pc-linux-gnu/fsf-mainline/bin/arm-none-linux-gnueabi-gcc version 4.9.0 20140204 (experimental) (GCC)
=== Summary adjusted for local xfails ===
# of unexpected failures 90
# of expected passes 94883
# of unexpected successes 1
# of expected failures 246
# of unsupported tests 1530
Host is i686-pc-linux-gnu
=== gfortran tests ===
Running target qemu-default
FAIL: gfortran.dg/select_type_4.f90 -O2 execution test
FAIL: gfortran.dg/select_type_4.f90 -O3 -fomit-frame-pointer execution test
FAIL: gfortran.dg/select_type_4.f90 -O3 -fomit-frame-pointer -funroll-loops execution test
FAIL: gfortran.dg/select_type_4.f90 -O3 -fomit-frame-pointer -funroll-all-loops -finline-functions execution test
FAIL: gfortran.dg/select_type_4.f90 -O3 -g execution test
FAIL: gfortran.dg/vect/pr32380.f -O scan-tree-dump-times vect "vectorized 6 loops" 1
=== gfortran Summary ===
# of expected passes 44100
# of unexpected failures 6
# of expected failures 53
# of unsupported tests 415
/scratch/gcc/nightly-2014-02-04-mainline/arm-none-linux-gnueabi/obj/test-mainline-0-arm-none-linux-gnueabi/host-i686-pc-linux-gnu/fsf-mainline/bin/arm-none-linux-gnueabi-gfortran version 4.9.0 20140204 (experimental) (GCC)
=== Summary adjusted for local xfails ===
# of unexpected failures 6
# of expected passes 44100
# of expected failures 53
# of unsupported tests 415
Host is i686-pc-linux-gnu
=== libstdc++ tests ===
Running target qemu-default
ERROR: tcl error sourcing /scratch/gcc/nightly-2014-02-04-mainline/src/gcc-mainline/libstdc++-v3/testsuite/libstdc++-abi/abi.exp.
ERROR: can't read "baseline_subdir_switch": no such variable
FAIL: 21_strings/basic_string/inserters_extractors/wchar_t/28277.cc execution test
WARNING: program timed out.
FAIL: 25_algorithms/partial_sort/random_test.cc execution test
WARNING: program timed out.
FAIL: 25_algorithms/partial_sort_copy/random_test.cc execution test
FAIL: 27_io/basic_ostream/inserters_character/wchar_t/28277-3.cc execution test
FAIL: 27_io/basic_ostream/inserters_character/wchar_t/28277-4.cc execution test
FAIL: 29_atomics/atomic/operators/integral_assignment.cc execution test
FAIL: 29_atomics/atomic/operators/integral_conversion.cc execution test
FAIL: 29_atomics/atomic_integral/operators/integral_assignment.cc execution test
FAIL: 29_atomics/atomic_integral/operators/integral_conversion.cc execution test
FAIL: ext/vstring/inserters_extractors/wchar_t/28277.cc execution test
=== libstdc++ Summary ===
# of expected passes 9462
# of unexpected failures 10
# of expected failures 41
# of unsupported tests 353
=== Summary adjusted for local xfails ===
# of errors 2
# of unexpected failures 10
# of expected passes 9462
# of expected failures 41
# of unsupported tests 353
Host is i686-pc-linux-gnu
=== g++ tests ===
Running target qemu-default-thumb/-mthumb
UNRESOLVED: g++.dg/ipa/devirt-22.C -std=gnu++98 scan-tree-dump-times cp "Discovered a virtual call to a known target" 1
UNRESOLVED: g++.dg/ipa/devirt-22.C -std=gnu++11 scan-tree-dump-times cp "Discovered a virtual call to a known target" 1
WARNING: program timed out.
FAIL: g++.dg/gomp/pr59150.C -std=gnu++98 (internal compiler error)
FAIL: g++.dg/gomp/pr59150.C -std=gnu++98 (test for excess errors)
WARNING: program timed out.
FAIL: g++.dg/gomp/pr59150.C -std=gnu++11 (internal compiler error)
FAIL: g++.dg/gomp/pr59150.C -std=gnu++11 (test for excess errors)
FAIL: g++.dg/torture/covariant-1.C -O2 -flto -fno-use-linker-plugin -flto-partition=none execution test
FAIL: g++.dg/torture/covariant-1.C -O2 -flto -fuse-linker-plugin -fno-fat-lto-objects execution test
FAIL: g++.dg/torture/pr45699.C -O2 -flto -fuse-linker-plugin -fno-fat-lto-objects execution test
=== g++ Summary ===
# of expected passes 54633
# of unexpected failures 7
# of expected failures 289
# of unresolved testcases 2
# of unsupported tests 1123
/scratch/gcc/nightly-2014-02-04-mainline/arm-none-linux-gnueabi/obj/test-mainline-0-arm-none-linux-gnueabi/host-i686-pc-linux-gnu/fsf-mainline/bin/arm-none-linux-gnueabi-g++ version 4.9.0 20140204 (experimental) (GCC)
=== Summary adjusted for local xfails ===
# of unexpected failures 7
# of expected passes 54633
# of expected failures 289
# of unresolved testcases 2
# of unsupported tests 1123
Host is i686-pc-linux-gnu
=== gcc tests ===
Running target qemu-default-thumb/-mthumb
WARNING: program timed out.
FAIL: gcc.c-torture/compile/pr54713-1.c -O0 (internal compiler error)
FAIL: gcc.c-torture/compile/pr54713-1.c -O0 (test for excess errors)
FAIL: gcc.dg/atomic/c11-atomic-exec-1.c -O0 execution test
FAIL: gcc.dg/atomic/c11-atomic-exec-1.c -O1 execution test
FAIL: gcc.dg/atomic/c11-atomic-exec-1.c -O2 execution test
FAIL: gcc.dg/atomic/c11-atomic-exec-1.c -O3 -fomit-frame-pointer execution test
FAIL: gcc.dg/atomic/c11-atomic-exec-1.c -O3 -fomit-frame-pointer -funroll-loops execution test
FAIL: gcc.dg/atomic/c11-atomic-exec-1.c -O3 -fomit-frame-pointer -funroll-all-loops -finline-functions execution test
FAIL: gcc.dg/atomic/c11-atomic-exec-1.c -O3 -g execution test
FAIL: gcc.dg/atomic/c11-atomic-exec-1.c -Os execution test
FAIL: gcc.dg/atomic/c11-atomic-exec-1.c -O2 -flto -fno-use-linker-plugin -flto-partition=none execution test
FAIL: gcc.dg/atomic/c11-atomic-exec-1.c -O2 -flto -fuse-linker-plugin -fno-fat-lto-objects execution test
FAIL: gcc.dg/atomic/c11-atomic-exec-2.c -O0 execution test
FAIL: gcc.dg/atomic/c11-atomic-exec-2.c -O1 execution test
FAIL: gcc.dg/atomic/c11-atomic-exec-2.c -O2 execution test
FAIL: gcc.dg/atomic/c11-atomic-exec-2.c -O3 -fomit-frame-pointer execution test
FAIL: gcc.dg/atomic/c11-atomic-exec-2.c -O3 -fomit-frame-pointer -funroll-loops execution test
FAIL: gcc.dg/atomic/c11-atomic-exec-2.c -O3 -fomit-frame-pointer -funroll-all-loops -finline-functions execution test
FAIL: gcc.dg/atomic/c11-atomic-exec-2.c -O3 -g execution test
FAIL: gcc.dg/atomic/c11-atomic-exec-2.c -Os execution test
FAIL: gcc.dg/atomic/c11-atomic-exec-2.c -O2 -flto -fno-use-linker-plugin -flto-partition=none execution test
FAIL: gcc.dg/atomic/c11-atomic-exec-2.c -O2 -flto -fuse-linker-plugin -fno-fat-lto-objects execution test
FAIL: gcc.dg/atomic/c11-atomic-exec-3.c -O0 execution test
FAIL: gcc.dg/atomic/c11-atomic-exec-3.c -O1 execution test
FAIL: gcc.dg/atomic/c11-atomic-exec-3.c -O2 execution test
FAIL: gcc.dg/atomic/c11-atomic-exec-3.c -O3 -fomit-frame-pointer execution test
FAIL: gcc.dg/atomic/c11-atomic-exec-3.c -O3 -fomit-frame-pointer -funroll-loops execution test
FAIL: gcc.dg/atomic/c11-atomic-exec-3.c -O3 -fomit-frame-pointer -funroll-all-loops -finline-functions execution test
FAIL: gcc.dg/atomic/c11-atomic-exec-3.c -O3 -g execution test
FAIL: gcc.dg/atomic/c11-atomic-exec-3.c -Os execution test
FAIL: gcc.dg/atomic/c11-atomic-exec-3.c -O2 -flto -fno-use-linker-plugin -flto-partition=none execution test
FAIL: gcc.dg/atomic/c11-atomic-exec-3.c -O2 -flto -fuse-linker-plugin -fno-fat-lto-objects execution test
FAIL: gcc.dg/atomic/c11-atomic-exec-4.c -O0 execution test
FAIL: gcc.dg/atomic/c11-atomic-exec-4.c -O1 execution test
FAIL: gcc.dg/atomic/c11-atomic-exec-4.c -O2 execution test
FAIL: gcc.dg/atomic/c11-atomic-exec-4.c -O3 -fomit-frame-pointer execution test
FAIL: gcc.dg/atomic/c11-atomic-exec-4.c -O3 -fomit-frame-pointer -funroll-loops execution test
FAIL: gcc.dg/atomic/c11-atomic-exec-4.c -O3 -fomit-frame-pointer -funroll-all-loops -finline-functions execution test
FAIL: gcc.dg/atomic/c11-atomic-exec-4.c -O3 -g execution test
FAIL: gcc.dg/atomic/c11-atomic-exec-4.c -Os execution test
FAIL: gcc.dg/atomic/c11-atomic-exec-4.c -O2 -flto -fno-use-linker-plugin -flto-partition=none execution test
FAIL: gcc.dg/atomic/c11-atomic-exec-4.c -O2 -flto -fuse-linker-plugin -fno-fat-lto-objects execution test
FAIL: gcc.dg/atomic/stdatomic-compare-exchange-4.c -O0 execution test
FAIL: gcc.dg/atomic/stdatomic-compare-exchange-4.c -O1 execution test
FAIL: gcc.dg/atomic/stdatomic-compare-exchange-4.c -O2 execution test
FAIL: gcc.dg/atomic/stdatomic-compare-exchange-4.c -O3 -fomit-frame-pointer execution test
FAIL: gcc.dg/atomic/stdatomic-compare-exchange-4.c -O3 -g execution test
FAIL: gcc.dg/atomic/stdatomic-compare-exchange-4.c -Os execution test
FAIL: gcc.dg/atomic/stdatomic-compare-exchange-4.c -O2 -flto -fno-use-linker-plugin -flto-partition=none execution test
FAIL: gcc.dg/atomic/stdatomic-compare-exchange-4.c -O2 -flto -fuse-linker-plugin -fno-fat-lto-objects execution test
FAIL: gcc.dg/atomic/stdatomic-exchange-4.c -O0 execution test
FAIL: gcc.dg/atomic/stdatomic-exchange-4.c -O1 execution test
FAIL: gcc.dg/atomic/stdatomic-exchange-4.c -O2 execution test
FAIL: gcc.dg/atomic/stdatomic-exchange-4.c -O3 -fomit-frame-pointer execution test
FAIL: gcc.dg/atomic/stdatomic-exchange-4.c -O3 -g execution test
FAIL: gcc.dg/atomic/stdatomic-exchange-4.c -Os execution test
FAIL: gcc.dg/atomic/stdatomic-exchange-4.c -O2 -flto -fno-use-linker-plugin -flto-partition=none execution test
FAIL: gcc.dg/atomic/stdatomic-exchange-4.c -O2 -flto -fuse-linker-plugin -fno-fat-lto-objects execution test
FAIL: gcc.dg/atomic/stdatomic-load-4.c -O0 execution test
FAIL: gcc.dg/atomic/stdatomic-load-4.c -O1 execution test
FAIL: gcc.dg/atomic/stdatomic-load-4.c -O2 execution test
FAIL: gcc.dg/atomic/stdatomic-load-4.c -O3 -fomit-frame-pointer execution test
FAIL: gcc.dg/atomic/stdatomic-load-4.c -O3 -g execution test
FAIL: gcc.dg/atomic/stdatomic-load-4.c -Os execution test
FAIL: gcc.dg/atomic/stdatomic-load-4.c -O2 -flto -fno-use-linker-plugin -flto-partition=none execution test
FAIL: gcc.dg/atomic/stdatomic-load-4.c -O2 -flto -fuse-linker-plugin -fno-fat-lto-objects execution test
FAIL: gcc.dg/atomic/stdatomic-op-4.c -O0 execution test
FAIL: gcc.dg/atomic/stdatomic-op-4.c -O1 execution test
FAIL: gcc.dg/atomic/stdatomic-op-4.c -O2 execution test
FAIL: gcc.dg/atomic/stdatomic-op-4.c -O3 -fomit-frame-pointer execution test
FAIL: gcc.dg/atomic/stdatomic-op-4.c -O3 -g execution test
FAIL: gcc.dg/atomic/stdatomic-op-4.c -Os execution test
FAIL: gcc.dg/atomic/stdatomic-op-4.c -O2 -flto -fno-use-linker-plugin -flto-partition=none execution test
FAIL: gcc.dg/atomic/stdatomic-op-4.c -O2 -flto -fuse-linker-plugin -fno-fat-lto-objects execution test
FAIL: gcc.dg/atomic/stdatomic-store-4.c -O0 execution test
FAIL: gcc.dg/atomic/stdatomic-store-4.c -O1 execution test
FAIL: gcc.dg/atomic/stdatomic-store-4.c -O2 execution test
FAIL: gcc.dg/atomic/stdatomic-store-4.c -O3 -fomit-frame-pointer execution test
FAIL: gcc.dg/atomic/stdatomic-store-4.c -O3 -g execution test
FAIL: gcc.dg/atomic/stdatomic-store-4.c -Os execution test
FAIL: gcc.dg/atomic/stdatomic-store-4.c -O2 -flto -fno-use-linker-plugin -flto-partition=none execution test
FAIL: gcc.dg/atomic/stdatomic-store-4.c -O2 -flto -fuse-linker-plugin -fno-fat-lto-objects execution test
XPASS: gcc.dg/binop-xor1.c scan-tree-dump-times optimized "\\\\^" 1
FAIL: gcc.dg/uninit-13.c unconditional (test for warnings, line 8)
FAIL: gcc.dg/uninit-13.c (test for excess errors)
FAIL: c-c++-common/torture/vshuf-v4df.c -O0 (internal compiler error)
FAIL: c-c++-common/torture/vshuf-v4df.c -O0 (test for excess errors)
FAIL: gcc.dg/torture/tls/tls-reload-1.c -O1 -pie -fpie execution test
FAIL: gcc.dg/torture/tls/tls-reload-1.c -O2 -pie -fpie execution test
FAIL: gcc.dg/torture/tls/tls-reload-1.c -O3 -fomit-frame-pointer -pie -fpie execution test
FAIL: gcc.dg/torture/tls/tls-reload-1.c -O3 -g -pie -fpie execution test
FAIL: gcc.dg/torture/tls/tls-reload-1.c -Os -pie -fpie execution test
FAIL: gcc.dg/torture/tls/tls-reload-1.c -O1 -pie -fPIE execution test
FAIL: gcc.dg/torture/tls/tls-reload-1.c -O2 -pie -fPIE execution test
FAIL: gcc.dg/torture/tls/tls-reload-1.c -O3 -fomit-frame-pointer -pie -fPIE execution test
FAIL: gcc.dg/torture/tls/tls-reload-1.c -O3 -g -pie -fPIE execution test
FAIL: gcc.dg/torture/tls/tls-reload-1.c -Os -pie -fPIE execution test
FAIL: gcc.dg/tree-ssa/sra-12.c scan-tree-dump-times release_ssa "l;" 0
FAIL: gcc.target/arm/iordi3-opt.c scan-assembler-not mov[\\\\t ]+.+,[\\\\t ]*.+
FAIL: gcc.target/arm/pr42172-1.c scan-assembler-times ldr 1
FAIL: gcc.target/arm/pr45701-1.c scan-assembler push\\t{r3
FAIL: gcc.target/arm/thumb-ltu.c scan-assembler-not uxtb
FAIL: gcc.target/arm/xordi3-opt.c scan-assembler-not mov[\\\\t ]+.+,[\\\\t ]*.+
=== gcc Summary ===
# of expected passes 87490
# of unexpected failures 102
# of unexpected successes 1
# of expected failures 107
# of unsupported tests 3604
/scratch/gcc/nightly-2014-02-04-mainline/arm-none-linux-gnueabi/obj/test-mainline-0-arm-none-linux-gnueabi/host-i686-pc-linux-gnu/fsf-mainline/bin/arm-none-linux-gnueabi-gcc version 4.9.0 20140204 (experimental) (GCC)
=== Summary adjusted for local xfails ===
# of unexpected failures 102
# of expected passes 87490
# of unexpected successes 1
# of expected failures 107
# of unsupported tests 3604
Host is i686-pc-linux-gnu
=== gfortran tests ===
Running target qemu-default-thumb/-mthumb
=== gfortran Summary ===
# of expected passes 44053
# of expected failures 52
# of unsupported tests 403
/scratch/gcc/nightly-2014-02-04-mainline/arm-none-linux-gnueabi/obj/test-mainline-0-arm-none-linux-gnueabi/host-i686-pc-linux-gnu/fsf-mainline/bin/arm-none-linux-gnueabi-gfortran version 4.9.0 20140204 (experimental) (GCC)
=== Summary adjusted for local xfails ===
# of expected passes 44053
# of expected failures 52
# of unsupported tests 403
Host is i686-pc-linux-gnu
=== libstdc++ tests ===
Running target qemu-default-thumb/-mthumb
ERROR: tcl error sourcing /scratch/gcc/nightly-2014-02-04-mainline/src/gcc-mainline/libstdc++-v3/testsuite/libstdc++-abi/abi.exp.
ERROR: can't read "baseline_subdir_switch": no such variable
FAIL: 21_strings/basic_string/inserters_extractors/wchar_t/28277.cc execution test
WARNING: program timed out.
FAIL: 25_algorithms/partial_sort/random_test.cc execution test
WARNING: program timed out.
FAIL: 25_algorithms/partial_sort_copy/random_test.cc execution test
FAIL: 27_io/basic_ostream/inserters_character/wchar_t/28277-3.cc execution test
FAIL: 27_io/basic_ostream/inserters_character/wchar_t/28277-4.cc execution test
FAIL: 29_atomics/atomic/operators/integral_assignment.cc execution test
FAIL: 29_atomics/atomic/operators/integral_conversion.cc execution test
FAIL: 29_atomics/atomic_integral/operators/integral_assignment.cc execution test
FAIL: 29_atomics/atomic_integral/operators/integral_conversion.cc execution test
FAIL: ext/vstring/inserters_extractors/wchar_t/28277.cc execution test
=== libstdc++ Summary ===
# of expected passes 9462
# of unexpected failures 10
# of expected failures 41
# of unsupported tests 353
=== Summary adjusted for local xfails ===
# of errors 2
# of unexpected failures 10
# of expected passes 9462
# of expected failures 41
# of unsupported tests 353
Compiler version: 4.9.0 20140204 (experimental) (GCC)
Platform: arm-none-linux-gnueabi
configure flags: --build=i686-pc-linux-gnu --host=i686-pc-linux-gnu --target=arm-none-linux-gnueabi --enable-threads --disable-libmudflap --disable-libssp --disable-libstdcxx-pch --with-gnu-as --with-gnu-ld --enable-languages=c,c++,fortran --enable-shared --enable-lto --enable-symvers=gnu --enable-__cxa_atexit --with-glibc-version=2.19 --disable-nls --prefix=/scratch/gcc/nightly-2014-02-04-mainline/arm-none-linux-gnueabi/install --with-sysroot=/scratch/gcc/nightly-2014-02-04-mainline/arm-none-linux-gnueabi/install/arm-none-linux-gnueabi/libc --with-gmp=/scratch/gcc/nightly-2014-02-04-mainline/arm-none-linux-gnueabi/obj/pkg-mainline-0-arm-none-linux-gnueabi/fsf-mainline-0-arm-none-linux-gnueabi.extras/host-libs-i686-pc-linux-gnu/usr --with-mpfr=/scratch/gcc/nightly-2014-02-04-mainline/arm-none-linux-gnueabi/obj/pkg-mainline-0-arm-none-linux-gnueabi/fsf-mainline-0-arm-none-linux-gnueabi.extras/host-libs-i686-pc-linux-gnu/usr --with-mpc=/scratch/gcc/nightly-2014-02-04-mainline/a
rm-none-linux-gnueabi/obj/pkg-mainline-0-arm-none-linux-gnueabi/fsf-mainline-0-arm-none-linux-gnueabi.extras/host-libs-i686-pc-linux-gnu/usr --with-host-libstdcxx='-static-libgcc -Wl,-Bstatic,-lstdc++,-Bdynamic -lm' --with-isl=/scratch/gcc/nightly-2014-02-04-mainline/arm-none-linux-gnueabi/obj/pkg-mainline-0-arm-none-linux-gnueabi/fsf-mainline-0-arm-none-linux-gnueabi.extras/host-libs-i686-pc-linux-gnu/usr --with-cloog=/scratch/gcc/nightly-2014-02-04-mainline/arm-none-linux-gnueabi/obj/pkg-mainline-0-arm-none-linux-gnueabi/fsf-mainline-0-arm-none-linux-gnueabi.extras/host-libs-i686-pc-linux-gnu/usr --disable-libgomp --disable-libitm --disable-libssp --enable-poison-system-directories --with-build-time-tools=/scratch/gcc/nightly-2014-02-04-mainline/arm-none-linux-gnueabi/install/arm-none-linux-gnueabi/bin --with-build-time-tools=/scratch/gcc/nightly-2014-02-04-mainline/arm-none-linux-gnueabi/install/arm-none-linux-gnueabi/bin SED=sed
More information about the Gcc-testresults
mailing list