Results for 4.9.0 20140130 (experimental) [trunk revision 207293] (GCC) testsuite on hppa2.0w-hp-hpux11.11
John David Anglin
dave@hiauly3.hia.nrc.ca
Sat Feb 1 18:31:00 GMT 2014
=== acats tests ===
FAIL: c9a011b
=== acats Summary ===
# of expected passes 2319
# of unexpected failures 1
Native configuration is hppa2.0w-hp-hpux11.11
=== g++ tests ===
Running target unix
FAIL: g++.dg/init/dso_handle2.C -std=c++98 (test for errors, line 10)
FAIL: g++.dg/init/dso_handle2.C -std=c++11 (test for errors, line 10)
FAIL: g++.dg/pr49718.C -std=gnu++98 scan-assembler-times __cyg_profile_func_enter 1
FAIL: g++.dg/pr49718.C -std=gnu++11 scan-assembler-times __cyg_profile_func_enter 1
WARNING: program timed out.
=== g++ Summary ===
# of expected passes 50022
# of unexpected failures 4
# of expected failures 290
# of unsupported tests 1444
/test/gnu/gcc/objdir/gcc/testsuite/g++/../../xg++ version 4.9.0 20140130 (experimental) [trunk revision 207293] (GCC)
=== gcc tests ===
Running target unix
FAIL: gcc.dg/atomic/c11-atomic-exec-5.c -O0 execution test
FAIL: gcc.dg/atomic/c11-atomic-exec-5.c -O1 execution test
FAIL: gcc.dg/atomic/c11-atomic-exec-5.c -O2 execution test
FAIL: gcc.dg/atomic/c11-atomic-exec-5.c -O3 -fomit-frame-pointer execution test
FAIL: gcc.dg/atomic/c11-atomic-exec-5.c -O3 -fomit-frame-pointer -funroll-loops execution test
FAIL: gcc.dg/atomic/c11-atomic-exec-5.c -O3 -fomit-frame-pointer -funroll-all-loops -finline-functions execution test
FAIL: gcc.dg/atomic/c11-atomic-exec-5.c -O3 -g execution test
FAIL: gcc.dg/atomic/c11-atomic-exec-5.c -Os execution test
FAIL: gcc.dg/atomic/stdatomic-flag.c -O0 execution test
FAIL: gcc.dg/atomic/stdatomic-flag.c -O1 execution test
FAIL: gcc.dg/atomic/stdatomic-flag.c -O2 execution test
FAIL: gcc.dg/atomic/stdatomic-flag.c -O3 -fomit-frame-pointer execution test
FAIL: gcc.dg/atomic/stdatomic-flag.c -O3 -g execution test
FAIL: gcc.dg/atomic/stdatomic-flag.c -Os execution test
FAIL: gcc.dg/autopar/outer-1.c scan-tree-dump-times parloops "parallelizing outer loop" 1
FAIL: gcc.dg/autopar/outer-1.c scan-tree-dump-times optimized "loopfn" 4
XPASS: gcc.dg/binop-xor1.c scan-tree-dump-times optimized "\\\\^" 1
FAIL: gcc.dg/large-size-array-6.c (internal compiler error)
FAIL: gcc.dg/large-size-array-6.c (test for errors, line 6)
FAIL: gcc.dg/large-size-array-6.c (test for excess errors)
WARNING: program timed out.
FAIL: gcc.dg/tree-prof/crossmodule-indircall-1a.c compilation, -fprofile-generate -D_PROFILE_GENERATE
UNRESOLVED: gcc.dg/tree-prof/crossmodule-indircall-1a.c execution, -fprofile-generate -D_PROFILE_GENERATE
UNRESOLVED: gcc.dg/tree-prof/crossmodule-indircall-1a.c compilation, -fprofile-use -D_PROFILE_USE
UNRESOLVED: gcc.dg/tree-prof/crossmodule-indircall-1a.c execution, -fprofile-use -D_PROFILE_USE
FAIL: gcc.dg/tree-prof/pr59003.c compilation, -fprofile-generate -D_PROFILE_GENERATE
UNRESOLVED: gcc.dg/tree-prof/pr59003.c execution, -fprofile-generate -D_PROFILE_GENERATE
UNRESOLVED: gcc.dg/tree-prof/pr59003.c compilation, -fprofile-use -D_PROFILE_USE
UNRESOLVED: gcc.dg/tree-prof/pr59003.c execution, -fprofile-use -D_PROFILE_USE
=== gcc Summary ===
# of expected passes 70245
# of unexpected failures 21
# of unexpected successes 1
# of expected failures 112
# of unresolved testcases 6
# of unsupported tests 1622
/test/gnu/gcc/objdir/gcc/xgcc version 4.9.0 20140130 (experimental) [trunk revision 207293] (GCC)
=== gfortran tests ===
Running target unix
FAIL: gfortran.dg/erf_3.F90 -O0 (test for excess errors)
FAIL: gfortran.dg/erf_3.F90 -O0 execution test
FAIL: gfortran.dg/erf_3.F90 -O1 (test for excess errors)
FAIL: gfortran.dg/erf_3.F90 -O1 execution test
FAIL: gfortran.dg/erf_3.F90 -O2 (test for excess errors)
FAIL: gfortran.dg/erf_3.F90 -O2 execution test
FAIL: gfortran.dg/erf_3.F90 -O3 -fomit-frame-pointer (test for excess errors)
FAIL: gfortran.dg/erf_3.F90 -O3 -fomit-frame-pointer execution test
FAIL: gfortran.dg/erf_3.F90 -O3 -fomit-frame-pointer -funroll-loops (test for excess errors)
FAIL: gfortran.dg/erf_3.F90 -O3 -fomit-frame-pointer -funroll-loops execution test
FAIL: gfortran.dg/erf_3.F90 -O3 -fomit-frame-pointer -funroll-all-loops -finline-functions (test for excess errors)
FAIL: gfortran.dg/erf_3.F90 -O3 -fomit-frame-pointer -funroll-all-loops -finline-functions execution test
FAIL: gfortran.dg/erf_3.F90 -O3 -g (test for excess errors)
FAIL: gfortran.dg/erf_3.F90 -O3 -g execution test
FAIL: gfortran.dg/erf_3.F90 -Os (test for excess errors)
FAIL: gfortran.dg/erf_3.F90 -Os execution test
FAIL: gfortran.dg/pr45636.f90 -O scan-tree-dump-times forwprop2 "memset" 0
FAIL: gfortran.dg/round_4.f90 -O0 (test for excess errors)
FAIL: gfortran.dg/round_4.f90 -O0 execution test
FAIL: gfortran.dg/round_4.f90 -O1 (test for excess errors)
FAIL: gfortran.dg/round_4.f90 -O1 execution test
FAIL: gfortran.dg/round_4.f90 -O2 (test for excess errors)
FAIL: gfortran.dg/round_4.f90 -O2 execution test
FAIL: gfortran.dg/round_4.f90 -O3 -fomit-frame-pointer (test for excess errors)
FAIL: gfortran.dg/round_4.f90 -O3 -fomit-frame-pointer execution test
FAIL: gfortran.dg/round_4.f90 -O3 -fomit-frame-pointer -funroll-loops (test for excess errors)
FAIL: gfortran.dg/round_4.f90 -O3 -fomit-frame-pointer -funroll-loops execution test
FAIL: gfortran.dg/round_4.f90 -O3 -fomit-frame-pointer -funroll-all-loops -finline-functions (test for excess errors)
FAIL: gfortran.dg/round_4.f90 -O3 -fomit-frame-pointer -funroll-all-loops -finline-functions execution test
FAIL: gfortran.dg/round_4.f90 -O3 -g (test for excess errors)
FAIL: gfortran.dg/round_4.f90 -O3 -g execution test
FAIL: gfortran.dg/round_4.f90 -Os (test for excess errors)
FAIL: gfortran.dg/round_4.f90 -Os execution test
FAIL: gfortran.dg/size_kind_2.f90 -O scan-tree-dump original "var2 = 4294967300;"
=== gfortran Summary ===
# of expected passes 43589
# of unexpected failures 34
# of expected failures 38
# of unsupported tests 421
/test/gnu/gcc/objdir/gcc/testsuite/gfortran/../../gfortran version 4.9.0 20140130 (experimental) [trunk revision 207293] (GCC)
=== gnat tests ===
Running target unix
=== gnat Summary ===
# of expected passes 1198
# of expected failures 18
# of unsupported tests 14
/test/gnu/gcc/objdir/gcc/gnatmake version 4.9.0 20140130 (experimental) [trunk revision 207293]
=== obj-c++ tests ===
Running target unix
=== obj-c++ Summary ===
# of expected passes 1407
# of expected failures 2
# of unsupported tests 69
/test/gnu/gcc/objdir/gcc/testsuite/obj-c++/../../xg++ version 4.9.0 20140130 (experimental) [trunk revision 207293] (GCC)
=== objc tests ===
Running target unix
=== objc Summary ===
# of expected passes 2912
# of unsupported tests 67
/test/gnu/gcc/objdir/gcc/xgcc version 4.9.0 20140130 (experimental) [trunk revision 207293] (GCC)
=== boehm-gc tests ===
Running target unix
=== boehm-gc Summary ===
# of expected passes 12
# of unsupported tests 1
=== libatomic tests ===
Running target unix
=== libatomic Summary ===
# of expected passes 44
# of unsupported tests 5
=== libffi tests ===
Running target unix
=== libffi Summary ===
# of expected passes 1819
# of unsupported tests 55
=== libgomp tests ===
Running target unix
WARNING: program timed out.
FAIL: libgomp.c/depend-3.c execution test
=== libgomp Summary ===
# of expected passes 2324
# of unexpected failures 1
# of unsupported tests 10
=== libjava tests ===
Running target unix
FAIL: LargeFile execution - source compiled test
FAIL: LargeFile -findirect-dispatch execution - source compiled test
FAIL: LargeFile -O3 execution - source compiled test
FAIL: LargeFile -O3 -findirect-dispatch execution - source compiled test
FAIL: sourcelocation output - source compiled test
FAIL: sourcelocation -findirect-dispatch output - source compiled test
FAIL: sourcelocation -O3 output - source compiled test
FAIL: sourcelocation -O3 -findirect-dispatch output - source compiled test
=== libjava Summary ===
# of expected passes 2574
# of unexpected failures 8
# of untested testcases 4
=== libstdc++ tests ===
Running target unix
=== libstdc++ Summary ===
# of expected passes 8264
# of expected failures 41
# of unsupported tests 931
Compiler version: 4.9.0 20140130 (experimental) [trunk revision 207293] (GCC)
Platform: hppa2.0w-hp-hpux11.11
configure flags:Test Run By dave on Thu Jan 30 05:49:57 EST 2014
More information about the Gcc-testresults
mailing list