Results for 5.0.0 20141219 (experimental) [trunk revision 218883] (GCC) testsuite on hppa64-hp-hpux11.11
John David Anglin
dave@hiauly3.hia.nrc.ca
Sat Dec 20 20:16:00 GMT 2014
Native configuration is hppa64-hp-hpux11.11
=== g++ tests ===
Running target unix
ERROR: g++.dg/cpp1y/lambda-generic-variadic2.C -std=c++98: syntax error in target selector "target cxx14" for " dg-error 21 "" "" { target { ! cxx14 } } "
UNRESOLVED: g++.dg/cpp1y/lambda-generic-variadic2.C -std=c++98: syntax error in target selector "target cxx14" for " dg-error 21 "" "" { target { ! cxx14 } } "
ERROR: g++.dg/cpp1y/lambda-generic-variadic2.C -std=c++11: syntax error in target selector "target cxx14" for " dg-error 21 "" "" { target { ! cxx14 } } "
UNRESOLVED: g++.dg/cpp1y/lambda-generic-variadic2.C -std=c++11: syntax error in target selector "target cxx14" for " dg-error 21 "" "" { target { ! cxx14 } } "
ERROR: g++.dg/cpp1y/lambda-generic-variadic2.C -std=c++14: syntax error in target selector "target cxx14" for " dg-error 21 "" "" { target { ! cxx14 } } "
UNRESOLVED: g++.dg/cpp1y/lambda-generic-variadic2.C -std=c++14: syntax error in target selector "target cxx14" for " dg-error 21 "" "" { target { ! cxx14 } } "
WARNING: program timed out.
=== g++ Summary ===
# of expected passes 77956
# of expected failures 243
# of unresolved testcases 3
# of unsupported tests 3755
/test/gnu/gcc/objdir/gcc/testsuite/g++/../../xg++ version 5.0.0 20141219 (experimental) [trunk revision 218883] (GCC)
=== gcc tests ===
Running target unix
FAIL: gcc.c-torture/compile/limits-fndefn.c -O2 -flto -flto-partition=none (internal compiler error)
FAIL: gcc.c-torture/compile/limits-fndefn.c -O2 -flto -flto-partition=none (test for excess errors)
FAIL: gcc.c-torture/compile/limits-fndefn.c -O2 -flto (internal compiler error)
FAIL: gcc.c-torture/compile/limits-fndefn.c -O2 -flto (test for excess errors)
FAIL: gcc.dg/atomic/c11-atomic-exec-5.c -O0 execution test
FAIL: gcc.dg/atomic/c11-atomic-exec-5.c -O1 execution test
FAIL: gcc.dg/atomic/c11-atomic-exec-5.c -O2 execution test
FAIL: gcc.dg/atomic/c11-atomic-exec-5.c -O3 -fomit-frame-pointer execution test
FAIL: gcc.dg/atomic/c11-atomic-exec-5.c -O3 -fomit-frame-pointer -funroll-loops execution test
FAIL: gcc.dg/atomic/c11-atomic-exec-5.c -O3 -fomit-frame-pointer -funroll-all-loops -finline-functions execution test
FAIL: gcc.dg/atomic/c11-atomic-exec-5.c -O3 -g execution test
FAIL: gcc.dg/atomic/c11-atomic-exec-5.c -Os execution test
FAIL: gcc.dg/atomic/c11-atomic-exec-5.c -O2 -flto -flto-partition=none execution test
FAIL: gcc.dg/atomic/c11-atomic-exec-5.c -O2 -flto execution test
XPASS: gcc.dg/sibcall-3.c execution test
XPASS: gcc.dg/sibcall-4.c execution test
FAIL: gcc.dg/undefined-loop-2.c (test for warnings, line 18)
WARNING: program timed out.
FAIL: gcc.dg/tls/alias-1.c (test for excess errors)
FAIL: gcc.dg/torture/builtin-explog-1.c -O1 (test for excess errors)
FAIL: gcc.dg/torture/builtin-explog-1.c -O2 (test for excess errors)
FAIL: gcc.dg/torture/builtin-explog-1.c -O3 -fomit-frame-pointer (test for excess errors)
FAIL: gcc.dg/torture/builtin-explog-1.c -O3 -g (test for excess errors)
FAIL: gcc.dg/torture/builtin-explog-1.c -Os (test for excess errors)
FAIL: gcc.dg/torture/builtin-explog-1.c -O2 -flto -flto-partition=none (test for excess errors)
FAIL: gcc.dg/torture/builtin-explog-1.c -O2 -flto (test for excess errors)
=== gcc Summary ===
# of expected passes 82642
# of unexpected failures 23
# of unexpected successes 2
# of expected failures 123
# of unsupported tests 1862
/test/gnu/gcc/objdir/gcc/xgcc version 5.0.0 20141219 (experimental) [trunk revision 218883] (GCC)
=== gfortran tests ===
Running target unix
FAIL: gfortran.dg/quad_2.f90 -O0 execution test
FAIL: gfortran.dg/quad_2.f90 -O1 execution test
FAIL: gfortran.dg/quad_2.f90 -O2 execution test
FAIL: gfortran.dg/quad_2.f90 -O3 -fomit-frame-pointer execution test
FAIL: gfortran.dg/quad_2.f90 -O3 -fomit-frame-pointer -funroll-loops execution test
FAIL: gfortran.dg/quad_2.f90 -O3 -fomit-frame-pointer -funroll-all-loops -finline-functions execution test
FAIL: gfortran.dg/quad_2.f90 -O3 -g execution test
FAIL: gfortran.dg/quad_2.f90 -Os execution test
=== gfortran Summary ===
# of expected passes 45284
# of unexpected failures 8
# of expected failures 55
# of unsupported tests 411
/test/gnu/gcc/objdir/gcc/testsuite/gfortran/../../gfortran version 5.0.0 20141219 (experimental) [trunk revision 218883] (GCC)
=== obj-c++ tests ===
Running target unix
=== obj-c++ Summary ===
# of expected passes 1439
# of expected failures 10
# of unsupported tests 86
/test/gnu/gcc/objdir/gcc/testsuite/obj-c++/../../xg++ version 5.0.0 20141219 (experimental) [trunk revision 218883] (GCC)
=== objc tests ===
Running target unix
=== objc Summary ===
# of expected passes 3008
# of unsupported tests 75
/test/gnu/gcc/objdir/gcc/xgcc version 5.0.0 20141219 (experimental) [trunk revision 218883] (GCC)
=== libatomic tests ===
Running target unix
=== libatomic Summary ===
# of expected passes 44
# of unsupported tests 5
=== libgomp tests ===
Running target unix
=== libgomp Summary ===
# of expected passes 3628
# of unsupported tests 118
=== libstdc++ tests ===
Running target unix
FAIL: 18_support/exception_ptr/64241.cc (test for excess errors)
UNRESOLVED: 18_support/exception_ptr/64241.cc compilation failed to produce executable
=== libstdc++ Summary ===
# of expected passes 8534
# of unexpected failures 1
# of expected failures 68
# of unresolved testcases 1
# of unsupported tests 955
Compiler version: 5.0.0 20141219 (experimental) [trunk revision 218883] (GCC)
Platform: hppa64-hp-hpux11.11
configure flags:Test Run By dave on Fri Dec 19 14:51:39 2014
More information about the Gcc-testresults
mailing list