Results for 5.0.0 20141219 (experimental) [trunk revision 218883] (GCC) testsuite on hppa-unknown-linux-gnu
dave
dave.anglin@bell.net
Sat Dec 20 20:11:00 GMT 2014
LAST_UPDATED: Fri Dec 19 03:19:41 UTC 2014 (revision 218883)
=== acats tests ===
=== acats Summary ===
# of expected passes 2320
# of unexpected failures 0
Native configuration is hppa-unknown-linux-gnu
=== gcc tests ===
Running target unix
FAIL: gcc.dg/atomic/c11-atomic-exec-5.c -O0 execution test
FAIL: gcc.dg/atomic/c11-atomic-exec-5.c -O1 execution test
FAIL: gcc.dg/atomic/c11-atomic-exec-5.c -O2 execution test
FAIL: gcc.dg/atomic/c11-atomic-exec-5.c -O3 -fomit-frame-pointer execution test
FAIL: gcc.dg/atomic/c11-atomic-exec-5.c -O3 -fomit-frame-pointer -funroll-loops execution test
FAIL: gcc.dg/atomic/c11-atomic-exec-5.c -O3 -fomit-frame-pointer -funroll-all-loops -finline-functions execution test
FAIL: gcc.dg/atomic/c11-atomic-exec-5.c -O3 -g execution test
FAIL: gcc.dg/atomic/c11-atomic-exec-5.c -Os execution test
FAIL: gcc.dg/atomic/c11-atomic-exec-5.c -O2 -flto -fno-use-linker-plugin -flto-partition=none execution test
FAIL: gcc.dg/atomic/c11-atomic-exec-5.c -O2 -flto -fuse-linker-plugin -fno-fat-lto-objects execution test
FAIL: gcc.dg/undefined-loop-2.c (test for warnings, line 18)
FAIL: gcc.dg/tree-ssa/ivopts-lt-2.c scan-tree-dump-times ivopts "PHI <p_" 1
FAIL: gcc.dg/tree-ssa/ivopts-lt-2.c scan-tree-dump-times ivopts "p_[0-9]* <" 1
XPASS: gcc.dg/tree-ssa/loop-1.c scan-assembler-times foo 5
=== gcc Summary ===
# of expected passes 85241
# of unexpected failures 13
# of unexpected successes 1
# of expected failures 111
# of unsupported tests 1578
/home/dave/gnu/gcc/objdir/gcc/xgcc version 5.0.0 20141219 (experimental) [trunk revision 218883] (GCC)
=== gfortran tests ===
Running target unix
FAIL: gfortran.dg/graphite/pr42393.f90 -O (internal compiler error)
FAIL: gfortran.dg/graphite/pr42393.f90 -O (test for excess errors)
=== gfortran Summary ===
# of expected passes 45683
# of unexpected failures 2
# of expected failures 62
# of unsupported tests 413
/home/dave/gnu/gcc/objdir/gcc/testsuite/gfortran/../../gfortran version 5.0.0 20141219 (experimental) [trunk revision 218883] (GCC)
=== g++ tests ===
Running target unix
ERROR: g++.dg/cpp1y/lambda-generic-variadic2.C -std=c++98: syntax error in target selector "target cxx14" for " dg-error 21 "" "" { target { ! cxx14 } } "
UNRESOLVED: g++.dg/cpp1y/lambda-generic-variadic2.C -std=c++98: syntax error in target selector "target cxx14" for " dg-error 21 "" "" { target { ! cxx14 } } "
ERROR: g++.dg/cpp1y/lambda-generic-variadic2.C -std=c++11: syntax error in target selector "target cxx14" for " dg-error 21 "" "" { target { ! cxx14 } } "
UNRESOLVED: g++.dg/cpp1y/lambda-generic-variadic2.C -std=c++11: syntax error in target selector "target cxx14" for " dg-error 21 "" "" { target { ! cxx14 } } "
ERROR: g++.dg/cpp1y/lambda-generic-variadic2.C -std=c++14: syntax error in target selector "target cxx14" for " dg-error 21 "" "" { target { ! cxx14 } } "
UNRESOLVED: g++.dg/cpp1y/lambda-generic-variadic2.C -std=c++14: syntax error in target selector "target cxx14" for " dg-error 21 "" "" { target { ! cxx14 } } "
XPASS: g++.dg/tls/thread_local-order2.C -std=c++11 execution test
XPASS: g++.dg/tls/thread_local-order2.C -std=c++14 execution test
=== g++ Summary ===
# of expected passes 80032
# of unexpected successes 2
# of expected failures 244
# of unresolved testcases 3
# of unsupported tests 3481
/home/dave/gnu/gcc/objdir/gcc/testsuite/g++/../../xg++ version 5.0.0 20141219 (experimental) [trunk revision 218883] (GCC)
=== gnat tests ===
Running target unix
FAIL: gnat.dg/lto8.adb (internal compiler error)
FAIL: gnat.dg/lto8.adb (test for excess errors)
UNRESOLVED: gnat.dg/lto8.adb compilation failed to produce executable
=== gnat Summary ===
# of expected passes 1292
# of unexpected failures 2
# of expected failures 20
# of unresolved testcases 1
# of unsupported tests 14
/home/dave/gnu/gcc/objdir/gcc/gnatmake version 5.0.0 20141219 (experimental) [trunk revision 218883]
=== obj-c++ tests ===
Running target unix
=== obj-c++ Summary ===
# of expected passes 1447
# of expected failures 2
# of unsupported tests 86
/home/dave/gnu/gcc/objdir/gcc/testsuite/obj-c++/../../xg++ version 5.0.0 20141219 (experimental) [trunk revision 218883] (GCC)
=== objc tests ===
Running target unix
=== objc Summary ===
# of expected passes 3010
# of unsupported tests 74
/home/dave/gnu/gcc/objdir/gcc/xgcc version 5.0.0 20141219 (experimental) [trunk revision 218883] (GCC)
=== boehm-gc tests ===
Running target unix
=== boehm-gc Summary ===
# of expected passes 12
# of unsupported tests 1
=== libatomic tests ===
Running target unix
=== libatomic Summary ===
# of expected passes 44
# of unsupported tests 5
=== libffi tests ===
Running target unix
=== libffi Summary ===
# of expected passes 1819
# of unsupported tests 55
=== libgomp tests ===
Running target unix
FAIL: libgomp.c/reduction-5.c execution test
FAIL: libgomp.fortran/examples-4/e.51.1.f90 -O3 -fomit-frame-pointer execution test
FAIL: libgomp.fortran/examples-4/e.51.4.f90 -O3 -g execution test
FAIL: libgomp.fortran/target7.f90 -O1 execution test
FAIL: libgomp.fortran/vla7.f90 -O0 execution test
=== libgomp Summary ===
# of expected passes 3690
# of unexpected failures 5
# of unsupported tests 109
=== libjava tests ===
Running target unix
=== libjava Summary ===
# of expected passes 2582
# of expected failures 4
=== libstdc++ tests ===
Running target unix
FAIL: 22_locale/numpunct/members/char/3.cc execution test
FAIL: 22_locale/time_get/get_date/wchar_t/4.cc execution test
=== libstdc++ Summary ===
# of expected passes 10031
# of unexpected failures 2
# of expected failures 68
# of unsupported tests 268
Compiler version: 5.0.0 20141219 (experimental) [trunk revision 218883] (GCC)
Platform: hppa-unknown-linux-gnu
configure flags: --with-gnu-as --with-gnu-ld --enable-shared --enable-multiarch --enable-linker-build-id --build=hppa-linux-gnu --host=hppa-linux-gnu --target=hppa-linux-gnu --prefix=/home/dave/opt/gnu/gcc/gcc-5.0 --with-local-prefix=/home/dave/opt/gnu --enable-threads=posix --enable-__cxa_atexit --build=hppa-linux-gnu --enable-clocale=gnu --enable-java-gc=boehm --enable-checking=release --enable-languages=c,c++,objc,fortran,obj-c++,java,ada,lto
More information about the Gcc-testresults
mailing list