Results for 4.9.2 (Debian 4.9.2-8) testsuite on sparc-unknown-linux-gnu
Matthias Klose
doko@debian.org
Thu Dec 18 17:54:00 GMT 2014
LAST_UPDATED: Sun Dec 14 17:32:34 UTC 2014 (revision 218721)
Target: sparc-linux-gnu
gcc version 4.9.2 (Debian 4.9.2-8)
Native configuration is sparc-unknown-linux-gnu
=== g++ tests ===
Running target unix
FAIL: g++.dg/guality/redeclaration1.C -O2 line 17 i == 24
FAIL: g++.dg/guality/redeclaration1.C -O3 -fomit-frame-pointer line 17 i == 24
FAIL: g++.dg/guality/redeclaration1.C -O3 -g line 17 i == 24
XPASS: g++.dg/tls/thread_local-order2.C -std=c++11 execution test
XPASS: g++.dg/tls/thread_local-order2.C -std=c++1y execution test
=== g++ Summary for unix ===
# of expected passes 81376
# of unexpected failures 3
# of unexpected successes 2
# of expected failures 443
# of unsupported tests 3218
Running target unix/-fstack-protector
FAIL: g++.dg/guality/redeclaration1.C -O2 line 17 i == 24
FAIL: g++.dg/guality/redeclaration1.C -O3 -fomit-frame-pointer line 17 i == 24
FAIL: g++.dg/guality/redeclaration1.C -O3 -g line 17 i == 24
XPASS: g++.dg/tls/thread_local-order2.C -std=c++11 execution test
XPASS: g++.dg/tls/thread_local-order2.C -std=c++1y execution test
=== g++ Summary for unix/-fstack-protector ===
# of expected passes 81376
# of unexpected failures 3
# of unexpected successes 2
# of expected failures 443
# of unsupported tests 3218
Running target unix/-m64
XPASS: g++.dg/tls/thread_local-order2.C -std=c++11 execution test
XPASS: g++.dg/tls/thread_local-order2.C -std=c++1y execution test
FAIL: c-c++-common/ubsan/null-1.c -O0 output pattern test, is ==13086==Sanitizer CHECK failed: ../../../../../src/libsanitizer/sanitizer_common/sanitizer_allocator.h:829 ((res)) < ((kNumPossibleRegions)) (1099511103746, 8388608)
FAIL: c-c++-common/ubsan/null-1.c -O1 output pattern test, is ==13107==Sanitizer CHECK failed: ../../../../../src/libsanitizer/sanitizer_common/sanitizer_allocator.h:829 ((res)) < ((kNumPossibleRegions)) (1099511103746, 8388608)
FAIL: c-c++-common/ubsan/null-1.c -O2 output pattern test, is ==13139==Sanitizer CHECK failed: ../../../../../src/libsanitizer/sanitizer_common/sanitizer_allocator.h:829 ((res)) < ((kNumPossibleRegions)) (1099511103746, 8388608)
FAIL: c-c++-common/ubsan/null-1.c -O3 -fomit-frame-pointer output pattern test, is ==13166==Sanitizer CHECK failed: ../../../../../src/libsanitizer/sanitizer_common/sanitizer_allocator.h:829 ((res)) < ((kNumPossibleRegions)) (1099511103746, 8388608)
FAIL: c-c++-common/ubsan/null-1.c -O3 -g output pattern test, is ==13207==Sanitizer CHECK failed: ../../../../../src/libsanitizer/sanitizer_common/sanitizer_allocator.h:829 ((res)) < ((kNumPossibleRegions)) (1099511103746, 8388608)
FAIL: c-c++-common/ubsan/null-1.c -Os output pattern test, is ==13239==Sanitizer CHECK failed: ../../../../../src/libsanitizer/sanitizer_common/sanitizer_allocator.h:829 ((res)) < ((kNumPossibleRegions)) (1099511103746, 8388608)
FAIL: c-c++-common/ubsan/null-1.c -O2 -flto -fno-use-linker-plugin -flto-partition=none output pattern test, is ==13320==Sanitizer CHECK failed: ../../../../../src/libsanitizer/sanitizer_common/sanitizer_allocator.h:829 ((res)) < ((kNumPossibleRegions)) (1099511103746, 8388608)
FAIL: c-c++-common/ubsan/null-1.c -O2 -flto -fuse-linker-plugin -fno-fat-lto-objects output pattern test, is ==13392==Sanitizer CHECK failed: ../../../../../src/libsanitizer/sanitizer_common/sanitizer_allocator.h:829 ((res)) < ((kNumPossibleRegions)) (1099511103746, 8388608)
FAIL: c-c++-common/ubsan/null-10.c -O0 output pattern test, is ==13436==Sanitizer CHECK failed: ../../../../../src/libsanitizer/sanitizer_common/sanitizer_allocator.h:829 ((res)) < ((kNumPossibleRegions)) (1099511103746, 8388608)
FAIL: c-c++-common/ubsan/null-10.c -O1 output pattern test, is ==13482==Sanitizer CHECK failed: ../../../../../src/libsanitizer/sanitizer_common/sanitizer_allocator.h:829 ((res)) < ((kNumPossibleRegions)) (1099511103746, 8388608)
FAIL: c-c++-common/ubsan/null-10.c -O2 output pattern test, is ==13524==Sanitizer CHECK failed: ../../../../../src/libsanitizer/sanitizer_common/sanitizer_allocator.h:829 ((res)) < ((kNumPossibleRegions)) (1099511103746, 8388608)
FAIL: c-c++-common/ubsan/null-10.c -O3 -fomit-frame-pointer output pattern test, is ==13562==Sanitizer CHECK failed: ../../../../../src/libsanitizer/sanitizer_common/sanitizer_allocator.h:829 ((res)) < ((kNumPossibleRegions)) (1099511103746, 8388608)
FAIL: c-c++-common/ubsan/null-10.c -O3 -g output pattern test, is ==13595==Sanitizer CHECK failed: ../../../../../src/libsanitizer/sanitizer_common/sanitizer_allocator.h:829 ((res)) < ((kNumPossibleRegions)) (1099511103746, 8388608)
FAIL: c-c++-common/ubsan/null-10.c -Os output pattern test, is ==13629==Sanitizer CHECK failed: ../../../../../src/libsanitizer/sanitizer_common/sanitizer_allocator.h:829 ((res)) < ((kNumPossibleRegions)) (1099511103746, 8388608)
FAIL: c-c++-common/ubsan/null-10.c -O2 -flto -fno-use-linker-plugin -flto-partition=none output pattern test, is ==13699==Sanitizer CHECK failed: ../../../../../src/libsanitizer/sanitizer_common/sanitizer_allocator.h:829 ((res)) < ((kNumPossibleRegions)) (1099511103746, 8388608)
FAIL: c-c++-common/ubsan/null-10.c -O2 -flto -fuse-linker-plugin -fno-fat-lto-objects output pattern test, is ==13739==Sanitizer CHECK failed: ../../../../../src/libsanitizer/sanitizer_common/sanitizer_allocator.h:829 ((res)) < ((kNumPossibleRegions)) (1099511103746, 8388608)
FAIL: c-c++-common/ubsan/null-11.c -O0 output pattern test, is ==13780==Sanitizer CHECK failed: ../../../../../src/libsanitizer/sanitizer_common/sanitizer_allocator.h:829 ((res)) < ((kNumPossibleRegions)) (1099511103746, 8388608)
FAIL: c-c++-common/ubsan/null-11.c -O1 output pattern test, is ==13813==Sanitizer CHECK failed: ../../../../../src/libsanitizer/sanitizer_common/sanitizer_allocator.h:829 ((res)) < ((kNumPossibleRegions)) (1099511103746, 8388608)
FAIL: c-c++-common/ubsan/null-11.c -O2 output pattern test, is ==13863==Sanitizer CHECK failed: ../../../../../src/libsanitizer/sanitizer_common/sanitizer_allocator.h:829 ((res)) < ((kNumPossibleRegions)) (1099511103746, 8388608)
FAIL: c-c++-common/ubsan/null-11.c -O3 -fomit-frame-pointer output pattern test, is ==13912==Sanitizer CHECK failed: ../../../../../src/libsanitizer/sanitizer_common/sanitizer_allocator.h:829 ((res)) < ((kNumPossibleRegions)) (1099511103746, 8388608)
FAIL: c-c++-common/ubsan/null-11.c -O3 -g output pattern test, is ==13944==Sanitizer CHECK failed: ../../../../../src/libsanitizer/sanitizer_common/sanitizer_allocator.h:829 ((res)) < ((kNumPossibleRegions)) (1099511103746, 8388608)
FAIL: c-c++-common/ubsan/null-11.c -Os output pattern test, is ==13976==Sanitizer CHECK failed: ../../../../../src/libsanitizer/sanitizer_common/sanitizer_allocator.h:829 ((res)) < ((kNumPossibleRegions)) (1099511103746, 8388608)
FAIL: c-c++-common/ubsan/null-11.c -O2 -flto -fno-use-linker-plugin -flto-partition=none output pattern test, is ==14043==Sanitizer CHECK failed: ../../../../../src/libsanitizer/sanitizer_common/sanitizer_allocator.h:829 ((res)) < ((kNumPossibleRegions)) (1099511103746, 8388608)
FAIL: c-c++-common/ubsan/null-11.c -O2 -flto -fuse-linker-plugin -fno-fat-lto-objects output pattern test, is ==14093==Sanitizer CHECK failed: ../../../../../src/libsanitizer/sanitizer_common/sanitizer_allocator.h:829 ((res)) < ((kNumPossibleRegions)) (1099511103746, 8388608)
FAIL: c-c++-common/ubsan/null-2.c -O0 output pattern test, is ==14127==Sanitizer CHECK failed: ../../../../../src/libsanitizer/sanitizer_common/sanitizer_allocator.h:829 ((res)) < ((kNumPossibleRegions)) (1099511103746, 8388608)
FAIL: c-c++-common/ubsan/null-2.c -O1 output pattern test, is ==14162==Sanitizer CHECK failed: ../../../../../src/libsanitizer/sanitizer_common/sanitizer_allocator.h:829 ((res)) < ((kNumPossibleRegions)) (1099511103746, 8388608)
FAIL: c-c++-common/ubsan/null-2.c -O2 output pattern test, is ==14194==Sanitizer CHECK failed: ../../../../../src/libsanitizer/sanitizer_common/sanitizer_allocator.h:829 ((res)) < ((kNumPossibleRegions)) (1099511103746, 8388608)
FAIL: c-c++-common/ubsan/null-2.c -O3 -fomit-frame-pointer output pattern test, is ==14228==Sanitizer CHECK failed: ../../../../../src/libsanitizer/sanitizer_common/sanitizer_allocator.h:829 ((res)) < ((kNumPossibleRegions)) (1099511103746, 8388608)
FAIL: c-c++-common/ubsan/null-2.c -O3 -g output pattern test, is ==14260==Sanitizer CHECK failed: ../../../../../src/libsanitizer/sanitizer_common/sanitizer_allocator.h:829 ((res)) < ((kNumPossibleRegions)) (1099511103746, 8388608)
FAIL: c-c++-common/ubsan/null-2.c -Os output pattern test, is ==14293==Sanitizer CHECK failed: ../../../../../src/libsanitizer/sanitizer_common/sanitizer_allocator.h:829 ((res)) < ((kNumPossibleRegions)) (1099511103746, 8388608)
FAIL: c-c++-common/ubsan/null-2.c -O2 -flto -fno-use-linker-plugin -flto-partition=none output pattern test, is ==14357==Sanitizer CHECK failed: ../../../../../src/libsanitizer/sanitizer_common/sanitizer_allocator.h:829 ((res)) < ((kNumPossibleRegions)) (1099511103746, 8388608)
FAIL: c-c++-common/ubsan/null-2.c -O2 -flto -fuse-linker-plugin -fno-fat-lto-objects output pattern test, is ==14404==Sanitizer CHECK failed: ../../../../../src/libsanitizer/sanitizer_common/sanitizer_allocator.h:829 ((res)) < ((kNumPossibleRegions)) (1099511103746, 8388608)
FAIL: c-c++-common/ubsan/null-3.c -O0 output pattern test, is ==14433==Sanitizer CHECK failed: ../../../../../src/libsanitizer/sanitizer_common/sanitizer_allocator.h:829 ((res)) < ((kNumPossibleRegions)) (1099511103746, 8388608)
FAIL: c-c++-common/ubsan/null-3.c -O1 output pattern test, is ==14471==Sanitizer CHECK failed: ../../../../../src/libsanitizer/sanitizer_common/sanitizer_allocator.h:829 ((res)) < ((kNumPossibleRegions)) (1099511103746, 8388608)
FAIL: c-c++-common/ubsan/null-3.c -O2 output pattern test, is ==14503==Sanitizer CHECK failed: ../../../../../src/libsanitizer/sanitizer_common/sanitizer_allocator.h:829 ((res)) < ((kNumPossibleRegions)) (1099511103746, 8388608)
FAIL: c-c++-common/ubsan/null-3.c -O3 -fomit-frame-pointer output pattern test, is ==14530==Sanitizer CHECK failed: ../../../../../src/libsanitizer/sanitizer_common/sanitizer_allocator.h:829 ((res)) < ((kNumPossibleRegions)) (1099511103746, 8388608)
FAIL: c-c++-common/ubsan/null-3.c -O3 -g output pattern test, is ==14564==Sanitizer CHECK failed: ../../../../../src/libsanitizer/sanitizer_common/sanitizer_allocator.h:829 ((res)) < ((kNumPossibleRegions)) (1099511103746, 8388608)
FAIL: c-c++-common/ubsan/null-3.c -Os output pattern test, is ==14594==Sanitizer CHECK failed: ../../../../../src/libsanitizer/sanitizer_common/sanitizer_allocator.h:829 ((res)) < ((kNumPossibleRegions)) (1099511103746, 8388608)
FAIL: c-c++-common/ubsan/null-3.c -O2 -flto -fno-use-linker-plugin -flto-partition=none output pattern test, is ==14657==Sanitizer CHECK failed: ../../../../../src/libsanitizer/sanitizer_common/sanitizer_allocator.h:829 ((res)) < ((kNumPossibleRegions)) (1099511103746, 8388608)
FAIL: c-c++-common/ubsan/null-3.c -O2 -flto -fuse-linker-plugin -fno-fat-lto-objects output pattern test, is ==14700==Sanitizer CHECK failed: ../../../../../src/libsanitizer/sanitizer_common/sanitizer_allocator.h:829 ((res)) < ((kNumPossibleRegions)) (1099511103746, 8388608)
FAIL: c-c++-common/ubsan/null-4.c -O0 output pattern test, is ==14728==Sanitizer CHECK failed: ../../../../../src/libsanitizer/sanitizer_common/sanitizer_allocator.h:829 ((res)) < ((kNumPossibleRegions)) (1099511103746, 8388608)
FAIL: c-c++-common/ubsan/null-4.c -O1 output pattern test, is ==14760==Sanitizer CHECK failed: ../../../../../src/libsanitizer/sanitizer_common/sanitizer_allocator.h:829 ((res)) < ((kNumPossibleRegions)) (1099511103746, 8388608)
FAIL: c-c++-common/ubsan/null-4.c -O2 output pattern test, is ==14795==Sanitizer CHECK failed: ../../../../../src/libsanitizer/sanitizer_common/sanitizer_allocator.h:829 ((res)) < ((kNumPossibleRegions)) (1099511103746, 8388608)
FAIL: c-c++-common/ubsan/null-4.c -O3 -fomit-frame-pointer output pattern test, is ==14832==Sanitizer CHECK failed: ../../../../../src/libsanitizer/sanitizer_common/sanitizer_allocator.h:829 ((res)) < ((kNumPossibleRegions)) (1099511103746, 8388608)
FAIL: c-c++-common/ubsan/null-4.c -O3 -g output pattern test, is ==14865==Sanitizer CHECK failed: ../../../../../src/libsanitizer/sanitizer_common/sanitizer_allocator.h:829 ((res)) < ((kNumPossibleRegions)) (1099511103746, 8388608)
FAIL: c-c++-common/ubsan/null-4.c -Os output pattern test, is ==14898==Sanitizer CHECK failed: ../../../../../src/libsanitizer/sanitizer_common/sanitizer_allocator.h:829 ((res)) < ((kNumPossibleRegions)) (1099511103746, 8388608)
FAIL: c-c++-common/ubsan/null-4.c -O2 -flto -fno-use-linker-plugin -flto-partition=none output pattern test, is ==14962==Sanitizer CHECK failed: ../../../../../src/libsanitizer/sanitizer_common/sanitizer_allocator.h:829 ((res)) < ((kNumPossibleRegions)) (1099511103746, 8388608)
FAIL: c-c++-common/ubsan/null-4.c -O2 -flto -fuse-linker-plugin -fno-fat-lto-objects output pattern test, is ==15004==Sanitizer CHECK failed: ../../../../../src/libsanitizer/sanitizer_common/sanitizer_allocator.h:829 ((res)) < ((kNumPossibleRegions)) (1099511103746, 8388608)
FAIL: c-c++-common/ubsan/null-5.c -O0 output pattern test, is ==15036==Sanitizer CHECK failed: ../../../../../src/libsanitizer/sanitizer_common/sanitizer_allocator.h:829 ((res)) < ((kNumPossibleRegions)) (1099511103746, 8388608)
FAIL: c-c++-common/ubsan/null-5.c -O1 output pattern test, is ==15069==Sanitizer CHECK failed: ../../../../../src/libsanitizer/sanitizer_common/sanitizer_allocator.h:829 ((res)) < ((kNumPossibleRegions)) (1099511103746, 8388608)
FAIL: c-c++-common/ubsan/null-5.c -O2 output pattern test, is ==15104==Sanitizer CHECK failed: ../../../../../src/libsanitizer/sanitizer_common/sanitizer_allocator.h:829 ((res)) < ((kNumPossibleRegions)) (1099511103746, 8388608)
FAIL: c-c++-common/ubsan/null-5.c -O3 -fomit-frame-pointer output pattern test, is ==15141==Sanitizer CHECK failed: ../../../../../src/libsanitizer/sanitizer_common/sanitizer_allocator.h:829 ((res)) < ((kNumPossibleRegions)) (1099511103746, 8388608)
FAIL: c-c++-common/ubsan/null-5.c -O3 -g output pattern test, is ==15175==Sanitizer CHECK failed: ../../../../../src/libsanitizer/sanitizer_common/sanitizer_allocator.h:829 ((res)) < ((kNumPossibleRegions)) (1099511103746, 8388608)
FAIL: c-c++-common/ubsan/null-5.c -Os output pattern test, is ==15207==Sanitizer CHECK failed: ../../../../../src/libsanitizer/sanitizer_common/sanitizer_allocator.h:829 ((res)) < ((kNumPossibleRegions)) (1099511103746, 8388608)
FAIL: c-c++-common/ubsan/null-5.c -O2 -flto -fno-use-linker-plugin -flto-partition=none output pattern test, is ==15280==Sanitizer CHECK failed: ../../../../../src/libsanitizer/sanitizer_common/sanitizer_allocator.h:829 ((res)) < ((kNumPossibleRegions)) (1099511103746, 8388608)
FAIL: c-c++-common/ubsan/null-5.c -O2 -flto -fuse-linker-plugin -fno-fat-lto-objects output pattern test, is ==15332==Sanitizer CHECK failed: ../../../../../src/libsanitizer/sanitizer_common/sanitizer_allocator.h:829 ((res)) < ((kNumPossibleRegions)) (1099511103746, 8388608)
FAIL: c-c++-common/ubsan/null-6.c -O0 output pattern test, is ==15368==Sanitizer CHECK failed: ../../../../../src/libsanitizer/sanitizer_common/sanitizer_allocator.h:829 ((res)) < ((kNumPossibleRegions)) (1099511103746, 8388608)
FAIL: c-c++-common/ubsan/null-6.c -O1 output pattern test, is ==15403==Sanitizer CHECK failed: ../../../../../src/libsanitizer/sanitizer_common/sanitizer_allocator.h:829 ((res)) < ((kNumPossibleRegions)) (1099511103746, 8388608)
FAIL: c-c++-common/ubsan/null-6.c -O2 output pattern test, is ==15440==Sanitizer CHECK failed: ../../../../../src/libsanitizer/sanitizer_common/sanitizer_allocator.h:829 ((res)) < ((kNumPossibleRegions)) (1099511103746, 8388608)
FAIL: c-c++-common/ubsan/null-6.c -O3 -fomit-frame-pointer output pattern test, is ==15475==Sanitizer CHECK failed: ../../../../../src/libsanitizer/sanitizer_common/sanitizer_allocator.h:829 ((res)) < ((kNumPossibleRegions)) (1099511103746, 8388608)
FAIL: c-c++-common/ubsan/null-6.c -O3 -g output pattern test, is ==15513==Sanitizer CHECK failed: ../../../../../src/libsanitizer/sanitizer_common/sanitizer_allocator.h:829 ((res)) < ((kNumPossibleRegions)) (1099511103746, 8388608)
FAIL: c-c++-common/ubsan/null-6.c -Os output pattern test, is ==15550==Sanitizer CHECK failed: ../../../../../src/libsanitizer/sanitizer_common/sanitizer_allocator.h:829 ((res)) < ((kNumPossibleRegions)) (1099511103746, 8388608)
FAIL: c-c++-common/ubsan/null-6.c -O2 -flto -fno-use-linker-plugin -flto-partition=none output pattern test, is ==15648==Sanitizer CHECK failed: ../../../../../src/libsanitizer/sanitizer_common/sanitizer_allocator.h:829 ((res)) < ((kNumPossibleRegions)) (1099511103746, 8388608)
FAIL: c-c++-common/ubsan/null-6.c -O2 -flto -fuse-linker-plugin -fno-fat-lto-objects output pattern test, is ==15708==Sanitizer CHECK failed: ../../../../../src/libsanitizer/sanitizer_common/sanitizer_allocator.h:829 ((res)) < ((kNumPossibleRegions)) (1099511103746, 8388608)
FAIL: c-c++-common/ubsan/null-7.c -O0 output pattern test, is ==15751==Sanitizer CHECK failed: ../../../../../src/libsanitizer/sanitizer_common/sanitizer_allocator.h:829 ((res)) < ((kNumPossibleRegions)) (1099511103746, 8388608)
FAIL: c-c++-common/ubsan/null-7.c -O1 output pattern test, is ==15796==Sanitizer CHECK failed: ../../../../../src/libsanitizer/sanitizer_common/sanitizer_allocator.h:829 ((res)) < ((kNumPossibleRegions)) (1099511103746, 8388608)
FAIL: c-c++-common/ubsan/null-7.c -O2 output pattern test, is ==15838==Sanitizer CHECK failed: ../../../../../src/libsanitizer/sanitizer_common/sanitizer_allocator.h:829 ((res)) < ((kNumPossibleRegions)) (1099511103746, 8388608)
FAIL: c-c++-common/ubsan/null-7.c -O3 -fomit-frame-pointer output pattern test, is ==15870==Sanitizer CHECK failed: ../../../../../src/libsanitizer/sanitizer_common/sanitizer_allocator.h:829 ((res)) < ((kNumPossibleRegions)) (1099511103746, 8388608)
FAIL: c-c++-common/ubsan/null-7.c -O3 -g output pattern test, is ==15902==Sanitizer CHECK failed: ../../../../../src/libsanitizer/sanitizer_common/sanitizer_allocator.h:829 ((res)) < ((kNumPossibleRegions)) (1099511103746, 8388608)
FAIL: c-c++-common/ubsan/null-7.c -Os output pattern test, is ==15934==Sanitizer CHECK failed: ../../../../../src/libsanitizer/sanitizer_common/sanitizer_allocator.h:829 ((res)) < ((kNumPossibleRegions)) (1099511103746, 8388608)
FAIL: c-c++-common/ubsan/null-7.c -O2 -flto -fno-use-linker-plugin -flto-partition=none output pattern test, is ==16002==Sanitizer CHECK failed: ../../../../../src/libsanitizer/sanitizer_common/sanitizer_allocator.h:829 ((res)) < ((kNumPossibleRegions)) (1099511103746, 8388608)
FAIL: c-c++-common/ubsan/null-7.c -O2 -flto -fuse-linker-plugin -fno-fat-lto-objects output pattern test, is ==16057==Sanitizer CHECK failed: ../../../../../src/libsanitizer/sanitizer_common/sanitizer_allocator.h:829 ((res)) < ((kNumPossibleRegions)) (1099511103746, 8388608)
FAIL: c-c++-common/ubsan/null-8.c -O0 output pattern test, is ==16095==Sanitizer CHECK failed: ../../../../../src/libsanitizer/sanitizer_common/sanitizer_allocator.h:829 ((res)) < ((kNumPossibleRegions)) (1099511103747, 8388608)
FAIL: c-c++-common/ubsan/null-8.c -O1 output pattern test, is ==16130==Sanitizer CHECK failed: ../../../../../src/libsanitizer/sanitizer_common/sanitizer_allocator.h:829 ((res)) < ((kNumPossibleRegions)) (1099511103746, 8388608)
FAIL: c-c++-common/ubsan/null-8.c -O2 output pattern test, is ==16164==Sanitizer CHECK failed: ../../../../../src/libsanitizer/sanitizer_common/sanitizer_allocator.h:829 ((res)) < ((kNumPossibleRegions)) (1099511103746, 8388608)
FAIL: c-c++-common/ubsan/null-8.c -O3 -fomit-frame-pointer output pattern test, is ==16196==Sanitizer CHECK failed: ../../../../../src/libsanitizer/sanitizer_common/sanitizer_allocator.h:829 ((res)) < ((kNumPossibleRegions)) (1099511103746, 8388608)
FAIL: c-c++-common/ubsan/null-8.c -O3 -g output pattern test, is ==16233==Sanitizer CHECK failed: ../../../../../src/libsanitizer/sanitizer_common/sanitizer_allocator.h:829 ((res)) < ((kNumPossibleRegions)) (1099511103746, 8388608)
FAIL: c-c++-common/ubsan/null-8.c -Os output pattern test, is ==16265==Sanitizer CHECK failed: ../../../../../src/libsanitizer/sanitizer_common/sanitizer_allocator.h:829 ((res)) < ((kNumPossibleRegions)) (1099511103746, 8388608)
FAIL: c-c++-common/ubsan/null-8.c -O2 -flto -fno-use-linker-plugin -flto-partition=none output pattern test, is ==16332==Sanitizer CHECK failed: ../../../../../src/libsanitizer/sanitizer_common/sanitizer_allocator.h:829 ((res)) < ((kNumPossibleRegions)) (1099511103746, 8388608)
FAIL: c-c++-common/ubsan/null-8.c -O2 -flto -fuse-linker-plugin -fno-fat-lto-objects output pattern test, is ==16383==Sanitizer CHECK failed: ../../../../../src/libsanitizer/sanitizer_common/sanitizer_allocator.h:829 ((res)) < ((kNumPossibleRegions)) (1099511103746, 8388608)
FAIL: c-c++-common/ubsan/null-9.c -O0 output pattern test, is ==16419==Sanitizer CHECK failed: ../../../../../src/libsanitizer/sanitizer_common/sanitizer_allocator.h:829 ((res)) < ((kNumPossibleRegions)) (1099511103746, 8388608)
FAIL: c-c++-common/ubsan/null-9.c -O1 output pattern test, is ==16452==Sanitizer CHECK failed: ../../../../../src/libsanitizer/sanitizer_common/sanitizer_allocator.h:829 ((res)) < ((kNumPossibleRegions)) (1099511103746, 8388608)
FAIL: c-c++-common/ubsan/null-9.c -O2 output pattern test, is ==16481==Sanitizer CHECK failed: ../../../../../src/libsanitizer/sanitizer_common/sanitizer_allocator.h:829 ((res)) < ((kNumPossibleRegions)) (1099511103746, 8388608)
FAIL: c-c++-common/ubsan/null-9.c -O3 -fomit-frame-pointer output pattern test, is ==16520==Sanitizer CHECK failed: ../../../../../src/libsanitizer/sanitizer_common/sanitizer_allocator.h:829 ((res)) < ((kNumPossibleRegions)) (1099511103746, 8388608)
FAIL: c-c++-common/ubsan/null-9.c -O3 -g output pattern test, is ==16553==Sanitizer CHECK failed: ../../../../../src/libsanitizer/sanitizer_common/sanitizer_allocator.h:829 ((res)) < ((kNumPossibleRegions)) (1099511103746, 8388608)
FAIL: c-c++-common/ubsan/null-9.c -Os output pattern test, is ==16585==Sanitizer CHECK failed: ../../../../../src/libsanitizer/sanitizer_common/sanitizer_allocator.h:829 ((res)) < ((kNumPossibleRegions)) (1099511103746, 8388608)
FAIL: c-c++-common/ubsan/null-9.c -O2 -flto -fno-use-linker-plugin -flto-partition=none output pattern test, is ==16652==Sanitizer CHECK failed: ../../../../../src/libsanitizer/sanitizer_common/sanitizer_allocator.h:829 ((res)) < ((kNumPossibleRegions)) (1099511103746, 8388608)
FAIL: c-c++-common/ubsan/null-9.c -O2 -flto -fuse-linker-plugin -fno-fat-lto-objects output pattern test, is ==16696==Sanitizer CHECK failed: ../../../../../src/libsanitizer/sanitizer_common/sanitizer_allocator.h:829 ((res)) < ((kNumPossibleRegions)) (1099511103746, 8388608)
FAIL: c-c++-common/ubsan/pr59667.c -O0 output pattern test, is ==22715==Sanitizer CHECK failed: ../../../../../src/libsanitizer/sanitizer_common/sanitizer_allocator.h:829 ((res)) < ((kNumPossibleRegions)) (1099511103746, 8388608)
FAIL: c-c++-common/ubsan/pr59667.c -O1 output pattern test, is ==22733==Sanitizer CHECK failed: ../../../../../src/libsanitizer/sanitizer_common/sanitizer_allocator.h:829 ((res)) < ((kNumPossibleRegions)) (1099511103746, 8388608)
FAIL: c-c++-common/ubsan/pr59667.c -O2 output pattern test, is ==22767==Sanitizer CHECK failed: ../../../../../src/libsanitizer/sanitizer_common/sanitizer_allocator.h:829 ((res)) < ((kNumPossibleRegions)) (1099511103746, 8388608)
FAIL: c-c++-common/ubsan/pr59667.c -O3 -fomit-frame-pointer output pattern test, is ==22783==Sanitizer CHECK failed: ../../../../../src/libsanitizer/sanitizer_common/sanitizer_allocator.h:829 ((res)) < ((kNumPossibleRegions)) (1099511103746, 8388608)
FAIL: c-c++-common/ubsan/pr59667.c -O3 -g output pattern test, is ==22799==Sanitizer CHECK failed: ../../../../../src/libsanitizer/sanitizer_common/sanitizer_allocator.h:829 ((res)) < ((kNumPossibleRegions)) (1099511103746, 8388608)
FAIL: c-c++-common/ubsan/pr59667.c -Os output pattern test, is ==22815==Sanitizer CHECK failed: ../../../../../src/libsanitizer/sanitizer_common/sanitizer_allocator.h:829 ((res)) < ((kNumPossibleRegions)) (1099511103746, 8388608)
FAIL: c-c++-common/ubsan/pr59667.c -O2 -flto -fno-use-linker-plugin -flto-partition=none output pattern test, is ==22850==Sanitizer CHECK failed: ../../../../../src/libsanitizer/sanitizer_common/sanitizer_allocator.h:829 ((res)) < ((kNumPossibleRegions)) (1099511103746, 8388608)
FAIL: c-c++-common/ubsan/pr59667.c -O2 -flto -fuse-linker-plugin -fno-fat-lto-objects output pattern test, is ==22879==Sanitizer CHECK failed: ../../../../../src/libsanitizer/sanitizer_common/sanitizer_allocator.h:829 ((res)) < ((kNumPossibleRegions)) (1099511103746, 8388608)
=== g++ Summary for unix/-m64 ===
# of expected passes 83072
# of unexpected failures 96
# of unexpected successes 2
# of expected failures 443
# of unsupported tests 3205
=== g++ Summary ===
# of expected passes 245824
# of unexpected failures 102
# of unexpected successes 6
# of expected failures 1329
# of unsupported tests 9641
/build/gcc-4.9-Em9nBm/gcc-4.9-4.9.2/build/gcc/testsuite/g++/../../xg++ version 4.9.2 (Debian 4.9.2-8)
=== gcc tests ===
Running target unix
WARNING: program timed out.
FAIL: gcc.dg/atomic/c11-atomic-exec-3.c -O3 -g (test for excess errors)
UNRESOLVED: gcc.dg/atomic/c11-atomic-exec-3.c -O3 -g compilation failed to produce executable
XPASS: gcc.dg/guality/example.c -O0 execution test
XPASS: gcc.dg/guality/example.c -O1 execution test
XPASS: gcc.dg/guality/guality.c -O0 execution test
XPASS: gcc.dg/guality/guality.c -O1 execution test
XPASS: gcc.dg/guality/guality.c -O2 execution test
XPASS: gcc.dg/guality/guality.c -O3 -fomit-frame-pointer execution test
XPASS: gcc.dg/guality/guality.c -O3 -g execution test
XPASS: gcc.dg/guality/guality.c -Os execution test
XPASS: gcc.dg/guality/guality.c -O2 -flto -fno-use-linker-plugin -flto-partition=none execution test
XPASS: gcc.dg/guality/guality.c -O2 -flto -fuse-linker-plugin -fno-fat-lto-objects execution test
XPASS: gcc.dg/guality/inline-params.c -O2 execution test
XPASS: gcc.dg/guality/inline-params.c -O3 -fomit-frame-pointer execution test
XPASS: gcc.dg/guality/inline-params.c -O3 -g execution test
XPASS: gcc.dg/guality/inline-params.c -Os execution test
XPASS: gcc.dg/guality/inline-params.c -O2 -flto -fno-use-linker-plugin -flto-partition=none execution test
FAIL: gcc.dg/guality/pr36728-1.c -O2 line 16 y == 2
FAIL: gcc.dg/guality/pr36728-1.c -O3 -fomit-frame-pointer line 16 y == 2
FAIL: gcc.dg/guality/pr36728-1.c -O3 -g line 16 y == 2
FAIL: gcc.dg/guality/pr36728-1.c -O2 -flto -fno-use-linker-plugin -flto-partition=none line 16 y == 2
FAIL: gcc.dg/guality/pr36728-1.c -O2 -flto -fuse-linker-plugin -fno-fat-lto-objects line 16 y == 2
FAIL: gcc.dg/guality/pr36728-2.c -O2 line 16 y == 2
FAIL: gcc.dg/guality/pr36728-2.c -O3 -fomit-frame-pointer line 16 y == 2
FAIL: gcc.dg/guality/pr36728-2.c -O3 -g line 16 y == 2
FAIL: gcc.dg/guality/pr36728-2.c -Os line 18 y == 2
FAIL: gcc.dg/guality/pr36728-2.c -O2 -flto -fno-use-linker-plugin -flto-partition=none line 16 y == 2
FAIL: gcc.dg/guality/pr36728-2.c -O2 -flto -fuse-linker-plugin -fno-fat-lto-objects line 16 y == 2
XPASS: gcc.dg/guality/pr41353-1.c -O0 line 28 j == 28 + 37
FAIL: gcc.dg/guality/pr41353-1.c -O1 line 28 i1 == 2 * 37
FAIL: gcc.dg/guality/pr41353-1.c -O1 line 28 i2 == 3 * 37
FAIL: gcc.dg/guality/pr41353-1.c -O2 line 28 i1 == 2 * 37
FAIL: gcc.dg/guality/pr41353-1.c -O2 line 28 i2 == 3 * 37
FAIL: gcc.dg/guality/pr41353-1.c -O3 -fomit-frame-pointer line 28 i1 == 2 * 37
FAIL: gcc.dg/guality/pr41353-1.c -O3 -fomit-frame-pointer line 28 i2 == 3 * 37
FAIL: gcc.dg/guality/pr41353-1.c -O3 -g line 28 i1 == 2 * 37
FAIL: gcc.dg/guality/pr41353-1.c -O3 -g line 28 i2 == 3 * 37
FAIL: gcc.dg/guality/pr41353-1.c -Os line 28 i1 == 2 * 37
FAIL: gcc.dg/guality/pr41353-1.c -Os line 28 i2 == 3 * 37
FAIL: gcc.dg/guality/pr41353-1.c -O2 -flto -fno-use-linker-plugin -flto-partition=none line 28 i1 == 2 * 37
FAIL: gcc.dg/guality/pr41353-1.c -O2 -flto -fno-use-linker-plugin -flto-partition=none line 28 i2 == 3 * 37
FAIL: gcc.dg/guality/pr41353-1.c -O2 -flto -fuse-linker-plugin -fno-fat-lto-objects line 28 i1 == 2 * 37
FAIL: gcc.dg/guality/pr41353-1.c -O2 -flto -fuse-linker-plugin -fno-fat-lto-objects line 28 i2 == 3 * 37
FAIL: gcc.dg/guality/pr41404-1.c -O2 -flto -fno-use-linker-plugin -flto-partition=none line 10 *foo == 'f'
FAIL: gcc.dg/guality/pr41404-1.c -O2 -flto -fuse-linker-plugin -fno-fat-lto-objects line 10 *foo == 'f'
FAIL: gcc.dg/guality/pr41404-1.c -O2 -flto -fuse-linker-plugin -fno-fat-lto-objects line 14 *foo == 'b'
FAIL: gcc.dg/guality/pr41404-1.c -O2 -flto -fuse-linker-plugin -fno-fat-lto-objects line 24 *foo == 'f'
XPASS: gcc.dg/guality/pr41447-1.c -O0 execution test
XPASS: gcc.dg/guality/pr41447-1.c -O1 execution test
XPASS: gcc.dg/guality/pr41447-1.c -O2 execution test
XPASS: gcc.dg/guality/pr41447-1.c -O3 -fomit-frame-pointer execution test
XPASS: gcc.dg/guality/pr41447-1.c -O3 -g execution test
XPASS: gcc.dg/guality/pr41447-1.c -Os execution test
XPASS: gcc.dg/guality/pr41447-1.c -O2 -flto -fno-use-linker-plugin -flto-partition=none execution test
XPASS: gcc.dg/guality/pr41447-1.c -O2 -flto -fuse-linker-plugin -fno-fat-lto-objects execution test
XPASS: gcc.dg/guality/pr41616-1.c -O0 execution test
XPASS: gcc.dg/guality/pr41616-1.c -O1 execution test
XPASS: gcc.dg/guality/pr41616-1.c -O2 execution test
XPASS: gcc.dg/guality/pr41616-1.c -O3 -fomit-frame-pointer execution test
XPASS: gcc.dg/guality/pr41616-1.c -O3 -g execution test
XPASS: gcc.dg/guality/pr41616-1.c -Os execution test
XPASS: gcc.dg/guality/pr41616-1.c -O2 -flto -fno-use-linker-plugin -flto-partition=none execution test
FAIL: gcc.dg/guality/pr43479.c -O2 -flto -fno-use-linker-plugin -flto-partition=none line 13 h == 9
FAIL: gcc.dg/guality/pr43479.c -O2 -flto -fuse-linker-plugin -fno-fat-lto-objects line 13 h == 9
FAIL: gcc.dg/guality/pr48437.c -O2 -flto -fno-use-linker-plugin -flto-partition=none line 14 i == 0
FAIL: gcc.dg/guality/pr48437.c -O2 -flto -fuse-linker-plugin -fno-fat-lto-objects line 14 i == 0
FAIL: gcc.dg/guality/pr54200.c -O1 line 20 z == 3
FAIL: gcc.dg/guality/pr54200.c -O2 line 20 z == 3
FAIL: gcc.dg/guality/pr54200.c -O3 -fomit-frame-pointer line 20 z == 3
FAIL: gcc.dg/guality/pr54200.c -O3 -g line 20 z == 3
FAIL: gcc.dg/guality/pr54200.c -Os line 20 z == 3
FAIL: gcc.dg/guality/pr54200.c -O2 -flto -fno-use-linker-plugin -flto-partition=none line 20 z == 3
FAIL: gcc.dg/guality/pr54200.c -O2 -flto -fuse-linker-plugin -fno-fat-lto-objects line 20 z == 3
FAIL: gcc.dg/guality/pr54519-1.c -O2 -flto -fno-use-linker-plugin -flto-partition=none line 20 y == 25
FAIL: gcc.dg/guality/pr54519-1.c -O2 -flto -fno-use-linker-plugin -flto-partition=none line 20 z == 6
FAIL: gcc.dg/guality/pr54519-1.c -O2 -flto -fno-use-linker-plugin -flto-partition=none line 23 y == 117
FAIL: gcc.dg/guality/pr54519-1.c -O2 -flto -fno-use-linker-plugin -flto-partition=none line 23 z == 8
FAIL: gcc.dg/guality/pr54519-2.c -O2 -flto -fno-use-linker-plugin -flto-partition=none line 17 y == 25
FAIL: gcc.dg/guality/pr54519-2.c -O2 -flto -fuse-linker-plugin -fno-fat-lto-objects line 17 y == 25
FAIL: gcc.dg/guality/pr54519-3.c -O2 -flto -fno-use-linker-plugin -flto-partition=none line 20 y == 25
FAIL: gcc.dg/guality/pr54519-3.c -O2 -flto -fno-use-linker-plugin -flto-partition=none line 20 z == 6
FAIL: gcc.dg/guality/pr54519-3.c -O2 -flto -fno-use-linker-plugin -flto-partition=none line 23 y == 117
FAIL: gcc.dg/guality/pr54519-3.c -O2 -flto -fno-use-linker-plugin -flto-partition=none line 23 z == 8
FAIL: gcc.dg/guality/pr54519-3.c -O2 -flto -fuse-linker-plugin -fno-fat-lto-objects line 20 y == 25
FAIL: gcc.dg/guality/pr54519-3.c -O2 -flto -fuse-linker-plugin -fno-fat-lto-objects line 20 z == 6
FAIL: gcc.dg/guality/pr54519-3.c -O2 -flto -fuse-linker-plugin -fno-fat-lto-objects line 23 y == 117
FAIL: gcc.dg/guality/pr54519-3.c -O2 -flto -fuse-linker-plugin -fno-fat-lto-objects line 23 z == 8
FAIL: gcc.dg/guality/pr54519-4.c -O2 -flto -fno-use-linker-plugin -flto-partition=none line 17 y == 25
FAIL: gcc.dg/guality/pr54519-4.c -O2 -flto -fuse-linker-plugin -fno-fat-lto-objects line 17 y == 25
FAIL: gcc.dg/guality/pr54519-5.c -O2 -flto -fno-use-linker-plugin -flto-partition=none line 17 y == 25
FAIL: gcc.dg/guality/pr54519-5.c -O2 -flto -fuse-linker-plugin -fno-fat-lto-objects line 17 y == 25
FAIL: gcc.dg/guality/pr54693-2.c -O3 -fomit-frame-pointer -funroll-all-loops -finline-functions line 21 i == v + 1
FAIL: gcc.dg/guality/pr54693-2.c -Os line 21 y == 20 - 2 * i
FAIL: gcc.dg/guality/pr54970.c -Os line 15 a[0] == 1
FAIL: gcc.dg/guality/pr54970.c -Os line 20 a[0] == 1
FAIL: gcc.dg/guality/pr54970.c -Os line 25 a[0] == 1
FAIL: gcc.dg/guality/pr54970.c -Os line 31 *p == 6
FAIL: gcc.dg/guality/pr54970.c -Os line 31 *q == 5
FAIL: gcc.dg/guality/pr54970.c -Os line 36 *p == 26
FAIL: gcc.dg/guality/pr54970.c -Os line 36 *q == 5
FAIL: gcc.dg/guality/pr54970.c -Os line 45 *p == 26
FAIL: gcc.dg/guality/pr54970.c -Os line 45 p[-1] == 25
FAIL: gcc.dg/guality/pr54970.c -Os line 45 p[-2] == 4
FAIL: gcc.dg/guality/pr54970.c -Os line 45 q[-1] == 4
FAIL: gcc.dg/guality/pr54970.c -Os line 45 q[1] == 26
FAIL: gcc.dg/guality/pr54970.c -Os line 45 *q == 25
FAIL: gcc.dg/guality/pr54970.c -O2 -flto -fno-use-linker-plugin -flto-partition=none line 15 a[2] == 3
FAIL: gcc.dg/guality/pr54970.c -O2 -flto -fno-use-linker-plugin -flto-partition=none line 15 *p == 3
FAIL: gcc.dg/guality/pr54970.c -O2 -flto -fuse-linker-plugin -fno-fat-lto-objects line 15 a[2] == 3
FAIL: gcc.dg/guality/pr54970.c -O2 -flto -fuse-linker-plugin -fno-fat-lto-objects line 15 *p == 3
FAIL: gcc.dg/guality/sra-1.c -O1 line 43 a.i == 4
FAIL: gcc.dg/guality/sra-1.c -O1 line 43 a.j == 14
FAIL: gcc.dg/guality/sra-1.c -O2 line 21 a.i == 4
FAIL: gcc.dg/guality/sra-1.c -O2 line 32 a[0] == 4
FAIL: gcc.dg/guality/sra-1.c -O2 line 43 a.i == 4
FAIL: gcc.dg/guality/sra-1.c -O2 line 43 a.j == 14
FAIL: gcc.dg/guality/sra-1.c -O3 -fomit-frame-pointer line 21 a.i == 4
FAIL: gcc.dg/guality/sra-1.c -O3 -fomit-frame-pointer line 32 a[0] == 4
FAIL: gcc.dg/guality/sra-1.c -O3 -fomit-frame-pointer line 43 a.i == 4
FAIL: gcc.dg/guality/sra-1.c -O3 -fomit-frame-pointer line 43 a.j == 14
FAIL: gcc.dg/guality/sra-1.c -O3 -g line 21 a.i == 4
FAIL: gcc.dg/guality/sra-1.c -O3 -g line 32 a[0] == 4
FAIL: gcc.dg/guality/sra-1.c -O3 -g line 43 a.i == 4
FAIL: gcc.dg/guality/sra-1.c -O3 -g line 43 a.j == 14
FAIL: gcc.dg/guality/sra-1.c -Os line 43 a.i == 4
FAIL: gcc.dg/guality/sra-1.c -Os line 43 a.j == 14
FAIL: gcc.dg/guality/sra-1.c -O2 -flto -fno-use-linker-plugin -flto-partition=none line 21 a.i == 4
FAIL: gcc.dg/guality/sra-1.c -O2 -flto -fno-use-linker-plugin -flto-partition=none line 32 a[0] == 4
FAIL: gcc.dg/guality/sra-1.c -O2 -flto -fno-use-linker-plugin -flto-partition=none line 43 a.i == 4
FAIL: gcc.dg/guality/sra-1.c -O2 -flto -fno-use-linker-plugin -flto-partition=none line 43 a.j == 14
FAIL: gcc.dg/guality/sra-1.c -O2 -flto -fuse-linker-plugin -fno-fat-lto-objects line 21 a.i == 4
FAIL: gcc.dg/guality/sra-1.c -O2 -flto -fuse-linker-plugin -fno-fat-lto-objects line 32 a[0] == 4
FAIL: gcc.dg/guality/sra-1.c -O2 -flto -fuse-linker-plugin -fno-fat-lto-objects line 43 a.i == 4
FAIL: gcc.dg/guality/sra-1.c -O2 -flto -fuse-linker-plugin -fno-fat-lto-objects line 43 a.j == 14
FAIL: gcc.dg/guality/vla-1.c -O0 line 17 sizeof (a) == 6
FAIL: gcc.dg/guality/vla-1.c -O0 line 24 sizeof (a) == 17 * sizeof (short)
FAIL: gcc.dg/guality/vla-1.c -O1 line 17 sizeof (a) == 6
FAIL: gcc.dg/guality/vla-1.c -O1 line 24 sizeof (a) == 17 * sizeof (short)
FAIL: gcc.dg/guality/vla-1.c -O2 line 17 sizeof (a) == 6
FAIL: gcc.dg/guality/vla-1.c -O2 line 24 sizeof (a) == 17 * sizeof (short)
FAIL: gcc.dg/guality/vla-1.c -O3 -fomit-frame-pointer line 17 sizeof (a) == 6
FAIL: gcc.dg/guality/vla-1.c -O3 -fomit-frame-pointer line 24 sizeof (a) == 17 * sizeof (short)
FAIL: gcc.dg/guality/vla-1.c -O3 -g line 17 sizeof (a) == 6
FAIL: gcc.dg/guality/vla-1.c -O3 -g line 24 sizeof (a) == 17 * sizeof (short)
FAIL: gcc.dg/guality/vla-1.c -Os line 17 sizeof (a) == 6
FAIL: gcc.dg/guality/vla-1.c -Os line 24 sizeof (a) == 17 * sizeof (short)
FAIL: gcc.dg/guality/vla-1.c -O2 -flto -fno-use-linker-plugin -flto-partition=none line 17 sizeof (a) == 6
FAIL: gcc.dg/guality/vla-1.c -O2 -flto -fno-use-linker-plugin -flto-partition=none line 24 sizeof (a) == 17 * sizeof (short)
FAIL: gcc.dg/guality/vla-1.c -O2 -flto -fuse-linker-plugin -fno-fat-lto-objects line 17 sizeof (a) == 6
FAIL: gcc.dg/guality/vla-1.c -O2 -flto -fuse-linker-plugin -fno-fat-lto-objects line 24 sizeof (a) == 17 * sizeof (short)
FAIL: gcc.dg/guality/vla-2.c -O0 line 16 sizeof (a) == 5 * sizeof (int)
FAIL: gcc.dg/guality/vla-2.c -O0 line 25 sizeof (a) == 6 * sizeof (int)
FAIL: gcc.dg/guality/vla-2.c -O1 line 16 sizeof (a) == 5 * sizeof (int)
FAIL: gcc.dg/guality/vla-2.c -O1 line 25 sizeof (a) == 6 * sizeof (int)
FAIL: gcc.dg/guality/vla-2.c -O2 line 16 sizeof (a) == 5 * sizeof (int)
FAIL: gcc.dg/guality/vla-2.c -O2 line 25 sizeof (a) == 6 * sizeof (int)
FAIL: gcc.dg/guality/vla-2.c -O3 -fomit-frame-pointer line 16 sizeof (a) == 5 * sizeof (int)
FAIL: gcc.dg/guality/vla-2.c -O3 -fomit-frame-pointer line 25 sizeof (a) == 6 * sizeof (int)
FAIL: gcc.dg/guality/vla-2.c -O3 -g line 16 sizeof (a) == 5 * sizeof (int)
FAIL: gcc.dg/guality/vla-2.c -O3 -g line 25 sizeof (a) == 6 * sizeof (int)
FAIL: gcc.dg/guality/vla-2.c -Os line 16 sizeof (a) == 5 * sizeof (int)
FAIL: gcc.dg/guality/vla-2.c -Os line 25 sizeof (a) == 6 * sizeof (int)
FAIL: gcc.dg/guality/vla-2.c -O2 -flto -fno-use-linker-plugin -flto-partition=none line 16 sizeof (a) == 5 * sizeof (int)
FAIL: gcc.dg/guality/vla-2.c -O2 -flto -fno-use-linker-plugin -flto-partition=none line 25 sizeof (a) == 6 * sizeof (int)
FAIL: gcc.dg/guality/vla-2.c -O2 -flto -fuse-linker-plugin -fno-fat-lto-objects line 16 sizeof (a) == 5 * sizeof (int)
FAIL: gcc.dg/guality/vla-2.c -O2 -flto -fuse-linker-plugin -fno-fat-lto-objects line 25 sizeof (a) == 6 * sizeof (int)
FAIL: gcc.dg/ipa/pr63551.c (test for excess errors)
=== gcc Summary for unix ===
# of expected passes 92555
# of unexpected failures 135
# of unexpected successes 31
# of expected failures 342
# of unresolved testcases 1
# of unsupported tests 1963
Running target unix/-fstack-protector
WARNING: program timed out.
FAIL: gcc.dg/atomic/c11-atomic-exec-3.c -O3 -g (test for excess errors)
UNRESOLVED: gcc.dg/atomic/c11-atomic-exec-3.c -O3 -g compilation failed to produce executable
FAIL: gcc.dg/superblock.c scan-rtl-dump-times sched2 "ADVANCING TO" 2
XPASS: gcc.dg/guality/example.c -O0 execution test
XPASS: gcc.dg/guality/example.c -O1 execution test
XPASS: gcc.dg/guality/guality.c -O0 execution test
XPASS: gcc.dg/guality/guality.c -O1 execution test
XPASS: gcc.dg/guality/guality.c -O2 execution test
XPASS: gcc.dg/guality/guality.c -O3 -fomit-frame-pointer execution test
XPASS: gcc.dg/guality/guality.c -O3 -g execution test
XPASS: gcc.dg/guality/guality.c -Os execution test
XPASS: gcc.dg/guality/guality.c -O2 -flto -fno-use-linker-plugin -flto-partition=none execution test
XPASS: gcc.dg/guality/guality.c -O2 -flto -fuse-linker-plugin -fno-fat-lto-objects execution test
XPASS: gcc.dg/guality/inline-params.c -O2 execution test
XPASS: gcc.dg/guality/inline-params.c -O3 -fomit-frame-pointer execution test
XPASS: gcc.dg/guality/inline-params.c -O3 -g execution test
XPASS: gcc.dg/guality/inline-params.c -Os execution test
XPASS: gcc.dg/guality/inline-params.c -O2 -flto -fno-use-linker-plugin -flto-partition=none execution test
FAIL: gcc.dg/guality/pr36728-2.c -Os line 18 y == 2
FAIL: gcc.dg/guality/pr36728-2.c -O2 -flto -fno-use-linker-plugin -flto-partition=none line 16 y == 2
FAIL: gcc.dg/guality/pr36728-2.c -O2 -flto -fuse-linker-plugin -fno-fat-lto-objects line 16 y == 2
XPASS: gcc.dg/guality/pr41353-1.c -O0 line 28 j == 28 + 37
FAIL: gcc.dg/guality/pr41353-1.c -O1 line 28 i1 == 2 * 37
FAIL: gcc.dg/guality/pr41353-1.c -O1 line 28 i2 == 3 * 37
FAIL: gcc.dg/guality/pr41353-1.c -O2 line 28 i1 == 2 * 37
FAIL: gcc.dg/guality/pr41353-1.c -O2 line 28 i2 == 3 * 37
FAIL: gcc.dg/guality/pr41353-1.c -O3 -fomit-frame-pointer line 28 i1 == 2 * 37
FAIL: gcc.dg/guality/pr41353-1.c -O3 -fomit-frame-pointer line 28 i2 == 3 * 37
FAIL: gcc.dg/guality/pr41353-1.c -O3 -g line 28 i1 == 2 * 37
FAIL: gcc.dg/guality/pr41353-1.c -O3 -g line 28 i2 == 3 * 37
FAIL: gcc.dg/guality/pr41353-1.c -Os line 28 i1 == 2 * 37
FAIL: gcc.dg/guality/pr41353-1.c -Os line 28 i2 == 3 * 37
FAIL: gcc.dg/guality/pr41353-1.c -O2 -flto -fno-use-linker-plugin -flto-partition=none line 28 i1 == 2 * 37
FAIL: gcc.dg/guality/pr41353-1.c -O2 -flto -fno-use-linker-plugin -flto-partition=none line 28 i2 == 3 * 37
FAIL: gcc.dg/guality/pr41353-1.c -O2 -flto -fuse-linker-plugin -fno-fat-lto-objects line 28 i1 == 2 * 37
FAIL: gcc.dg/guality/pr41353-1.c -O2 -flto -fuse-linker-plugin -fno-fat-lto-objects line 28 i2 == 3 * 37
FAIL: gcc.dg/guality/pr41404-1.c -O2 -flto -fno-use-linker-plugin -flto-partition=none line 10 *foo == 'f'
FAIL: gcc.dg/guality/pr41404-1.c -O2 -flto -fuse-linker-plugin -fno-fat-lto-objects line 10 *foo == 'f'
FAIL: gcc.dg/guality/pr41404-1.c -O2 -flto -fuse-linker-plugin -fno-fat-lto-objects line 14 *foo == 'b'
FAIL: gcc.dg/guality/pr41404-1.c -O2 -flto -fuse-linker-plugin -fno-fat-lto-objects line 24 *foo == 'f'
XPASS: gcc.dg/guality/pr41447-1.c -O0 execution test
XPASS: gcc.dg/guality/pr41447-1.c -O1 execution test
XPASS: gcc.dg/guality/pr41447-1.c -O2 execution test
XPASS: gcc.dg/guality/pr41447-1.c -O3 -fomit-frame-pointer execution test
XPASS: gcc.dg/guality/pr41447-1.c -O3 -g execution test
XPASS: gcc.dg/guality/pr41447-1.c -Os execution test
XPASS: gcc.dg/guality/pr41447-1.c -O2 -flto -fno-use-linker-plugin -flto-partition=none execution test
XPASS: gcc.dg/guality/pr41447-1.c -O2 -flto -fuse-linker-plugin -fno-fat-lto-objects execution test
XPASS: gcc.dg/guality/pr41616-1.c -O0 execution test
XPASS: gcc.dg/guality/pr41616-1.c -O1 execution test
XPASS: gcc.dg/guality/pr41616-1.c -O2 execution test
XPASS: gcc.dg/guality/pr41616-1.c -O3 -fomit-frame-pointer execution test
XPASS: gcc.dg/guality/pr41616-1.c -O3 -g execution test
XPASS: gcc.dg/guality/pr41616-1.c -Os execution test
XPASS: gcc.dg/guality/pr41616-1.c -O2 -flto -fno-use-linker-plugin -flto-partition=none execution test
FAIL: gcc.dg/guality/pr43479.c -O2 -flto -fno-use-linker-plugin -flto-partition=none line 13 h == 9
FAIL: gcc.dg/guality/pr43479.c -O2 -flto -fuse-linker-plugin -fno-fat-lto-objects line 13 h == 9
FAIL: gcc.dg/guality/pr48437.c -O2 -flto -fno-use-linker-plugin -flto-partition=none line 14 i == 0
FAIL: gcc.dg/guality/pr48437.c -O2 -flto -fuse-linker-plugin -fno-fat-lto-objects line 14 i == 0
FAIL: gcc.dg/guality/pr54200.c -O1 line 20 z == 3
FAIL: gcc.dg/guality/pr54200.c -O2 line 20 z == 3
FAIL: gcc.dg/guality/pr54200.c -O3 -fomit-frame-pointer line 20 z == 3
FAIL: gcc.dg/guality/pr54200.c -O3 -g line 20 z == 3
FAIL: gcc.dg/guality/pr54200.c -Os line 20 z == 3
FAIL: gcc.dg/guality/pr54200.c -O2 -flto -fno-use-linker-plugin -flto-partition=none line 20 z == 3
FAIL: gcc.dg/guality/pr54200.c -O2 -flto -fuse-linker-plugin -fno-fat-lto-objects line 20 z == 3
FAIL: gcc.dg/guality/pr54519-1.c -O2 -flto -fno-use-linker-plugin -flto-partition=none line 20 y == 25
FAIL: gcc.dg/guality/pr54519-1.c -O2 -flto -fno-use-linker-plugin -flto-partition=none line 20 z == 6
FAIL: gcc.dg/guality/pr54519-1.c -O2 -flto -fno-use-linker-plugin -flto-partition=none line 23 y == 117
FAIL: gcc.dg/guality/pr54519-1.c -O2 -flto -fno-use-linker-plugin -flto-partition=none line 23 z == 8
FAIL: gcc.dg/guality/pr54519-2.c -O2 -flto -fno-use-linker-plugin -flto-partition=none line 17 y == 25
FAIL: gcc.dg/guality/pr54519-2.c -O2 -flto -fuse-linker-plugin -fno-fat-lto-objects line 17 y == 25
FAIL: gcc.dg/guality/pr54519-3.c -O2 -flto -fno-use-linker-plugin -flto-partition=none line 20 y == 25
FAIL: gcc.dg/guality/pr54519-3.c -O2 -flto -fno-use-linker-plugin -flto-partition=none line 20 z == 6
FAIL: gcc.dg/guality/pr54519-3.c -O2 -flto -fno-use-linker-plugin -flto-partition=none line 23 y == 117
FAIL: gcc.dg/guality/pr54519-3.c -O2 -flto -fno-use-linker-plugin -flto-partition=none line 23 z == 8
FAIL: gcc.dg/guality/pr54519-3.c -O2 -flto -fuse-linker-plugin -fno-fat-lto-objects line 20 y == 25
FAIL: gcc.dg/guality/pr54519-3.c -O2 -flto -fuse-linker-plugin -fno-fat-lto-objects line 20 z == 6
FAIL: gcc.dg/guality/pr54519-3.c -O2 -flto -fuse-linker-plugin -fno-fat-lto-objects line 23 y == 117
FAIL: gcc.dg/guality/pr54519-3.c -O2 -flto -fuse-linker-plugin -fno-fat-lto-objects line 23 z == 8
FAIL: gcc.dg/guality/pr54519-4.c -O2 -flto -fno-use-linker-plugin -flto-partition=none line 17 y == 25
FAIL: gcc.dg/guality/pr54519-4.c -O2 -flto -fuse-linker-plugin -fno-fat-lto-objects line 17 y == 25
FAIL: gcc.dg/guality/pr54519-5.c -O2 -flto -fno-use-linker-plugin -flto-partition=none line 17 y == 25
FAIL: gcc.dg/guality/pr54519-5.c -O2 -flto -fuse-linker-plugin -fno-fat-lto-objects line 17 y == 25
FAIL: gcc.dg/guality/pr54693-2.c -O3 -fomit-frame-pointer -funroll-all-loops -finline-functions line 21 i == v + 1
FAIL: gcc.dg/guality/pr54693-2.c -Os line 21 y == 20 - 2 * i
FAIL: gcc.dg/guality/pr54970.c -Os line 15 a[0] == 1
FAIL: gcc.dg/guality/pr54970.c -Os line 20 a[0] == 1
FAIL: gcc.dg/guality/pr54970.c -Os line 25 a[0] == 1
FAIL: gcc.dg/guality/pr54970.c -Os line 31 *p == 6
FAIL: gcc.dg/guality/pr54970.c -Os line 31 *q == 5
FAIL: gcc.dg/guality/pr54970.c -Os line 36 *p == 26
FAIL: gcc.dg/guality/pr54970.c -Os line 36 *q == 5
FAIL: gcc.dg/guality/pr54970.c -Os line 45 *p == 26
FAIL: gcc.dg/guality/pr54970.c -Os line 45 p[-1] == 25
FAIL: gcc.dg/guality/pr54970.c -Os line 45 p[-2] == 4
FAIL: gcc.dg/guality/pr54970.c -Os line 45 q[-1] == 4
FAIL: gcc.dg/guality/pr54970.c -Os line 45 q[1] == 26
FAIL: gcc.dg/guality/pr54970.c -Os line 45 *q == 25
FAIL: gcc.dg/guality/pr54970.c -O2 -flto -fno-use-linker-plugin -flto-partition=none line 15 a[2] == 3
FAIL: gcc.dg/guality/pr54970.c -O2 -flto -fno-use-linker-plugin -flto-partition=none line 15 *p == 3
FAIL: gcc.dg/guality/pr54970.c -O2 -flto -fuse-linker-plugin -fno-fat-lto-objects line 15 a[2] == 3
FAIL: gcc.dg/guality/pr54970.c -O2 -flto -fuse-linker-plugin -fno-fat-lto-objects line 15 *p == 3
FAIL: gcc.dg/guality/sra-1.c -O1 line 43 a.i == 4
FAIL: gcc.dg/guality/sra-1.c -O1 line 43 a.j == 14
FAIL: gcc.dg/guality/sra-1.c -O2 line 21 a.i == 4
FAIL: gcc.dg/guality/sra-1.c -O2 line 32 a[0] == 4
FAIL: gcc.dg/guality/sra-1.c -O2 line 43 a.i == 4
FAIL: gcc.dg/guality/sra-1.c -O2 line 43 a.j == 14
FAIL: gcc.dg/guality/sra-1.c -O3 -fomit-frame-pointer line 21 a.i == 4
FAIL: gcc.dg/guality/sra-1.c -O3 -fomit-frame-pointer line 32 a[0] == 4
FAIL: gcc.dg/guality/sra-1.c -O3 -fomit-frame-pointer line 43 a.i == 4
FAIL: gcc.dg/guality/sra-1.c -O3 -fomit-frame-pointer line 43 a.j == 14
FAIL: gcc.dg/guality/sra-1.c -O3 -g line 21 a.i == 4
FAIL: gcc.dg/guality/sra-1.c -O3 -g line 32 a[0] == 4
FAIL: gcc.dg/guality/sra-1.c -O3 -g line 43 a.i == 4
FAIL: gcc.dg/guality/sra-1.c -O3 -g line 43 a.j == 14
FAIL: gcc.dg/guality/sra-1.c -Os line 43 a.i == 4
FAIL: gcc.dg/guality/sra-1.c -Os line 43 a.j == 14
FAIL: gcc.dg/guality/sra-1.c -O2 -flto -fno-use-linker-plugin -flto-partition=none line 21 a.i == 4
FAIL: gcc.dg/guality/sra-1.c -O2 -flto -fno-use-linker-plugin -flto-partition=none line 32 a[0] == 4
FAIL: gcc.dg/guality/sra-1.c -O2 -flto -fno-use-linker-plugin -flto-partition=none line 43 a.i == 4
FAIL: gcc.dg/guality/sra-1.c -O2 -flto -fno-use-linker-plugin -flto-partition=none line 43 a.j == 14
FAIL: gcc.dg/guality/sra-1.c -O2 -flto -fuse-linker-plugin -fno-fat-lto-objects line 21 a.i == 4
FAIL: gcc.dg/guality/sra-1.c -O2 -flto -fuse-linker-plugin -fno-fat-lto-objects line 32 a[0] == 4
FAIL: gcc.dg/guality/sra-1.c -O2 -flto -fuse-linker-plugin -fno-fat-lto-objects line 43 a.i == 4
FAIL: gcc.dg/guality/sra-1.c -O2 -flto -fuse-linker-plugin -fno-fat-lto-objects line 43 a.j == 14
FAIL: gcc.dg/guality/vla-1.c -O0 line 17 sizeof (a) == 6
FAIL: gcc.dg/guality/vla-1.c -O0 line 24 sizeof (a) == 17 * sizeof (short)
FAIL: gcc.dg/guality/vla-1.c -O1 line 17 sizeof (a) == 6
FAIL: gcc.dg/guality/vla-1.c -O1 line 24 sizeof (a) == 17 * sizeof (short)
FAIL: gcc.dg/guality/vla-1.c -O2 line 17 sizeof (a) == 6
FAIL: gcc.dg/guality/vla-1.c -O2 line 24 sizeof (a) == 17 * sizeof (short)
FAIL: gcc.dg/guality/vla-1.c -O3 -fomit-frame-pointer line 17 sizeof (a) == 6
FAIL: gcc.dg/guality/vla-1.c -O3 -fomit-frame-pointer line 24 sizeof (a) == 17 * sizeof (short)
FAIL: gcc.dg/guality/vla-1.c -O3 -g line 17 sizeof (a) == 6
FAIL: gcc.dg/guality/vla-1.c -O3 -g line 24 sizeof (a) == 17 * sizeof (short)
FAIL: gcc.dg/guality/vla-1.c -Os line 17 sizeof (a) == 6
FAIL: gcc.dg/guality/vla-1.c -Os line 24 sizeof (a) == 17 * sizeof (short)
FAIL: gcc.dg/guality/vla-1.c -O2 -flto -fno-use-linker-plugin -flto-partition=none line 17 sizeof (a) == 6
FAIL: gcc.dg/guality/vla-1.c -O2 -flto -fno-use-linker-plugin -flto-partition=none line 24 sizeof (a) == 17 * sizeof (short)
FAIL: gcc.dg/guality/vla-1.c -O2 -flto -fuse-linker-plugin -fno-fat-lto-objects line 17 sizeof (a) == 6
FAIL: gcc.dg/guality/vla-1.c -O2 -flto -fuse-linker-plugin -fno-fat-lto-objects line 24 sizeof (a) == 17 * sizeof (short)
FAIL: gcc.dg/guality/vla-2.c -O0 line 16 sizeof (a) == 5 * sizeof (int)
FAIL: gcc.dg/guality/vla-2.c -O0 line 25 sizeof (a) == 6 * sizeof (int)
FAIL: gcc.dg/guality/vla-2.c -O1 line 16 sizeof (a) == 5 * sizeof (int)
FAIL: gcc.dg/guality/vla-2.c -O1 line 25 sizeof (a) == 6 * sizeof (int)
FAIL: gcc.dg/guality/vla-2.c -O2 line 16 sizeof (a) == 5 * sizeof (int)
FAIL: gcc.dg/guality/vla-2.c -O2 line 25 sizeof (a) == 6 * sizeof (int)
FAIL: gcc.dg/guality/vla-2.c -O3 -fomit-frame-pointer line 16 sizeof (a) == 5 * sizeof (int)
FAIL: gcc.dg/guality/vla-2.c -O3 -fomit-frame-pointer line 25 sizeof (a) == 6 * sizeof (int)
FAIL: gcc.dg/guality/vla-2.c -O3 -g line 16 sizeof (a) == 5 * sizeof (int)
FAIL: gcc.dg/guality/vla-2.c -O3 -g line 25 sizeof (a) == 6 * sizeof (int)
FAIL: gcc.dg/guality/vla-2.c -Os line 16 sizeof (a) == 5 * sizeof (int)
FAIL: gcc.dg/guality/vla-2.c -Os line 25 sizeof (a) == 6 * sizeof (int)
FAIL: gcc.dg/guality/vla-2.c -O2 -flto -fno-use-linker-plugin -flto-partition=none line 16 sizeof (a) == 5 * sizeof (int)
FAIL: gcc.dg/guality/vla-2.c -O2 -flto -fno-use-linker-plugin -flto-partition=none line 25 sizeof (a) == 6 * sizeof (int)
FAIL: gcc.dg/guality/vla-2.c -O2 -flto -fuse-linker-plugin -fno-fat-lto-objects line 16 sizeof (a) == 5 * sizeof (int)
FAIL: gcc.dg/guality/vla-2.c -O2 -flto -fuse-linker-plugin -fno-fat-lto-objects line 25 sizeof (a) == 6 * sizeof (int)
FAIL: gcc.dg/ipa/pr63551.c (test for excess errors)
=== gcc Summary for unix/-fstack-protector ===
# of expected passes 92554
# of unexpected failures 128
# of unexpected successes 31
# of expected failures 342
# of unresolved testcases 1
# of unsupported tests 1971
Running target unix/-m64
WARNING: program timed out.
FAIL: gcc.dg/atomic/c11-atomic-exec-3.c -O3 -g (test for excess errors)
UNRESOLVED: gcc.dg/atomic/c11-atomic-exec-3.c -O3 -g compilation failed to produce executable
FAIL: c-c++-common/ubsan/null-1.c -O0 output pattern test, is ==16421==Sanitizer CHECK failed: ../../../../../src/libsanitizer/sanitizer_common/sanitizer_allocator.h:829 ((res)) < ((kNumPossibleRegions)) (1099511103746, 8388608)
FAIL: c-c++-common/ubsan/null-1.c -O1 output pattern test, is ==16452==Sanitizer CHECK failed: ../../../../../src/libsanitizer/sanitizer_common/sanitizer_allocator.h:829 ((res)) < ((kNumPossibleRegions)) (1099511103746, 8388608)
FAIL: c-c++-common/ubsan/null-1.c -O2 output pattern test, is ==16468==Sanitizer CHECK failed: ../../../../../src/libsanitizer/sanitizer_common/sanitizer_allocator.h:829 ((res)) < ((kNumPossibleRegions)) (1099511103746, 8388608)
FAIL: c-c++-common/ubsan/null-1.c -O3 -fomit-frame-pointer output pattern test, is ==16484==Sanitizer CHECK failed: ../../../../../src/libsanitizer/sanitizer_common/sanitizer_allocator.h:829 ((res)) < ((kNumPossibleRegions)) (1099511103746, 8388608)
FAIL: c-c++-common/ubsan/null-1.c -O3 -g output pattern test, is ==16500==Sanitizer CHECK failed: ../../../../../src/libsanitizer/sanitizer_common/sanitizer_allocator.h:829 ((res)) < ((kNumPossibleRegions)) (1099511103746, 8388608)
FAIL: c-c++-common/ubsan/null-1.c -Os output pattern test, is ==16516==Sanitizer CHECK failed: ../../../../../src/libsanitizer/sanitizer_common/sanitizer_allocator.h:829 ((res)) < ((kNumPossibleRegions)) (1099511103746, 8388608)
FAIL: c-c++-common/ubsan/null-1.c -O2 -flto -fno-use-linker-plugin -flto-partition=none output pattern test, is ==16551==Sanitizer CHECK failed: ../../../../../src/libsanitizer/sanitizer_common/sanitizer_allocator.h:829 ((res)) < ((kNumPossibleRegions)) (1099511103746, 8388608)
FAIL: c-c++-common/ubsan/null-1.c -O2 -flto -fuse-linker-plugin -fno-fat-lto-objects output pattern test, is ==16579==Sanitizer CHECK failed: ../../../../../src/libsanitizer/sanitizer_common/sanitizer_allocator.h:829 ((res)) < ((kNumPossibleRegions)) (1099511103746, 8388608)
FAIL: c-c++-common/ubsan/null-10.c -O0 output pattern test, is ==16606==Sanitizer CHECK failed: ../../../../../src/libsanitizer/sanitizer_common/sanitizer_allocator.h:829 ((res)) < ((kNumPossibleRegions)) (1099511103746, 8388608)
FAIL: c-c++-common/ubsan/null-10.c -O1 output pattern test, is ==16622==Sanitizer CHECK failed: ../../../../../src/libsanitizer/sanitizer_common/sanitizer_allocator.h:829 ((res)) < ((kNumPossibleRegions)) (1099511103746, 8388608)
FAIL: c-c++-common/ubsan/null-10.c -O2 output pattern test, is ==16638==Sanitizer CHECK failed: ../../../../../src/libsanitizer/sanitizer_common/sanitizer_allocator.h:829 ((res)) < ((kNumPossibleRegions)) (1099511103746, 8388608)
FAIL: c-c++-common/ubsan/null-10.c -O3 -fomit-frame-pointer output pattern test, is ==16654==Sanitizer CHECK failed: ../../../../../src/libsanitizer/sanitizer_common/sanitizer_allocator.h:829 ((res)) < ((kNumPossibleRegions)) (1099511103746, 8388608)
FAIL: c-c++-common/ubsan/null-10.c -O3 -g output pattern test, is ==16670==Sanitizer CHECK failed: ../../../../../src/libsanitizer/sanitizer_common/sanitizer_allocator.h:829 ((res)) < ((kNumPossibleRegions)) (1099511103746, 8388608)
FAIL: c-c++-common/ubsan/null-10.c -Os output pattern test, is ==16686==Sanitizer CHECK failed: ../../../../../src/libsanitizer/sanitizer_common/sanitizer_allocator.h:829 ((res)) < ((kNumPossibleRegions)) (1099511103746, 8388608)
FAIL: c-c++-common/ubsan/null-10.c -O2 -flto -fno-use-linker-plugin -flto-partition=none output pattern test, is ==16726==Sanitizer CHECK failed: ../../../../../src/libsanitizer/sanitizer_common/sanitizer_allocator.h:829 ((res)) < ((kNumPossibleRegions)) (1099511103746, 8388608)
FAIL: c-c++-common/ubsan/null-10.c -O2 -flto -fuse-linker-plugin -fno-fat-lto-objects output pattern test, is ==16792==Sanitizer CHECK failed: ../../../../../src/libsanitizer/sanitizer_common/sanitizer_allocator.h:829 ((res)) < ((kNumPossibleRegions)) (1099511103746, 8388608)
FAIL: c-c++-common/ubsan/null-11.c -O0 output pattern test, is ==16839==Sanitizer CHECK failed: ../../../../../src/libsanitizer/sanitizer_common/sanitizer_allocator.h:829 ((res)) < ((kNumPossibleRegions)) (1099511103746, 8388608)
FAIL: c-c++-common/ubsan/null-11.c -O1 output pattern test, is ==16866==Sanitizer CHECK failed: ../../../../../src/libsanitizer/sanitizer_common/sanitizer_allocator.h:829 ((res)) < ((kNumPossibleRegions)) (1099511103746, 8388608)
FAIL: c-c++-common/ubsan/null-11.c -O2 output pattern test, is ==16889==Sanitizer CHECK failed: ../../../../../src/libsanitizer/sanitizer_common/sanitizer_allocator.h:829 ((res)) < ((kNumPossibleRegions)) (1099511103746, 8388608)
FAIL: c-c++-common/ubsan/null-11.c -O3 -fomit-frame-pointer output pattern test, is ==16905==Sanitizer CHECK failed: ../../../../../src/libsanitizer/sanitizer_common/sanitizer_allocator.h:829 ((res)) < ((kNumPossibleRegions)) (1099511103746, 8388608)
FAIL: c-c++-common/ubsan/null-11.c -O3 -g output pattern test, is ==16926==Sanitizer CHECK failed: ../../../../../src/libsanitizer/sanitizer_common/sanitizer_allocator.h:829 ((res)) < ((kNumPossibleRegions)) (1099511103746, 8388608)
FAIL: c-c++-common/ubsan/null-11.c -Os output pattern test, is ==16953==Sanitizer CHECK failed: ../../../../../src/libsanitizer/sanitizer_common/sanitizer_allocator.h:829 ((res)) < ((kNumPossibleRegions)) (1099511103746, 8388608)
FAIL: c-c++-common/ubsan/null-11.c -O2 -flto -fno-use-linker-plugin -flto-partition=none output pattern test, is ==16988==Sanitizer CHECK failed: ../../../../../src/libsanitizer/sanitizer_common/sanitizer_allocator.h:829 ((res)) < ((kNumPossibleRegions)) (1099511103746, 8388608)
FAIL: c-c++-common/ubsan/null-11.c -O2 -flto -fuse-linker-plugin -fno-fat-lto-objects output pattern test, is ==17013==Sanitizer CHECK failed: ../../../../../src/libsanitizer/sanitizer_common/sanitizer_allocator.h:829 ((res)) < ((kNumPossibleRegions)) (1099511103746, 8388608)
FAIL: c-c++-common/ubsan/null-2.c -O0 output pattern test, is ==17043==Sanitizer CHECK failed: ../../../../../src/libsanitizer/sanitizer_common/sanitizer_allocator.h:829 ((res)) < ((kNumPossibleRegions)) (1099511103746, 8388608)
FAIL: c-c++-common/ubsan/null-2.c -O1 output pattern test, is ==17060==Sanitizer CHECK failed: ../../../../../src/libsanitizer/sanitizer_common/sanitizer_allocator.h:829 ((res)) < ((kNumPossibleRegions)) (1099511103746, 8388608)
FAIL: c-c++-common/ubsan/null-2.c -O2 output pattern test, is ==17076==Sanitizer CHECK failed: ../../../../../src/libsanitizer/sanitizer_common/sanitizer_allocator.h:829 ((res)) < ((kNumPossibleRegions)) (1099511103746, 8388608)
FAIL: c-c++-common/ubsan/null-2.c -O3 -fomit-frame-pointer output pattern test, is ==17092==Sanitizer CHECK failed: ../../../../../src/libsanitizer/sanitizer_common/sanitizer_allocator.h:829 ((res)) < ((kNumPossibleRegions)) (1099511103746, 8388608)
FAIL: c-c++-common/ubsan/null-2.c -O3 -g output pattern test, is ==17113==Sanitizer CHECK failed: ../../../../../src/libsanitizer/sanitizer_common/sanitizer_allocator.h:829 ((res)) < ((kNumPossibleRegions)) (1099511103746, 8388608)
FAIL: c-c++-common/ubsan/null-2.c -Os output pattern test, is ==17140==Sanitizer CHECK failed: ../../../../../src/libsanitizer/sanitizer_common/sanitizer_allocator.h:829 ((res)) < ((kNumPossibleRegions)) (1099511103746, 8388608)
FAIL: c-c++-common/ubsan/null-2.c -O2 -flto -fno-use-linker-plugin -flto-partition=none output pattern test, is ==17181==Sanitizer CHECK failed: ../../../../../src/libsanitizer/sanitizer_common/sanitizer_allocator.h:829 ((res)) < ((kNumPossibleRegions)) (1099511103746, 8388608)
FAIL: c-c++-common/ubsan/null-2.c -O2 -flto -fuse-linker-plugin -fno-fat-lto-objects output pattern test, is ==17206==Sanitizer CHECK failed: ../../../../../src/libsanitizer/sanitizer_common/sanitizer_allocator.h:829 ((res)) < ((kNumPossibleRegions)) (1099511103746, 8388608)
FAIL: c-c++-common/ubsan/null-3.c -O0 output pattern test, is ==17222==Sanitizer CHECK failed: ../../../../../src/libsanitizer/sanitizer_common/sanitizer_allocator.h:829 ((res)) < ((kNumPossibleRegions)) (1099511103746, 8388608)
FAIL: c-c++-common/ubsan/null-3.c -O1 output pattern test, is ==17238==Sanitizer CHECK failed: ../../../../../src/libsanitizer/sanitizer_common/sanitizer_allocator.h:829 ((res)) < ((kNumPossibleRegions)) (1099511103746, 8388608)
FAIL: c-c++-common/ubsan/null-3.c -O2 output pattern test, is ==17261==Sanitizer CHECK failed: ../../../../../src/libsanitizer/sanitizer_common/sanitizer_allocator.h:829 ((res)) < ((kNumPossibleRegions)) (1099511103746, 8388608)
FAIL: c-c++-common/ubsan/null-3.c -O3 -fomit-frame-pointer output pattern test, is ==17277==Sanitizer CHECK failed: ../../../../../src/libsanitizer/sanitizer_common/sanitizer_allocator.h:829 ((res)) < ((kNumPossibleRegions)) (1099511103746, 8388608)
FAIL: c-c++-common/ubsan/null-3.c -O3 -g output pattern test, is ==17293==Sanitizer CHECK failed: ../../../../../src/libsanitizer/sanitizer_common/sanitizer_allocator.h:829 ((res)) < ((kNumPossibleRegions)) (1099511103746, 8388608)
FAIL: c-c++-common/ubsan/null-3.c -Os output pattern test, is ==17316==Sanitizer CHECK failed: ../../../../../src/libsanitizer/sanitizer_common/sanitizer_allocator.h:829 ((res)) < ((kNumPossibleRegions)) (1099511103746, 8388608)
FAIL: c-c++-common/ubsan/null-3.c -O2 -flto -fno-use-linker-plugin -flto-partition=none output pattern test, is ==17408==Sanitizer CHECK failed: ../../../../../src/libsanitizer/sanitizer_common/sanitizer_allocator.h:829 ((res)) < ((kNumPossibleRegions)) (1099511103746, 8388608)
FAIL: c-c++-common/ubsan/null-3.c -O2 -flto -fuse-linker-plugin -fno-fat-lto-objects output pattern test, is ==17464==Sanitizer CHECK failed: ../../../../../src/libsanitizer/sanitizer_common/sanitizer_allocator.h:829 ((res)) < ((kNumPossibleRegions)) (1099511103746, 8388608)
FAIL: c-c++-common/ubsan/null-4.c -O0 output pattern test, is ==17495==Sanitizer CHECK failed: ../../../../../src/libsanitizer/sanitizer_common/sanitizer_allocator.h:829 ((res)) < ((kNumPossibleRegions)) (1099511103746, 8388608)
FAIL: c-c++-common/ubsan/null-4.c -O1 output pattern test, is ==17594==Sanitizer CHECK failed: ../../../../../src/libsanitizer/sanitizer_common/sanitizer_allocator.h:829 ((res)) < ((kNumPossibleRegions)) (1099511103746, 8388608)
FAIL: c-c++-common/ubsan/null-4.c -O2 output pattern test, is ==17634==Sanitizer CHECK failed: ../../../../../src/libsanitizer/sanitizer_common/sanitizer_allocator.h:829 ((res)) < ((kNumPossibleRegions)) (1099511103746, 8388608)
FAIL: c-c++-common/ubsan/null-4.c -O3 -fomit-frame-pointer output pattern test, is ==17666==Sanitizer CHECK failed: ../../../../../src/libsanitizer/sanitizer_common/sanitizer_allocator.h:829 ((res)) < ((kNumPossibleRegions)) (1099511103746, 8388608)
FAIL: c-c++-common/ubsan/null-4.c -O3 -g output pattern test, is ==17703==Sanitizer CHECK failed: ../../../../../src/libsanitizer/sanitizer_common/sanitizer_allocator.h:829 ((res)) < ((kNumPossibleRegions)) (1099511103746, 8388608)
FAIL: c-c++-common/ubsan/null-4.c -Os output pattern test, is ==17735==Sanitizer CHECK failed: ../../../../../src/libsanitizer/sanitizer_common/sanitizer_allocator.h:829 ((res)) < ((kNumPossibleRegions)) (1099511103746, 8388608)
FAIL: c-c++-common/ubsan/null-4.c -O2 -flto -fno-use-linker-plugin -flto-partition=none output pattern test, is ==17820==Sanitizer CHECK failed: ../../../../../src/libsanitizer/sanitizer_common/sanitizer_allocator.h:829 ((res)) < ((kNumPossibleRegions)) (1099511103746, 8388608)
FAIL: c-c++-common/ubsan/null-4.c -O2 -flto -fuse-linker-plugin -fno-fat-lto-objects output pattern test, is ==17879==Sanitizer CHECK failed: ../../../../../src/libsanitizer/sanitizer_common/sanitizer_allocator.h:829 ((res)) < ((kNumPossibleRegions)) (1099511103746, 8388608)
FAIL: c-c++-common/ubsan/null-5.c -O0 output pattern test, is ==17908==Sanitizer CHECK failed: ../../../../../src/libsanitizer/sanitizer_common/sanitizer_allocator.h:829 ((res)) < ((kNumPossibleRegions)) (1099511103746, 8388608)
FAIL: c-c++-common/ubsan/null-5.c -O1 output pattern test, is ==17934==Sanitizer CHECK failed: ../../../../../src/libsanitizer/sanitizer_common/sanitizer_allocator.h:829 ((res)) < ((kNumPossibleRegions)) (1099511103746, 8388608)
FAIL: c-c++-common/ubsan/null-5.c -O2 output pattern test, is ==17981==Sanitizer CHECK failed: ../../../../../src/libsanitizer/sanitizer_common/sanitizer_allocator.h:829 ((res)) < ((kNumPossibleRegions)) (1099511103746, 8388608)
FAIL: c-c++-common/ubsan/null-5.c -O3 -fomit-frame-pointer output pattern test, is ==18031==Sanitizer CHECK failed: ../../../../../src/libsanitizer/sanitizer_common/sanitizer_allocator.h:829 ((res)) < ((kNumPossibleRegions)) (1099511103746, 8388608)
FAIL: c-c++-common/ubsan/null-5.c -O3 -g output pattern test, is ==18052==Sanitizer CHECK failed: ../../../../../src/libsanitizer/sanitizer_common/sanitizer_allocator.h:829 ((res)) < ((kNumPossibleRegions)) (1099511103746, 8388608)
FAIL: c-c++-common/ubsan/null-5.c -Os output pattern test, is ==18079==Sanitizer CHECK failed: ../../../../../src/libsanitizer/sanitizer_common/sanitizer_allocator.h:829 ((res)) < ((kNumPossibleRegions)) (1099511103746, 8388608)
FAIL: c-c++-common/ubsan/null-5.c -O2 -flto -fno-use-linker-plugin -flto-partition=none output pattern test, is ==18114==Sanitizer CHECK failed: ../../../../../src/libsanitizer/sanitizer_common/sanitizer_allocator.h:829 ((res)) < ((kNumPossibleRegions)) (1099511103746, 8388608)
FAIL: c-c++-common/ubsan/null-5.c -O2 -flto -fuse-linker-plugin -fno-fat-lto-objects output pattern test, is ==18146==Sanitizer CHECK failed: ../../../../../src/libsanitizer/sanitizer_common/sanitizer_allocator.h:829 ((res)) < ((kNumPossibleRegions)) (1099511103746, 8388608)
FAIL: c-c++-common/ubsan/null-6.c -O0 output pattern test, is ==18163==Sanitizer CHECK failed: ../../../../../src/libsanitizer/sanitizer_common/sanitizer_allocator.h:829 ((res)) < ((kNumPossibleRegions)) (1099511103746, 8388608)
FAIL: c-c++-common/ubsan/null-6.c -O1 output pattern test, is ==18184==Sanitizer CHECK failed: ../../../../../src/libsanitizer/sanitizer_common/sanitizer_allocator.h:829 ((res)) < ((kNumPossibleRegions)) (1099511103746, 8388608)
FAIL: c-c++-common/ubsan/null-6.c -O2 output pattern test, is ==18211==Sanitizer CHECK failed: ../../../../../src/libsanitizer/sanitizer_common/sanitizer_allocator.h:829 ((res)) < ((kNumPossibleRegions)) (1099511103746, 8388608)
FAIL: c-c++-common/ubsan/null-6.c -O3 -fomit-frame-pointer output pattern test, is ==18227==Sanitizer CHECK failed: ../../../../../src/libsanitizer/sanitizer_common/sanitizer_allocator.h:829 ((res)) < ((kNumPossibleRegions)) (1099511103746, 8388608)
FAIL: c-c++-common/ubsan/null-6.c -O3 -g output pattern test, is ==18243==Sanitizer CHECK failed: ../../../../../src/libsanitizer/sanitizer_common/sanitizer_allocator.h:829 ((res)) < ((kNumPossibleRegions)) (1099511103746, 8388608)
FAIL: c-c++-common/ubsan/null-6.c -Os output pattern test, is ==18259==Sanitizer CHECK failed: ../../../../../src/libsanitizer/sanitizer_common/sanitizer_allocator.h:829 ((res)) < ((kNumPossibleRegions)) (1099511103746, 8388608)
FAIL: c-c++-common/ubsan/null-6.c -O2 -flto -fno-use-linker-plugin -flto-partition=none output pattern test, is ==18294==Sanitizer CHECK failed: ../../../../../src/libsanitizer/sanitizer_common/sanitizer_allocator.h:829 ((res)) < ((kNumPossibleRegions)) (1099511103746, 8388608)
FAIL: c-c++-common/ubsan/null-6.c -O2 -flto -fuse-linker-plugin -fno-fat-lto-objects output pattern test, is ==18342==Sanitizer CHECK failed: ../../../../../src/libsanitizer/sanitizer_common/sanitizer_allocator.h:829 ((res)) < ((kNumPossibleRegions)) (1099511103746, 8388608)
FAIL: c-c++-common/ubsan/null-7.c -O0 output pattern test, is ==18384==Sanitizer CHECK failed: ../../../../../src/libsanitizer/sanitizer_common/sanitizer_allocator.h:829 ((res)) < ((kNumPossibleRegions)) (1099511103746, 8388608)
FAIL: c-c++-common/ubsan/null-7.c -O1 output pattern test, is ==18430==Sanitizer CHECK failed: ../../../../../src/libsanitizer/sanitizer_common/sanitizer_allocator.h:829 ((res)) < ((kNumPossibleRegions)) (1099511103746, 8388608)
FAIL: c-c++-common/ubsan/null-7.c -O2 output pattern test, is ==18464==Sanitizer CHECK failed: ../../../../../src/libsanitizer/sanitizer_common/sanitizer_allocator.h:829 ((res)) < ((kNumPossibleRegions)) (1099511103746, 8388608)
FAIL: c-c++-common/ubsan/null-7.c -O3 -fomit-frame-pointer output pattern test, is ==18498==Sanitizer CHECK failed: ../../../../../src/libsanitizer/sanitizer_common/sanitizer_allocator.h:829 ((res)) < ((kNumPossibleRegions)) (1099511103746, 8388608)
FAIL: c-c++-common/ubsan/null-7.c -O3 -g output pattern test, is ==18530==Sanitizer CHECK failed: ../../../../../src/libsanitizer/sanitizer_common/sanitizer_allocator.h:829 ((res)) < ((kNumPossibleRegions)) (1099511103746, 8388608)
FAIL: c-c++-common/ubsan/null-7.c -Os output pattern test, is ==18562==Sanitizer CHECK failed: ../../../../../src/libsanitizer/sanitizer_common/sanitizer_allocator.h:829 ((res)) < ((kNumPossibleRegions)) (1099511103746, 8388608)
FAIL: c-c++-common/ubsan/null-7.c -O2 -flto -fno-use-linker-plugin -flto-partition=none output pattern test, is ==18631==Sanitizer CHECK failed: ../../../../../src/libsanitizer/sanitizer_common/sanitizer_allocator.h:829 ((res)) < ((kNumPossibleRegions)) (1099511103746, 8388608)
FAIL: c-c++-common/ubsan/null-7.c -O2 -flto -fuse-linker-plugin -fno-fat-lto-objects output pattern test, is ==18691==Sanitizer CHECK failed: ../../../../../src/libsanitizer/sanitizer_common/sanitizer_allocator.h:829 ((res)) < ((kNumPossibleRegions)) (1099511103746, 8388608)
FAIL: c-c++-common/ubsan/null-8.c -O0 output pattern test, is ==18723==Sanitizer CHECK failed: ../../../../../src/libsanitizer/sanitizer_common/sanitizer_allocator.h:829 ((res)) < ((kNumPossibleRegions)) (1099511103746, 8388608)
FAIL: c-c++-common/ubsan/null-8.c -O1 output pattern test, is ==18755==Sanitizer CHECK failed: ../../../../../src/libsanitizer/sanitizer_common/sanitizer_allocator.h:829 ((res)) < ((kNumPossibleRegions)) (1099511103746, 8388608)
FAIL: c-c++-common/ubsan/null-8.c -O2 output pattern test, is ==18787==Sanitizer CHECK failed: ../../../../../src/libsanitizer/sanitizer_common/sanitizer_allocator.h:829 ((res)) < ((kNumPossibleRegions)) (1099511103746, 8388608)
FAIL: c-c++-common/ubsan/null-8.c -O3 -fomit-frame-pointer output pattern test, is ==18819==Sanitizer CHECK failed: ../../../../../src/libsanitizer/sanitizer_common/sanitizer_allocator.h:829 ((res)) < ((kNumPossibleRegions)) (1099511103746, 8388608)
FAIL: c-c++-common/ubsan/null-8.c -O3 -g output pattern test, is ==18853==Sanitizer CHECK failed: ../../../../../src/libsanitizer/sanitizer_common/sanitizer_allocator.h:829 ((res)) < ((kNumPossibleRegions)) (1099511103746, 8388608)
FAIL: c-c++-common/ubsan/null-8.c -Os output pattern test, is ==18886==Sanitizer CHECK failed: ../../../../../src/libsanitizer/sanitizer_common/sanitizer_allocator.h:829 ((res)) < ((kNumPossibleRegions)) (1099511103746, 8388608)
FAIL: c-c++-common/ubsan/null-8.c -O2 -flto -fno-use-linker-plugin -flto-partition=none output pattern test, is ==18952==Sanitizer CHECK failed: ../../../../../src/libsanitizer/sanitizer_common/sanitizer_allocator.h:829 ((res)) < ((kNumPossibleRegions)) (1099511103746, 8388608)
FAIL: c-c++-common/ubsan/null-8.c -O2 -flto -fuse-linker-plugin -fno-fat-lto-objects output pattern test, is ==18998==Sanitizer CHECK failed: ../../../../../src/libsanitizer/sanitizer_common/sanitizer_allocator.h:829 ((res)) < ((kNumPossibleRegions)) (1099511103746, 8388608)
FAIL: c-c++-common/ubsan/null-9.c -O0 output pattern test, is ==19027==Sanitizer CHECK failed: ../../../../../src/libsanitizer/sanitizer_common/sanitizer_allocator.h:829 ((res)) < ((kNumPossibleRegions)) (1099511103746, 8388608)
FAIL: c-c++-common/ubsan/null-9.c -O1 output pattern test, is ==19057==Sanitizer CHECK failed: ../../../../../src/libsanitizer/sanitizer_common/sanitizer_allocator.h:829 ((res)) < ((kNumPossibleRegions)) (1099511103746, 8388608)
FAIL: c-c++-common/ubsan/null-9.c -O2 output pattern test, is ==19079==Sanitizer CHECK failed: ../../../../../src/libsanitizer/sanitizer_common/sanitizer_allocator.h:829 ((res)) < ((kNumPossibleRegions)) (1099511103746, 8388608)
FAIL: c-c++-common/ubsan/null-9.c -O3 -fomit-frame-pointer output pattern test, is ==19111==Sanitizer CHECK failed: ../../../../../src/libsanitizer/sanitizer_common/sanitizer_allocator.h:829 ((res)) < ((kNumPossibleRegions)) (1099511103746, 8388608)
FAIL: c-c++-common/ubsan/null-9.c -O3 -g output pattern test, is ==19143==Sanitizer CHECK failed: ../../../../../src/libsanitizer/sanitizer_common/sanitizer_allocator.h:829 ((res)) < ((kNumPossibleRegions)) (1099511103746, 8388608)
FAIL: c-c++-common/ubsan/null-9.c -Os output pattern test, is ==19175==Sanitizer CHECK failed: ../../../../../src/libsanitizer/sanitizer_common/sanitizer_allocator.h:829 ((res)) < ((kNumPossibleRegions)) (1099511103746, 8388608)
FAIL: c-c++-common/ubsan/null-9.c -O2 -flto -fno-use-linker-plugin -flto-partition=none output pattern test, is ==19242==Sanitizer CHECK failed: ../../../../../src/libsanitizer/sanitizer_common/sanitizer_allocator.h:829 ((res)) < ((kNumPossibleRegions)) (1099511103746, 8388608)
FAIL: c-c++-common/ubsan/null-9.c -O2 -flto -fuse-linker-plugin -fno-fat-lto-objects output pattern test, is ==19281==Sanitizer CHECK failed: ../../../../../src/libsanitizer/sanitizer_common/sanitizer_allocator.h:829 ((res)) < ((kNumPossibleRegions)) (1099511103746, 8388608)
FAIL: c-c++-common/ubsan/pr59667.c -O0 output pattern test, is ==25343==Sanitizer CHECK failed: ../../../../../src/libsanitizer/sanitizer_common/sanitizer_allocator.h:829 ((res)) < ((kNumPossibleRegions)) (1099511103746, 8388608)
FAIL: c-c++-common/ubsan/pr59667.c -O1 output pattern test, is ==25367==Sanitizer CHECK failed: ../../../../../src/libsanitizer/sanitizer_common/sanitizer_allocator.h:829 ((res)) < ((kNumPossibleRegions)) (1099511103746, 8388608)
FAIL: c-c++-common/ubsan/pr59667.c -O2 output pattern test, is ==25411==Sanitizer CHECK failed: ../../../../../src/libsanitizer/sanitizer_common/sanitizer_allocator.h:829 ((res)) < ((kNumPossibleRegions)) (1099511103746, 8388608)
FAIL: c-c++-common/ubsan/pr59667.c -O3 -fomit-frame-pointer output pattern test, is ==25455==Sanitizer CHECK failed: ../../../../../src/libsanitizer/sanitizer_common/sanitizer_allocator.h:829 ((res)) < ((kNumPossibleRegions)) (1099511103746, 8388608)
FAIL: c-c++-common/ubsan/pr59667.c -O3 -g output pattern test, is ==25505==Sanitizer CHECK failed: ../../../../../src/libsanitizer/sanitizer_common/sanitizer_allocator.h:829 ((res)) < ((kNumPossibleRegions)) (1099511103746, 8388608)
FAIL: c-c++-common/ubsan/pr59667.c -Os output pattern test, is ==25551==Sanitizer CHECK failed: ../../../../../src/libsanitizer/sanitizer_common/sanitizer_allocator.h:829 ((res)) < ((kNumPossibleRegions)) (1099511103746, 8388608)
FAIL: c-c++-common/ubsan/pr59667.c -O2 -flto -fno-use-linker-plugin -flto-partition=none output pattern test, is ==25650==Sanitizer CHECK failed: ../../../../../src/libsanitizer/sanitizer_common/sanitizer_allocator.h:829 ((res)) < ((kNumPossibleRegions)) (1099511103746, 8388608)
FAIL: c-c++-common/ubsan/pr59667.c -O2 -flto -fuse-linker-plugin -fno-fat-lto-objects output pattern test, is ==25706==Sanitizer CHECK failed: ../../../../../src/libsanitizer/sanitizer_common/sanitizer_allocator.h:829 ((res)) < ((kNumPossibleRegions)) (1099511103746, 8388608)
=== gcc Summary for unix/-m64 ===
# of expected passes 95740
# of unexpected failures 355
# of unexpected successes 62
# of expected failures 348
# of unresolved testcases 1
# of unsupported tests 2105
=== gcc Summary ===
# of expected passes 280849
# of unexpected failures 618
# of unexpected successes 124
# of expected failures 1032
# of unresolved testcases 3
# of unsupported tests 6039
/build/gcc-4.9-Em9nBm/gcc-4.9-4.9.2/build/gcc/xgcc version 4.9.2 (Debian 4.9.2-8)
=== gfortran tests ===
Running target unix
=== gfortran Summary for unix ===
# of expected passes 45675
# of expected failures 54
# of unsupported tests 259
Running target unix/-fstack-protector
=== gfortran Summary for unix/-fstack-protector ===
# of expected passes 45675
# of expected failures 54
# of unsupported tests 259
Running target unix/-m64
=== gfortran Summary for unix/-m64 ===
# of expected passes 45987
# of expected failures 54
# of unsupported tests 113
=== gfortran Summary ===
# of expected passes 137337
# of expected failures 162
# of unsupported tests 631
/build/gcc-4.9-Em9nBm/gcc-4.9-4.9.2/build/gcc/testsuite/gfortran/../../gfortran version 4.9.2 (Debian 4.9.2-8)
=== obj-c++ tests ===
Running target unix
=== obj-c++ Summary for unix ===
# of expected passes 1449
# of expected failures 2
# of unsupported tests 86
Running target unix/-fstack-protector
=== obj-c++ Summary for unix/-fstack-protector ===
# of expected passes 1449
# of expected failures 2
# of unsupported tests 86
Running target unix/-m64
=== obj-c++ Summary for unix/-m64 ===
# of expected passes 1441
# of expected failures 10
# of unsupported tests 86
=== obj-c++ Summary ===
# of expected passes 4339
# of expected failures 14
# of unsupported tests 258
/build/gcc-4.9-Em9nBm/gcc-4.9-4.9.2/build/gcc/testsuite/obj-c++/../../xg++ version 4.9.2 (Debian 4.9.2-8)
=== objc tests ===
Running target unix
=== objc Summary for unix ===
# of expected passes 2994
# of unsupported tests 74
Running target unix/-fstack-protector
=== objc Summary for unix/-fstack-protector ===
# of expected passes 2994
# of unsupported tests 74
Running target unix/-m64
=== objc Summary for unix/-m64 ===
# of expected passes 2994
# of unsupported tests 74
=== objc Summary ===
# of expected passes 8982
# of unsupported tests 222
/build/gcc-4.9-Em9nBm/gcc-4.9-4.9.2/build/gcc/xgcc version 4.9.2 (Debian 4.9.2-8)
=== boehm-gc tests ===
Running target unix
=== boehm-gc Summary for unix ===
# of expected passes 12
# of unsupported tests 1
Running target unix/-fstack-protector
=== boehm-gc Summary for unix/-fstack-protector ===
# of expected passes 12
# of unsupported tests 1
Running target unix/-m64
=== boehm-gc Summary for unix/-m64 ===
# of expected passes 12
# of unsupported tests 1
=== boehm-gc Summary ===
# of expected passes 36
# of unsupported tests 3
=== libatomic tests ===
Running target unix
=== libatomic Summary for unix ===
# of expected passes 44
# of unsupported tests 5
Running target unix/-fstack-protector
=== libatomic Summary for unix/-fstack-protector ===
# of expected passes 44
# of unsupported tests 5
Running target unix/-m64
=== libatomic Summary for unix/-m64 ===
# of expected passes 54
=== libatomic Summary ===
# of expected passes 142
# of unsupported tests 10
=== libffi tests ===
Running target unix
=== libffi Summary for unix ===
# of expected passes 1819
# of unsupported tests 55
Running target unix/-fstack-protector
=== libffi Summary for unix/-fstack-protector ===
# of expected passes 1819
# of unsupported tests 55
Running target unix/-m64
=== libffi Summary for unix/-m64 ===
# of expected passes 1819
# of unsupported tests 55
=== libffi Summary ===
# of expected passes 5457
# of unsupported tests 165
=== libgomp tests ===
Running target unix
WARNING: program timed out.
FAIL: libgomp.c/lock-3.c execution test
=== libgomp Summary for unix ===
# of expected passes 3276
# of unexpected failures 1
# of unsupported tests 36
Running target unix/-fstack-protector
WARNING: program timed out.
FAIL: libgomp.c/lock-3.c execution test
=== libgomp Summary for unix/-fstack-protector ===
# of expected passes 3276
# of unexpected failures 1
# of unsupported tests 36
Running target unix/-m64
=== libgomp Summary for unix/-m64 ===
# of expected passes 3277
# of unsupported tests 36
=== libgomp Summary ===
# of expected passes 9829
# of unexpected failures 2
# of unsupported tests 108
=== libjava tests ===
Running target unix
=== libjava Summary for unix ===
# of expected passes 2582
# of expected failures 4
Running target unix/-fstack-protector
=== libjava Summary for unix/-fstack-protector ===
# of expected passes 2582
# of expected failures 4
=== libjava Summary ===
# of expected passes 5164
# of expected failures 8
=== libstdc++ tests ===
Running target unix
FAIL: libstdc++-abi/abi_check
FAIL: 22_locale/numpunct/members/char/3.cc execution test
FAIL: 22_locale/time_get/get_date/wchar_t/4.cc execution test
=== libstdc++ Summary for unix ===
# of expected passes 9821
# of unexpected failures 3
# of expected failures 41
# of unsupported tests 261
Running target unix/-fstack-protector
FAIL: libstdc++-abi/abi_check
FAIL: 22_locale/numpunct/members/char/3.cc execution test
FAIL: 22_locale/time_get/get_date/wchar_t/4.cc execution test
=== libstdc++ Summary for unix/-fstack-protector ===
# of expected passes 9821
# of unexpected failures 3
# of expected failures 41
# of unsupported tests 261
Running target unix/-m64
FAIL: libstdc++-abi/abi_check
FAIL: 22_locale/numpunct/members/char/3.cc execution test
FAIL: 22_locale/time_get/get_date/wchar_t/4.cc execution test
FAIL: libstdc++-prettyprinters/whatis.cc whatis ios_holder
FAIL: libstdc++-prettyprinters/whatis.cc whatis streambuf_holder
FAIL: libstdc++-prettyprinters/whatis.cc whatis istream_holder
FAIL: libstdc++-prettyprinters/whatis.cc whatis ostream_holder
FAIL: libstdc++-prettyprinters/whatis.cc whatis iostream_holder
FAIL: libstdc++-prettyprinters/whatis.cc whatis stringbuf_holder
FAIL: libstdc++-prettyprinters/whatis.cc whatis istringstream_holder
FAIL: libstdc++-prettyprinters/whatis.cc whatis ostringstream_holder
FAIL: libstdc++-prettyprinters/whatis.cc whatis stringstream_holder
FAIL: libstdc++-prettyprinters/whatis.cc whatis filebuf_holder
FAIL: libstdc++-prettyprinters/whatis.cc whatis ifstream_holder
FAIL: libstdc++-prettyprinters/whatis.cc whatis ofstream_holder
FAIL: libstdc++-prettyprinters/whatis.cc whatis fstream_holder
=== libstdc++ Summary for unix/-m64 ===
# of expected passes 9729
# of unexpected failures 16
# of expected failures 41
# of unsupported tests 268
=== libstdc++ Summary ===
# of expected passes 29371
# of unexpected failures 22
# of expected failures 123
# of unsupported tests 790
Compiler version: 4.9.2 (Debian 4.9.2-8)
Platform: sparc-unknown-linux-gnu
configure flags: -v --with-pkgversion='Debian 4.9.2-8' --with-bugurl=file:///usr/share/doc/gcc-4.9/README.Bugs --enable-languages=c,c++,java,d,fortran,objc,obj-c++ --prefix=/usr --program-suffix=-4.9 --enable-shared --enable-linker-build-id --libexecdir=/usr/lib --without-included-gettext --enable-threads=posix --with-gxx-include-dir=/usr/include/c++/4.9 --libdir=/usr/lib --enable-nls --with-sysroot=/ --enable-clocale=gnu --enable-libstdcxx-debug --enable-libstdcxx-time=yes --enable-gnu-unique-object --disable-libitm --disable-libquadmath --enable-plugin --with-system-zlib --disable-browser-plugin --enable-java-awt=gtk --enable-gtk-cairo --with-java-home=/usr/lib/jvm/java-1.5.0-gcj-4.9-sparc/jre --enable-java-home --with-jvm-root-dir=/usr/lib/jvm/java-1.5.0-gcj-4.9-sparc --with-jvm-jar-dir=/usr/lib/jvm-exports/java-1.5.0-gcj-4.9-sparc --with-arch-directory=sparc --with-ecj-jar=/usr/share/java/eclipse-ecj.jar --enable-objc-gc --enable-multiarch --enable-targets=all --with-long-double-128 --enable-multilib --enable-checking=release --build=sparc-linux-gnu --host=sparc-linux-gnu --target=sparc-linux-gnu
BOOT_CFLAGS=
Build Dependencies:
Desired=Unknown/Install/Remove/Purge/Hold
| Status=Not/Inst/Conf-files/Unpacked/halF-conf/Half-inst/trig-aWait/Trig-pend
|/ Err?=(none)/Reinst-required (Status,Err: uppercase=bad)
||/ Name Version Architecture Description
+++-=========================-==================-============-===============================================================================
ii binutils 2.24.90.20141209-1 sparc GNU assembler, linker and binary utilities
ii g++-4.9 4.9.2-7 sparc GNU C++ compiler
ii g++-4.9-multilib 4.9.2-7 sparc GNU C++ compiler (multilib files)
ii g++-multilib 4:4.9.2-1 sparc GNU C++ compiler (multilib files)
ii libc6:sparc 2.19-13 sparc GNU C Library: Shared libraries
ii libcloog-isl-dev:sparc 0.18.2-1+b1 sparc Chunky Loop Generator (development files)
ii libgmp-dev:sparc 2:6.0.0+dfsg-6 sparc Multiprecision arithmetic library developers tools
ii libisl-dev:sparc 0.12.2-2 sparc manipulating sets and relations of integer points bounded by linear constraints
ii libmpc-dev:sparc 1.0.2-2 sparc multiple precision complex floating-point library development package
ii libmpfr-dev:sparc 3.1.2-2 sparc multiple precision floating-point computation developers tools
svn-updates:
updates from the 4.9 branch upto 20141214 (r218721).
gcc-gfdl-build:
Build a dummy s-tm-texi without access to the texinfo sources
gcc-textdomain:
Set gettext's domain and textdomain to the versioned package name.
gcc-driver-extra-langs:
Add options and specs for languages that are not built from a source
(but built from separate sources).
gcc-hash-style-gnu:
Link using --hash-style=gnu (aarch64, alpha, amd64, armel, armhf, ia64,
i386, powerpc, ppc64, s390, sparc)
libstdc++-pic:
Build and install libstdc++_pic.a library.
libstdc++-doclink:
adjust hrefs to point to the local documentation
libstdc++-man-3cxx:
Install libstdc++ man pages with suffix .3cxx instead of .3
libstdc++-test-installed:
Add support to run the libstdc++-v3 testsuite using the
installed shared libraries.
libjava-stacktrace:
libgcj: Lookup source file name and line number in separated
debug files found in /usr/lib/debug
libjava-jnipath:
- Add /usr/lib/jni and /usr/lib/<multiarch>/jni to java.library.path.
- When running the i386 binaries on amd64, look in
- /usr/lib32/gcj-x.y and /usr/lib32/jni instead.
libjava-sjlj:
Don't try to use _Unwind_Backtrace on SJLJ targets.
See bug #387875, #388505, GCC PR 29206.
libjava-disable-plugin:
Don't build the gcjwebplugin, even when configured with --enable-plugin
alpha-no-ev4-directive:
never emit .ev4 directive.
boehm-gc-getnprocs:
boehm-gc/pthread_support.c (GC_get_nprocs): Use sysconf as fallback.
note-gnu-stack:
Add .note.GNU-stack sections for gcc's crt files, libffi and boehm-gc
Taken from FC.
libgomp-omp_h-multilib:
Fix up omp.h for multilibs.
sparc-force-cpu:
On sparc default to ultrasparc (v9a) in 32bit mode
gccgo-version:
Omit the subminor number from the go libdir
pr47818:
Fix PR ada/47818: Pragma Assert is rejected with No_Implementation_Pragmas restriction.
pr49944:
apply proposed patch for PR ada/49444.
gcc-base-version:
Set base version to 4.9, introduce full version 4.9.x.
libgo-testsuite:
Only run the libgo testsuite for flags configured in RUNTESTFLAGS
gcc-target-include-asm:
Search \$(builddir)/sys-include for the asm header files
libgo-revert-timeout-exp:
libgo-setcontext-config:
libgo: Overwrite the setcontext_clobbers_tls check on mips*
gcc-auto-build:
Fix cross building a native compiler.
kfreebsd-unwind:
DWARF2 EH unwinding support for AMD x86-64 and x86 KFreeBSD.
kfreebsd-boehm-gc:
boehm-gc: use mmap instead of brk also on kfreebsd-*.
hurd-boehm-gc:
libffi-m68k:
Apply #660525 fix to in-tree libffi
libitm-no-fortify-source:
Build libitm with -U_FORTIFY_SOURCE on x86 and x86_64.
pr57653:
Proposed patch for PR c/57653.
pr61257:
Fix PR other/61257, check for working sys/sdt.h
pr61046:
Fix PR c++/61046, taken from the trunk.
pr61336:
Fix PR target/61336, taken from the trunk.
pr61126:
gcc-setmultilib-fix:
sparc64-biarch-long-double-128:
Fix --with-long-double-128 for sparc32 when defaulting to 64-bit.
pr61841:
Proposed backport for PR libstdc++/61841
pr61294:
PR middle-end/61294, -Wmemset-transposed-args
pr59586:
Fix PR tree-optimization/59586, segfault with -Ofast -floop-parallelize-all
pr60655-debug-loc:
pr63751:
Fix PR c/61553 (ice on illegal code), backported from the trunk
gccgo-arm64:
gccgo: Enable cgo by default on linux/arm64.
ada-arm:
ada-hurd:
ada-kfreebsd:
add support for GNU/kFreeBSD.
ada-revert-pr63225:
Revert the changes made to allow bootstrapping with -fno-inline.
We allow inlining during bootstrap and this change breaks aliversion compatibility
with earlier uploads of libgnatvsn4.9. This patch shall be removed in the next
major version of GNAT.
gdc-4.9:
This implements D language support in the GCC back end, and adds
relevant documentation about the GDC front end (code part).
gdc-versym-cpu:
Implements D CPU version conditions.
gdc-versym-os:
Implements D OS version conditions.
gdc-frontend-posix:
Fix build of the D frontend on the Hurd and KFreeBSD.
gdc-base-version:
Use the GCC base version for the D include dir name
gdc-texinfo:
Add macros for the gdc texinfo documentation.
gdc-driver-nophobos:
Modify gdc driver to have no libphobos by default.
disable-gdc-tests:
Disable D tests, hang on many buildds
gcc-sysroot:
Allow building --with-sysroot=/
sys-auxv-header:
Check for the sys/auxv.h header file.
libcilkrts-targets:
Disable libcilkrts on KFreeBSD and the Hurd. See #734973.
go-use-gold:
Pass -fuse-ld=gold to gccgo on targets supporting -fsplit-stack
arm-multilib-soft:
ARM hard/soft float multilib support
arm-multilib-defaults:
Set MULTILIB_DEFAULTS for ARM multilib builds
gcc-ice-hack:
Retry the build on an ice, save the calling options and preprocessed
source when the ice is reproducible.
gcc-ice-apport:
Report an ICE to apport (if apport is available
and the environment variable GCC_NOAPPORT is not set)
libjava-fixed-symlinks:
Remove unneed '..' elements from symlinks in JAVA_HOME
libffi-ro-eh_frame_sect:
PR libffi/47248, force a read only eh frame section.
gcc-multiarch:
- Remaining multiarch patches, not yet submitted upstream.
- Add MULTIARCH_DIRNAME definitions for multilib configurations,
which are used for the non-multilib builds.
libjava-multiarch:
Install libjava libraries to multiarch location
libjava-nobiarch-check:
For biarch builds, disable the testsuite for the non-default architecture
for runtime libraries, which are not built by default (libjava).
config-ml:
- Disable some biarch libraries for biarch builds.
- Fix multilib builds on kernels which don't support all multilibs.
g++-multiarch-incdir:
Use /usr/include/<multiarch>/c++/4.x as the include directory
for host dependent c++ header files.
gcc-multilib-multiarch:
Don't auto-detect multilib osdirnames.
mips-fix-loongson2f-nop:
On mips, pass -mfix-loongson2f-nop to as, if -mno-fix-loongson2f-nop
is not passed.
libgomp-kfreebsd-testsuite:
Disable lock-2.c test on kfreebsd-*
go-testsuite:
Skip Go testcase on AArch64 which hangs on the buildds.
fix-ffi_call_VFP-with-no-VFP-argument:
armhf: Fix ffi_call_VFP with no VFP arguments.
ada-749574:
ada-mips:
Improve support for mips.
ada-ppc64:
Counting all warnings,
there are 0 warnings in stage3 of this bootstrap.
Number of warnings per file:
Number of warning types:
More information about the Gcc-testresults
mailing list