FW: Results for 5.0.0 20141215 (experimental) (GCC) testsuite on x86_64-unknown-linux-gnu
Pinski, Andrew
Andrew.Pinski@caviumnetworks.com
Tue Dec 16 06:56:00 GMT 2014
________________________________________
From: jenkins@blackduck.caveonetworks.com
Sent: Monday, December 15, 2014 10:55:56 PM (UTC-08:00) Pacific Time (US & Canada)
To: apinski@cavium.com
Subject: Results for 5.0.0 20141215 (experimental) (GCC) testsuite on x86_64-unknown-linux-gnu
Native configuration is x86_64-unknown-linux-gnu
=== gcc tests ===
Running target unix//-m32
FAIL: gcc.dg/undefined-loop-2.c (test for warnings, line 18)
FAIL: gcc.dg/torture/tls/run-ld.c -O1 -pie -fPIE execution test
FAIL: gcc.dg/torture/tls/run-ld.c -O1 -pie -fpie execution test
FAIL: gcc.dg/torture/tls/run-ld.c -O2 -pie -fPIE execution test
FAIL: gcc.dg/torture/tls/run-ld.c -O2 -pie -fpie execution test
FAIL: gcc.dg/torture/tls/run-ld.c -O3 -fomit-frame-pointer -pie -fPIE execution test
FAIL: gcc.dg/torture/tls/run-ld.c -O3 -fomit-frame-pointer -pie -fpie execution test
FAIL: gcc.dg/torture/tls/run-ld.c -O3 -g -pie -fPIE execution test
FAIL: gcc.dg/torture/tls/run-ld.c -O3 -g -pie -fpie execution test
FAIL: gcc.dg/torture/tls/run-ld.c -Os -pie -fPIE execution test
FAIL: gcc.dg/torture/tls/run-ld.c -Os -pie -fpie execution test
FAIL: gcc.target/i386/funcspec-5.c (test for excess errors)
FAIL: gcc.target/i386/pr49095.c scan-assembler-not test[lq]
FAIL: gcc.target/i386/pr64110.c (internal compiler error)
FAIL: gcc.target/i386/pr64110.c (test for excess errors)
=== gcc Summary for unix//-m32 ===
# of expected passes 108596
# of unexpected failures 15
# of expected failures 299
# of unsupported tests 2695
Running target unix//-m64
FAIL: gcc.dg/undefined-loop-2.c (test for warnings, line 18)
FAIL: gcc.target/i386/pr56114.c (test for excess errors)
=== gcc Summary for unix//-m64 ===
# of expected passes 109596
# of unexpected failures 2
# of expected failures 301
# of unsupported tests 2915
=== gcc Summary ===
# of expected passes 218192
# of unexpected failures 17
# of expected failures 600
# of unsupported tests 5610
/var/lib/jenkins/workspace/GCCupstream/objdir/gcc/xgcc version 5.0.0 20141215 (experimental) (GCC)
=== gfortran tests ===
Running target unix//-m32
=== gfortran Summary for unix//-m32 ===
# of expected passes 46585
# of expected failures 47
# of unsupported tests 221
Running target unix//-m64
=== gfortran Summary for unix//-m64 ===
# of expected passes 46874
# of expected failures 47
# of unsupported tests 81
=== gfortran Summary ===
# of expected passes 93459
# of expected failures 94
# of unsupported tests 302
/var/lib/jenkins/workspace/GCCupstream/objdir/gcc/testsuite/gfortran/../../gfortran version 5.0.0 20141215 (experimental) (GCC)
=== g++ tests ===
Running target unix//-m32
FAIL: g++.dg/abi/covariant4.C -std=c++14 (test for excess errors)
UNRESOLVED: g++.dg/abi/covariant4.C -std=c++14 compilation failed to produce executable
FAIL: g++.dg/abi/vthunk1.C -std=c++14 (test for excess errors)
FAIL: g++.dg/cpp0x/constexpr-base4.C -std=c++14 (test for excess errors)
UNRESOLVED: g++.dg/cpp0x/constexpr-base4.C -std=c++14 compilation failed to produce executable
FAIL: g++.dg/cpp0x/constexpr-tuple.C -std=c++14 (test for excess errors)
UNRESOLVED: g++.dg/cpp0x/constexpr-tuple.C -std=c++14 compilation failed to produce executable
FAIL: g++.dg/cpp0x/defaulted22.C -std=c++14 (test for excess errors)
UNRESOLVED: g++.dg/cpp0x/defaulted22.C -std=c++14 compilation failed to produce executable
FAIL: g++.dg/cpp0x/lambda/lambda-recursive.C -std=c++14 (test for excess errors)
UNRESOLVED: g++.dg/cpp0x/lambda/lambda-recursive.C -std=c++14 compilation failed to produce executable
FAIL: g++.dg/cpp0x/lambda/lambda-template4.C -std=c++14 (test for excess errors)
UNRESOLVED: g++.dg/cpp0x/lambda/lambda-template4.C -std=c++14 compilation failed to produce executable
FAIL: g++.dg/cpp0x/lambda/lambda-this8.C -std=c++14 (test for excess errors)
UNRESOLVED: g++.dg/cpp0x/lambda/lambda-this8.C -std=c++14 compilation failed to produce executable
FAIL: g++.dg/cpp0x/variadic-function.C -std=c++14 (test for excess errors)
UNRESOLVED: g++.dg/cpp0x/variadic-function.C -std=c++14 compilation failed to produce executable
FAIL: g++.dg/eh/crossjump1.C -std=gnu++14 (test for excess errors)
UNRESOLVED: g++.dg/eh/crossjump1.C -std=gnu++14 compilation failed to produce executable
FAIL: g++.dg/eh/ctor2.C -std=c++14 (test for excess errors)
UNRESOLVED: g++.dg/eh/ctor2.C -std=c++14 compilation failed to produce executable
FAIL: g++.dg/eh/ia64-2.C -std=gnu++14 (test for excess errors)
UNRESOLVED: g++.dg/eh/ia64-2.C -std=gnu++14 compilation failed to produce executable
FAIL: g++.dg/eh/new1.C -std=c++14 (test for excess errors)
UNRESOLVED: g++.dg/eh/new1.C -std=c++14 compilation failed to produce executable
FAIL: g++.dg/expr/cast4.C -std=c++14 (test for excess errors)
UNRESOLVED: g++.dg/expr/cast4.C -std=c++14 compilation failed to produce executable
FAIL: g++.dg/ext/complex8.C -std=c++14 (test for excess errors)
UNRESOLVED: g++.dg/ext/complex8.C -std=c++14 compilation failed to produce executable
FAIL: g++.dg/inherit/covariant17.C -std=c++14 (test for excess errors)
UNRESOLVED: g++.dg/inherit/covariant17.C -std=c++14 compilation failed to produce executable
FAIL: g++.dg/inherit/covariant18.C -std=c++14 (test for excess errors)
UNRESOLVED: g++.dg/inherit/covariant18.C -std=c++14 compilation failed to produce executable
FAIL: g++.dg/inherit/covariant4.C -std=c++14 (test for excess errors)
UNRESOLVED: g++.dg/inherit/covariant4.C -std=c++14 compilation failed to produce executable
FAIL: g++.dg/inherit/thunk11.C -std=gnu++14 (test for excess errors)
FAIL: g++.dg/inherit/using2.C -std=c++14 (test for excess errors)
UNRESOLVED: g++.dg/inherit/using2.C -std=c++14 compilation failed to produce executable
FAIL: g++.dg/inherit/virtual8.C -std=c++14 (test for excess errors)
UNRESOLVED: g++.dg/inherit/virtual8.C -std=c++14 compilation failed to produce executable
FAIL: g++.dg/init/delete2.C -std=c++14 (test for excess errors)
UNRESOLVED: g++.dg/init/delete2.C -std=c++14 compilation failed to produce executable
FAIL: g++.dg/init/init-ref3.C -std=c++14 (test for excess errors)
FAIL: g++.dg/init/new26.C -std=gnu++14 (test for excess errors)
UNRESOLVED: g++.dg/init/new26.C -std=gnu++14 compilation failed to produce executable
FAIL: g++.dg/init/new36.C -std=c++14 (test for excess errors)
UNRESOLVED: g++.dg/init/new36.C -std=c++14 compilation failed to produce executable
FAIL: g++.dg/init/ref9.C -std=c++14 (test for excess errors)
UNRESOLVED: g++.dg/init/ref9.C -std=c++14 compilation failed to produce executable
FAIL: g++.dg/init/value10.C -std=c++14 (test for excess errors)
UNRESOLVED: g++.dg/init/value10.C -std=c++14 compilation failed to produce executable
FAIL: g++.dg/ipa/devirt-21.C -std=gnu++14 (test for excess errors)
UNRESOLVED: g++.dg/ipa/devirt-21.C -std=gnu++14 compilation failed to produce executable
FAIL: g++.dg/ipa/devirt-23.C -std=gnu++14 (test for excess errors)
UNRESOLVED: g++.dg/ipa/devirt-23.C -std=gnu++14 compilation failed to produce executable
FAIL: g++.dg/ipa/devirt-29.C -std=gnu++14 (test for excess errors)
UNRESOLVED: g++.dg/ipa/devirt-29.C -std=gnu++14 compilation failed to produce executable
FAIL: g++.dg/ipa/devirt-6.C -std=gnu++14 (test for excess errors)
UNRESOLVED: g++.dg/ipa/devirt-6.C -std=gnu++14 compilation failed to produce executable
FAIL: g++.dg/opt/anchor1.C -std=gnu++14 (test for excess errors)
UNRESOLVED: g++.dg/opt/anchor1.C -std=gnu++14 compilation failed to produce executable
FAIL: g++.dg/opt/cleanup1.C -std=gnu++14 (test for excess errors)
UNRESOLVED: g++.dg/opt/cleanup1.C -std=gnu++14 compilation failed to produce executable
FAIL: g++.dg/opt/const1.C -std=gnu++14 (test for excess errors)
UNRESOLVED: g++.dg/opt/const1.C -std=gnu++14 compilation failed to produce executable
FAIL: g++.dg/opt/covariant1.C -std=gnu++14 (test for excess errors)
UNRESOLVED: g++.dg/opt/covariant1.C -std=gnu++14 compilation failed to produce executable
FAIL: g++.dg/opt/dtor2.C -std=gnu++14 (test for excess errors)
FAIL: g++.dg/opt/pr15551.C -std=gnu++14 (test for excess errors)
UNRESOLVED: g++.dg/opt/pr15551.C -std=gnu++14 compilation failed to produce executable
FAIL: g++.dg/opt/pr23478.C -std=gnu++14 (test for excess errors)
UNRESOLVED: g++.dg/opt/pr23478.C -std=gnu++14 compilation failed to produce executable
FAIL: g++.dg/opt/pr36185.C -std=gnu++14 (test for excess errors)
UNRESOLVED: g++.dg/opt/pr36185.C -std=gnu++14 compilation failed to produce executable
FAIL: g++.dg/opt/pr42508.C -std=gnu++14 (test for excess errors)
UNRESOLVED: g++.dg/opt/pr42508.C -std=gnu++14 compilation failed to produce executable
FAIL: g++.dg/opt/preinc1.C -std=gnu++14 (test for excess errors)
UNRESOLVED: g++.dg/opt/preinc1.C -std=gnu++14 compilation failed to produce executable
FAIL: g++.dg/opt/reg-stack.C -std=gnu++14 (test for excess errors)
UNRESOLVED: g++.dg/opt/reg-stack.C -std=gnu++14 compilation failed to produce executable
FAIL: g++.dg/opt/rtti1.C -std=gnu++14 (test for excess errors)
UNRESOLVED: g++.dg/opt/rtti1.C -std=gnu++14 compilation failed to produce executable
FAIL: g++.dg/opt/thunk2.C -std=gnu++14 (test for excess errors)
UNRESOLVED: g++.dg/opt/thunk2.C -std=gnu++14 compilation failed to produce executable
FAIL: g++.dg/opt/typeinfo1.C -std=gnu++14 (test for excess errors)
UNRESOLVED: g++.dg/opt/typeinfo1.C -std=gnu++14 compilation failed to produce executable
FAIL: g++.dg/opt/unroll1.C -std=gnu++14 (test for excess errors)
UNRESOLVED: g++.dg/opt/unroll1.C -std=gnu++14 compilation failed to produce executable
FAIL: g++.dg/other/anon5.C -std=gnu++11 (test for excess errors)
FAIL: g++.dg/other/anon5.C -std=gnu++14 (test for excess errors)
FAIL: g++.dg/other/anon5.C -std=gnu++98 (test for excess errors)
FAIL: g++.dg/other/pr47218.C -std=gnu++14 (test for excess errors)
FAIL: g++.dg/other/pr59492.C -std=gnu++11 (test for excess errors)
FAIL: g++.dg/other/pr59492.C -std=gnu++14 (test for excess errors)
FAIL: g++.dg/other/pr59492.C -std=gnu++98 (test for excess errors)
FAIL: g++.dg/overload/virtual2.C -std=c++14 (test for excess errors)
UNRESOLVED: g++.dg/overload/virtual2.C -std=c++14 compilation failed to produce executable
FAIL: g++.dg/pr59695.C -std=gnu++14 (test for excess errors)
UNRESOLVED: g++.dg/pr59695.C -std=gnu++14 compilation failed to produce executable
FAIL: g++.dg/pr61289-2.C -std=gnu++14 (test for excess errors)
UNRESOLVED: g++.dg/pr61289-2.C -std=gnu++14 compilation failed to produce executable
FAIL: g++.dg/pr61289.C -std=gnu++14 (test for excess errors)
UNRESOLVED: g++.dg/pr61289.C -std=gnu++14 compilation failed to produce executable
FAIL: g++.dg/rtti/dyncast2.C -std=c++14 (test for excess errors)
UNRESOLVED: g++.dg/rtti/dyncast2.C -std=c++14 compilation failed to produce executable
FAIL: g++.dg/rtti/dyncast3.C -std=c++14 (test for excess errors)
UNRESOLVED: g++.dg/rtti/dyncast3.C -std=c++14 compilation failed to produce executable
FAIL: g++.dg/rtti/dyncast7.C -std=c++14 (test for excess errors)
UNRESOLVED: g++.dg/rtti/dyncast7.C -std=c++14 compilation failed to produce executable
FAIL: g++.dg/rtti/typeid4.C -std=gnu++14 (test for excess errors)
UNRESOLVED: g++.dg/rtti/typeid4.C -std=gnu++14 compilation failed to produce executable
FAIL: g++.dg/template/repo10.C -std=gnu++14 (test for excess errors)
FAIL: g++.dg/tree-ssa/pr20458.C -std=gnu++14 (test for excess errors)
UNRESOLVED: g++.dg/tree-ssa/pr20458.C -std=gnu++14 compilation failed to produce executable
FAIL: g++.old-deja/g++.abi/vbase1.C -std=c++14 (test for excess errors)
UNRESOLVED: g++.old-deja/g++.abi/vbase1.C -std=c++14 compilation failed to produce executable
FAIL: g++.old-deja/g++.abi/vbase2.C -std=c++14 (test for excess errors)
UNRESOLVED: g++.old-deja/g++.abi/vbase2.C -std=c++14 compilation failed to produce executable
FAIL: g++.old-deja/g++.abi/vbase4.C -std=c++14 (test for excess errors)
UNRESOLVED: g++.old-deja/g++.abi/vbase4.C -std=c++14 compilation failed to produce executable
FAIL: g++.old-deja/g++.abi/vbase7.C -std=c++14 (test for excess errors)
UNRESOLVED: g++.old-deja/g++.abi/vbase7.C -std=c++14 compilation failed to produce executable
FAIL: g++.old-deja/g++.brendan/delete2.C -std=c++14 (test for excess errors)
UNRESOLVED: g++.old-deja/g++.brendan/delete2.C -std=c++14 compilation failed to produce executable
FAIL: g++.old-deja/g++.brendan/dtors2.C -std=c++14 (test for excess errors)
UNRESOLVED: g++.old-deja/g++.brendan/dtors2.C -std=c++14 compilation failed to produce executable
FAIL: g++.old-deja/g++.brendan/dtors3.C -std=c++14 (test for excess errors)
UNRESOLVED: g++.old-deja/g++.brendan/dtors3.C -std=c++14 compilation failed to produce executable
FAIL: g++.old-deja/g++.brendan/new3.C -std=gnu++14 (test for excess errors)
UNRESOLVED: g++.old-deja/g++.brendan/new3.C -std=gnu++14 compilation failed to produce executable
FAIL: g++.old-deja/g++.eh/catch3p.C -std=gnu++14 (test for excess errors)
UNRESOLVED: g++.old-deja/g++.eh/catch3p.C -std=gnu++14 compilation failed to produce executable
FAIL: g++.old-deja/g++.eh/catch4p.C -std=gnu++14 (test for excess errors)
UNRESOLVED: g++.old-deja/g++.eh/catch4p.C -std=gnu++14 compilation failed to produce executable
FAIL: g++.old-deja/g++.eh/catch5p.C -std=gnu++14 (test for excess errors)
UNRESOLVED: g++.old-deja/g++.eh/catch5p.C -std=gnu++14 compilation failed to produce executable
FAIL: g++.old-deja/g++.eh/catch6p.C -std=gnu++14 (test for excess errors)
UNRESOLVED: g++.old-deja/g++.eh/catch6p.C -std=gnu++14 compilation failed to produce executable
FAIL: g++.old-deja/g++.eh/catch7p.C -std=gnu++14 (test for excess errors)
UNRESOLVED: g++.old-deja/g++.eh/catch7p.C -std=gnu++14 compilation failed to produce executable
FAIL: g++.old-deja/g++.eh/catch8p.C -std=gnu++14 (test for excess errors)
UNRESOLVED: g++.old-deja/g++.eh/catch8p.C -std=gnu++14 compilation failed to produce executable
FAIL: g++.old-deja/g++.eh/catch9p.C -std=gnu++14 (test for excess errors)
UNRESOLVED: g++.old-deja/g++.eh/catch9p.C -std=gnu++14 compilation failed to produce executable
FAIL: g++.old-deja/g++.eh/new2.C -std=gnu++14 (test for excess errors)
UNRESOLVED: g++.old-deja/g++.eh/new2.C -std=gnu++14 compilation failed to produce executable
FAIL: g++.old-deja/g++.eh/vbase4.C -std=c++14 (test for excess errors)
UNRESOLVED: g++.old-deja/g++.eh/vbase4.C -std=c++14 compilation failed to produce executable
FAIL: g++.old-deja/g++.jason/2371.C -std=gnu++14 (test for excess errors)
UNRESOLVED: g++.old-deja/g++.jason/2371.C -std=gnu++14 compilation failed to produce executable
FAIL: g++.old-deja/g++.jason/init3.C -std=c++14 (test for excess errors)
UNRESOLVED: g++.old-deja/g++.jason/init3.C -std=c++14 compilation failed to produce executable
FAIL: g++.old-deja/g++.jason/new5.C -std=c++14 (test for excess errors)
UNRESOLVED: g++.old-deja/g++.jason/new5.C -std=c++14 compilation failed to produce executable
FAIL: g++.old-deja/g++.jason/overload13.C -std=c++14 (test for excess errors)
UNRESOLVED: g++.old-deja/g++.jason/overload13.C -std=c++14 compilation failed to produce executable
FAIL: g++.old-deja/g++.jason/rvalue1.C -std=c++14 (test for excess errors)
UNRESOLVED: g++.old-deja/g++.jason/rvalue1.C -std=c++14 compilation failed to produce executable
FAIL: g++.old-deja/g++.law/code-gen5.C -std=c++14 (test for excess errors)
UNRESOLVED: g++.old-deja/g++.law/code-gen5.C -std=c++14 compilation failed to produce executable
FAIL: g++.old-deja/g++.law/ctors15.C -std=c++14 (test for excess errors)
UNRESOLVED: g++.old-deja/g++.law/ctors15.C -std=c++14 compilation failed to produce executable
FAIL: g++.old-deja/g++.law/cvt2.C -std=c++14 (test for excess errors)
UNRESOLVED: g++.old-deja/g++.law/cvt2.C -std=c++14 compilation failed to produce executable
FAIL: g++.old-deja/g++.law/operators15.C -std=c++14 (test for excess errors)
UNRESOLVED: g++.old-deja/g++.law/operators15.C -std=c++14 compilation failed to produce executable
FAIL: g++.old-deja/g++.law/scope2.C -std=c++14 (test for excess errors)
UNRESOLVED: g++.old-deja/g++.law/scope2.C -std=c++14 compilation failed to produce executable
FAIL: g++.old-deja/g++.law/virtual3.C -std=c++14 (test for excess errors)
UNRESOLVED: g++.old-deja/g++.law/virtual3.C -std=c++14 compilation failed to produce executable
FAIL: g++.old-deja/g++.mike/dyncast8.C -std=c++14 (test for excess errors)
UNRESOLVED: g++.old-deja/g++.mike/dyncast8.C -std=c++14 compilation failed to produce executable
FAIL: g++.old-deja/g++.mike/eh44.C -std=gnu++14 (test for excess errors)
UNRESOLVED: g++.old-deja/g++.mike/eh44.C -std=gnu++14 compilation failed to produce executable
FAIL: g++.old-deja/g++.mike/eh45.C -std=c++14 (test for excess errors)
UNRESOLVED: g++.old-deja/g++.mike/eh45.C -std=c++14 compilation failed to produce executable
FAIL: g++.old-deja/g++.mike/mi1.C -std=gnu++14 (test for excess errors)
UNRESOLVED: g++.old-deja/g++.mike/mi1.C -std=gnu++14 compilation failed to produce executable
FAIL: g++.old-deja/g++.mike/mi2.C -std=c++14 (test for excess errors)
UNRESOLVED: g++.old-deja/g++.mike/mi2.C -std=c++14 compilation failed to produce executable
FAIL: g++.old-deja/g++.mike/misc13.C -std=c++14 (test for excess errors)
UNRESOLVED: g++.old-deja/g++.mike/misc13.C -std=c++14 compilation failed to produce executable
FAIL: g++.old-deja/g++.mike/misc14.C -std=c++14 (test for excess errors)
UNRESOLVED: g++.old-deja/g++.mike/misc14.C -std=c++14 compilation failed to produce executable
FAIL: g++.old-deja/g++.mike/p1248.C -std=c++14 (test for excess errors)
UNRESOLVED: g++.old-deja/g++.mike/p1248.C -std=c++14 compilation failed to produce executable
FAIL: g++.old-deja/g++.mike/p16146.C -std=c++14 (test for excess errors)
UNRESOLVED: g++.old-deja/g++.mike/p16146.C -std=c++14 compilation failed to produce executable
FAIL: g++.old-deja/g++.mike/p1862.C -std=c++14 (test for excess errors)
UNRESOLVED: g++.old-deja/g++.mike/p1862.C -std=c++14 compilation failed to produce executable
FAIL: g++.old-deja/g++.mike/p2846.C -std=c++14 (test for excess errors)
UNRESOLVED: g++.old-deja/g++.mike/p2846.C -std=c++14 compilation failed to produce executable
FAIL: g++.old-deja/g++.mike/p2960.C -std=c++14 (test for excess errors)
UNRESOLVED: g++.old-deja/g++.mike/p2960.C -std=c++14 compilation failed to produce executable
FAIL: g++.old-deja/g++.mike/p3068.C -std=c++14 (test for excess errors)
UNRESOLVED: g++.old-deja/g++.mike/p3068.C -std=c++14 compilation failed to produce executable
FAIL: g++.old-deja/g++.mike/p3708.C -std=c++14 (test for excess errors)
UNRESOLVED: g++.old-deja/g++.mike/p3708.C -std=c++14 compilation failed to produce executable
FAIL: g++.old-deja/g++.mike/p3708a.C -std=c++14 (test for excess errors)
UNRESOLVED: g++.old-deja/g++.mike/p3708a.C -std=c++14 compilation failed to produce executable
FAIL: g++.old-deja/g++.mike/p3708b.C -std=c++14 (test for excess errors)
UNRESOLVED: g++.old-deja/g++.mike/p3708b.C -std=c++14 compilation failed to produce executable
FAIL: g++.old-deja/g++.mike/p4246.C -std=c++14 (test for excess errors)
UNRESOLVED: g++.old-deja/g++.mike/p4246.C -std=c++14 compilation failed to produce executable
FAIL: g++.old-deja/g++.mike/p4736c.C -std=c++14 (test for excess errors)
UNRESOLVED: g++.old-deja/g++.mike/p4736c.C -std=c++14 compilation failed to produce executable
FAIL: g++.old-deja/g++.mike/p5571.C -std=c++14 (test for excess errors)
UNRESOLVED: g++.old-deja/g++.mike/p5571.C -std=c++14 compilation failed to produce executable
FAIL: g++.old-deja/g++.mike/p755.C -std=c++14 (test for excess errors)
UNRESOLVED: g++.old-deja/g++.mike/p755.C -std=c++14 compilation failed to produce executable
FAIL: g++.old-deja/g++.mike/p755a.C -std=c++14 (test for excess errors)
UNRESOLVED: g++.old-deja/g++.mike/p755a.C -std=c++14 compilation failed to produce executable
FAIL: g++.old-deja/g++.mike/p789a.C -std=c++14 (test for excess errors)
UNRESOLVED: g++.old-deja/g++.mike/p789a.C -std=c++14 compilation failed to produce executable
FAIL: g++.old-deja/g++.mike/p8018.C -std=c++14 (test for excess errors)
UNRESOLVED: g++.old-deja/g++.mike/p8018.C -std=c++14 compilation failed to produce executable
FAIL: g++.old-deja/g++.mike/pmf2.C -std=c++14 (test for excess errors)
UNRESOLVED: g++.old-deja/g++.mike/pmf2.C -std=c++14 compilation failed to produce executable
FAIL: g++.old-deja/g++.mike/rtti3.C -std=c++14 (test for excess errors)
UNRESOLVED: g++.old-deja/g++.mike/rtti3.C -std=c++14 compilation failed to produce executable
FAIL: g++.old-deja/g++.mike/thunk2.C -std=c++14 (test for excess errors)
UNRESOLVED: g++.old-deja/g++.mike/thunk2.C -std=c++14 compilation failed to produce executable
FAIL: g++.old-deja/g++.mike/thunk3.C -std=c++14 (test for excess errors)
UNRESOLVED: g++.old-deja/g++.mike/thunk3.C -std=c++14 compilation failed to produce executable
FAIL: g++.old-deja/g++.mike/virt5.C -std=c++14 (test for excess errors)
UNRESOLVED: g++.old-deja/g++.mike/virt5.C -std=c++14 compilation failed to produce executable
FAIL: g++.old-deja/g++.oliva/delete2.C -std=c++14 (test for excess errors)
UNRESOLVED: g++.old-deja/g++.oliva/delete2.C -std=c++14 compilation failed to produce executable
FAIL: g++.old-deja/g++.oliva/delete3.C -std=c++14 (test for excess errors)
UNRESOLVED: g++.old-deja/g++.oliva/delete3.C -std=c++14 compilation failed to produce executable
FAIL: g++.old-deja/g++.other/delete3.C -std=c++14 (test for excess errors)
UNRESOLVED: g++.old-deja/g++.other/delete3.C -std=c++14 compilation failed to produce executable
FAIL: g++.old-deja/g++.other/delete8.C -std=c++14 (test for excess errors)
UNRESOLVED: g++.old-deja/g++.other/delete8.C -std=c++14 compilation failed to produce executable
FAIL: g++.old-deja/g++.other/dtor9.C -std=c++14 (test for excess errors)
UNRESOLVED: g++.old-deja/g++.other/dtor9.C -std=c++14 compilation failed to produce executable
FAIL: g++.old-deja/g++.other/dyncast1.C -std=c++14 (test for excess errors)
UNRESOLVED: g++.old-deja/g++.other/dyncast1.C -std=c++14 compilation failed to produce executable
FAIL: g++.old-deja/g++.other/dyncast2.C -std=c++14 (test for excess errors)
UNRESOLVED: g++.old-deja/g++.other/dyncast2.C -std=c++14 compilation failed to produce executable
FAIL: g++.old-deja/g++.other/dyncast3.C -std=c++14 (test for excess errors)
UNRESOLVED: g++.old-deja/g++.other/dyncast3.C -std=c++14 compilation failed to produce executable
FAIL: g++.old-deja/g++.other/dyncast4.C -std=c++14 (test for excess errors)
UNRESOLVED: g++.old-deja/g++.other/dyncast4.C -std=c++14 compilation failed to produce executable
FAIL: g++.old-deja/g++.other/dyncast5.C -std=c++14 (test for excess errors)
UNRESOLVED: g++.old-deja/g++.other/dyncast5.C -std=c++14 compilation failed to produce executable
FAIL: g++.old-deja/g++.other/local1.C -std=c++14 (test for excess errors)
FAIL: g++.old-deja/g++.other/new3.C -std=c++14 (test for excess errors)
UNRESOLVED: g++.old-deja/g++.other/new3.C -std=c++14 compilation failed to produce executable
FAIL: g++.old-deja/g++.other/pmf4.C -std=c++14 (test for excess errors)
UNRESOLVED: g++.old-deja/g++.other/pmf4.C -std=c++14 compilation failed to produce executable
FAIL: g++.old-deja/g++.other/pmf5.C -std=c++14 (test for excess errors)
UNRESOLVED: g++.old-deja/g++.other/pmf5.C -std=c++14 compilation failed to produce executable
FAIL: g++.old-deja/g++.other/store-expr1.C -std=gnu++14 (test for excess errors)
UNRESOLVED: g++.old-deja/g++.other/store-expr1.C -std=gnu++14 compilation failed to produce executable
FAIL: g++.old-deja/g++.other/store-expr2.C -std=gnu++14 (test for excess errors)
UNRESOLVED: g++.old-deja/g++.other/store-expr2.C -std=gnu++14 compilation failed to produce executable
FAIL: g++.old-deja/g++.other/thunk1.C -std=c++14 (test for excess errors)
UNRESOLVED: g++.old-deja/g++.other/thunk1.C -std=c++14 compilation failed to produce executable
FAIL: g++.old-deja/g++.other/unchanging1.C -std=gnu++14 (test for excess errors)
UNRESOLVED: g++.old-deja/g++.other/unchanging1.C -std=gnu++14 compilation failed to produce executable
FAIL: g++.old-deja/g++.other/vbase5.C -std=c++14 (test for excess errors)
UNRESOLVED: g++.old-deja/g++.other/vbase5.C -std=c++14 compilation failed to produce executable
FAIL: g++.old-deja/g++.other/vtbl2.C -std=c++14 (test for excess errors)
UNRESOLVED: g++.old-deja/g++.other/vtbl2.C -std=c++14 compilation failed to produce executable
FAIL: g++.old-deja/g++.pt/explicit74.C -std=c++14 (test for excess errors)
UNRESOLVED: g++.old-deja/g++.pt/explicit74.C -std=c++14 compilation failed to produce executable
FAIL: g++.old-deja/g++.pt/expr1.C -std=c++14 (test for excess errors)
UNRESOLVED: g++.old-deja/g++.pt/expr1.C -std=c++14 compilation failed to produce executable
FAIL: g++.old-deja/g++.pt/mi1.C -std=c++14 (test for excess errors)
UNRESOLVED: g++.old-deja/g++.pt/mi1.C -std=c++14 compilation failed to produce executable
FAIL: g++.old-deja/g++.pt/repo1.C -std=gnu++14 (test for excess errors)
FAIL: g++.old-deja/g++.pt/repo3.C -std=gnu++14 (test for excess errors)
FAIL: g++.old-deja/g++.pt/virtual1.C -std=c++14 (test for excess errors)
UNRESOLVED: g++.old-deja/g++.pt/virtual1.C -std=c++14 compilation failed to produce executable
=== g++ Summary for unix//-m32 ===
# of expected passes 89116
# of unexpected failures 145
# of expected failures 302
# of unresolved testcases 130
# of unsupported tests 3196
Running target unix//-m64
FAIL: g++.dg/other/anon5.C -std=gnu++11 (test for excess errors)
FAIL: g++.dg/other/anon5.C -std=gnu++14 (test for excess errors)
FAIL: g++.dg/other/anon5.C -std=gnu++98 (test for excess errors)
=== g++ Summary for unix//-m64 ===
# of expected passes 90908
# of unexpected failures 3
# of expected failures 302
# of unsupported tests 3456
=== g++ Summary ===
# of expected passes 180024
# of unexpected failures 148
# of expected failures 604
# of unresolved testcases 130
# of unsupported tests 6652
/var/lib/jenkins/workspace/GCCupstream/objdir/gcc/testsuite/g++/../../xg++ version 5.0.0 20141215 (experimental) (GCC)
=== objc tests ===
Running target unix//-m32
=== objc Summary for unix//-m32 ===
# of expected passes 3004
# of expected failures 6
# of unsupported tests 74
Running target unix//-m64
=== objc Summary for unix//-m64 ===
# of expected passes 3004
# of expected failures 6
# of unsupported tests 74
=== objc Summary ===
# of expected passes 6008
# of expected failures 12
# of unsupported tests 148
/var/lib/jenkins/workspace/GCCupstream/objdir/gcc/xgcc version 5.0.0 20141215 (experimental) (GCC)
=== libatomic tests ===
Running target unix//-m32
=== libatomic Summary for unix//-m32 ===
# of expected passes 44
# of unsupported tests 5
Running target unix//-m64
=== libatomic Summary for unix//-m64 ===
# of expected passes 54
=== libatomic Summary ===
# of expected passes 98
# of unsupported tests 5
=== libffi tests ===
Running target unix//-m32
=== libffi Summary for unix//-m32 ===
# of expected passes 1819
# of unsupported tests 55
Running target unix//-m64
=== libffi Summary for unix//-m64 ===
# of expected passes 1819
# of unsupported tests 55
=== libffi Summary ===
# of expected passes 3638
# of unsupported tests 110
=== libgomp tests ===
Running target unix//-m32
=== libgomp Summary for unix//-m32 ===
# of expected passes 3648
# of unsupported tests 108
Running target unix//-m64
=== libgomp Summary for unix//-m64 ===
# of expected passes 3648
# of unsupported tests 108
=== libgomp Summary ===
# of expected passes 7296
# of unsupported tests 216
=== libitm tests ===
Running target unix//-m32
=== libitm Summary for unix//-m32 ===
# of expected passes 26
# of expected failures 3
# of unsupported tests 1
Running target unix//-m64
=== libitm Summary for unix//-m64 ===
# of expected passes 26
# of expected failures 3
# of unsupported tests 1
=== libitm Summary ===
# of expected passes 52
# of expected failures 6
# of unsupported tests 2
=== libjava tests ===
Running target unix//-m32
=== libjava Summary for unix//-m32 ===
# of expected passes 2582
# of expected failures 4
Running target unix//-m64
=== libjava Summary for unix//-m64 ===
# of expected passes 2582
# of expected failures 4
=== libjava Summary ===
# of expected passes 5164
# of expected failures 8
=== libstdc++ tests ===
Running target unix//-m32
FAIL: 20_util/unique_ptr/creation/single.cc (test for excess errors)
UNRESOLVED: 20_util/unique_ptr/creation/single.cc compilation failed to produce executable
FAIL: 27_io/manipulators/standard/char/dr2344.cc (test for excess errors)
UNRESOLVED: 27_io/manipulators/standard/char/dr2344.cc compilation failed to produce executable
FAIL: 27_io/manipulators/standard/char/quoted.cc (test for excess errors)
UNRESOLVED: 27_io/manipulators/standard/char/quoted.cc compilation failed to produce executable
FAIL: 27_io/manipulators/standard/wchar_t/dr2344.cc (test for excess errors)
UNRESOLVED: 27_io/manipulators/standard/wchar_t/dr2344.cc compilation failed to produce executable
FAIL: 27_io/manipulators/standard/wchar_t/quoted.cc (test for excess errors)
UNRESOLVED: 27_io/manipulators/standard/wchar_t/quoted.cc compilation failed to produce executable
FAIL: 30_threads/shared_timed_mutex/try_lock/2.cc (test for excess errors)
UNRESOLVED: 30_threads/shared_timed_mutex/try_lock/2.cc compilation failed to produce executable
FAIL: experimental/algorithm/sample.cc (test for excess errors)
UNRESOLVED: experimental/algorithm/sample.cc compilation failed to produce executable
FAIL: experimental/any/assign/2.cc (test for excess errors)
UNRESOLVED: experimental/any/assign/2.cc compilation failed to produce executable
FAIL: experimental/any/cons/2.cc (test for excess errors)
UNRESOLVED: experimental/any/cons/2.cc compilation failed to produce executable
FAIL: experimental/any/misc/any_cast.cc (test for excess errors)
UNRESOLVED: experimental/any/misc/any_cast.cc compilation failed to produce executable
FAIL: experimental/any/misc/any_cast_no_rtti.cc (test for excess errors)
UNRESOLVED: experimental/any/misc/any_cast_no_rtti.cc compilation failed to produce executable
FAIL: experimental/optional/observers/3.cc (test for excess errors)
UNRESOLVED: experimental/optional/observers/3.cc compilation failed to produce executable
FAIL: experimental/string_view/inserters/char/3.cc (test for excess errors)
UNRESOLVED: experimental/string_view/inserters/char/3.cc compilation failed to produce executable
FAIL: experimental/string_view/inserters/pod/10081-out.cc (test for excess errors)
UNRESOLVED: experimental/string_view/inserters/pod/10081-out.cc compilation failed to produce executable
FAIL: experimental/string_view/inserters/wchar_t/3.cc (test for excess errors)
UNRESOLVED: experimental/string_view/inserters/wchar_t/3.cc compilation failed to produce executable
=== libstdc++ Summary for unix//-m32 ===
# of expected passes 9588
# of unexpected failures 15
# of expected failures 68
# of unresolved testcases 15
# of unsupported tests 538
Running target unix//-m64
=== libstdc++ Summary for unix//-m64 ===
# of expected passes 9610
# of expected failures 68
# of unsupported tests 542
=== libstdc++ Summary ===
# of expected passes 19198
# of unexpected failures 15
# of expected failures 136
# of unresolved testcases 15
# of unsupported tests 1080
Compiler version: 5.0.0 20141215 (experimental) (GCC)
Platform: x86_64-unknown-linux-gnu
configure flags: --prefix=/var/lib/jenkins/workspace/GCCupstream/objdir/install
More information about the Gcc-testresults
mailing list