Results for 5.0.0 20141213 (experimental) [trunk revision 218710] (GCC) testsuite on x86_64-apple-darwin14.0.0
Dominique Dhumieres
dominiq@lps.ens.fr
Sun Dec 14 08:57:00 GMT 2014
LAST_UPDATED: Updated Sat Dec 13 23:58:03 CET 2014 to revision 218710.
=== acats tests ===
FAIL: c760002
FAIL: c761002
FAIL: cc1224a
FAIL: cc3007a
FAIL: cc3007b
=== acats Summary ===
# of expected passes 2315
# of unexpected failures 5
Native configuration is x86_64-apple-darwin14.0.0
=== g++ tests ===
Running target unix/-m32
FAIL: g++.dg/debug/dwarf2/imported-decl-2.C -std=gnu++11 scan-assembler-times ascii "AAAA\\\\\\\\0".*ascii "BBBB\\\\\\\\0".*DIE .0x[0-9a-f]*. DW_TAG_imported_declaration 1
FAIL: g++.dg/debug/dwarf2/imported-decl-2.C -std=gnu++14 scan-assembler-times ascii "AAAA\\\\\\\\0".*ascii "BBBB\\\\\\\\0".*DIE .0x[0-9a-f]*. DW_TAG_imported_declaration 1
FAIL: g++.dg/debug/dwarf2/imported-decl-2.C -std=gnu++98 scan-assembler-times ascii "AAAA\\\\\\\\0".*ascii "BBBB\\\\\\\\0".*DIE .0x[0-9a-f]*. DW_TAG_imported_declaration 1
FAIL: g++.dg/cpp1y/pr63996.C -std=c++14 (test for excess errors)
FAIL: g++.dg/ext/sync-4.C -std=gnu++11 execution test
FAIL: g++.dg/ext/sync-4.C -std=gnu++14 execution test
FAIL: g++.dg/ext/sync-4.C -std=gnu++98 execution test
FAIL: g++.dg/tm/pr47573.C -std=gnu++11 (test for excess errors)
FAIL: g++.dg/tm/pr47573.C -std=gnu++14 (test for excess errors)
FAIL: g++.dg/tm/pr47573.C -std=gnu++98 (test for excess errors)
FAIL: g++.dg/torture/pr60474.C -O1 (internal compiler error)
FAIL: g++.dg/torture/pr60474.C -O1 (test for excess errors)
FAIL: g++.dg/torture/pr60474.C -O2 (internal compiler error)
FAIL: g++.dg/torture/pr60474.C -O2 (test for excess errors)
FAIL: g++.dg/torture/pr60474.C -O2 -flto (internal compiler error)
FAIL: g++.dg/torture/pr60474.C -O2 -flto (test for excess errors)
FAIL: g++.dg/torture/pr60474.C -O2 -flto -flto-partition=none (internal compiler error)
FAIL: g++.dg/torture/pr60474.C -O2 -flto -flto-partition=none (test for excess errors)
FAIL: g++.dg/torture/pr60474.C -O3 -fomit-frame-pointer (internal compiler error)
FAIL: g++.dg/torture/pr60474.C -O3 -fomit-frame-pointer (test for excess errors)
FAIL: g++.dg/torture/pr60474.C -O3 -fomit-frame-pointer -funroll-all-loops -finline-functions (internal compiler error)
FAIL: g++.dg/torture/pr60474.C -O3 -fomit-frame-pointer -funroll-all-loops -finline-functions (test for excess errors)
FAIL: g++.dg/torture/pr60474.C -O3 -fomit-frame-pointer -funroll-loops (internal compiler error)
FAIL: g++.dg/torture/pr60474.C -O3 -fomit-frame-pointer -funroll-loops (test for excess errors)
FAIL: g++.dg/torture/pr60474.C -O3 -g (internal compiler error)
FAIL: g++.dg/torture/pr60474.C -O3 -g (test for excess errors)
FAIL: g++.dg/torture/pr60474.C -Os (internal compiler error)
FAIL: g++.dg/torture/pr60474.C -Os (test for excess errors)
=== g++ Summary for unix/-m32 ===
# of expected passes 86604
# of unexpected failures 28
# of expected failures 299
# of unsupported tests 3545
Running target unix/-m64
FAIL: g++.dg/debug/dwarf2/imported-decl-2.C -std=gnu++11 scan-assembler-times ascii "AAAA\\\\\\\\0".*ascii "BBBB\\\\\\\\0".*DIE .0x[0-9a-f]*. DW_TAG_imported_declaration 1
FAIL: g++.dg/debug/dwarf2/imported-decl-2.C -std=gnu++14 scan-assembler-times ascii "AAAA\\\\\\\\0".*ascii "BBBB\\\\\\\\0".*DIE .0x[0-9a-f]*. DW_TAG_imported_declaration 1
FAIL: g++.dg/debug/dwarf2/imported-decl-2.C -std=gnu++98 scan-assembler-times ascii "AAAA\\\\\\\\0".*ascii "BBBB\\\\\\\\0".*DIE .0x[0-9a-f]*. DW_TAG_imported_declaration 1
FAIL: g++.dg/cpp1y/pr63996.C -std=c++14 (test for excess errors)
FAIL: g++.dg/ext/sync-4.C -std=gnu++11 execution test
FAIL: g++.dg/ext/sync-4.C -std=gnu++14 execution test
FAIL: g++.dg/ext/sync-4.C -std=gnu++98 execution test
FAIL: g++.dg/tm/pr47573.C -std=gnu++11 (test for excess errors)
FAIL: g++.dg/tm/pr47573.C -std=gnu++14 (test for excess errors)
FAIL: g++.dg/tm/pr47573.C -std=gnu++98 (test for excess errors)
FAIL: g++.dg/tree-prof/partition1.C compilation, -fprofile-use -D_PROFILE_USE
UNRESOLVED: g++.dg/tree-prof/partition1.C execution, -fprofile-use -D_PROFILE_USE
FAIL: g++.dg/tree-prof/pr57451.C compilation, -fprofile-use -D_PROFILE_USE
UNRESOLVED: g++.dg/tree-prof/pr57451.C execution, -fprofile-use -D_PROFILE_USE
=== g++ Summary for unix/-m64 ===
# of expected passes 88011
# of unexpected failures 12
# of expected failures 299
# of unresolved testcases 2
# of unsupported tests 3786
=== g++ Summary ===
# of expected passes 174615
# of unexpected failures 40
# of expected failures 598
# of unresolved testcases 2
# of unsupported tests 7331
/opt/gcc/build_c/gcc/testsuite/g++/../../xg++ version 5.0.0 20141213 (experimental) [trunk revision 218710] (GCC)
=== gcc tests ===
Running target unix/-m32
FAIL: c-c++-common/asan/strncpy-overflow-1.c -O0 output pattern test, is =================================================================
FAIL: gcc.dg/cpp/direct2s.c (test for excess errors)
FAIL: gcc.dg/20021014-1.c execution test
FAIL: gcc.dg/darwin-weakimport-3.c scan-assembler-not coalesced
FAIL: gcc.dg/framework-1.c (test for excess errors)
FAIL: gcc.dg/pr43643.c execution test
FAIL: gcc.dg/pr61053.c (test for excess errors)
FAIL: gcc.dg/sibcall-3.c execution test
FAIL: gcc.dg/undefined-loop-2.c (test for warnings, line 18)
FAIL: gcc.dg/graphite/vect-pr43423.c scan-tree-dump-times vect "vectorized 2 loops" 1
UNRESOLVED: gcc.dg/lto/pr59626 c_lto_pr59626_0.o-c_lto_pr59626_1.o execute -O2 -flto
UNRESOLVED: gcc.dg/lto/pr59626 c_lto_pr59626_0.o-c_lto_pr59626_1.o execute -O2 -flto -flto-partition=1to1
UNRESOLVED: gcc.dg/lto/pr59626 c_lto_pr59626_0.o-c_lto_pr59626_1.o execute -O2 -flto -flto-partition=none
FAIL: gcc.dg/lto/pr59626 c_lto_pr59626_0.o-c_lto_pr59626_1.o link, -O2 -flto
FAIL: gcc.dg/lto/pr59626 c_lto_pr59626_0.o-c_lto_pr59626_1.o link, -O2 -flto -flto-partition=1to1
FAIL: gcc.dg/lto/pr59626 c_lto_pr59626_0.o-c_lto_pr59626_1.o link, -O2 -flto -flto-partition=none
UNRESOLVED: gcc.dg/lto/pr61526 c_lto_pr61526_0.o-c_lto_pr61526_1.o execute -fPIC -flto -flto-partition=1to1
FAIL: gcc.dg/lto/pr61526 c_lto_pr61526_0.o-c_lto_pr61526_1.o link, -fPIC -flto -flto-partition=1to1
FAIL: gcc.dg/torture/builtin-self.c -O0 scan-assembler-not \\tcall
FAIL: gcc.dg/torture/ftrapv-1.c -O0 execution test
FAIL: gcc.dg/torture/ftrapv-1.c -O1 execution test
FAIL: gcc.dg/torture/ftrapv-1.c -O2 execution test
FAIL: gcc.dg/torture/ftrapv-1.c -O2 -flto execution test
FAIL: gcc.dg/torture/ftrapv-1.c -O2 -flto -flto-partition=none execution test
FAIL: gcc.dg/torture/ftrapv-1.c -O3 -fomit-frame-pointer execution test
FAIL: gcc.dg/torture/ftrapv-1.c -O3 -fomit-frame-pointer -funroll-all-loops -finline-functions execution test
FAIL: gcc.dg/torture/ftrapv-1.c -O3 -fomit-frame-pointer -funroll-loops execution test
FAIL: gcc.dg/torture/ftrapv-1.c -O3 -g execution test
FAIL: gcc.dg/torture/ftrapv-1.c -Os execution test
FAIL: gcc.target/i386/avx512bw-vpbroadcastb-1.c (internal compiler error)
FAIL: gcc.target/i386/avx512bw-vpbroadcastb-1.c (test for excess errors)
FAIL: gcc.target/i386/avx512bw-vpbroadcastb-1.c scan-assembler-times vpbroadcastb[ \\\\t]+[^{\\n]*%xmm[0-9]+{%k[1-7]}(?:\\n|[ \\\\t]+#) 2
FAIL: gcc.target/i386/avx512bw-vpbroadcastb-1.c scan-assembler-times vpbroadcastb[ \\\\t]+[^{\\n]*%xmm[0-9]+{%k[1-7]}{z}(?:\\n|[ \\\\t]+#) 2
FAIL: gcc.target/i386/avx512bw-vpbroadcastb-1.c scan-assembler-times vpbroadcastb[ \\\\t]+[^{\\n]*%ymm[0-9]+{%k[1-7]}(?:\\n|[ \\\\t]+#) 2
FAIL: gcc.target/i386/avx512bw-vpbroadcastb-1.c scan-assembler-times vpbroadcastb[ \\\\t]+[^{\\n]*%ymm[0-9]+{%k[1-7]}{z}(?:\\n|[ \\\\t]+#) 2
FAIL: gcc.target/i386/avx512bw-vpbroadcastb-1.c scan-assembler-times vpbroadcastb[ \\\\t]+[^{\\n]*%zmm[0-9]+(?:\\n|[ \\\\t]+#) 2
FAIL: gcc.target/i386/avx512bw-vpbroadcastb-1.c scan-assembler-times vpbroadcastb[ \\\\t]+[^{\\n]*%zmm[0-9]+{%k[1-7]}(?:\\n|[ \\\\t]+#) 2
FAIL: gcc.target/i386/avx512bw-vpbroadcastb-1.c scan-assembler-times vpbroadcastb[ \\\\t]+[^{\\n]*%zmm[0-9]+{%k[1-7]}{z}(?:\\n|[ \\\\t]+#) 2
FAIL: gcc.target/i386/avx512bw-vpbroadcastw-1.c (internal compiler error)
FAIL: gcc.target/i386/avx512bw-vpbroadcastw-1.c (test for excess errors)
FAIL: gcc.target/i386/avx512bw-vpbroadcastw-1.c scan-assembler-times vpbroadcastw[ \\\\t]+[^{\\n]*%xmm[0-9]+{%k[1-7]}(?:\\n|[ \\\\t]+#) 2
FAIL: gcc.target/i386/avx512bw-vpbroadcastw-1.c scan-assembler-times vpbroadcastw[ \\\\t]+[^{\\n]*%xmm[0-9]+{%k[1-7]}{z}(?:\\n|[ \\\\t]+#) 2
FAIL: gcc.target/i386/avx512bw-vpbroadcastw-1.c scan-assembler-times vpbroadcastw[ \\\\t]+[^{\\n]*%ymm[0-9]+{%k[1-7]}(?:\\n|[ \\\\t]+#) 2
FAIL: gcc.target/i386/avx512bw-vpbroadcastw-1.c scan-assembler-times vpbroadcastw[ \\\\t]+[^{\\n]*%ymm[0-9]+{%k[1-7]}{z}(?:\\n|[ \\\\t]+#) 2
FAIL: gcc.target/i386/avx512bw-vpbroadcastw-1.c scan-assembler-times vpbroadcastw[ \\\\t]+[^{\\n]*%zmm[0-9]+(?:\\n|[ \\\\t]+#) 2
FAIL: gcc.target/i386/avx512bw-vpbroadcastw-1.c scan-assembler-times vpbroadcastw[ \\\\t]+[^{\\n]*%zmm[0-9]+{%k[1-7]}(?:\\n|[ \\\\t]+#) 2
FAIL: gcc.target/i386/avx512bw-vpbroadcastw-1.c scan-assembler-times vpbroadcastw[ \\\\t]+[^{\\n]*%zmm[0-9]+{%k[1-7]}{z}(?:\\n|[ \\\\t]+#) 2
FAIL: gcc.target/i386/avx512f-kandnw-1.c scan-assembler-times kandnw[ \\\\t]+[^{\\n]*%k[0-7](?:\\n|[ \\\\t]+#) 1
FAIL: gcc.target/i386/avx512vl-vmovdqa64-1.c scan-assembler-times vmovdqa64[ \\\\t]+[^{\\n]*%ymm[0-9]+[^\\n^x^y]*\\\\(.{5}(?:\\n|[ \\\\t]+#) 1
FAIL: gcc.target/i386/avx512vl-vmovdqa64-1.c scan-assembler-times vmovdqa64[ \\\\t]+\\\\([^\\n]*%xmm[0-9]+(?:\\n|[ \\\\t]+#) 1
FAIL: gcc.target/i386/avx512vl-vmovdqa64-1.c scan-assembler-times vmovdqa64[ \\\\t]+\\\\([^\\n]*%ymm[0-9]+(?:\\n|[ \\\\t]+#) 1
FAIL: gcc.target/i386/funcspec-5.c (test for excess errors)
FAIL: gcc.target/i386/fuse-caller-save-rec.c scan-assembler-not pop
FAIL: gcc.target/i386/fuse-caller-save-rec.c scan-assembler-not push
FAIL: gcc.target/i386/fuse-caller-save-rec.c scan-assembler-times addl\\t%[re]?dx, %[re]?ax 1
FAIL: gcc.target/i386/fuse-caller-save-xmm.c scan-assembler-times addpd\\t%xmm1, %xmm0 1
FAIL: gcc.target/i386/fuse-caller-save-xmm.c scan-assembler-times movapd\\t%xmm0, %xmm1 1
FAIL: gcc.target/i386/fuse-caller-save.c scan-assembler-not pop
FAIL: gcc.target/i386/fuse-caller-save.c scan-assembler-not push
FAIL: gcc.target/i386/fuse-caller-save.c scan-assembler-times addl\\t%[re]?d[ix], %[re]?ax 1
FAIL: gcc.target/i386/memcpy-strategy-3.c scan-assembler-times memcpy 2
FAIL: gcc.target/i386/memset-strategy-1.c scan-assembler-times memset 2
FAIL: gcc.target/i386/pr49095.c scan-assembler-not test[lq]
FAIL: gcc.target/i386/pr57275.c (test for excess errors)
UNRESOLVED: gcc.target/i386/pr57275.c compilation failed to produce executable
=== gcc Summary for unix/-m32 ===
# of expected passes 105744
# of unexpected failures 60
# of expected failures 301
# of unresolved testcases 5
# of unsupported tests 3664
Running target unix/-m64
FAIL: c-c++-common/asan/strncpy-overflow-1.c -O0 execution test
FAIL: gcc.dg/cpp/direct2s.c (test for excess errors)
FAIL: gcc.dg/framework-1.c (test for excess errors)
FAIL: gcc.dg/undefined-loop-2.c (test for warnings, line 18)
FAIL: gcc.dg/graphite/vect-pr43423.c scan-tree-dump-times vect "vectorized 2 loops" 1
UNRESOLVED: gcc.dg/lto/pr59626 c_lto_pr59626_0.o-c_lto_pr59626_1.o execute -O2 -flto
UNRESOLVED: gcc.dg/lto/pr59626 c_lto_pr59626_0.o-c_lto_pr59626_1.o execute -O2 -flto -flto-partition=1to1
UNRESOLVED: gcc.dg/lto/pr59626 c_lto_pr59626_0.o-c_lto_pr59626_1.o execute -O2 -flto -flto-partition=none
FAIL: gcc.dg/lto/pr59626 c_lto_pr59626_0.o-c_lto_pr59626_1.o link, -O2 -flto
FAIL: gcc.dg/lto/pr59626 c_lto_pr59626_0.o-c_lto_pr59626_1.o link, -O2 -flto -flto-partition=1to1
FAIL: gcc.dg/lto/pr59626 c_lto_pr59626_0.o-c_lto_pr59626_1.o link, -O2 -flto -flto-partition=none
UNRESOLVED: gcc.dg/lto/pr61526 c_lto_pr61526_0.o-c_lto_pr61526_1.o execute -fPIC -flto -flto-partition=1to1
FAIL: gcc.dg/lto/pr61526 c_lto_pr61526_0.o-c_lto_pr61526_1.o link, -fPIC -flto -flto-partition=1to1
FAIL: gcc.dg/pch/save-temps-1.c -O3 -fomit-frame-pointer -I. -Dwith_PCH (test for excess errors)
FAIL: gcc.dg/pch/save-temps-1.c -O0 -g -I. -Dwith_PCH (test for excess errors)
FAIL: gcc.dg/pch/save-temps-1.c -O3 -fomit-frame-pointer assembly comparison
FAIL: gcc.dg/pch/save-temps-1.c -O0 -g assembly comparison
WARNING: program timed out.
WARNING: program timed out.
FAIL: gcc.dg/torture/ftrapv-1.c -O0 execution test
FAIL: gcc.dg/torture/ftrapv-1.c -O1 execution test
FAIL: gcc.dg/torture/ftrapv-1.c -O2 execution test
FAIL: gcc.dg/torture/ftrapv-1.c -O2 -flto execution test
FAIL: gcc.dg/torture/ftrapv-1.c -O2 -flto -flto-partition=none execution test
FAIL: gcc.dg/torture/ftrapv-1.c -O3 -fomit-frame-pointer execution test
FAIL: gcc.dg/torture/ftrapv-1.c -O3 -fomit-frame-pointer -funroll-all-loops -finline-functions execution test
FAIL: gcc.dg/torture/ftrapv-1.c -O3 -fomit-frame-pointer -funroll-loops execution test
FAIL: gcc.dg/torture/ftrapv-1.c -O3 -g execution test
FAIL: gcc.dg/torture/ftrapv-1.c -Os execution test
FAIL: gcc.dg/tree-prof/20041218-1.c compilation, -fprofile-use -D_PROFILE_USE
UNRESOLVED: gcc.dg/tree-prof/20041218-1.c execution, -fprofile-use -D_PROFILE_USE
FAIL: gcc.dg/tree-prof/crossmodule-indircall-1.c compilation, -fprofile-use -D_PROFILE_USE
UNRESOLVED: gcc.dg/tree-prof/crossmodule-indircall-1.c execution, -fprofile-use -D_PROFILE_USE
FAIL: gcc.dg/tree-prof/pr34999.c compilation, -fprofile-use -D_PROFILE_USE
UNRESOLVED: gcc.dg/tree-prof/pr34999.c execution, -fprofile-use -D_PROFILE_USE
FAIL: gcc.dg/tree-prof/pr45354.c compilation, -fprofile-use -D_PROFILE_USE
UNRESOLVED: gcc.dg/tree-prof/pr45354.c execution, -fprofile-use -D_PROFILE_USE
FAIL: gcc.dg/tree-prof/pr49299-1.c compilation, -fprofile-use -D_PROFILE_USE
UNRESOLVED: gcc.dg/tree-prof/pr49299-1.c execution, -fprofile-use -D_PROFILE_USE
FAIL: gcc.dg/tree-prof/pr49299-2.c compilation, -fprofile-use -D_PROFILE_USE
UNRESOLVED: gcc.dg/tree-prof/pr49299-2.c execution, -fprofile-use -D_PROFILE_USE
FAIL: gcc.dg/tree-prof/pr50907.c compilation, -fprofile-use -D_PROFILE_USE
UNRESOLVED: gcc.dg/tree-prof/pr50907.c execution, -fprofile-use -D_PROFILE_USE
FAIL: gcc.target/i386/avx512vl-vmovdqa64-1.c scan-assembler-times vmovdqa64[ \\\\t]+[^{\\n]*%ymm[0-9]+[^\\n^x^y]*\\\\(.{5}(?:\\n|[ \\\\t]+#) 1
FAIL: gcc.target/i386/avx512vl-vmovdqa64-1.c scan-assembler-times vmovdqa64[ \\\\t]+\\\\([^\\n]*%xmm[0-9]+(?:\\n|[ \\\\t]+#) 1
FAIL: gcc.target/i386/avx512vl-vmovdqa64-1.c scan-assembler-times vmovdqa64[ \\\\t]+\\\\([^\\n]*%ymm[0-9]+(?:\\n|[ \\\\t]+#) 1
FAIL: gcc.target/i386/avx512vl-vpbroadcastd-1.c scan-assembler-times vpbroadcastd[ \\\\t]+%e[^\\n]*%ymm[0-9]+{%k[1-7]}(?:\\n|[ \\\\t]+#) 1
FAIL: gcc.target/i386/memcpy-strategy-3.c scan-assembler-times memcpy 2
FAIL: gcc.target/i386/memset-strategy-1.c scan-assembler-times memset 2
FAIL: gcc.target/i386/pr49866.c (test for excess errors)
FAIL: gcc.target/i386/pr57275.c (test for excess errors)
UNRESOLVED: gcc.target/i386/pr57275.c compilation failed to produce executable
FAIL: gcc.target/i386/pr61599-1.c (test for excess errors)
UNRESOLVED: gcc.target/i386/pr61599-1.c compilation failed to produce executable
FAIL: gcc.target/i386/pr63538.c scan-assembler movabs
=== gcc Summary for unix/-m64 ===
# of expected passes 106588
# of unexpected failures 40
# of expected failures 304
# of unresolved testcases 13
# of unsupported tests 3868
=== gcc Summary ===
# of expected passes 212332
# of unexpected failures 100
# of expected failures 605
# of unresolved testcases 18
# of unsupported tests 7532
/opt/gcc/build_c/gcc/xgcc version 5.0.0 20141213 (experimental) [trunk revision 218710] (GCC)
=== gfortran tests ===
Running target unix/-m32
FAIL: gfortran.dg/assumed_rank_10.f90 -O3 -fomit-frame-pointer -funroll-all-loops -finline-functions execution test
FAIL: gfortran.dg/assumed_rank_10.f90 -O3 -fomit-frame-pointer -funroll-loops execution test
FAIL: gfortran.dg/assumed_rank_8.f90 -O2 execution test
FAIL: gfortran.dg/assumed_rank_8.f90 -O3 -fomit-frame-pointer execution test
FAIL: gfortran.dg/assumed_rank_8.f90 -O3 -fomit-frame-pointer -funroll-all-loops -finline-functions execution test
FAIL: gfortran.dg/assumed_rank_8.f90 -O3 -fomit-frame-pointer -funroll-loops execution test
FAIL: gfortran.dg/assumed_rank_8.f90 -O3 -g execution test
FAIL: gfortran.dg/assumed_rank_8.f90 -Os execution test
FAIL: gfortran.dg/assumed_rank_9.f90 -O2 execution test
FAIL: gfortran.dg/assumed_rank_9.f90 -O3 -fomit-frame-pointer execution test
FAIL: gfortran.dg/assumed_rank_9.f90 -O3 -fomit-frame-pointer -funroll-all-loops -finline-functions execution test
FAIL: gfortran.dg/assumed_rank_9.f90 -O3 -fomit-frame-pointer -funroll-loops execution test
FAIL: gfortran.dg/assumed_rank_9.f90 -O3 -g execution test
FAIL: gfortran.dg/assumed_rank_9.f90 -Os execution test
FAIL: gfortran.dg/graphite/pr42393.f90 -O (internal compiler error)
FAIL: gfortran.dg/graphite/pr42393.f90 -O (test for excess errors)
=== gfortran Summary for unix/-m32 ===
# of expected passes 46620
# of unexpected failures 16
# of expected failures 61
# of unsupported tests 214
Running target unix/-m64
FAIL: gfortran.dg/assumed_rank_8.f90 -O2 execution test
FAIL: gfortran.dg/assumed_rank_8.f90 -O3 -fomit-frame-pointer execution test
FAIL: gfortran.dg/assumed_rank_8.f90 -O3 -fomit-frame-pointer -funroll-all-loops -finline-functions execution test
FAIL: gfortran.dg/assumed_rank_8.f90 -O3 -fomit-frame-pointer -funroll-loops execution test
FAIL: gfortran.dg/assumed_rank_8.f90 -O3 -g execution test
FAIL: gfortran.dg/assumed_rank_8.f90 -Os execution test
FAIL: gfortran.dg/assumed_rank_9.f90 -O2 execution test
FAIL: gfortran.dg/assumed_rank_9.f90 -O3 -fomit-frame-pointer execution test
FAIL: gfortran.dg/assumed_rank_9.f90 -O3 -fomit-frame-pointer -funroll-all-loops -finline-functions execution test
FAIL: gfortran.dg/assumed_rank_9.f90 -O3 -fomit-frame-pointer -funroll-loops execution test
FAIL: gfortran.dg/assumed_rank_9.f90 -O3 -g execution test
FAIL: gfortran.dg/assumed_rank_9.f90 -Os execution test
FAIL: gfortran.dg/graphite/pr42393.f90 -O (internal compiler error)
FAIL: gfortran.dg/graphite/pr42393.f90 -O (test for excess errors)
=== gfortran Summary for unix/-m64 ===
# of expected passes 46909
# of unexpected failures 14
# of expected failures 61
# of unsupported tests 76
=== gfortran Summary ===
# of expected passes 93529
# of unexpected failures 30
# of expected failures 122
# of unsupported tests 290
/opt/gcc/build_c/gcc/testsuite/gfortran/../../gfortran version 5.0.0 20141213 (experimental) [trunk revision 218710] (GCC)
=== gnat tests ===
Running target unix/-m32
=== gnat Summary for unix/-m32 ===
# of expected passes 1305
# of expected failures 20
# of unsupported tests 7
Running target unix/-m64
=== gnat Summary for unix/-m64 ===
# of expected passes 1305
# of expected failures 20
# of unsupported tests 7
=== gnat Summary ===
# of expected passes 2610
# of expected failures 40
# of unsupported tests 14
/opt/gcc/build_c/gcc/gnatmake version 5.0.0 20141213 (experimental) [trunk revision 218710]
=== obj-c++ tests ===
Running target unix/-m32
FAIL: obj-c++.dg/cxx-ivars-3.mm -fnext-runtime execution test
FAIL: obj-c++.dg/gnu-api-2-objc.mm -fnext-runtime execution test
=== obj-c++ Summary for unix/-m32 ===
# of expected passes 3151
# of unexpected failures 2
# of expected failures 2
# of unsupported tests 68
Running target unix/-m64
FAIL: obj-c++.dg/gnu-api-2-objc.mm -fnext-runtime execution test
FAIL: obj-c++.dg/isa-field-1.mm -fnext-runtime (test for excess errors)
FAIL: obj-c++.dg/try-catch-2.mm -fnext-runtime execution test
FAIL: obj-c++.dg/try-catch-9.mm -fnext-runtime execution test
=== obj-c++ Summary for unix/-m64 ===
# of expected passes 3090
# of unexpected failures 4
# of expected failures 19
# of unsupported tests 74
=== obj-c++ Summary ===
# of expected passes 6241
# of unexpected failures 6
# of expected failures 21
# of unsupported tests 142
/opt/gcc/build_c/gcc/testsuite/obj-c++/../../xg++ version 5.0.0 20141213 (experimental) [trunk revision 218710] (GCC)
=== objc tests ===
Running target unix/-m32
FAIL: objc.dg/call-super-2.m -fnext-runtime (test for warnings, line 104)
FAIL: objc.dg/call-super-2.m -fnext-runtime (test for warnings, line 74)
FAIL: objc.dg/gnu-api-2-objc.m -fnext-runtime execution test
FAIL: objc.dg/ivar-scope-4.m -fnext-runtime execution test
FAIL: objc.dg/objc-foreach-4.m -fnext-runtime (test for excess errors)
UNRESOLVED: objc.dg/objc-foreach-4.m -fnext-runtime compilation failed to produce executable
UNRESOLVED: objc.dg/objc-foreach-5.m -fnext-runtime scan-assembler _addStuffUp:
FAIL: objc.dg/objc-foreach-5.m -fnext-runtime (test for excess errors)
=== objc Summary for unix/-m32 ===
# of expected passes 6124
# of unexpected failures 6
# of expected failures 6
# of unresolved testcases 2
# of unsupported tests 85
Running target unix/-m64
FAIL: objc.dg/call-super-2.m -fnext-runtime (test for warnings, line 104)
FAIL: objc.dg/call-super-2.m -fnext-runtime (test for warnings, line 74)
FAIL: objc.dg/exceptions-2.m -fnext-runtime execution test
FAIL: objc.dg/gnu-api-2-objc.m -fnext-runtime execution test
FAIL: objc.dg/isa-field-1.m -fnext-runtime (test for excess errors)
FAIL: objc.dg/objc-foreach-4.m -fnext-runtime (test for excess errors)
UNRESOLVED: objc.dg/objc-foreach-4.m -fnext-runtime compilation failed to produce executable
UNRESOLVED: objc.dg/objc-foreach-5.m -fnext-runtime scan-assembler _addStuffUp:
FAIL: objc.dg/objc-foreach-5.m -fnext-runtime (test for excess errors)
FAIL: objc.dg/torture/forward-1.m -O0 -fnext-runtime execution test
FAIL: objc.dg/torture/forward-1.m -O1 -fnext-runtime execution test
FAIL: objc.dg/torture/forward-1.m -O2 -fnext-runtime execution test
FAIL: objc.dg/torture/forward-1.m -O2 -flto -fnext-runtime execution test
FAIL: objc.dg/torture/forward-1.m -O2 -flto -flto-partition=none -fnext-runtime execution test
FAIL: objc.dg/torture/forward-1.m -O3 -fomit-frame-pointer -fnext-runtime execution test
FAIL: objc.dg/torture/forward-1.m -O3 -fomit-frame-pointer -funroll-all-loops -finline-functions -fnext-runtime execution test
FAIL: objc.dg/torture/forward-1.m -O3 -fomit-frame-pointer -funroll-loops -fnext-runtime execution test
FAIL: objc.dg/torture/forward-1.m -O3 -g -fnext-runtime execution test
FAIL: objc.dg/torture/forward-1.m -Os -fnext-runtime execution test
=== objc Summary for unix/-m64 ===
# of expected passes 5957
# of unexpected failures 17
# of expected failures 6
# of unresolved testcases 2
# of unsupported tests 91
=== objc Summary ===
# of expected passes 12081
# of unexpected failures 23
# of expected failures 12
# of unresolved testcases 4
# of unsupported tests 176
/opt/gcc/build_c/gcc/xgcc version 5.0.0 20141213 (experimental) [trunk revision 218710] (GCC)
=== libatomic tests ===
Running target unix/-m32
=== libatomic Summary for unix/-m32 ===
# of expected passes 44
# of unsupported tests 5
Running target unix/-m64
=== libatomic Summary for unix/-m64 ===
# of expected passes 54
=== libatomic Summary ===
# of expected passes 98
# of unsupported tests 5
=== libffi tests ===
Running target unix/-m32
=== libffi Summary for unix/-m32 ===
# of expected passes 1819
# of unsupported tests 55
Running target unix/-m64
=== libffi Summary for unix/-m64 ===
# of expected passes 1819
# of unsupported tests 55
=== libffi Summary ===
# of expected passes 3638
# of unsupported tests 110
=== libgomp tests ===
Running target unix/-m32
=== libgomp Summary for unix/-m32 ===
# of expected passes 3691
# of unsupported tests 111
Running target unix/-m64
=== libgomp Summary for unix/-m64 ===
# of expected passes 3691
# of unsupported tests 111
=== libgomp Summary ===
# of expected passes 7382
# of unsupported tests 222
=== libitm tests ===
Running target unix/-m32
=== libitm Summary for unix/-m32 ===
# of expected passes 26
# of expected failures 3
# of unsupported tests 1
Running target unix/-m64
=== libitm Summary for unix/-m64 ===
# of expected passes 26
# of expected failures 3
# of unsupported tests 1
=== libitm Summary ===
# of expected passes 52
# of expected failures 6
# of unsupported tests 2
=== libjava tests ===
Running target unix/-m32
=== libjava Summary for unix/-m32 ===
# of expected passes 2582
# of expected failures 4
Running target unix/-m64
FAIL: Throw_2 execution - source compiled test
FAIL: Throw_2 -findirect-dispatch execution - source compiled test
FAIL: Throw_2 -O3 execution - source compiled test
FAIL: Throw_2 -O3 -findirect-dispatch execution - source compiled test
=== libjava Summary for unix/-m64 ===
# of expected passes 2574
# of unexpected failures 4
# of expected failures 4
# of untested testcases 4
=== libjava Summary ===
# of expected passes 5156
# of unexpected failures 4
# of expected failures 8
# of untested testcases 4
=== libstdc++ tests ===
Running target unix/-m32
=== libstdc++ Summary for unix/-m32 ===
# of expected passes 9158
# of expected failures 68
# of unsupported tests 670
Running target unix/-m64
=== libstdc++ Summary for unix/-m64 ===
# of expected passes 9156
# of expected failures 68
# of unsupported tests 671
=== libstdc++ Summary ===
# of expected passes 18314
# of expected failures 136
# of unsupported tests 1341
Compiler version: 5.0.0 20141213 (experimental) [trunk revision 218710] (GCC)
Platform: x86_64-apple-darwin14.0.0
configure flags: --prefix=/opt/gcc/gcc4.10c --enable-languages=c,c++,fortran,objc,obj-c++,ada,java,lto --with-gmp=/opt/mp --with-system-zlib --with-isl=/opt/mp --enable-lto --enable-plugin --enable-checking=yes
More information about the Gcc-testresults
mailing list