Results for 5.0.0 20141212 (experimental) [trunk revision 218664] (GCC) testsuite on sparc-sun-solaris2.11
Rainer Orth
ro@CeBiTec.Uni-Bielefeld.DE
Sat Dec 13 07:48:00 GMT 2014
LAST_UPDATED: Fri Dec 12 12:45:46 UTC 2014 (revision 218664)
=== acats tests ===
=== acats Summary ===
# of expected passes 2320
# of unexpected failures 0
Native configuration is sparc-sun-solaris2.11
=== g++ tests ===
Running target unix
FAIL: g++.dg/ipa/pr63587-2.C -std=gnu++11 (internal compiler error)
FAIL: g++.dg/ipa/pr63587-2.C -std=gnu++11 (test for excess errors)
FAIL: g++.dg/ipa/pr63587-2.C -std=gnu++14 (internal compiler error)
FAIL: g++.dg/ipa/pr63587-2.C -std=gnu++14 (test for excess errors)
FAIL: g++.dg/torture/pr60474.C -O1 (internal compiler error)
FAIL: g++.dg/torture/pr60474.C -O1 (test for excess errors)
FAIL: g++.dg/torture/pr60474.C -O2 (internal compiler error)
FAIL: g++.dg/torture/pr60474.C -O2 (test for excess errors)
FAIL: g++.dg/torture/pr60474.C -O2 -flto (internal compiler error)
FAIL: g++.dg/torture/pr60474.C -O2 -flto (test for excess errors)
FAIL: g++.dg/torture/pr60474.C -O2 -flto -flto-partition=none (internal compiler error)
FAIL: g++.dg/torture/pr60474.C -O2 -flto -flto-partition=none (test for excess errors)
FAIL: g++.dg/torture/pr60474.C -O3 -fomit-frame-pointer (internal compiler error)
FAIL: g++.dg/torture/pr60474.C -O3 -fomit-frame-pointer (test for excess errors)
FAIL: g++.dg/torture/pr60474.C -O3 -fomit-frame-pointer -funroll-all-loops -finline-functions (internal compiler error)
FAIL: g++.dg/torture/pr60474.C -O3 -fomit-frame-pointer -funroll-all-loops -finline-functions (test for excess errors)
FAIL: g++.dg/torture/pr60474.C -O3 -fomit-frame-pointer -funroll-loops (internal compiler error)
FAIL: g++.dg/torture/pr60474.C -O3 -fomit-frame-pointer -funroll-loops (test for excess errors)
FAIL: g++.dg/torture/pr60474.C -O3 -g (internal compiler error)
FAIL: g++.dg/torture/pr60474.C -O3 -g (test for excess errors)
FAIL: g++.dg/torture/pr60474.C -Os (internal compiler error)
FAIL: g++.dg/torture/pr60474.C -Os (test for excess errors)
=== g++ Summary for unix ===
# of expected passes 79763
# of unexpected failures 22
# of expected failures 249
# of unsupported tests 3553
Running target unix/-m64
=== g++ Summary for unix/-m64 ===
# of expected passes 81646
# of expected failures 249
# of unsupported tests 3530
=== g++ Summary ===
# of expected passes 161409
# of unexpected failures 22
# of expected failures 498
# of unsupported tests 7083
/var/gcc/regression/trunk/11-gcc-gas/build/gcc/testsuite/g++/../../xg++ version 5.0.0 20141212 (experimental) [trunk revision 218664] (GCC)
=== gcc tests ===
Running target unix
FAIL: gcc.dg/atomic/c11-atomic-exec-3.c -O3 -g (test for excess errors)
WARNING: gcc.dg/atomic/c11-atomic-exec-3.c -O3 -g compilation failed to produce executable
WARNING: program timed out.
FAIL: gcc.dg/c11-atomic-2.c (test for excess errors)
FAIL: gcc.dg/undefined-loop-2.c (test for warnings, line 18)
FAIL: gcc.dg/unroll_1.c (test for warnings, line 24)
WARNING: program timed out.
FAIL: gcc.dg/graphite/vect-pr43423.c scan-tree-dump-times vect "vectorized 2 loops" 1
FAIL: gcc.dg/simulate-thread/atomic-other-int.c -O2 -g thread simulation test
FAIL: gcc.dg/simulate-thread/atomic-other-int.c -O3 -g thread simulation test
FAIL: gcc.dg/simulate-thread/atomic-other-short.c -O0 -g thread simulation test
FAIL: gcc.dg/simulate-thread/speculative-store-4.c -O0 -g thread simulation test
FAIL: gcc.dg/simulate-thread/speculative-store-4.c -O2 -g thread simulation test
FAIL: gcc.dg/simulate-thread/speculative-store-4.c -O3 -g thread simulation test
FAIL: gcc.dg/simulate-thread/speculative-store.c -O0 -g thread simulation test
FAIL: gcc.dg/tree-ssa/ssa-dom-cse-2.c scan-tree-dump optimized "return 28;"
FAIL: gcc.dg/vect/vect-33.c -flto -ffat-lto-objects scan-tree-dump-times vect "Alignment of access forced using versioning" 1
FAIL: gcc.dg/vect/vect-33.c scan-tree-dump-times vect "Alignment of access forced using versioning" 1
=== gcc Summary for unix ===
# of expected passes 87831
# of unexpected failures 15
# of expected failures 322
# of unsupported tests 2042
Running target unix/-m64
FAIL: gcc.dg/atomic/c11-atomic-exec-3.c -O3 -g (test for excess errors)
WARNING: gcc.dg/atomic/c11-atomic-exec-3.c -O3 -g compilation failed to produce executable
WARNING: program timed out.
FAIL: gcc.dg/c11-atomic-2.c (test for excess errors)
FAIL: gcc.dg/undefined-loop-2.c (test for warnings, line 18)
FAIL: gcc.dg/unroll_1.c (test for warnings, line 24)
WARNING: program timed out.
FAIL: gcc.dg/graphite/vect-pr43423.c scan-tree-dump-times vect "vectorized 2 loops" 1
FAIL: gcc.dg/tree-ssa/ivopts-lt-2.c scan-tree-dump-times ivopts "PHI" 1
FAIL: gcc.dg/tree-ssa/ivopts-lt-2.c scan-tree-dump-times ivopts "p_[0-9]* <" 1
FAIL: gcc.dg/tree-ssa/ssa-dom-cse-2.c scan-tree-dump optimized "return 28;"
FAIL: gcc.dg/vect/vect-33.c -flto -ffat-lto-objects scan-tree-dump-times vect "Alignment of access forced using versioning" 1
FAIL: gcc.dg/vect/vect-33.c scan-tree-dump-times vect "Alignment of access forced using versioning" 1
=== gcc Summary for unix/-m64 ===
# of expected passes 88633
# of unexpected failures 10
# of expected failures 311
# of unsupported tests 1969
=== gcc Summary ===
# of expected passes 176464
# of unexpected failures 25
# of expected failures 633
# of unsupported tests 4011
/var/gcc/regression/trunk/11-gcc-gas/build/gcc/xgcc version 5.0.0 20141212 (experimental) [trunk revision 218664] (GCC)
=== gfortran tests ===
Running target unix
FAIL: gfortran.dg/graphite/pr42393.f90 -O (test for excess errors)
WARNING: program timed out.
=== gfortran Summary for unix ===
# of expected passes 46571
# of unexpected failures 1
# of expected failures 63
# of unsupported tests 271
Running target unix/-m64
FAIL: gfortran.dg/graphite/pr42393.f90 -O (test for excess errors)
WARNING: program timed out.
=== gfortran Summary for unix/-m64 ===
# of expected passes 46898
# of unexpected failures 1
# of expected failures 63
# of unsupported tests 110
=== gfortran Summary ===
# of expected passes 93469
# of unexpected failures 2
# of expected failures 126
# of unsupported tests 381
/var/gcc/regression/trunk/11-gcc-gas/build/gcc/testsuite/gfortran/../../gfortran version 5.0.0 20141212 (experimental) [trunk revision 218664] (GCC)
=== gnat tests ===
Running target unix
=== gnat Summary for unix ===
# of expected passes 1280
# of expected failures 20
# of unsupported tests 18
Running target unix/-m64
=== gnat Summary for unix/-m64 ===
# of expected passes 1280
# of expected failures 20
# of unsupported tests 18
=== gnat Summary ===
# of expected passes 2560
# of expected failures 40
# of unsupported tests 36
/var/gcc/regression/trunk/11-gcc-gas/build/gcc/gnatmake version 5.0.0 20141212 (experimental) [trunk revision 218664]
=== go tests ===
Running target unix
FAIL: ./64bit-out.go compilation, -O0 -g -fno-var-tracking-assignments
FAIL: ./index0-out.go compilation, -O0 -g -fno-var-tracking-assignments
WARNING: program timed out.
WARNING: program timed out.
=== go Summary for unix ===
# of expected passes 7358
# of unexpected failures 2
# of expected failures 1
# of untested testcases 12
# of unsupported tests 3
Running target unix/-m64
FAIL: ./index0-out.go compilation, -O0 -g -fno-var-tracking-assignments
FAIL: ./select5-out.go compilation, -O0 -g -fno-var-tracking-assignments
FAIL: ./slice3-out.go compilation, -O0 -g -fno-var-tracking-assignments
FAIL: go.test/test/fixedbugs/issue4348.go -O (test for excess errors)
WARNING: program timed out.
WARNING: program timed out.
WARNING: program timed out.
=== go Summary for unix/-m64 ===
# of expected passes 7235
# of unexpected failures 4
# of expected failures 1
# of untested testcases 13
# of unsupported tests 3
=== go Summary ===
# of expected passes 14593
# of unexpected failures 6
# of expected failures 2
# of untested testcases 25
# of unsupported tests 6
=== obj-c++ tests ===
Running target unix
=== obj-c++ Summary for unix ===
# of expected passes 1447
# of expected failures 2
# of unsupported tests 86
Running target unix/-m64
=== obj-c++ Summary for unix/-m64 ===
# of expected passes 1439
# of expected failures 10
# of unsupported tests 86
=== obj-c++ Summary ===
# of expected passes 2886
# of expected failures 12
# of unsupported tests 172
/var/gcc/regression/trunk/11-gcc-gas/build/gcc/testsuite/obj-c++/../../xg++ version 5.0.0 20141212 (experimental) [trunk revision 218664] (GCC)
=== objc tests ===
Running target unix
=== objc Summary for unix ===
# of expected passes 3010
# of unsupported tests 74
Running target unix/-m64
=== objc Summary for unix/-m64 ===
# of expected passes 3010
# of unsupported tests 74
=== objc Summary ===
# of expected passes 6020
# of unsupported tests 148
/var/gcc/regression/trunk/11-gcc-gas/build/gcc/xgcc version 5.0.0 20141212 (experimental) [trunk revision 218664] (GCC)
=== libatomic tests ===
Running target unix
=== libatomic Summary for unix ===
# of expected passes 44
# of unsupported tests 5
Running target unix/-m64
=== libatomic Summary for unix/-m64 ===
# of expected passes 54
=== libatomic Summary ===
# of expected passes 98
# of unsupported tests 5
=== libffi tests ===
Running target unix
=== libffi Summary for unix ===
# of expected passes 1819
# of unsupported tests 55
Running target unix/-m64
=== libffi Summary for unix/-m64 ===
# of expected passes 1819
# of unsupported tests 55
=== libffi Summary ===
# of expected passes 3638
# of unsupported tests 110
=== libgo tests ===
Running target unix
FAIL: reflect
FAIL: runtime
FAIL: sync
FAIL: encoding/gob
FAIL: text/template
FAIL: testing/quick
=== libgo Summary for unix ===
# of expected passes 117
# of unexpected failures 6
Running target unix/-m64
FAIL: regexp
FAIL: sync
=== libgo Summary for unix/-m64 ===
# of expected passes 121
# of unexpected failures 2
=== libgo Summary ===
# of expected passes 238
# of unexpected failures 8
/var/gcc/regression/trunk/11-gcc-gas/build/./gcc/gccgo version 5.0.0 20141212 (experimental) [trunk revision 218664] (GCC)
=== libgomp tests ===
Running target unix
=== libgomp Summary for unix ===
# of expected passes 3691
# of unsupported tests 111
Running target unix/-m64
WARNING: program timed out.
FAIL: libgomp.graphite/force-parallel-6.c execution test
=== libgomp Summary for unix/-m64 ===
# of expected passes 3690
# of unexpected failures 1
# of unsupported tests 111
=== libgomp Summary ===
# of expected passes 7381
# of unexpected failures 1
# of unsupported tests 222
=== libitm tests ===
Running target unix
=== libitm Summary for unix ===
# of expected passes 26
# of expected failures 3
# of unsupported tests 1
Running target unix/-m64
=== libitm Summary for unix/-m64 ===
# of expected passes 26
# of expected failures 3
# of unsupported tests 1
=== libitm Summary ===
# of expected passes 52
# of expected failures 6
# of unsupported tests 2
=== libjava tests ===
Running target unix
=== libjava Summary for unix ===
# of expected passes 2582
# of expected failures 4
Running target unix/-m64
=== libjava Summary for unix/-m64 ===
# of expected passes 2582
# of expected failures 4
=== libjava Summary ===
# of expected passes 5164
# of expected failures 8
=== libstdc++ tests ===
Running target unix
FAIL: 21_strings/basic_string/modifiers/replace/wchar_t/4.cc (test for excess errors)
WARNING: 21_strings/basic_string/modifiers/replace/wchar_t/4.cc compilation failed to produce executable
=== libstdc++ Summary for unix ===
# of expected passes 9265
# of unexpected failures 1
# of expected failures 69
# of unsupported tests 613
Running target unix/-m64
=== libstdc++ Summary for unix/-m64 ===
# of expected passes 9267
# of expected failures 69
# of unsupported tests 613
=== libstdc++ Summary ===
# of expected passes 18532
# of unexpected failures 1
# of expected failures 138
# of unsupported tests 1226
Compiler version: 5.0.0 20141212 (experimental) [trunk revision 218664] (GCC)
Platform: sparc-sun-solaris2.11
configure flags: --prefix=/vol/gcc --target=sparc-sun-solaris2.11 --enable-objc-gc --enable-libmudflap --with-as=/vol/gcc/bin/gas-2.24 --with-gnu-as --with-gmp-include=/vol/gcc/include --with-gmp-lib=/vol/gcc/lib --with-mpfr-include=/vol/gcc/include --with-mpfr-lib=/vol/gcc/lib --with-mpc-include=/vol/gcc/include --with-mpc-lib=/vol/gcc/lib --enable-languages=all,ada,obj-c++,go --with-isl-include=/vol/gcc/include --with-isl-lib=/vol/gcc/lib --with-cloog-include=/vol/gcc/include --with-cloog-lib=/vol/gcc/lib --enable-cloog-backend=isl
BOOT_CFLAGS=-g -O2
More information about the Gcc-testresults
mailing list