FW: Results for 5.0.0 20141211 (experimental) (GCC) testsuite on x86_64-unknown-linux-gnu
Pinski, Andrew
Andrew.Pinski@caviumnetworks.com
Thu Dec 11 07:21:00 GMT 2014
________________________________________
From: Jenkins
Sent: Wednesday, December 10, 2014 11:21:28 PM (UTC-08:00) Pacific Time (US & Canada)
To: apinski@cavium.com
Subject: Results for 5.0.0 20141211 (experimental) (GCC) testsuite on x86_64-unknown-linux-gnu
Native configuration is x86_64-unknown-linux-gnu
=== gcc tests ===
Running target unix//-m32
FAIL: gcc.dg/undefined-loop-2.c (test for warnings, line 18)
FAIL: gcc.dg/torture/fp-int-convert-float128-timode.c -O0 execution test
FAIL: gcc.dg/torture/fp-int-convert-float128-timode.c -O1 execution test
FAIL: gcc.dg/torture/fp-int-convert-float128-timode.c -O2 execution test
FAIL: gcc.dg/torture/fp-int-convert-float128-timode.c -O2 -flto execution test
FAIL: gcc.dg/torture/fp-int-convert-float128-timode.c -O2 -flto -flto-partition=none execution test
FAIL: gcc.dg/torture/fp-int-convert-float128-timode.c -O3 -fomit-frame-pointer execution test
FAIL: gcc.dg/torture/fp-int-convert-float128-timode.c -O3 -g execution test
FAIL: gcc.dg/torture/fp-int-convert-float128-timode.c -Os execution test
FAIL: gcc.dg/torture/fp-int-convert-float128.c -O0 execution test
FAIL: gcc.dg/torture/fp-int-convert-float128.c -O1 execution test
FAIL: gcc.dg/torture/fp-int-convert-float128.c -O2 execution test
FAIL: gcc.dg/torture/fp-int-convert-float128.c -O2 -flto execution test
FAIL: gcc.dg/torture/fp-int-convert-float128.c -O2 -flto -flto-partition=none execution test
FAIL: gcc.dg/torture/fp-int-convert-float128.c -O3 -fomit-frame-pointer execution test
FAIL: gcc.dg/torture/fp-int-convert-float128.c -O3 -g execution test
FAIL: gcc.dg/torture/fp-int-convert-float128.c -Os execution test
FAIL: gcc.dg/torture/tls/run-ld.c -O1 -pie -fPIE execution test
FAIL: gcc.dg/torture/tls/run-ld.c -O1 -pie -fpie execution test
FAIL: gcc.dg/torture/tls/run-ld.c -O2 -pie -fPIE execution test
FAIL: gcc.dg/torture/tls/run-ld.c -O2 -pie -fpie execution test
FAIL: gcc.dg/torture/tls/run-ld.c -O3 -fomit-frame-pointer -pie -fPIE execution test
FAIL: gcc.dg/torture/tls/run-ld.c -O3 -fomit-frame-pointer -pie -fpie execution test
FAIL: gcc.dg/torture/tls/run-ld.c -O3 -g -pie -fPIE execution test
FAIL: gcc.dg/torture/tls/run-ld.c -O3 -g -pie -fpie execution test
FAIL: gcc.dg/torture/tls/run-ld.c -Os -pie -fPIE execution test
FAIL: gcc.dg/torture/tls/run-ld.c -Os -pie -fpie execution test
FAIL: gcc.target/i386/funcspec-5.c (test for excess errors)
FAIL: gcc.target/i386/pr49095.c scan-assembler-not test[lq]
=== gcc Summary for unix//-m32 ===
# of expected passes 108588
# of unexpected failures 29
# of expected failures 299
# of unsupported tests 2737
Running target unix//-m64
FAIL: gcc.dg/undefined-loop-2.c (test for warnings, line 18)
FAIL: gcc.target/i386/pr56114.c (test for excess errors)
=== gcc Summary for unix//-m64 ===
# of expected passes 109609
# of unexpected failures 2
# of expected failures 301
# of unsupported tests 2957
=== gcc Summary ===
# of expected passes 218197
# of unexpected failures 31
# of expected failures 600
# of unsupported tests 5694
/home/jenkins/workspace/GCCupstream/objdir/gcc/xgcc version 5.0.0 20141211 (experimental) (GCC)
=== gfortran tests ===
Running target unix//-m32
FAIL: gfortran.dg/erf_3.F90 -O0 execution test
FAIL: gfortran.dg/erf_3.F90 -O1 execution test
FAIL: gfortran.dg/erf_3.F90 -O2 execution test
FAIL: gfortran.dg/erf_3.F90 -O3 -fomit-frame-pointer execution test
FAIL: gfortran.dg/erf_3.F90 -O3 -fomit-frame-pointer -funroll-all-loops -finline-functions execution test
FAIL: gfortran.dg/erf_3.F90 -O3 -fomit-frame-pointer -funroll-loops execution test
FAIL: gfortran.dg/erf_3.F90 -O3 -g execution test
FAIL: gfortran.dg/erf_3.F90 -Os execution test
=== gfortran Summary for unix//-m32 ===
# of expected passes 46569
# of unexpected failures 8
# of expected failures 47
# of unsupported tests 221
Running target unix//-m64
=== gfortran Summary for unix//-m64 ===
# of expected passes 46866
# of expected failures 47
# of unsupported tests 81
=== gfortran Summary ===
# of expected passes 93435
# of unexpected failures 8
# of expected failures 94
# of unsupported tests 302
/home/jenkins/workspace/GCCupstream/objdir/gcc/testsuite/gfortran/../../gfortran version 5.0.0 20141211 (experimental) (GCC)
=== g++ tests ===
Running target unix//-m32
FAIL: g++.dg/ipa/pr64059.C -std=gnu++11 (internal compiler error)
FAIL: g++.dg/ipa/pr64059.C -std=gnu++11 (test for excess errors)
FAIL: g++.dg/ipa/pr64059.C -std=gnu++14 (internal compiler error)
FAIL: g++.dg/ipa/pr64059.C -std=gnu++14 (test for excess errors)
FAIL: g++.dg/ipa/pr64059.C -std=gnu++98 (internal compiler error)
FAIL: g++.dg/ipa/pr64059.C -std=gnu++98 (test for excess errors)
FAIL: g++.dg/other/anon5.C -std=gnu++11 (test for excess errors)
FAIL: g++.dg/other/anon5.C -std=gnu++14 (test for excess errors)
FAIL: g++.dg/other/anon5.C -std=gnu++98 (test for excess errors)
FAIL: g++.dg/other/pr59492.C -std=gnu++11 (test for excess errors)
FAIL: g++.dg/other/pr59492.C -std=gnu++14 (test for excess errors)
FAIL: g++.dg/other/pr59492.C -std=gnu++98 (test for excess errors)
FAIL: g++.dg/lto/20081119 cp_lto_20081119_0.o assemble, -O0 -flto (internal compiler error)
FAIL: g++.dg/lto/20081119 cp_lto_20081119_0.o assemble, -O0 -flto -flto-partition=1to1 (internal compiler error)
FAIL: g++.dg/lto/20081119 cp_lto_20081119_0.o assemble, -O0 -flto -flto-partition=none (internal compiler error)
UNRESOLVED: g++.dg/lto/20081119 cp_lto_20081119_0.o-cp_lto_20081119_1.o execute -O0 -flto
UNRESOLVED: g++.dg/lto/20081119 cp_lto_20081119_0.o-cp_lto_20081119_1.o execute -O0 -flto -flto-partition=1to1
UNRESOLVED: g++.dg/lto/20081119 cp_lto_20081119_0.o-cp_lto_20081119_1.o execute -O0 -flto -flto-partition=none
UNRESOLVED: g++.dg/lto/20081119 cp_lto_20081119_0.o-cp_lto_20081119_1.o link -O0 -flto
UNRESOLVED: g++.dg/lto/20081119 cp_lto_20081119_0.o-cp_lto_20081119_1.o link -O0 -flto -flto-partition=1to1
UNRESOLVED: g++.dg/lto/20081119 cp_lto_20081119_0.o-cp_lto_20081119_1.o link -O0 -flto -flto-partition=none
FAIL: g++.dg/lto/20081119 cp_lto_20081119_1.o assemble, -O0 -flto (internal compiler error)
FAIL: g++.dg/lto/20081119 cp_lto_20081119_1.o assemble, -O0 -flto -flto-partition=1to1 (internal compiler error)
FAIL: g++.dg/lto/20081119 cp_lto_20081119_1.o assemble, -O0 -flto -flto-partition=none (internal compiler error)
FAIL: g++.dg/lto/20081211-1 cp_lto_20081211-1_0.o assemble, -O0 -flto (internal compiler error)
FAIL: g++.dg/lto/20081211-1 cp_lto_20081211-1_0.o assemble, -O0 -flto -flto-partition=1to1 (internal compiler error)
FAIL: g++.dg/lto/20081211-1 cp_lto_20081211-1_0.o assemble, -O0 -flto -flto-partition=none (internal compiler error)
UNRESOLVED: g++.dg/lto/20081211-1 cp_lto_20081211-1_0.o-cp_lto_20081211-1_1.o execute -O0 -flto
UNRESOLVED: g++.dg/lto/20081211-1 cp_lto_20081211-1_0.o-cp_lto_20081211-1_1.o execute -O0 -flto -flto-partition=1to1
UNRESOLVED: g++.dg/lto/20081211-1 cp_lto_20081211-1_0.o-cp_lto_20081211-1_1.o execute -O0 -flto -flto-partition=none
UNRESOLVED: g++.dg/lto/20081211-1 cp_lto_20081211-1_0.o-cp_lto_20081211-1_1.o link -O0 -flto
UNRESOLVED: g++.dg/lto/20081211-1 cp_lto_20081211-1_0.o-cp_lto_20081211-1_1.o link -O0 -flto -flto-partition=1to1
UNRESOLVED: g++.dg/lto/20081211-1 cp_lto_20081211-1_0.o-cp_lto_20081211-1_1.o link -O0 -flto -flto-partition=none
FAIL: g++.dg/lto/pr45621 cp_lto_pr45621_1.o assemble, -O0 -flto (internal compiler error)
FAIL: g++.dg/lto/pr45621 cp_lto_pr45621_1.o assemble, -O0 -flto -flto-partition=1to1 (internal compiler error)
FAIL: g++.dg/lto/pr45621 cp_lto_pr45621_1.o assemble, -O0 -flto -flto-partition=none (internal compiler error)
FAIL: g++.dg/lto/pr52605 cp_lto_pr52605_0.o assemble, -flto -g (internal compiler error)
UNRESOLVED: g++.dg/lto/pr52605 cp_lto_pr52605_0.o-cp_lto_pr52605_0.o execute -flto -g
UNRESOLVED: g++.dg/lto/pr52605 cp_lto_pr52605_0.o-cp_lto_pr52605_0.o link -flto -g
=== g++ Summary for unix//-m32 ===
# of expected passes 89298
# of unexpected failures 25
# of expected failures 302
# of unresolved testcases 14
# of unsupported tests 3246
Running target unix//-m64
FAIL: g++.dg/ipa/pr64059.C -std=gnu++11 (internal compiler error)
FAIL: g++.dg/ipa/pr64059.C -std=gnu++11 (test for excess errors)
FAIL: g++.dg/ipa/pr64059.C -std=gnu++14 (internal compiler error)
FAIL: g++.dg/ipa/pr64059.C -std=gnu++14 (test for excess errors)
FAIL: g++.dg/ipa/pr64059.C -std=gnu++98 (internal compiler error)
FAIL: g++.dg/ipa/pr64059.C -std=gnu++98 (test for excess errors)
FAIL: g++.dg/other/anon5.C -std=gnu++11 (test for excess errors)
FAIL: g++.dg/other/anon5.C -std=gnu++14 (test for excess errors)
FAIL: g++.dg/other/anon5.C -std=gnu++98 (test for excess errors)
FAIL: g++.dg/lto/20081119 cp_lto_20081119_0.o assemble, -O0 -flto (internal compiler error)
FAIL: g++.dg/lto/20081119 cp_lto_20081119_0.o assemble, -O0 -flto -flto-partition=1to1 (internal compiler error)
FAIL: g++.dg/lto/20081119 cp_lto_20081119_0.o assemble, -O0 -flto -flto-partition=none (internal compiler error)
UNRESOLVED: g++.dg/lto/20081119 cp_lto_20081119_0.o-cp_lto_20081119_1.o execute -O0 -flto
UNRESOLVED: g++.dg/lto/20081119 cp_lto_20081119_0.o-cp_lto_20081119_1.o execute -O0 -flto -flto-partition=1to1
UNRESOLVED: g++.dg/lto/20081119 cp_lto_20081119_0.o-cp_lto_20081119_1.o execute -O0 -flto -flto-partition=none
UNRESOLVED: g++.dg/lto/20081119 cp_lto_20081119_0.o-cp_lto_20081119_1.o link -O0 -flto
UNRESOLVED: g++.dg/lto/20081119 cp_lto_20081119_0.o-cp_lto_20081119_1.o link -O0 -flto -flto-partition=1to1
UNRESOLVED: g++.dg/lto/20081119 cp_lto_20081119_0.o-cp_lto_20081119_1.o link -O0 -flto -flto-partition=none
FAIL: g++.dg/lto/20081119 cp_lto_20081119_1.o assemble, -O0 -flto (internal compiler error)
FAIL: g++.dg/lto/20081119 cp_lto_20081119_1.o assemble, -O0 -flto -flto-partition=1to1 (internal compiler error)
FAIL: g++.dg/lto/20081119 cp_lto_20081119_1.o assemble, -O0 -flto -flto-partition=none (internal compiler error)
FAIL: g++.dg/lto/20081211-1 cp_lto_20081211-1_0.o assemble, -O0 -flto (internal compiler error)
FAIL: g++.dg/lto/20081211-1 cp_lto_20081211-1_0.o assemble, -O0 -flto -flto-partition=1to1 (internal compiler error)
FAIL: g++.dg/lto/20081211-1 cp_lto_20081211-1_0.o assemble, -O0 -flto -flto-partition=none (internal compiler error)
UNRESOLVED: g++.dg/lto/20081211-1 cp_lto_20081211-1_0.o-cp_lto_20081211-1_1.o execute -O0 -flto
UNRESOLVED: g++.dg/lto/20081211-1 cp_lto_20081211-1_0.o-cp_lto_20081211-1_1.o execute -O0 -flto -flto-partition=1to1
UNRESOLVED: g++.dg/lto/20081211-1 cp_lto_20081211-1_0.o-cp_lto_20081211-1_1.o execute -O0 -flto -flto-partition=none
UNRESOLVED: g++.dg/lto/20081211-1 cp_lto_20081211-1_0.o-cp_lto_20081211-1_1.o link -O0 -flto
UNRESOLVED: g++.dg/lto/20081211-1 cp_lto_20081211-1_0.o-cp_lto_20081211-1_1.o link -O0 -flto -flto-partition=1to1
UNRESOLVED: g++.dg/lto/20081211-1 cp_lto_20081211-1_0.o-cp_lto_20081211-1_1.o link -O0 -flto -flto-partition=none
FAIL: g++.dg/lto/pr45621 cp_lto_pr45621_1.o assemble, -O0 -flto (internal compiler error)
FAIL: g++.dg/lto/pr45621 cp_lto_pr45621_1.o assemble, -O0 -flto -flto-partition=1to1 (internal compiler error)
FAIL: g++.dg/lto/pr45621 cp_lto_pr45621_1.o assemble, -O0 -flto -flto-partition=none (internal compiler error)
FAIL: g++.dg/lto/pr52605 cp_lto_pr52605_0.o assemble, -flto -g (internal compiler error)
UNRESOLVED: g++.dg/lto/pr52605 cp_lto_pr52605_0.o-cp_lto_pr52605_0.o execute -flto -g
UNRESOLVED: g++.dg/lto/pr52605 cp_lto_pr52605_0.o-cp_lto_pr52605_0.o link -flto -g
=== g++ Summary for unix//-m64 ===
# of expected passes 90821
# of unexpected failures 22
# of expected failures 302
# of unresolved testcases 14
# of unsupported tests 3506
=== g++ Summary ===
# of expected passes 180119
# of unexpected failures 47
# of expected failures 604
# of unresolved testcases 28
# of unsupported tests 6752
/home/jenkins/workspace/GCCupstream/objdir/gcc/testsuite/g++/../../xg++ version 5.0.0 20141211 (experimental) (GCC)
=== objc tests ===
Running target unix//-m32
=== objc Summary for unix//-m32 ===
# of expected passes 3004
# of expected failures 6
# of unsupported tests 74
Running target unix//-m64
=== objc Summary for unix//-m64 ===
# of expected passes 3004
# of expected failures 6
# of unsupported tests 74
=== objc Summary ===
# of expected passes 6008
# of expected failures 12
# of unsupported tests 148
/home/jenkins/workspace/GCCupstream/objdir/gcc/xgcc version 5.0.0 20141211 (experimental) (GCC)
=== boehm-gc tests ===
Running target unix//-m32
=== boehm-gc Summary for unix//-m32 ===
# of expected passes 12
# of unsupported tests 1
Running target unix//-m64
=== boehm-gc Summary for unix//-m64 ===
# of expected passes 12
# of unsupported tests 1
=== boehm-gc Summary ===
# of expected passes 24
# of unsupported tests 2
=== libatomic tests ===
Running target unix//-m32
=== libatomic Summary for unix//-m32 ===
# of expected passes 44
# of unsupported tests 5
Running target unix//-m64
=== libatomic Summary for unix//-m64 ===
# of expected passes 54
=== libatomic Summary ===
# of expected passes 98
# of unsupported tests 5
=== libffi tests ===
Running target unix//-m32
=== libffi Summary for unix//-m32 ===
# of expected passes 1819
# of unsupported tests 55
Running target unix//-m64
=== libffi Summary for unix//-m64 ===
# of expected passes 1819
# of unsupported tests 55
=== libffi Summary ===
# of expected passes 3638
# of unsupported tests 110
=== libgomp tests ===
Running target unix//-m32
=== libgomp Summary for unix//-m32 ===
# of expected passes 3648
# of unsupported tests 108
Running target unix//-m64
=== libgomp Summary for unix//-m64 ===
# of expected passes 3648
# of unsupported tests 108
=== libgomp Summary ===
# of expected passes 7296
# of unsupported tests 216
=== libitm tests ===
Running target unix//-m32
=== libitm Summary for unix//-m32 ===
# of expected passes 26
# of expected failures 3
# of unsupported tests 1
Running target unix//-m64
=== libitm Summary for unix//-m64 ===
# of expected passes 26
# of expected failures 3
# of unsupported tests 1
=== libitm Summary ===
# of expected passes 52
# of expected failures 6
# of unsupported tests 2
=== libjava tests ===
Running target unix//-m32
=== libjava Summary for unix//-m32 ===
# of expected passes 2582
# of expected failures 4
Running target unix//-m64
=== libjava Summary for unix//-m64 ===
# of expected passes 2582
# of expected failures 4
=== libjava Summary ===
# of expected passes 5164
# of expected failures 8
=== libstdc++ tests ===
Running target unix//-m32
=== libstdc++ Summary for unix//-m32 ===
# of expected passes 9617
# of expected failures 68
# of unsupported tests 538
Running target unix//-m64
=== libstdc++ Summary for unix//-m64 ===
# of expected passes 9609
# of expected failures 68
# of unsupported tests 542
=== libstdc++ Summary ===
# of expected passes 19226
# of expected failures 136
# of unsupported tests 1080
Compiler version: 5.0.0 20141211 (experimental) (GCC)
Platform: x86_64-unknown-linux-gnu
configure flags: --prefix=/home/jenkins/workspace/GCCupstream/objdir/install
More information about the Gcc-testresults
mailing list