Results for 5.0.0 20141209 (experimental) (GCC) testsuite on arm-none-linux-gnueabi
CodeSourcery Automatic Testing System
gcc@codesourcery.com
Wed Dec 10 13:54:00 GMT 2014
LAST_UPDATED: Tue Dec 9 08:10:09 UTC 2014 (/trunk revision 218508)
Target is arm-none-linux-gnueabi
Host is i686-pc-linux-gnu
=== g++ tests ===
Running target qemu-wheezy
FAIL: c-c++-common/asan/heap-overflow-1.c -O1 output pattern test, is =================================================================
FAIL: c-c++-common/asan/sanity-check-pure-c-1.c -O1 output pattern test, is =================================================================
FAIL: c-c++-common/asan/strncpy-overflow-1.c -O1 output pattern test, is =================================================================
FAIL: c-c++-common/asan/use-after-free-1.c -O1 output pattern test, is =================================================================
FAIL: g++.dg/abi/mangle-arm-crypto.C -std=c++98 (test for excess errors)
UNRESOLVED: g++.dg/abi/mangle-arm-crypto.C -std=c++98 scan-assembler _Z2f0y:
UNRESOLVED: g++.dg/abi/mangle-arm-crypto.C -std=c++98 scan-assembler _Z2f1o:
UNRESOLVED: g++.dg/abi/mangle-arm-crypto.C -std=c++98 scan-assembler _Z2f2Dv2_y:
FAIL: g++.dg/abi/mangle-arm-crypto.C -std=c++11 (test for excess errors)
UNRESOLVED: g++.dg/abi/mangle-arm-crypto.C -std=c++11 scan-assembler _Z2f0y:
UNRESOLVED: g++.dg/abi/mangle-arm-crypto.C -std=c++11 scan-assembler _Z2f1o:
UNRESOLVED: g++.dg/abi/mangle-arm-crypto.C -std=c++11 scan-assembler _Z2f2Dv2_y:
FAIL: g++.dg/abi/mangle-arm-crypto.C -std=c++14 (test for excess errors)
UNRESOLVED: g++.dg/abi/mangle-arm-crypto.C -std=c++14 scan-assembler _Z2f0y:
UNRESOLVED: g++.dg/abi/mangle-arm-crypto.C -std=c++14 scan-assembler _Z2f1o:
UNRESOLVED: g++.dg/abi/mangle-arm-crypto.C -std=c++14 scan-assembler _Z2f2Dv2_y:
FAIL: c-c++-common/ubsan/object-size-1.c -O2 output pattern test, is [1mc-c++-common/ubsan/object-size-1.c:16:15:[1m[31m runtime error: [1m[0m[1mload of address 0x00ebd01c with insufficient space for an object of type 'char'[1m[0m
FAIL: c-c++-common/ubsan/object-size-1.c -O2 -flto -fno-use-linker-plugin -flto-partition=none output pattern test, is [1mc-c++-common/ubsan/object-size-1.c:16:15:[1m[31m runtime error: [1m[0m[1mload of address 0x0043e01c with insufficient space for an object of type 'char'[1m[0m
FAIL: c-c++-common/ubsan/object-size-1.c -O2 -flto -fuse-linker-plugin -fno-fat-lto-objects output pattern test, is [1mc-c++-common/ubsan/object-size-1.c:16:15:[1m[31m runtime error: [1m[0m[1mload of address 0x01d4301c with insufficient space for an object of type 'char'[1m[0m
FAIL: c-c++-common/ubsan/object-size-10.c -O2 output pattern test, is [1mc-c++-common/ubsan/object-size-10.c:19:19:[1m[31m runtime error: [1m[0m[1mindex 128 out of bounds for type 'char [128]'[1m[0m
FAIL: c-c++-common/ubsan/object-size-10.c -O2 -flto -fno-use-linker-plugin -flto-partition=none output pattern test, is [1mc-c++-common/ubsan/object-size-10.c:19:19:[1m[31m runtime error: [1m[0m[1mindex 128 out of bounds for type 'char [128]'[1m[0m
FAIL: c-c++-common/ubsan/object-size-10.c -O2 -flto -fuse-linker-plugin -fno-fat-lto-objects output pattern test, is [1mc-c++-common/ubsan/object-size-10.c:19:19:[1m[31m runtime error: [1m[0m[1mindex 128 out of bounds for type 'char [128]'[1m[0m
FAIL: c-c++-common/ubsan/object-size-4.c -O2 output pattern test, is [1mc-c++-common/ubsan/object-size-4.c:16:13:[1m[31m runtime error: [1m[0m[1mload of address 0x01496010 with insufficient space for an object of type 'int'[1m[0m
FAIL: c-c++-common/ubsan/object-size-4.c -O2 -flto -fno-use-linker-plugin -flto-partition=none output pattern test, is [1mc-c++-common/ubsan/object-size-4.c:16:13:[1m[31m runtime error: [1m[0m[1mload of address 0x01ba0010 with insufficient space for an object of type 'int'[1m[0m
FAIL: c-c++-common/ubsan/object-size-4.c -O2 -flto -fuse-linker-plugin -fno-fat-lto-objects output pattern test, is [1mc-c++-common/ubsan/object-size-4.c:16:13:[1m[31m runtime error: [1m[0m[1mload of address 0x0063e010 with insufficient space for an object of type 'int'[1m[0m
FAIL: c-c++-common/ubsan/object-size-5.c -O2 output pattern test, is [1mc-c++-common/ubsan/object-size-5.c:18:12:[1m[31m runtime error: [1m[0m[1mload of address 0x00f3101c with insufficient space for an object of type 'char'[1m[0m
FAIL: c-c++-common/ubsan/object-size-5.c -O2 -flto -fno-use-linker-plugin -flto-partition=none output pattern test, is [1mc-c++-common/ubsan/object-size-5.c:18:12:[1m[31m runtime error: [1m[0m[1mload of address 0x01e7701c with insufficient space for an object of type 'char'[1m[0m
FAIL: c-c++-common/ubsan/object-size-5.c -O2 -flto -fuse-linker-plugin -fno-fat-lto-objects output pattern test, is [1mc-c++-common/ubsan/object-size-5.c:18:12:[1m[31m runtime error: [1m[0m[1mload of address 0x012db01c with insufficient space for an object of type 'char'[1m[0m
FAIL: c-c++-common/ubsan/object-size-7.c -O2 output pattern test, is [1mc-c++-common/ubsan/object-size-7.c:15:11:[1m[31m runtime error: [1m[0m[1mload of address 0xbec2ea08 with insufficient space for an object of type 'const struct S'[1m[0m
FAIL: c-c++-common/ubsan/object-size-7.c -O2 -flto -fno-use-linker-plugin -flto-partition=none output pattern test, is [1mc-c++-common/ubsan/object-size-7.c:15:11:[1m[31m runtime error: [1m[0m[1mload of address 0xbeb2fa08 with insufficient space for an object of type 'const struct S'[1m[0m
FAIL: c-c++-common/ubsan/object-size-7.c -O2 -flto -fuse-linker-plugin -fno-fat-lto-objects output pattern test, is [1mc-c++-common/ubsan/object-size-7.c:15:11:[1m[31m runtime error: [1m[0m[1mload of address 0xbeeb9a08 with insufficient space for an object of type 'const struct S'[1m[0m
FAIL: c-c++-common/ubsan/object-size-8.c -O2 output pattern test, is [1mc-c++-common/ubsan/object-size-8.c:12:13:[1m[31m runtime error: [1m[0m[1mload of address 0x0195600c with insufficient space for an object of type 'int'[1m[0m
FAIL: c-c++-common/ubsan/object-size-8.c -O2 -flto -fno-use-linker-plugin -flto-partition=none output pattern test, is [1mc-c++-common/ubsan/object-size-8.c:12:13:[1m[31m runtime error: [1m[0m[1mload of address 0x002ab00c with insufficient space for an object of type 'int'[1m[0m
FAIL: c-c++-common/ubsan/object-size-8.c -O2 -flto -fuse-linker-plugin -fno-fat-lto-objects output pattern test, is [1mc-c++-common/ubsan/object-size-8.c:12:13:[1m[31m runtime error: [1m[0m[1mload of address 0x0120000c with insufficient space for an object of type 'int'[1m[0m
FAIL: c-c++-common/ubsan/object-size-9.c -O2 output pattern test, is [1mc-c++-common/ubsan/object-size-9.c:21:11:[1m[31m runtime error: [1m[0m[1mload of address 0xbefe99f8 with insufficient space for an object of type 'char'[1m[0m
FAIL: c-c++-common/ubsan/object-size-9.c -O2 -flto -fno-use-linker-plugin -flto-partition=none output pattern test, is [1mc-c++-common/ubsan/object-size-9.c:21:11:[1m[31m runtime error: [1m[0m[1mload of address 0xbebb89f8 with insufficient space for an object of type 'char'[1m[0m
FAIL: c-c++-common/ubsan/object-size-9.c -O2 -flto -fuse-linker-plugin -fno-fat-lto-objects output pattern test, is [1mc-c++-common/ubsan/object-size-9.c:21:11:[1m[31m runtime error: [1m[0m[1mload of address 0xbe9209f8 with insufficient space for an object of type 'char'[1m[0m
FAIL: g++.dg/ubsan/null-1.C -O0 output pattern test, is [1mg++.dg/ubsan/null-1.C:12:13:[1m[31m runtime error: [1m[0m[1mreference binding to null pointer of type 'int'[1m[0m
FAIL: g++.dg/ubsan/null-1.C -O1 output pattern test, is [1mg++.dg/ubsan/null-1.C:12:13:[1m[31m runtime error: [1m[0m[1mreference binding to null pointer of type 'int'[1m[0m
FAIL: g++.dg/ubsan/null-1.C -O2 output pattern test, is [1mg++.dg/ubsan/null-1.C:12:13:[1m[31m runtime error: [1m[0m[1mreference binding to null pointer of type 'int'[1m[0m
FAIL: g++.dg/ubsan/null-1.C -O3 -fomit-frame-pointer output pattern test, is [1mg++.dg/ubsan/null-1.C:12:13:[1m[31m runtime error: [1m[0m[1mreference binding to null pointer of type 'int'[1m[0m
FAIL: g++.dg/ubsan/null-1.C -O3 -g output pattern test, is [1mg++.dg/ubsan/null-1.C:12:13:[1m[31m runtime error: [1m[0m[1mreference binding to null pointer of type 'int'[1m[0m
FAIL: g++.dg/ubsan/null-1.C -Os output pattern test, is [1mg++.dg/ubsan/null-1.C:12:13:[1m[31m runtime error: [1m[0m[1mreference binding to null pointer of type 'int'[1m[0m
FAIL: g++.dg/ubsan/null-1.C -O2 -flto -fno-use-linker-plugin -flto-partition=none output pattern test, is [1mg++.dg/ubsan/null-1.C:12:13:[1m[31m runtime error: [1m[0m[1mreference binding to null pointer of type 'int'[1m[0m
FAIL: g++.dg/ubsan/null-1.C -O2 -flto -fuse-linker-plugin -fno-fat-lto-objects output pattern test, is [1mg++.dg/ubsan/null-1.C:12:13:[1m[31m runtime error: [1m[0m[1mreference binding to null pointer of type 'int'[1m[0m
FAIL: g++.dg/ubsan/null-3.C -O0 output pattern test, is [1mg++.dg/ubsan/null-3.C:9:14:[1m[31m runtime error: [1m[0m[1mreference binding to null pointer of type 'int'[1m[0m
FAIL: g++.dg/ubsan/null-3.C -O1 output pattern test, is [1mg++.dg/ubsan/null-3.C:9:14:[1m[31m runtime error: [1m[0m[1mreference binding to null pointer of type 'int'[1m[0m
FAIL: g++.dg/ubsan/null-3.C -O2 output pattern test, is [1mg++.dg/ubsan/null-3.C:9:14:[1m[31m runtime error: [1m[0m[1mreference binding to null pointer of type 'int'[1m[0m
FAIL: g++.dg/ubsan/null-3.C -O3 -fomit-frame-pointer output pattern test, is [1mg++.dg/ubsan/null-3.C:9:14:[1m[31m runtime error: [1m[0m[1mreference binding to null pointer of type 'int'[1m[0m
FAIL: g++.dg/ubsan/null-3.C -O3 -g output pattern test, is [1mg++.dg/ubsan/null-3.C:9:14:[1m[31m runtime error: [1m[0m[1mreference binding to null pointer of type 'int'[1m[0m
FAIL: g++.dg/ubsan/null-3.C -Os output pattern test, is [1mg++.dg/ubsan/null-3.C:9:14:[1m[31m runtime error: [1m[0m[1mreference binding to null pointer of type 'int'[1m[0m
FAIL: g++.dg/ubsan/null-3.C -O2 -flto -fno-use-linker-plugin -flto-partition=none output pattern test, is [1mg++.dg/ubsan/null-3.C:9:14:[1m[31m runtime error: [1m[0m[1mreference binding to null pointer of type 'int'[1m[0m
FAIL: g++.dg/ubsan/null-3.C -O2 -flto -fuse-linker-plugin -fno-fat-lto-objects output pattern test, is [1mg++.dg/ubsan/null-3.C:9:14:[1m[31m runtime error: [1m[0m[1mreference binding to null pointer of type 'int'[1m[0m
FAIL: g++.dg/ubsan/null-4.C -O0 output pattern test, is [1mg++.dg/ubsan/null-4.C:11:14:[1m[31m runtime error: [1m[0m[1mreference binding to null pointer of type 'int'[1m[0m
FAIL: g++.dg/ubsan/null-4.C -O1 output pattern test, is [1mg++.dg/ubsan/null-4.C:11:14:[1m[31m runtime error: [1m[0m[1mreference binding to null pointer of type 'int'[1m[0m
FAIL: g++.dg/ubsan/null-4.C -O2 output pattern test, is [1mg++.dg/ubsan/null-4.C:11:14:[1m[31m runtime error: [1m[0m[1mreference binding to null pointer of type 'int'[1m[0m
FAIL: g++.dg/ubsan/null-4.C -O3 -fomit-frame-pointer output pattern test, is [1mg++.dg/ubsan/null-4.C:11:14:[1m[31m runtime error: [1m[0m[1mreference binding to null pointer of type 'int'[1m[0m
FAIL: g++.dg/ubsan/null-4.C -O3 -g output pattern test, is [1mg++.dg/ubsan/null-4.C:11:14:[1m[31m runtime error: [1m[0m[1mreference binding to null pointer of type 'int'[1m[0m
FAIL: g++.dg/ubsan/null-4.C -Os output pattern test, is [1mg++.dg/ubsan/null-4.C:11:14:[1m[31m runtime error: [1m[0m[1mreference binding to null pointer of type 'int'[1m[0m
FAIL: g++.dg/ubsan/null-4.C -O2 -flto -fno-use-linker-plugin -flto-partition=none output pattern test, is [1mg++.dg/ubsan/null-4.C:11:14:[1m[31m runtime error: [1m[0m[1mreference binding to null pointer of type 'int'[1m[0m
=== g++ Summary ===
# of expected passes 83480
# of unexpected failures 51
# of expected failures 301
# of unresolved testcases 9
# of unsupported tests 3831
/scratch/gcc/nightly-2014-12-09-mainline/arm-none-linux-gnueabi/obj/test-mainline-0-arm-none-linux-gnueabi/host-i686-pc-linux-gnu/fsf-mainline/bin/arm-none-linux-gnueabi-g++ version 5.0.0 20141209 (experimental) (GCC)
=== Summary adjusted for local xfails ===
# of unexpected failures 51
# of expected passes 83480
# of expected failures 301
# of unresolved testcases 9
# of unsupported tests 3831
Host is i686-pc-linux-gnu
=== gcc tests ===
Running target qemu-wheezy
FAIL: c-c++-common/asan/heap-overflow-1.c -O1 output pattern test, is =================================================================
FAIL: c-c++-common/asan/sanity-check-pure-c-1.c -O1 output pattern test, is =================================================================
FAIL: c-c++-common/asan/strncpy-overflow-1.c -O1 output pattern test, is =================================================================
FAIL: c-c++-common/asan/use-after-free-1.c -O1 output pattern test, is =================================================================
FAIL: gcc.dg/builtin-arith-overflow-1.c execution test
FAIL: gcc.dg/undefined-loop-2.c (test for warnings, line 18)
FAIL: gcc.dg/graphite/vect-pr43423.c scan-tree-dump-times vect "vectorized 2 loops" 1
FAIL: gcc.dg/lto/chkp-privatize c_lto_chkp-privatize_0.o assemble, -fPIC -flto -flto-partition=max -fcheck-pointer-bounds -mmpx
FAIL: gcc.dg/lto/chkp-privatize c_lto_chkp-privatize_1.o assemble, -fPIC -flto -flto-partition=max -fcheck-pointer-bounds -mmpx
UNRESOLVED: gcc.dg/lto/chkp-privatize c_lto_chkp-privatize_0.o-c_lto_chkp-privatize_1.o link -fPIC -flto -flto-partition=max -fcheck-pointer-bounds -mmpx
UNRESOLVED: gcc.dg/lto/chkp-privatize c_lto_chkp-privatize_0.o-c_lto_chkp-privatize_1.o execute -fPIC -flto -flto-partition=max -fcheck-pointer-bounds -mmpx
UNRESOLVED: gcc.dg/tree-prof/peel-1.c scan-rtl-dump loop2_unroll "Considering simply peeling loop"
FAIL: gcc.dg/tree-ssa/sra-12.c scan-tree-dump-times release_ssa "l;" 0
FAIL: gcc.dg/tree-ssa/ssa-dom-cse-2.c scan-tree-dump optimized "return 28;"
FAIL: c-c++-common/ubsan/object-size-1.c -O2 output pattern test, is [1mc-c++-common/ubsan/object-size-1.c:16:7:[1m[31m runtime error: [1m[0m[1mload of address 0x00ce001c with insufficient space for an object of type 'char'[1m[0m
FAIL: c-c++-common/ubsan/object-size-1.c -O2 -flto -fno-use-linker-plugin -flto-partition=none output pattern test, is [1mc-c++-common/ubsan/object-size-1.c:16:7:[1m[31m runtime error: [1m[0m[1mload of address 0x017f801c with insufficient space for an object of type 'char'[1m[0m
FAIL: c-c++-common/ubsan/object-size-1.c -O2 -flto -fuse-linker-plugin -fno-fat-lto-objects output pattern test, is [1mc-c++-common/ubsan/object-size-1.c:16:7:[1m[31m runtime error: [1m[0m[1mload of address 0x00db901c with insufficient space for an object of type 'char'[1m[0m
FAIL: c-c++-common/ubsan/object-size-10.c -O2 output pattern test, is [1mc-c++-common/ubsan/object-size-10.c:19:11:[1m[31m runtime error: [1m[0m[1mindex 128 out of bounds for type 'char [128]'[1m[0m
FAIL: c-c++-common/ubsan/object-size-10.c -O2 -flto -fno-use-linker-plugin -flto-partition=none output pattern test, is [1mc-c++-common/ubsan/object-size-10.c:19:11:[1m[31m runtime error: [1m[0m[1mindex 128 out of bounds for type 'char [128]'[1m[0m
FAIL: c-c++-common/ubsan/object-size-10.c -O2 -flto -fuse-linker-plugin -fno-fat-lto-objects output pattern test, is [1mc-c++-common/ubsan/object-size-10.c:19:11:[1m[31m runtime error: [1m[0m[1mindex 128 out of bounds for type 'char [128]'[1m[0m
FAIL: c-c++-common/ubsan/object-size-4.c -O2 output pattern test, is [1mc-c++-common/ubsan/object-size-4.c:16:11:[1m[31m runtime error: [1m[0m[1mload of address 0x01849010 with insufficient space for an object of type 'int'[1m[0m
FAIL: c-c++-common/ubsan/object-size-4.c -O2 -flto -fno-use-linker-plugin -flto-partition=none output pattern test, is [1mc-c++-common/ubsan/object-size-4.c:16:11:[1m[31m runtime error: [1m[0m[1mload of address 0x010fd010 with insufficient space for an object of type 'int'[1m[0m
FAIL: c-c++-common/ubsan/object-size-4.c -O2 -flto -fuse-linker-plugin -fno-fat-lto-objects output pattern test, is [1mc-c++-common/ubsan/object-size-4.c:16:11:[1m[31m runtime error: [1m[0m[1mload of address 0x01c99010 with insufficient space for an object of type 'int'[1m[0m
FAIL: c-c++-common/ubsan/object-size-5.c -O2 output pattern test, is [1mc-c++-common/ubsan/object-size-5.c:18:10:[1m[31m runtime error: [1m[0m[1mload of address 0x000d601c with insufficient space for an object of type 'char'[1m[0m
FAIL: c-c++-common/ubsan/object-size-5.c -O2 -flto -fno-use-linker-plugin -flto-partition=none output pattern test, is [1mc-c++-common/ubsan/object-size-5.c:18:10:[1m[31m runtime error: [1m[0m[1mload of address 0x003d001c with insufficient space for an object of type 'char'[1m[0m
FAIL: c-c++-common/ubsan/object-size-5.c -O2 -flto -fuse-linker-plugin -fno-fat-lto-objects output pattern test, is [1mc-c++-common/ubsan/object-size-5.c:18:10:[1m[31m runtime error: [1m[0m[1mload of address 0x0189a01c with insufficient space for an object of type 'char'[1m[0m
FAIL: c-c++-common/ubsan/object-size-7.c -O2 output pattern test, is [1mc-c++-common/ubsan/object-size-7.c:15:5:[1m[31m runtime error: [1m[0m[1mload of address 0xbed81a08 with insufficient space for an object of type 'struct S'[1m[0m
FAIL: c-c++-common/ubsan/object-size-7.c -O2 -flto -fno-use-linker-plugin -flto-partition=none output pattern test, is [1mc-c++-common/ubsan/object-size-7.c:15:5:[1m[31m runtime error: [1m[0m[1mload of address 0xbeb1ba08 with insufficient space for an object of type 'struct S'[1m[0m
FAIL: c-c++-common/ubsan/object-size-7.c -O2 -flto -fuse-linker-plugin -fno-fat-lto-objects output pattern test, is [1mc-c++-common/ubsan/object-size-7.c:15:5:[1m[31m runtime error: [1m[0m[1mload of address 0xbed5ca08 with insufficient space for an object of type 'struct S'[1m[0m
FAIL: c-c++-common/ubsan/object-size-8.c -O2 output pattern test, is [1mc-c++-common/ubsan/object-size-8.c:12:10:[1m[31m runtime error: [1m[0m[1mload of address 0x003f900c with insufficient space for an object of type 'int'[1m[0m
FAIL: c-c++-common/ubsan/object-size-8.c -O2 -flto -fno-use-linker-plugin -flto-partition=none output pattern test, is [1mc-c++-common/ubsan/object-size-8.c:12:10:[1m[31m runtime error: [1m[0m[1mload of address 0x00bb900c with insufficient space for an object of type 'int'[1m[0m
FAIL: c-c++-common/ubsan/object-size-8.c -O2 -flto -fuse-linker-plugin -fno-fat-lto-objects output pattern test, is [1mc-c++-common/ubsan/object-size-8.c:12:10:[1m[31m runtime error: [1m[0m[1mload of address 0x00d3f00c with insufficient space for an object of type 'int'[1m[0m
FAIL: c-c++-common/ubsan/object-size-9.c -O2 output pattern test, is [1mc-c++-common/ubsan/object-size-9.c:21:10:[1m[31m runtime error: [1m[0m[1mload of address 0xbede7a08 with insufficient space for an object of type 'char'[1m[0m
FAIL: c-c++-common/ubsan/object-size-9.c -O2 -flto -fno-use-linker-plugin -flto-partition=none output pattern test, is [1mc-c++-common/ubsan/object-size-9.c:21:10:[1m[31m runtime error: [1m[0m[1mload of address 0xbec35a08 with insufficient space for an object of type 'char'[1m[0m
FAIL: c-c++-common/ubsan/object-size-9.c -O2 -flto -fuse-linker-plugin -fno-fat-lto-objects output pattern test, is [1mc-c++-common/ubsan/object-size-9.c:21:10:[1m[31m runtime error: [1m[0m[1mload of address 0xbef95a08 with insufficient space for an object of type 'char'[1m[0m
FAIL: gcc.dg/ubsan/object-size-9.c -O2 output pattern test, is [1mgcc.dg/ubsan/object-size-9.c:11:13:[1m[31m runtime error: [1m[0m[1mload of address 0x00020a4a with insufficient space for an object of type 'char'[1m[0m
FAIL: gcc.dg/ubsan/object-size-9.c -O2 -flto -fno-use-linker-plugin -flto-partition=none output pattern test, is [1mgcc.dg/ubsan/object-size-9.c:11:13:[1m[31m runtime error: [1m[0m[1mload of address 0x00020a4a with insufficient space for an object of type 'char'[1m[0m
FAIL: gcc.dg/ubsan/object-size-9.c -O2 -flto -fuse-linker-plugin -fno-fat-lto-objects output pattern test, is [1mgcc.dg/ubsan/object-size-9.c:11:13:[1m[31m runtime error: [1m[0m[1mload of address 0x00020a0a with insufficient space for an object of type 'char'[1m[0m
XPASS: gcc.dg/vect/pr33804.c scan-tree-dump-times vect "vectorized 1 loops" 1
XPASS: gcc.dg/vect/pr33804.c scan-tree-dump-times vect "vectorizing stmts using SLP" 1
XPASS: gcc.dg/vect/pr33953.c scan-tree-dump-times vect "vectorized 1 loops" 1
XPASS: gcc.dg/vect/pr33953.c scan-tree-dump-times vect "vectorizing stmts using SLP" 1
XPASS: gcc.dg/vect/pr58508.c scan-tree-dump-times vect "hoist" 3
FAIL: gcc.dg/vect/vect-33.c scan-tree-dump vect "Alignment of access forced using peeling"
XPASS: gcc.dg/vect/vect-cselim-1.c scan-tree-dump-times vect "vectorized 1 loops" 1
FAIL: gcc.dg/vect/vect-outer-3a-big-array.c scan-tree-dump-times vect "step doesn't divide the vector-size" 1
FAIL: gcc.dg/vect/vect-outer-3a.c scan-tree-dump-times vect "step doesn't divide the vector-size" 1
XPASS: gcc.dg/vect/vect-outer-5.c scan-tree-dump vect "zero step in outer loop."
XPASS: gcc.dg/vect/slp-24-big-array.c scan-tree-dump-times vect "vectorized 1 loops" 1
XPASS: gcc.dg/vect/slp-24-big-array.c scan-tree-dump-times vect "vectorizing stmts using SLP" 2
XPASS: gcc.dg/vect/slp-24.c scan-tree-dump-times vect "vectorized 1 loops" 1
XPASS: gcc.dg/vect/slp-24.c scan-tree-dump-times vect "vectorizing stmts using SLP" 2
FAIL: gcc.dg/vect/bb-slp-26.c scan-tree-dump-times slp1 "basic block vectorized" 1
XPASS: gcc.dg/vect/pr33804.c -flto -ffat-lto-objects scan-tree-dump-times vect "vectorized 1 loops" 1
XPASS: gcc.dg/vect/pr33804.c -flto -ffat-lto-objects scan-tree-dump-times vect "vectorizing stmts using SLP" 1
XPASS: gcc.dg/vect/pr33953.c -flto -ffat-lto-objects scan-tree-dump-times vect "vectorized 1 loops" 1
XPASS: gcc.dg/vect/pr33953.c -flto -ffat-lto-objects scan-tree-dump-times vect "vectorizing stmts using SLP" 1
XPASS: gcc.dg/vect/pr58508.c -flto -ffat-lto-objects scan-tree-dump-times vect "hoist" 3
FAIL: gcc.dg/vect/vect-33.c -flto -ffat-lto-objects scan-tree-dump vect "Alignment of access forced using peeling"
XPASS: gcc.dg/vect/vect-cselim-1.c -flto -ffat-lto-objects scan-tree-dump-times vect "vectorized 1 loops" 1
FAIL: gcc.dg/vect/vect-outer-3a-big-array.c -flto -ffat-lto-objects scan-tree-dump-times vect "step doesn't divide the vector-size" 1
FAIL: gcc.dg/vect/vect-outer-3a.c -flto -ffat-lto-objects scan-tree-dump-times vect "step doesn't divide the vector-size" 1
XPASS: gcc.dg/vect/vect-outer-5.c -flto -ffat-lto-objects scan-tree-dump vect "zero step in outer loop."
XPASS: gcc.dg/vect/slp-24-big-array.c -flto -ffat-lto-objects scan-tree-dump-times vect "vectorized 1 loops" 1
XPASS: gcc.dg/vect/slp-24-big-array.c -flto -ffat-lto-objects scan-tree-dump-times vect "vectorizing stmts using SLP" 2
XPASS: gcc.dg/vect/slp-24.c -flto -ffat-lto-objects scan-tree-dump-times vect "vectorized 1 loops" 1
XPASS: gcc.dg/vect/slp-24.c -flto -ffat-lto-objects scan-tree-dump-times vect "vectorizing stmts using SLP" 2
FAIL: gcc.dg/vect/bb-slp-26.c -flto -ffat-lto-objects scan-tree-dump-times slp1 "basic block vectorized" 1
FAIL: gcc.dg/vect/no-vfa-vect-depend-1.c scan-tree-dump-times vect "dependence distance negative" 1
FAIL: gcc.dg/vect/no-vfa-vect-depend-2.c scan-tree-dump-times vect "dependence distance negative" 1
FAIL: gcc.dg/vect/no-vfa-vect-depend-3.c scan-tree-dump-times vect "dependence distance negative" 4
XPASS: gcc.dg/vect/if-cvt-stores-vect-ifcvt-18.c scan-tree-dump-times vect "vectorized 1 loops" 1
FAIL: gcc.target/aarch64/advsimd-intrinsics/vaba.c execution, -O0
FAIL: gcc.target/aarch64/advsimd-intrinsics/vaba.c execution, -O1
FAIL: gcc.target/aarch64/advsimd-intrinsics/vaba.c execution, -O2
FAIL: gcc.target/aarch64/advsimd-intrinsics/vaba.c execution, -O3 -fomit-frame-pointer
FAIL: gcc.target/aarch64/advsimd-intrinsics/vaba.c execution, -O3 -g
FAIL: gcc.target/aarch64/advsimd-intrinsics/vaba.c execution, -Os
FAIL: gcc.target/aarch64/advsimd-intrinsics/vaba.c execution, -Og -g
FAIL: gcc.target/aarch64/advsimd-intrinsics/vaba.c execution, -O2 -flto -fno-use-linker-plugin -flto-partition=none
FAIL: gcc.target/aarch64/advsimd-intrinsics/vaba.c execution, -O2 -flto -fuse-linker-plugin -fno-fat-lto-objects
FAIL: gcc.target/aarch64/advsimd-intrinsics/vabal.c execution, -O0
FAIL: gcc.target/aarch64/advsimd-intrinsics/vabal.c execution, -O1
FAIL: gcc.target/aarch64/advsimd-intrinsics/vabal.c execution, -O2
FAIL: gcc.target/aarch64/advsimd-intrinsics/vabal.c execution, -O3 -fomit-frame-pointer
FAIL: gcc.target/aarch64/advsimd-intrinsics/vabal.c execution, -O3 -g
FAIL: gcc.target/aarch64/advsimd-intrinsics/vabal.c execution, -Os
FAIL: gcc.target/aarch64/advsimd-intrinsics/vabal.c execution, -Og -g
FAIL: gcc.target/aarch64/advsimd-intrinsics/vabal.c execution, -O2 -flto -fno-use-linker-plugin -flto-partition=none
FAIL: gcc.target/aarch64/advsimd-intrinsics/vabal.c execution, -O2 -flto -fuse-linker-plugin -fno-fat-lto-objects
FAIL: gcc.target/aarch64/advsimd-intrinsics/vabd.c execution, -O0
FAIL: gcc.target/aarch64/advsimd-intrinsics/vabd.c execution, -O1
FAIL: gcc.target/aarch64/advsimd-intrinsics/vabd.c execution, -O2
FAIL: gcc.target/aarch64/advsimd-intrinsics/vabd.c execution, -O3 -fomit-frame-pointer
FAIL: gcc.target/aarch64/advsimd-intrinsics/vabd.c execution, -O3 -g
FAIL: gcc.target/aarch64/advsimd-intrinsics/vabd.c execution, -Os
FAIL: gcc.target/aarch64/advsimd-intrinsics/vabd.c execution, -Og -g
FAIL: gcc.target/aarch64/advsimd-intrinsics/vabd.c execution, -O2 -flto -fno-use-linker-plugin -flto-partition=none
FAIL: gcc.target/aarch64/advsimd-intrinsics/vabd.c execution, -O2 -flto -fuse-linker-plugin -fno-fat-lto-objects
FAIL: gcc.target/aarch64/advsimd-intrinsics/vabdl.c execution, -O0
FAIL: gcc.target/aarch64/advsimd-intrinsics/vabdl.c execution, -O1
FAIL: gcc.target/aarch64/advsimd-intrinsics/vabdl.c execution, -O2
FAIL: gcc.target/aarch64/advsimd-intrinsics/vabdl.c execution, -O3 -fomit-frame-pointer
FAIL: gcc.target/aarch64/advsimd-intrinsics/vabdl.c execution, -O3 -g
FAIL: gcc.target/aarch64/advsimd-intrinsics/vabdl.c execution, -Os
FAIL: gcc.target/aarch64/advsimd-intrinsics/vabdl.c execution, -Og -g
FAIL: gcc.target/aarch64/advsimd-intrinsics/vabdl.c execution, -O2 -flto -fno-use-linker-plugin -flto-partition=none
FAIL: gcc.target/aarch64/advsimd-intrinsics/vabdl.c execution, -O2 -flto -fuse-linker-plugin -fno-fat-lto-objects
FAIL: gcc.target/aarch64/advsimd-intrinsics/vabs.c execution, -O0
FAIL: gcc.target/aarch64/advsimd-intrinsics/vabs.c execution, -O1
FAIL: gcc.target/aarch64/advsimd-intrinsics/vabs.c execution, -O2
FAIL: gcc.target/aarch64/advsimd-intrinsics/vabs.c execution, -O3 -fomit-frame-pointer
FAIL: gcc.target/aarch64/advsimd-intrinsics/vabs.c execution, -O3 -g
FAIL: gcc.target/aarch64/advsimd-intrinsics/vabs.c execution, -Os
FAIL: gcc.target/aarch64/advsimd-intrinsics/vabs.c execution, -Og -g
FAIL: gcc.target/aarch64/advsimd-intrinsics/vabs.c execution, -O2 -flto -fno-use-linker-plugin -flto-partition=none
FAIL: gcc.target/aarch64/advsimd-intrinsics/vabs.c execution, -O2 -flto -fuse-linker-plugin -fno-fat-lto-objects
FAIL: gcc.target/aarch64/advsimd-intrinsics/vadd.c execution, -O0
FAIL: gcc.target/aarch64/advsimd-intrinsics/vadd.c execution, -O1
FAIL: gcc.target/aarch64/advsimd-intrinsics/vadd.c execution, -O2
FAIL: gcc.target/aarch64/advsimd-intrinsics/vadd.c execution, -O3 -fomit-frame-pointer
FAIL: gcc.target/aarch64/advsimd-intrinsics/vadd.c execution, -O3 -g
FAIL: gcc.target/aarch64/advsimd-intrinsics/vadd.c execution, -Os
FAIL: gcc.target/aarch64/advsimd-intrinsics/vadd.c execution, -Og -g
FAIL: gcc.target/aarch64/advsimd-intrinsics/vadd.c execution, -O2 -flto -fno-use-linker-plugin -flto-partition=none
FAIL: gcc.target/aarch64/advsimd-intrinsics/vadd.c execution, -O2 -flto -fuse-linker-plugin -fno-fat-lto-objects
FAIL: gcc.target/aarch64/advsimd-intrinsics/vaddhn.c execution, -O0
FAIL: gcc.target/aarch64/advsimd-intrinsics/vaddhn.c execution, -O1
FAIL: gcc.target/aarch64/advsimd-intrinsics/vaddhn.c execution, -O2
FAIL: gcc.target/aarch64/advsimd-intrinsics/vaddhn.c execution, -O3 -fomit-frame-pointer
FAIL: gcc.target/aarch64/advsimd-intrinsics/vaddhn.c execution, -O3 -g
FAIL: gcc.target/aarch64/advsimd-intrinsics/vaddhn.c execution, -Os
FAIL: gcc.target/aarch64/advsimd-intrinsics/vaddhn.c execution, -Og -g
FAIL: gcc.target/aarch64/advsimd-intrinsics/vaddhn.c execution, -O2 -flto -fno-use-linker-plugin -flto-partition=none
FAIL: gcc.target/aarch64/advsimd-intrinsics/vaddhn.c execution, -O2 -flto -fuse-linker-plugin -fno-fat-lto-objects
FAIL: gcc.target/aarch64/advsimd-intrinsics/vaddl.c execution, -O0
FAIL: gcc.target/aarch64/advsimd-intrinsics/vaddl.c execution, -O1
FAIL: gcc.target/aarch64/advsimd-intrinsics/vaddl.c execution, -O2
FAIL: gcc.target/aarch64/advsimd-intrinsics/vaddl.c execution, -O3 -fomit-frame-pointer
FAIL: gcc.target/aarch64/advsimd-intrinsics/vaddl.c execution, -O3 -g
FAIL: gcc.target/aarch64/advsimd-intrinsics/vaddl.c execution, -Os
FAIL: gcc.target/aarch64/advsimd-intrinsics/vaddl.c execution, -Og -g
FAIL: gcc.target/aarch64/advsimd-intrinsics/vaddl.c execution, -O2 -flto -fno-use-linker-plugin -flto-partition=none
FAIL: gcc.target/aarch64/advsimd-intrinsics/vaddl.c execution, -O2 -flto -fuse-linker-plugin -fno-fat-lto-objects
FAIL: gcc.target/aarch64/advsimd-intrinsics/vaddw.c execution, -O0
FAIL: gcc.target/aarch64/advsimd-intrinsics/vaddw.c execution, -O1
FAIL: gcc.target/aarch64/advsimd-intrinsics/vaddw.c execution, -O2
FAIL: gcc.target/aarch64/advsimd-intrinsics/vaddw.c execution, -O3 -fomit-frame-pointer
FAIL: gcc.target/aarch64/advsimd-intrinsics/vaddw.c execution, -O3 -g
FAIL: gcc.target/aarch64/advsimd-intrinsics/vaddw.c execution, -Os
FAIL: gcc.target/aarch64/advsimd-intrinsics/vaddw.c execution, -Og -g
FAIL: gcc.target/aarch64/advsimd-intrinsics/vaddw.c execution, -O2 -flto -fno-use-linker-plugin -flto-partition=none
FAIL: gcc.target/aarch64/advsimd-intrinsics/vaddw.c execution, -O2 -flto -fuse-linker-plugin -fno-fat-lto-objects
FAIL: gcc.target/aarch64/advsimd-intrinsics/vand.c execution, -O0
FAIL: gcc.target/aarch64/advsimd-intrinsics/vand.c execution, -O1
FAIL: gcc.target/aarch64/advsimd-intrinsics/vand.c execution, -O2
FAIL: gcc.target/aarch64/advsimd-intrinsics/vand.c execution, -O3 -fomit-frame-pointer
FAIL: gcc.target/aarch64/advsimd-intrinsics/vand.c execution, -O3 -g
FAIL: gcc.target/aarch64/advsimd-intrinsics/vand.c execution, -Os
FAIL: gcc.target/aarch64/advsimd-intrinsics/vand.c execution, -Og -g
FAIL: gcc.target/aarch64/advsimd-intrinsics/vand.c execution, -O2 -flto -fno-use-linker-plugin -flto-partition=none
FAIL: gcc.target/aarch64/advsimd-intrinsics/vand.c execution, -O2 -flto -fuse-linker-plugin -fno-fat-lto-objects
FAIL: gcc.target/aarch64/advsimd-intrinsics/vbic.c execution, -O0
FAIL: gcc.target/aarch64/advsimd-intrinsics/vbic.c execution, -O1
FAIL: gcc.target/aarch64/advsimd-intrinsics/vbic.c execution, -O2
FAIL: gcc.target/aarch64/advsimd-intrinsics/vbic.c execution, -O3 -fomit-frame-pointer
FAIL: gcc.target/aarch64/advsimd-intrinsics/vbic.c execution, -O3 -g
FAIL: gcc.target/aarch64/advsimd-intrinsics/vbic.c execution, -Os
FAIL: gcc.target/aarch64/advsimd-intrinsics/vbic.c execution, -Og -g
FAIL: gcc.target/aarch64/advsimd-intrinsics/vbic.c execution, -O2 -flto -fno-use-linker-plugin -flto-partition=none
FAIL: gcc.target/aarch64/advsimd-intrinsics/vbic.c execution, -O2 -flto -fuse-linker-plugin -fno-fat-lto-objects
FAIL: gcc.target/aarch64/advsimd-intrinsics/vbsl.c execution, -O0
FAIL: gcc.target/aarch64/advsimd-intrinsics/vbsl.c execution, -O1
FAIL: gcc.target/aarch64/advsimd-intrinsics/vbsl.c execution, -O2
FAIL: gcc.target/aarch64/advsimd-intrinsics/vbsl.c execution, -O3 -fomit-frame-pointer
FAIL: gcc.target/aarch64/advsimd-intrinsics/vbsl.c execution, -O3 -g
FAIL: gcc.target/aarch64/advsimd-intrinsics/vbsl.c execution, -Os
FAIL: gcc.target/aarch64/advsimd-intrinsics/vbsl.c execution, -Og -g
FAIL: gcc.target/aarch64/advsimd-intrinsics/vbsl.c execution, -O2 -flto -fno-use-linker-plugin -flto-partition=none
FAIL: gcc.target/aarch64/advsimd-intrinsics/vbsl.c execution, -O2 -flto -fuse-linker-plugin -fno-fat-lto-objects
FAIL: gcc.target/aarch64/advsimd-intrinsics/vcage.c execution, -O0
FAIL: gcc.target/aarch64/advsimd-intrinsics/vcage.c execution, -O1
FAIL: gcc.target/aarch64/advsimd-intrinsics/vcage.c execution, -O2
FAIL: gcc.target/aarch64/advsimd-intrinsics/vcage.c execution, -O3 -fomit-frame-pointer
FAIL: gcc.target/aarch64/advsimd-intrinsics/vcage.c execution, -O3 -g
FAIL: gcc.target/aarch64/advsimd-intrinsics/vcage.c execution, -Os
FAIL: gcc.target/aarch64/advsimd-intrinsics/vcage.c execution, -Og -g
FAIL: gcc.target/aarch64/advsimd-intrinsics/vcage.c execution, -O2 -flto -fno-use-linker-plugin -flto-partition=none
FAIL: gcc.target/aarch64/advsimd-intrinsics/vcage.c execution, -O2 -flto -fuse-linker-plugin -fno-fat-lto-objects
FAIL: gcc.target/aarch64/advsimd-intrinsics/vcagt.c execution, -O0
FAIL: gcc.target/aarch64/advsimd-intrinsics/vcagt.c execution, -O1
FAIL: gcc.target/aarch64/advsimd-intrinsics/vcagt.c execution, -O2
FAIL: gcc.target/aarch64/advsimd-intrinsics/vcagt.c execution, -O3 -fomit-frame-pointer
FAIL: gcc.target/aarch64/advsimd-intrinsics/vcagt.c execution, -O3 -g
FAIL: gcc.target/aarch64/advsimd-intrinsics/vcagt.c execution, -Os
FAIL: gcc.target/aarch64/advsimd-intrinsics/vcagt.c execution, -Og -g
FAIL: gcc.target/aarch64/advsimd-intrinsics/vcagt.c execution, -O2 -flto -fno-use-linker-plugin -flto-partition=none
FAIL: gcc.target/aarch64/advsimd-intrinsics/vcagt.c execution, -O2 -flto -fuse-linker-plugin -fno-fat-lto-objects
FAIL: gcc.target/aarch64/advsimd-intrinsics/vcale.c execution, -O0
FAIL: gcc.target/aarch64/advsimd-intrinsics/vcale.c execution, -O1
FAIL: gcc.target/aarch64/advsimd-intrinsics/vcale.c execution, -O2
FAIL: gcc.target/aarch64/advsimd-intrinsics/vcale.c execution, -O3 -fomit-frame-pointer
FAIL: gcc.target/aarch64/advsimd-intrinsics/vcale.c execution, -O3 -g
FAIL: gcc.target/aarch64/advsimd-intrinsics/vcale.c execution, -Os
FAIL: gcc.target/aarch64/advsimd-intrinsics/vcale.c execution, -Og -g
FAIL: gcc.target/aarch64/advsimd-intrinsics/vcale.c execution, -O2 -flto -fno-use-linker-plugin -flto-partition=none
FAIL: gcc.target/aarch64/advsimd-intrinsics/vcale.c execution, -O2 -flto -fuse-linker-plugin -fno-fat-lto-objects
FAIL: gcc.target/aarch64/advsimd-intrinsics/vcalt.c execution, -O0
FAIL: gcc.target/aarch64/advsimd-intrinsics/vcalt.c execution, -O1
FAIL: gcc.target/aarch64/advsimd-intrinsics/vcalt.c execution, -O2
FAIL: gcc.target/aarch64/advsimd-intrinsics/vcalt.c execution, -O3 -fomit-frame-pointer
FAIL: gcc.target/aarch64/advsimd-intrinsics/vcalt.c execution, -O3 -g
FAIL: gcc.target/aarch64/advsimd-intrinsics/vcalt.c execution, -Os
FAIL: gcc.target/aarch64/advsimd-intrinsics/vcalt.c execution, -Og -g
FAIL: gcc.target/aarch64/advsimd-intrinsics/vcalt.c execution, -O2 -flto -fno-use-linker-plugin -flto-partition=none
FAIL: gcc.target/aarch64/advsimd-intrinsics/vcalt.c execution, -O2 -flto -fuse-linker-plugin -fno-fat-lto-objects
FAIL: gcc.target/aarch64/advsimd-intrinsics/vceq.c execution, -O0
FAIL: gcc.target/aarch64/advsimd-intrinsics/vceq.c execution, -O1
FAIL: gcc.target/aarch64/advsimd-intrinsics/vceq.c execution, -O2
FAIL: gcc.target/aarch64/advsimd-intrinsics/vceq.c execution, -O3 -fomit-frame-pointer
FAIL: gcc.target/aarch64/advsimd-intrinsics/vceq.c execution, -O3 -g
FAIL: gcc.target/aarch64/advsimd-intrinsics/vceq.c execution, -Os
FAIL: gcc.target/aarch64/advsimd-intrinsics/vceq.c execution, -Og -g
FAIL: gcc.target/aarch64/advsimd-intrinsics/vceq.c execution, -O2 -flto -fno-use-linker-plugin -flto-partition=none
FAIL: gcc.target/aarch64/advsimd-intrinsics/vceq.c execution, -O2 -flto -fuse-linker-plugin -fno-fat-lto-objects
FAIL: gcc.target/aarch64/advsimd-intrinsics/vcge.c execution, -O0
FAIL: gcc.target/aarch64/advsimd-intrinsics/vcge.c execution, -O1
FAIL: gcc.target/aarch64/advsimd-intrinsics/vcge.c execution, -O2
FAIL: gcc.target/aarch64/advsimd-intrinsics/vcge.c execution, -O3 -fomit-frame-pointer
FAIL: gcc.target/aarch64/advsimd-intrinsics/vcge.c execution, -O3 -g
FAIL: gcc.target/aarch64/advsimd-intrinsics/vcge.c execution, -Os
FAIL: gcc.target/aarch64/advsimd-intrinsics/vcge.c execution, -Og -g
FAIL: gcc.target/aarch64/advsimd-intrinsics/vcge.c execution, -O2 -flto -fno-use-linker-plugin -flto-partition=none
FAIL: gcc.target/aarch64/advsimd-intrinsics/vcge.c execution, -O2 -flto -fuse-linker-plugin -fno-fat-lto-objects
FAIL: gcc.target/aarch64/advsimd-intrinsics/vcgt.c execution, -O0
FAIL: gcc.target/aarch64/advsimd-intrinsics/vcgt.c execution, -O1
FAIL: gcc.target/aarch64/advsimd-intrinsics/vcgt.c execution, -O2
FAIL: gcc.target/aarch64/advsimd-intrinsics/vcgt.c execution, -O3 -fomit-frame-pointer
FAIL: gcc.target/aarch64/advsimd-intrinsics/vcgt.c execution, -O3 -g
FAIL: gcc.target/aarch64/advsimd-intrinsics/vcgt.c execution, -Os
FAIL: gcc.target/aarch64/advsimd-intrinsics/vcgt.c execution, -Og -g
FAIL: gcc.target/aarch64/advsimd-intrinsics/vcgt.c execution, -O2 -flto -fno-use-linker-plugin -flto-partition=none
FAIL: gcc.target/aarch64/advsimd-intrinsics/vcgt.c execution, -O2 -flto -fuse-linker-plugin -fno-fat-lto-objects
FAIL: gcc.target/aarch64/advsimd-intrinsics/vcle.c execution, -O0
FAIL: gcc.target/aarch64/advsimd-intrinsics/vcle.c execution, -O1
FAIL: gcc.target/aarch64/advsimd-intrinsics/vcle.c execution, -O2
FAIL: gcc.target/aarch64/advsimd-intrinsics/vcle.c execution, -O3 -fomit-frame-pointer
FAIL: gcc.target/aarch64/advsimd-intrinsics/vcle.c execution, -O3 -g
FAIL: gcc.target/aarch64/advsimd-intrinsics/vcle.c execution, -Os
FAIL: gcc.target/aarch64/advsimd-intrinsics/vcle.c execution, -Og -g
FAIL: gcc.target/aarch64/advsimd-intrinsics/vcle.c execution, -O2 -flto -fno-use-linker-plugin -flto-partition=none
FAIL: gcc.target/aarch64/advsimd-intrinsics/vcle.c execution, -O2 -flto -fuse-linker-plugin -fno-fat-lto-objects
FAIL: gcc.target/aarch64/advsimd-intrinsics/vcls.c execution, -O0
FAIL: gcc.target/aarch64/advsimd-intrinsics/vcls.c execution, -O1
FAIL: gcc.target/aarch64/advsimd-intrinsics/vcls.c execution, -O2
FAIL: gcc.target/aarch64/advsimd-intrinsics/vcls.c execution, -O3 -fomit-frame-pointer
FAIL: gcc.target/aarch64/advsimd-intrinsics/vcls.c execution, -O3 -g
FAIL: gcc.target/aarch64/advsimd-intrinsics/vcls.c execution, -Os
FAIL: gcc.target/aarch64/advsimd-intrinsics/vcls.c execution, -Og -g
FAIL: gcc.target/aarch64/advsimd-intrinsics/vcls.c execution, -O2 -flto -fno-use-linker-plugin -flto-partition=none
FAIL: gcc.target/aarch64/advsimd-intrinsics/vcls.c execution, -O2 -flto -fuse-linker-plugin -fno-fat-lto-objects
FAIL: gcc.target/aarch64/advsimd-intrinsics/vclt.c execution, -O0
FAIL: gcc.target/aarch64/advsimd-intrinsics/vclt.c execution, -O1
FAIL: gcc.target/aarch64/advsimd-intrinsics/vclt.c execution, -O2
FAIL: gcc.target/aarch64/advsimd-intrinsics/vclt.c execution, -O3 -fomit-frame-pointer
FAIL: gcc.target/aarch64/advsimd-intrinsics/vclt.c execution, -O3 -g
FAIL: gcc.target/aarch64/advsimd-intrinsics/vclt.c execution, -Os
FAIL: gcc.target/aarch64/advsimd-intrinsics/vclt.c execution, -Og -g
FAIL: gcc.target/aarch64/advsimd-intrinsics/vclt.c execution, -O2 -flto -fno-use-linker-plugin -flto-partition=none
FAIL: gcc.target/aarch64/advsimd-intrinsics/vclt.c execution, -O2 -flto -fuse-linker-plugin -fno-fat-lto-objects
FAIL: gcc.target/aarch64/advsimd-intrinsics/vclz.c execution, -O0
FAIL: gcc.target/aarch64/advsimd-intrinsics/vclz.c execution, -O1
FAIL: gcc.target/aarch64/advsimd-intrinsics/vclz.c execution, -O2
FAIL: gcc.target/aarch64/advsimd-intrinsics/vclz.c execution, -O3 -fomit-frame-pointer
FAIL: gcc.target/aarch64/advsimd-intrinsics/vclz.c execution, -O3 -g
FAIL: gcc.target/aarch64/advsimd-intrinsics/vclz.c execution, -Os
FAIL: gcc.target/aarch64/advsimd-intrinsics/vclz.c execution, -Og -g
FAIL: gcc.target/aarch64/advsimd-intrinsics/vclz.c execution, -O2 -flto -fno-use-linker-plugin -flto-partition=none
FAIL: gcc.target/aarch64/advsimd-intrinsics/vclz.c execution, -O2 -flto -fuse-linker-plugin -fno-fat-lto-objects
FAIL: gcc.target/aarch64/advsimd-intrinsics/vcnt.c execution, -O0
FAIL: gcc.target/aarch64/advsimd-intrinsics/vcnt.c execution, -O1
FAIL: gcc.target/aarch64/advsimd-intrinsics/vcnt.c execution, -O2
FAIL: gcc.target/aarch64/advsimd-intrinsics/vcnt.c execution, -O3 -fomit-frame-pointer
FAIL: gcc.target/aarch64/advsimd-intrinsics/vcnt.c execution, -O3 -g
FAIL: gcc.target/aarch64/advsimd-intrinsics/vcnt.c execution, -Os
FAIL: gcc.target/aarch64/advsimd-intrinsics/vcnt.c execution, -Og -g
FAIL: gcc.target/aarch64/advsimd-intrinsics/vcnt.c execution, -O2 -flto -fno-use-linker-plugin -flto-partition=none
FAIL: gcc.target/aarch64/advsimd-intrinsics/vcnt.c execution, -O2 -flto -fuse-linker-plugin -fno-fat-lto-objects
FAIL: gcc.target/aarch64/advsimd-intrinsics/vcombine.c execution, -O0
FAIL: gcc.target/aarch64/advsimd-intrinsics/vcombine.c execution, -O1
FAIL: gcc.target/aarch64/advsimd-intrinsics/vcombine.c execution, -O2
FAIL: gcc.target/aarch64/advsimd-intrinsics/vcombine.c execution, -O3 -fomit-frame-pointer
FAIL: gcc.target/aarch64/advsimd-intrinsics/vcombine.c execution, -O3 -g
FAIL: gcc.target/aarch64/advsimd-intrinsics/vcombine.c execution, -Os
FAIL: gcc.target/aarch64/advsimd-intrinsics/vcombine.c execution, -Og -g
FAIL: gcc.target/aarch64/advsimd-intrinsics/vcombine.c execution, -O2 -flto -fno-use-linker-plugin -flto-partition=none
FAIL: gcc.target/aarch64/advsimd-intrinsics/vcombine.c execution, -O2 -flto -fuse-linker-plugin -fno-fat-lto-objects
FAIL: gcc.target/aarch64/advsimd-intrinsics/vcreate.c execution, -O0
FAIL: gcc.target/aarch64/advsimd-intrinsics/vcreate.c execution, -O1
FAIL: gcc.target/aarch64/advsimd-intrinsics/vcreate.c execution, -O2
FAIL: gcc.target/aarch64/advsimd-intrinsics/vcreate.c execution, -O3 -fomit-frame-pointer
FAIL: gcc.target/aarch64/advsimd-intrinsics/vcreate.c execution, -O3 -g
FAIL: gcc.target/aarch64/advsimd-intrinsics/vcreate.c execution, -Os
FAIL: gcc.target/aarch64/advsimd-intrinsics/vcreate.c execution, -Og -g
FAIL: gcc.target/aarch64/advsimd-intrinsics/vcreate.c execution, -O2 -flto -fno-use-linker-plugin -flto-partition=none
FAIL: gcc.target/aarch64/advsimd-intrinsics/vcreate.c execution, -O2 -flto -fuse-linker-plugin -fno-fat-lto-objects
FAIL: gcc.target/aarch64/advsimd-intrinsics/vcvt.c execution, -O0
FAIL: gcc.target/aarch64/advsimd-intrinsics/vcvt.c execution, -O1
FAIL: gcc.target/aarch64/advsimd-intrinsics/vcvt.c execution, -O2
FAIL: gcc.target/aarch64/advsimd-intrinsics/vcvt.c execution, -O3 -fomit-frame-pointer
FAIL: gcc.target/aarch64/advsimd-intrinsics/vcvt.c execution, -O3 -g
FAIL: gcc.target/aarch64/advsimd-intrinsics/vcvt.c execution, -Os
FAIL: gcc.target/aarch64/advsimd-intrinsics/vcvt.c execution, -Og -g
FAIL: gcc.target/aarch64/advsimd-intrinsics/vcvt.c execution, -O2 -flto -fno-use-linker-plugin -flto-partition=none
FAIL: gcc.target/aarch64/advsimd-intrinsics/vcvt.c execution, -O2 -flto -fuse-linker-plugin -fno-fat-lto-objects
FAIL: gcc.target/aarch64/advsimd-intrinsics/vdup-vmov.c execution, -O0
FAIL: gcc.target/aarch64/advsimd-intrinsics/vdup-vmov.c execution, -O1
FAIL: gcc.target/aarch64/advsimd-intrinsics/vdup-vmov.c execution, -O2
FAIL: gcc.target/aarch64/advsimd-intrinsics/vdup-vmov.c execution, -O3 -fomit-frame-pointer
FAIL: gcc.target/aarch64/advsimd-intrinsics/vdup-vmov.c execution, -O3 -fomit-frame-pointer -funroll-loops
FAIL: gcc.target/aarch64/advsimd-intrinsics/vdup-vmov.c execution, -O3 -fomit-frame-pointer -funroll-all-loops -finline-functions
FAIL: gcc.target/aarch64/advsimd-intrinsics/vdup-vmov.c execution, -O3 -g
FAIL: gcc.target/aarch64/advsimd-intrinsics/vdup-vmov.c execution, -Os
FAIL: gcc.target/aarch64/advsimd-intrinsics/vdup-vmov.c execution, -Og -g
FAIL: gcc.target/aarch64/advsimd-intrinsics/vdup-vmov.c execution, -O2 -flto -fno-use-linker-plugin -flto-partition=none
FAIL: gcc.target/aarch64/advsimd-intrinsics/vdup-vmov.c execution, -O2 -flto -fuse-linker-plugin -fno-fat-lto-objects
FAIL: gcc.target/aarch64/advsimd-intrinsics/vdup_lane.c execution, -O0
FAIL: gcc.target/aarch64/advsimd-intrinsics/vdup_lane.c execution, -O1
FAIL: gcc.target/aarch64/advsimd-intrinsics/vdup_lane.c execution, -O2
FAIL: gcc.target/aarch64/advsimd-intrinsics/vdup_lane.c execution, -O3 -fomit-frame-pointer
FAIL: gcc.target/aarch64/advsimd-intrinsics/vdup_lane.c execution, -O3 -g
FAIL: gcc.target/aarch64/advsimd-intrinsics/vdup_lane.c execution, -Os
FAIL: gcc.target/aarch64/advsimd-intrinsics/vdup_lane.c execution, -Og -g
FAIL: gcc.target/aarch64/advsimd-intrinsics/vdup_lane.c execution, -O2 -flto -fno-use-linker-plugin -flto-partition=none
FAIL: gcc.target/aarch64/advsimd-intrinsics/vdup_lane.c execution, -O2 -flto -fuse-linker-plugin -fno-fat-lto-objects
FAIL: gcc.target/aarch64/advsimd-intrinsics/veor.c execution, -O0
FAIL: gcc.target/aarch64/advsimd-intrinsics/veor.c execution, -O1
FAIL: gcc.target/aarch64/advsimd-intrinsics/veor.c execution, -O2
FAIL: gcc.target/aarch64/advsimd-intrinsics/veor.c execution, -O3 -fomit-frame-pointer
FAIL: gcc.target/aarch64/advsimd-intrinsics/veor.c execution, -O3 -g
FAIL: gcc.target/aarch64/advsimd-intrinsics/veor.c execution, -Os
FAIL: gcc.target/aarch64/advsimd-intrinsics/veor.c execution, -Og -g
FAIL: gcc.target/aarch64/advsimd-intrinsics/veor.c execution, -O2 -flto -fno-use-linker-plugin -flto-partition=none
FAIL: gcc.target/aarch64/advsimd-intrinsics/veor.c execution, -O2 -flto -fuse-linker-plugin -fno-fat-lto-objects
FAIL: gcc.target/aarch64/advsimd-intrinsics/vext.c execution, -O0
FAIL: gcc.target/aarch64/advsimd-intrinsics/vext.c execution, -O1
FAIL: gcc.target/aarch64/advsimd-intrinsics/vext.c execution, -O2
FAIL: gcc.target/aarch64/advsimd-intrinsics/vext.c execution, -O3 -fomit-frame-pointer
FAIL: gcc.target/aarch64/advsimd-intrinsics/vext.c execution, -O3 -g
FAIL: gcc.target/aarch64/advsimd-intrinsics/vext.c execution, -Os
FAIL: gcc.target/aarch64/advsimd-intrinsics/vext.c execution, -Og -g
FAIL: gcc.target/aarch64/advsimd-intrinsics/vext.c execution, -O2 -flto -fno-use-linker-plugin -flto-partition=none
FAIL: gcc.target/aarch64/advsimd-intrinsics/vext.c execution, -O2 -flto -fuse-linker-plugin -fno-fat-lto-objects
FAIL: gcc.target/aarch64/advsimd-intrinsics/vfma.c compilation, -O0
UNRESOLVED: gcc.target/aarch64/advsimd-intrinsics/vfma.c execution, -O0
FAIL: gcc.target/aarch64/advsimd-intrinsics/vfma.c compilation, -O1
UNRESOLVED: gcc.target/aarch64/advsimd-intrinsics/vfma.c execution, -O1
FAIL: gcc.target/aarch64/advsimd-intrinsics/vfma.c compilation, -O2
UNRESOLVED: gcc.target/aarch64/advsimd-intrinsics/vfma.c execution, -O2
FAIL: gcc.target/aarch64/advsimd-intrinsics/vfma.c compilation, -O3 -fomit-frame-pointer
UNRESOLVED: gcc.target/aarch64/advsimd-intrinsics/vfma.c execution, -O3 -fomit-frame-pointer
FAIL: gcc.target/aarch64/advsimd-intrinsics/vfma.c compilation, -O3 -g
UNRESOLVED: gcc.target/aarch64/advsimd-intrinsics/vfma.c execution, -O3 -g
FAIL: gcc.target/aarch64/advsimd-intrinsics/vfma.c compilation, -Os
UNRESOLVED: gcc.target/aarch64/advsimd-intrinsics/vfma.c execution, -Os
FAIL: gcc.target/aarch64/advsimd-intrinsics/vfma.c compilation, -Og -g
UNRESOLVED: gcc.target/aarch64/advsimd-intrinsics/vfma.c execution, -Og -g
FAIL: gcc.target/aarch64/advsimd-intrinsics/vfma.c compilation, -O2 -flto -fno-use-linker-plugin -flto-partition=none
UNRESOLVED: gcc.target/aarch64/advsimd-intrinsics/vfma.c execution, -O2 -flto -fno-use-linker-plugin -flto-partition=none
FAIL: gcc.target/aarch64/advsimd-intrinsics/vfma.c compilation, -O2 -flto -fuse-linker-plugin -fno-fat-lto-objects
UNRESOLVED: gcc.target/aarch64/advsimd-intrinsics/vfma.c execution, -O2 -flto -fuse-linker-plugin -fno-fat-lto-objects
FAIL: gcc.target/aarch64/advsimd-intrinsics/vfma.c -O0 (test for excess errors)
FAIL: gcc.target/aarch64/advsimd-intrinsics/vfma.c -O1 (test for excess errors)
FAIL: gcc.target/aarch64/advsimd-intrinsics/vfma.c -O2 (test for excess errors)
FAIL: gcc.target/aarch64/advsimd-intrinsics/vfma.c -O3 -fomit-frame-pointer (test for excess errors)
FAIL: gcc.target/aarch64/advsimd-intrinsics/vfma.c -O3 -g (test for excess errors)
FAIL: gcc.target/aarch64/advsimd-intrinsics/vfma.c -Os (test for excess errors)
FAIL: gcc.target/aarch64/advsimd-intrinsics/vfma.c -Og -g (test for excess errors)
FAIL: gcc.target/aarch64/advsimd-intrinsics/vfma.c -O2 -flto -fno-use-linker-plugin -flto-partition=none (test for excess errors)
FAIL: gcc.target/aarch64/advsimd-intrinsics/vfma.c -O2 -flto -fuse-linker-plugin -fno-fat-lto-objects (test for excess errors)
FAIL: gcc.target/aarch64/advsimd-intrinsics/vfma_n.c compilation, -O0
UNRESOLVED: gcc.target/aarch64/advsimd-intrinsics/vfma_n.c execution, -O0
FAIL: gcc.target/aarch64/advsimd-intrinsics/vfma_n.c compilation, -O1
UNRESOLVED: gcc.target/aarch64/advsimd-intrinsics/vfma_n.c execution, -O1
FAIL: gcc.target/aarch64/advsimd-intrinsics/vfma_n.c compilation, -O2
UNRESOLVED: gcc.target/aarch64/advsimd-intrinsics/vfma_n.c execution, -O2
FAIL: gcc.target/aarch64/advsimd-intrinsics/vfma_n.c compilation, -O3 -fomit-frame-pointer
UNRESOLVED: gcc.target/aarch64/advsimd-intrinsics/vfma_n.c execution, -O3 -fomit-frame-pointer
FAIL: gcc.target/aarch64/advsimd-intrinsics/vfma_n.c compilation, -O3 -g
UNRESOLVED: gcc.target/aarch64/advsimd-intrinsics/vfma_n.c execution, -O3 -g
FAIL: gcc.target/aarch64/advsimd-intrinsics/vfma_n.c compilation, -Os
UNRESOLVED: gcc.target/aarch64/advsimd-intrinsics/vfma_n.c execution, -Os
FAIL: gcc.target/aarch64/advsimd-intrinsics/vfma_n.c compilation, -Og -g
UNRESOLVED: gcc.target/aarch64/advsimd-intrinsics/vfma_n.c execution, -Og -g
FAIL: gcc.target/aarch64/advsimd-intrinsics/vfma_n.c compilation, -O2 -flto -fno-use-linker-plugin -flto-partition=none
UNRESOLVED: gcc.target/aarch64/advsimd-intrinsics/vfma_n.c execution, -O2 -flto -fno-use-linker-plugin -flto-partition=none
FAIL: gcc.target/aarch64/advsimd-intrinsics/vfma_n.c compilation, -O2 -flto -fuse-linker-plugin -fno-fat-lto-objects
UNRESOLVED: gcc.target/aarch64/advsimd-intrinsics/vfma_n.c execution, -O2 -flto -fuse-linker-plugin -fno-fat-lto-objects
FAIL: gcc.target/aarch64/advsimd-intrinsics/vfma_n.c -O0 (test for excess errors)
FAIL: gcc.target/aarch64/advsimd-intrinsics/vfma_n.c -O1 (test for excess errors)
FAIL: gcc.target/aarch64/advsimd-intrinsics/vfma_n.c -O2 (test for excess errors)
FAIL: gcc.target/aarch64/advsimd-intrinsics/vfma_n.c -O3 -fomit-frame-pointer (test for excess errors)
FAIL: gcc.target/aarch64/advsimd-intrinsics/vfma_n.c -O3 -g (test for excess errors)
FAIL: gcc.target/aarch64/advsimd-intrinsics/vfma_n.c -Os (test for excess errors)
FAIL: gcc.target/aarch64/advsimd-intrinsics/vfma_n.c -Og -g (test for excess errors)
FAIL: gcc.target/aarch64/advsimd-intrinsics/vfma_n.c -O2 -flto -fno-use-linker-plugin -flto-partition=none (test for excess errors)
FAIL: gcc.target/aarch64/advsimd-intrinsics/vfma_n.c -O2 -flto -fuse-linker-plugin -fno-fat-lto-objects (test for excess errors)
FAIL: gcc.target/aarch64/advsimd-intrinsics/vfms.c compilation, -O0
UNRESOLVED: gcc.target/aarch64/advsimd-intrinsics/vfms.c execution, -O0
FAIL: gcc.target/aarch64/advsimd-intrinsics/vfms.c compilation, -O1
UNRESOLVED: gcc.target/aarch64/advsimd-intrinsics/vfms.c execution, -O1
FAIL: gcc.target/aarch64/advsimd-intrinsics/vfms.c compilation, -O2
UNRESOLVED: gcc.target/aarch64/advsimd-intrinsics/vfms.c execution, -O2
FAIL: gcc.target/aarch64/advsimd-intrinsics/vfms.c compilation, -O3 -fomit-frame-pointer
UNRESOLVED: gcc.target/aarch64/advsimd-intrinsics/vfms.c execution, -O3 -fomit-frame-pointer
FAIL: gcc.target/aarch64/advsimd-intrinsics/vfms.c compilation, -O3 -g
UNRESOLVED: gcc.target/aarch64/advsimd-intrinsics/vfms.c execution, -O3 -g
FAIL: gcc.target/aarch64/advsimd-intrinsics/vfms.c compilation, -Os
UNRESOLVED: gcc.target/aarch64/advsimd-intrinsics/vfms.c execution, -Os
FAIL: gcc.target/aarch64/advsimd-intrinsics/vfms.c compilation, -Og -g
UNRESOLVED: gcc.target/aarch64/advsimd-intrinsics/vfms.c execution, -Og -g
FAIL: gcc.target/aarch64/advsimd-intrinsics/vfms.c compilation, -O2 -flto -fno-use-linker-plugin -flto-partition=none
UNRESOLVED: gcc.target/aarch64/advsimd-intrinsics/vfms.c execution, -O2 -flto -fno-use-linker-plugin -flto-partition=none
FAIL: gcc.target/aarch64/advsimd-intrinsics/vfms.c compilation, -O2 -flto -fuse-linker-plugin -fno-fat-lto-objects
UNRESOLVED: gcc.target/aarch64/advsimd-intrinsics/vfms.c execution, -O2 -flto -fuse-linker-plugin -fno-fat-lto-objects
FAIL: gcc.target/aarch64/advsimd-intrinsics/vfms.c -O0 (test for excess errors)
FAIL: gcc.target/aarch64/advsimd-intrinsics/vfms.c -O1 (test for excess errors)
FAIL: gcc.target/aarch64/advsimd-intrinsics/vfms.c -O2 (test for excess errors)
FAIL: gcc.target/aarch64/advsimd-intrinsics/vfms.c -O3 -fomit-frame-pointer (test for excess errors)
FAIL: gcc.target/aarch64/advsimd-intrinsics/vfms.c -O3 -g (test for excess errors)
FAIL: gcc.target/aarch64/advsimd-intrinsics/vfms.c -Os (test for excess errors)
FAIL: gcc.target/aarch64/advsimd-intrinsics/vfms.c -Og -g (test for excess errors)
FAIL: gcc.target/aarch64/advsimd-intrinsics/vfms.c -O2 -flto -fno-use-linker-plugin -flto-partition=none (test for excess errors)
FAIL: gcc.target/aarch64/advsimd-intrinsics/vfms.c -O2 -flto -fuse-linker-plugin -fno-fat-lto-objects (test for excess errors)
FAIL: gcc.target/aarch64/advsimd-intrinsics/vget_high.c execution, -O0
FAIL: gcc.target/aarch64/advsimd-intrinsics/vget_high.c execution, -O1
FAIL: gcc.target/aarch64/advsimd-intrinsics/vget_high.c execution, -O2
FAIL: gcc.target/aarch64/advsimd-intrinsics/vget_high.c execution, -O3 -fomit-frame-pointer
FAIL: gcc.target/aarch64/advsimd-intrinsics/vget_high.c execution, -O3 -g
FAIL: gcc.target/aarch64/advsimd-intrinsics/vget_high.c execution, -Os
FAIL: gcc.target/aarch64/advsimd-intrinsics/vget_high.c execution, -Og -g
FAIL: gcc.target/aarch64/advsimd-intrinsics/vget_high.c execution, -O2 -flto -fno-use-linker-plugin -flto-partition=none
FAIL: gcc.target/aarch64/advsimd-intrinsics/vget_high.c execution, -O2 -flto -fuse-linker-plugin -fno-fat-lto-objects
FAIL: gcc.target/aarch64/advsimd-intrinsics/vget_low.c execution, -O0
FAIL: gcc.target/aarch64/advsimd-intrinsics/vget_low.c execution, -O1
FAIL: gcc.target/aarch64/advsimd-intrinsics/vget_low.c execution, -O2
FAIL: gcc.target/aarch64/advsimd-intrinsics/vget_low.c execution, -O3 -fomit-frame-pointer
FAIL: gcc.target/aarch64/advsimd-intrinsics/vget_low.c execution, -O3 -g
FAIL: gcc.target/aarch64/advsimd-intrinsics/vget_low.c execution, -Os
FAIL: gcc.target/aarch64/advsimd-intrinsics/vget_low.c execution, -Og -g
FAIL: gcc.target/aarch64/advsimd-intrinsics/vget_low.c execution, -O2 -flto -fno-use-linker-plugin -flto-partition=none
FAIL: gcc.target/aarch64/advsimd-intrinsics/vget_low.c execution, -O2 -flto -fuse-linker-plugin -fno-fat-lto-objects
FAIL: gcc.target/aarch64/advsimd-intrinsics/vld1.c execution, -O0
FAIL: gcc.target/aarch64/advsimd-intrinsics/vld1.c execution, -O1
FAIL: gcc.target/aarch64/advsimd-intrinsics/vld1.c execution, -O2
FAIL: gcc.target/aarch64/advsimd-intrinsics/vld1.c execution, -O3 -fomit-frame-pointer
FAIL: gcc.target/aarch64/advsimd-intrinsics/vld1.c execution, -O3 -g
FAIL: gcc.target/aarch64/advsimd-intrinsics/vld1.c execution, -Os
FAIL: gcc.target/aarch64/advsimd-intrinsics/vld1.c execution, -Og -g
FAIL: gcc.target/aarch64/advsimd-intrinsics/vld1.c execution, -O2 -flto -fno-use-linker-plugin -flto-partition=none
FAIL: gcc.target/aarch64/advsimd-intrinsics/vld1.c execution, -O2 -flto -fuse-linker-plugin -fno-fat-lto-objects
FAIL: gcc.target/aarch64/advsimd-intrinsics/vld1_dup.c execution, -O0
FAIL: gcc.target/aarch64/advsimd-intrinsics/vld1_dup.c execution, -O1
FAIL: gcc.target/aarch64/advsimd-intrinsics/vld1_dup.c execution, -O2
FAIL: gcc.target/aarch64/advsimd-intrinsics/vld1_dup.c execution, -O3 -fomit-frame-pointer
FAIL: gcc.target/aarch64/advsimd-intrinsics/vld1_dup.c execution, -O3 -fomit-frame-pointer -funroll-loops
FAIL: gcc.target/aarch64/advsimd-intrinsics/vld1_dup.c execution, -O3 -fomit-frame-pointer -funroll-all-loops -finline-functions
FAIL: gcc.target/aarch64/advsimd-intrinsics/vld1_dup.c execution, -O3 -g
FAIL: gcc.target/aarch64/advsimd-intrinsics/vld1_dup.c execution, -Os
FAIL: gcc.target/aarch64/advsimd-intrinsics/vld1_dup.c execution, -Og -g
FAIL: gcc.target/aarch64/advsimd-intrinsics/vld1_dup.c execution, -O2 -flto -fno-use-linker-plugin -flto-partition=none
FAIL: gcc.target/aarch64/advsimd-intrinsics/vld1_dup.c execution, -O2 -flto -fuse-linker-plugin -fno-fat-lto-objects
FAIL: gcc.target/aarch64/advsimd-intrinsics/vldX.c execution, -O0
FAIL: gcc.target/aarch64/advsimd-intrinsics/vldX.c execution, -O1
FAIL: gcc.target/aarch64/advsimd-intrinsics/vldX.c execution, -O2
FAIL: gcc.target/aarch64/advsimd-intrinsics/vldX.c execution, -O3 -fomit-frame-pointer
FAIL: gcc.target/aarch64/advsimd-intrinsics/vldX.c execution, -O3 -g
FAIL: gcc.target/aarch64/advsimd-intrinsics/vldX.c execution, -Os
FAIL: gcc.target/aarch64/advsimd-intrinsics/vldX.c execution, -Og -g
FAIL: gcc.target/aarch64/advsimd-intrinsics/vldX.c execution, -O2 -flto -fno-use-linker-plugin -flto-partition=none
FAIL: gcc.target/aarch64/advsimd-intrinsics/vldX.c execution, -O2 -flto -fuse-linker-plugin -fno-fat-lto-objects
FAIL: gcc.target/aarch64/advsimd-intrinsics/vldX_lane.c execution, -O0
FAIL: gcc.target/aarch64/advsimd-intrinsics/vldX_lane.c execution, -O1
FAIL: gcc.target/aarch64/advsimd-intrinsics/vldX_lane.c execution, -O2
FAIL: gcc.target/aarch64/advsimd-intrinsics/vldX_lane.c execution, -O3 -fomit-frame-pointer
FAIL: gcc.target/aarch64/advsimd-intrinsics/vldX_lane.c execution, -O3 -g
FAIL: gcc.target/aarch64/advsimd-intrinsics/vldX_lane.c execution, -Os
FAIL: gcc.target/aarch64/advsimd-intrinsics/vldX_lane.c execution, -Og -g
FAIL: gcc.target/aarch64/advsimd-intrinsics/vldX_lane.c execution, -O2 -flto -fno-use-linker-plugin -flto-partition=none
FAIL: gcc.target/aarch64/advsimd-intrinsics/vldX_lane.c execution, -O2 -flto -fuse-linker-plugin -fno-fat-lto-objects
FAIL: gcc.target/aarch64/advsimd-intrinsics/vmul.c execution, -O0
FAIL: gcc.target/aarch64/advsimd-intrinsics/vmul.c execution, -O1
FAIL: gcc.target/aarch64/advsimd-intrinsics/vmul.c execution, -O2
FAIL: gcc.target/aarch64/advsimd-intrinsics/vmul.c execution, -O3 -fomit-frame-pointer
FAIL: gcc.target/aarch64/advsimd-intrinsics/vmul.c execution, -O3 -g
FAIL: gcc.target/aarch64/advsimd-intrinsics/vmul.c execution, -Os
FAIL: gcc.target/aarch64/advsimd-intrinsics/vmul.c execution, -Og -g
FAIL: gcc.target/aarch64/advsimd-intrinsics/vmul.c execution, -O2 -flto -fno-use-linker-plugin -flto-partition=none
FAIL: gcc.target/aarch64/advsimd-intrinsics/vmul.c execution, -O2 -flto -fuse-linker-plugin -fno-fat-lto-objects
FAIL: gcc.target/aarch64/advsimd-intrinsics/vneg.c execution, -O0
FAIL: gcc.target/aarch64/advsimd-intrinsics/vneg.c execution, -O1
FAIL: gcc.target/aarch64/advsimd-intrinsics/vneg.c execution, -O2
FAIL: gcc.target/aarch64/advsimd-intrinsics/vneg.c execution, -O3 -fomit-frame-pointer
FAIL: gcc.target/aarch64/advsimd-intrinsics/vneg.c execution, -O3 -g
FAIL: gcc.target/aarch64/advsimd-intrinsics/vneg.c execution, -Os
FAIL: gcc.target/aarch64/advsimd-intrinsics/vneg.c execution, -Og -g
FAIL: gcc.target/aarch64/advsimd-intrinsics/vneg.c execution, -O2 -flto -fno-use-linker-plugin -flto-partition=none
FAIL: gcc.target/aarch64/advsimd-intrinsics/vneg.c execution, -O2 -flto -fuse-linker-plugin -fno-fat-lto-objects
FAIL: gcc.target/aarch64/advsimd-intrinsics/vorn.c execution, -O0
FAIL: gcc.target/aarch64/advsimd-intrinsics/vorn.c execution, -O1
FAIL: gcc.target/aarch64/advsimd-intrinsics/vorn.c execution, -O2
FAIL: gcc.target/aarch64/advsimd-intrinsics/vorn.c execution, -O3 -fomit-frame-pointer
FAIL: gcc.target/aarch64/advsimd-intrinsics/vorn.c execution, -O3 -g
FAIL: gcc.target/aarch64/advsimd-intrinsics/vorn.c execution, -Os
FAIL: gcc.target/aarch64/advsimd-intrinsics/vorn.c execution, -Og -g
FAIL: gcc.target/aarch64/advsimd-intrinsics/vorn.c execution, -O2 -flto -fno-use-linker-plugin -flto-partition=none
FAIL: gcc.target/aarch64/advsimd-intrinsics/vorn.c execution, -O2 -flto -fuse-linker-plugin -fno-fat-lto-objects
FAIL: gcc.target/aarch64/advsimd-intrinsics/vorr.c execution, -O0
FAIL: gcc.target/aarch64/advsimd-intrinsics/vorr.c execution, -O1
FAIL: gcc.target/aarch64/advsimd-intrinsics/vorr.c execution, -O2
FAIL: gcc.target/aarch64/advsimd-intrinsics/vorr.c execution, -O3 -fomit-frame-pointer
FAIL: gcc.target/aarch64/advsimd-intrinsics/vorr.c execution, -O3 -g
FAIL: gcc.target/aarch64/advsimd-intrinsics/vorr.c execution, -Os
FAIL: gcc.target/aarch64/advsimd-intrinsics/vorr.c execution, -Og -g
FAIL: gcc.target/aarch64/advsimd-intrinsics/vorr.c execution, -O2 -flto -fno-use-linker-plugin -flto-partition=none
FAIL: gcc.target/aarch64/advsimd-intrinsics/vorr.c execution, -O2 -flto -fuse-linker-plugin -fno-fat-lto-objects
FAIL: gcc.target/aarch64/advsimd-intrinsics/vqabs.c execution, -O0
FAIL: gcc.target/aarch64/advsimd-intrinsics/vqabs.c execution, -O1
FAIL: gcc.target/aarch64/advsimd-intrinsics/vqabs.c execution, -O2
FAIL: gcc.target/aarch64/advsimd-intrinsics/vqabs.c execution, -O3 -fomit-frame-pointer
FAIL: gcc.target/aarch64/advsimd-intrinsics/vqabs.c execution, -O3 -g
FAIL: gcc.target/aarch64/advsimd-intrinsics/vqabs.c execution, -Os
FAIL: gcc.target/aarch64/advsimd-intrinsics/vqabs.c execution, -Og -g
FAIL: gcc.target/aarch64/advsimd-intrinsics/vqabs.c execution, -O2 -flto -fno-use-linker-plugin -flto-partition=none
FAIL: gcc.target/aarch64/advsimd-intrinsics/vqabs.c execution, -O2 -flto -fuse-linker-plugin -fno-fat-lto-objects
FAIL: gcc.target/aarch64/advsimd-intrinsics/vqadd.c execution, -O0
FAIL: gcc.target/aarch64/advsimd-intrinsics/vqadd.c execution, -O1
FAIL: gcc.target/aarch64/advsimd-intrinsics/vqadd.c execution, -O2
FAIL: gcc.target/aarch64/advsimd-intrinsics/vqadd.c execution, -O3 -fomit-frame-pointer
FAIL: gcc.target/aarch64/advsimd-intrinsics/vqadd.c execution, -O3 -g
FAIL: gcc.target/aarch64/advsimd-intrinsics/vqadd.c execution, -Os
FAIL: gcc.target/aarch64/advsimd-intrinsics/vqadd.c execution, -Og -g
FAIL: gcc.target/aarch64/advsimd-intrinsics/vqadd.c execution, -O2 -flto -fno-use-linker-plugin -flto-partition=none
FAIL: gcc.target/aarch64/advsimd-intrinsics/vqadd.c execution, -O2 -flto -fuse-linker-plugin -fno-fat-lto-objects
FAIL: gcc.target/aarch64/advsimd-intrinsics/vqneg.c execution, -O0
FAIL: gcc.target/aarch64/advsimd-intrinsics/vqneg.c execution, -O1
FAIL: gcc.target/aarch64/advsimd-intrinsics/vqneg.c execution, -O2
FAIL: gcc.target/aarch64/advsimd-intrinsics/vqneg.c execution, -O3 -fomit-frame-pointer
FAIL: gcc.target/aarch64/advsimd-intrinsics/vqneg.c execution, -O3 -g
FAIL: gcc.target/aarch64/advsimd-intrinsics/vqneg.c execution, -Os
FAIL: gcc.target/aarch64/advsimd-intrinsics/vqneg.c execution, -Og -g
FAIL: gcc.target/aarch64/advsimd-intrinsics/vqneg.c execution, -O2 -flto -fno-use-linker-plugin -flto-partition=none
FAIL: gcc.target/aarch64/advsimd-intrinsics/vqneg.c execution, -O2 -flto -fuse-linker-plugin -fno-fat-lto-objects
FAIL: gcc.target/aarch64/advsimd-intrinsics/vqsub.c execution, -O0
FAIL: gcc.target/aarch64/advsimd-intrinsics/vqsub.c execution, -O1
FAIL: gcc.target/aarch64/advsimd-intrinsics/vqsub.c execution, -O2
FAIL: gcc.target/aarch64/advsimd-intrinsics/vqsub.c execution, -O3 -fomit-frame-pointer
FAIL: gcc.target/aarch64/advsimd-intrinsics/vqsub.c execution, -O3 -g
FAIL: gcc.target/aarch64/advsimd-intrinsics/vqsub.c execution, -Os
FAIL: gcc.target/aarch64/advsimd-intrinsics/vqsub.c execution, -Og -g
FAIL: gcc.target/aarch64/advsimd-intrinsics/vqsub.c execution, -O2 -flto -fno-use-linker-plugin -flto-partition=none
FAIL: gcc.target/aarch64/advsimd-intrinsics/vqsub.c execution, -O2 -flto -fuse-linker-plugin -fno-fat-lto-objects
FAIL: gcc.target/aarch64/advsimd-intrinsics/vshl.c execution, -O0
FAIL: gcc.target/aarch64/advsimd-intrinsics/vshl.c execution, -O1
FAIL: gcc.target/aarch64/advsimd-intrinsics/vshl.c execution, -O2
FAIL: gcc.target/aarch64/advsimd-intrinsics/vshl.c execution, -O3 -fomit-frame-pointer
FAIL: gcc.target/aarch64/advsimd-intrinsics/vshl.c execution, -O3 -g
FAIL: gcc.target/aarch64/advsimd-intrinsics/vshl.c execution, -Os
FAIL: gcc.target/aarch64/advsimd-intrinsics/vshl.c execution, -Og -g
FAIL: gcc.target/aarch64/advsimd-intrinsics/vshl.c execution, -O2 -flto -fno-use-linker-plugin -flto-partition=none
FAIL: gcc.target/aarch64/advsimd-intrinsics/vshl.c execution, -O2 -flto -fuse-linker-plugin -fno-fat-lto-objects
FAIL: gcc.target/aarch64/advsimd-intrinsics/vsub.c execution, -O0
FAIL: gcc.target/aarch64/advsimd-intrinsics/vsub.c execution, -O1
FAIL: gcc.target/aarch64/advsimd-intrinsics/vsub.c execution, -O2
FAIL: gcc.target/aarch64/advsimd-intrinsics/vsub.c execution, -O3 -fomit-frame-pointer
FAIL: gcc.target/aarch64/advsimd-intrinsics/vsub.c execution, -O3 -g
FAIL: gcc.target/aarch64/advsimd-intrinsics/vsub.c execution, -Os
FAIL: gcc.target/aarch64/advsimd-intrinsics/vsub.c execution, -Og -g
FAIL: gcc.target/aarch64/advsimd-intrinsics/vsub.c execution, -O2 -flto -fno-use-linker-plugin -flto-partition=none
FAIL: gcc.target/aarch64/advsimd-intrinsics/vsub.c execution, -O2 -flto -fuse-linker-plugin -fno-fat-lto-objects
FAIL: gcc.target/aarch64/advsimd-intrinsics/vuzp.c execution, -O0
FAIL: gcc.target/aarch64/advsimd-intrinsics/vuzp.c execution, -O1
FAIL: gcc.target/aarch64/advsimd-intrinsics/vuzp.c execution, -O2
FAIL: gcc.target/aarch64/advsimd-intrinsics/vuzp.c execution, -O3 -fomit-frame-pointer
FAIL: gcc.target/aarch64/advsimd-intrinsics/vuzp.c execution, -O3 -g
FAIL: gcc.target/aarch64/advsimd-intrinsics/vuzp.c execution, -Os
FAIL: gcc.target/aarch64/advsimd-intrinsics/vuzp.c execution, -Og -g
FAIL: gcc.target/aarch64/advsimd-intrinsics/vuzp.c execution, -O2 -flto -fno-use-linker-plugin -flto-partition=none
FAIL: gcc.target/aarch64/advsimd-intrinsics/vuzp.c execution, -O2 -flto -fuse-linker-plugin -fno-fat-lto-objects
FAIL: gcc.target/aarch64/advsimd-intrinsics/vzip.c execution, -O0
FAIL: gcc.target/aarch64/advsimd-intrinsics/vzip.c execution, -O1
FAIL: gcc.target/aarch64/advsimd-intrinsics/vzip.c execution, -O2
FAIL: gcc.target/aarch64/advsimd-intrinsics/vzip.c execution, -O3 -fomit-frame-pointer
FAIL: gcc.target/aarch64/advsimd-intrinsics/vzip.c execution, -O3 -g
FAIL: gcc.target/aarch64/advsimd-intrinsics/vzip.c execution, -Os
FAIL: gcc.target/aarch64/advsimd-intrinsics/vzip.c execution, -Og -g
FAIL: gcc.target/aarch64/advsimd-intrinsics/vzip.c execution, -O2 -flto -fno-use-linker-plugin -flto-partition=none
FAIL: gcc.target/aarch64/advsimd-intrinsics/vzip.c execution, -O2 -flto -fuse-linker-plugin -fno-fat-lto-objects
FAIL: gcc.target/arm/neon-vfma-1.c scan-assembler vfma\\\\.f32[\\t]+[dDqQ]
FAIL: gcc.target/arm/neon-vfms-1.c scan-assembler vfms\\\\.f32[\\t]+[dDqQ]
FAIL: gcc.target/arm/neon-vlshr-imm-1.c scan-assembler vshr.u32.*#3
FAIL: gcc.target/arm/neon-vorn-vbic.c scan-assembler vorn\\\\t
FAIL: gcc.target/arm/neon-vorn-vbic.c scan-assembler vbic\\\\t
FAIL: gcc.target/arm/neon-vshl-imm-1.c scan-assembler vshl.i32.*#3
FAIL: gcc.target/arm/neon-vshr-imm-1.c scan-assembler vshr.s32.*#3
FAIL: gcc.target/arm/pr42172-1.c scan-assembler-times ldr 1
FAIL: gcc.target/arm/pr42575.c scan-assembler-not mov
FAIL: gcc.target/arm/pr45701-1.c scan-assembler push\\t{r3
FAIL: gcc.target/arm/pr45701-2.c scan-assembler push\\t{r3
FAIL: gcc.target/arm/scd42-1.c scan-assembler movs[ \\t].*17
FAIL: gcc.target/arm/thumb-bitfld1.c (test for excess errors)
FAIL: gcc.target/arm/thumb-ltu.c (test for excess errors)
FAIL: gcc.target/arm/thumb-ltu.c scan-assembler-not uxtb
FAIL: gcc.target/arm/neon/vect-vcvt.c scan-tree-dump-times vect "vectorized 2 loops" 1
FAIL: gcc.target/arm/neon/vect-vcvtq.c scan-tree-dump-times vect "vectorized 2 loops" 1
FAIL: gcc.target/arm/simd/vextQf32_1.c execution test
FAIL: gcc.target/arm/simd/vextQp16_1.c execution test
FAIL: gcc.target/arm/simd/vextQp64_1.c execution test
FAIL: gcc.target/arm/simd/vextQp8_1.c execution test
FAIL: gcc.target/arm/simd/vextQs16_1.c execution test
FAIL: gcc.target/arm/simd/vextQs32_1.c execution test
FAIL: gcc.target/arm/simd/vextQs64_1.c execution test
FAIL: gcc.target/arm/simd/vextQs8_1.c execution test
FAIL: gcc.target/arm/simd/vextQu16_1.c execution test
FAIL: gcc.target/arm/simd/vextQu32_1.c execution test
FAIL: gcc.target/arm/simd/vextQu64_1.c execution test
FAIL: gcc.target/arm/simd/vextQu8_1.c execution test
FAIL: gcc.target/arm/simd/vextf32_1.c execution test
FAIL: gcc.target/arm/simd/vextp16_1.c execution test
FAIL: gcc.target/arm/simd/vextp64_1.c execution test
FAIL: gcc.target/arm/simd/vextp8_1.c execution test
FAIL: gcc.target/arm/simd/vexts16_1.c execution test
FAIL: gcc.target/arm/simd/vexts32_1.c execution test
FAIL: gcc.target/arm/simd/vexts64_1.c execution test
FAIL: gcc.target/arm/simd/vexts8_1.c execution test
FAIL: gcc.target/arm/simd/vextu16_1.c execution test
FAIL: gcc.target/arm/simd/vextu32_1.c execution test
FAIL: gcc.target/arm/simd/vextu64_1.c execution test
FAIL: gcc.target/arm/simd/vextu8_1.c execution test
FAIL: gcc.target/arm/simd/vrev16p8_1.c execution test
FAIL: gcc.target/arm/simd/vrev16qp8_1.c execution test
FAIL: gcc.target/arm/simd/vrev16qs8_1.c execution test
FAIL: gcc.target/arm/simd/vrev16qu8_1.c execution test
FAIL: gcc.target/arm/simd/vrev16s8_1.c execution test
FAIL: gcc.target/arm/simd/vrev16u8_1.c execution test
FAIL: gcc.target/arm/simd/vrev32p16_1.c execution test
FAIL: gcc.target/arm/simd/vrev32p8_1.c execution test
FAIL: gcc.target/arm/simd/vrev32qp16_1.c execution test
FAIL: gcc.target/arm/simd/vrev32qp8_1.c execution test
FAIL: gcc.target/arm/simd/vrev32qs16_1.c execution test
FAIL: gcc.target/arm/simd/vrev32qs8_1.c execution test
FAIL: gcc.target/arm/simd/vrev32qu16_1.c execution test
FAIL: gcc.target/arm/simd/vrev32qu8_1.c execution test
FAIL: gcc.target/arm/simd/vrev32s16_1.c execution test
FAIL: gcc.target/arm/simd/vrev32s8_1.c execution test
FAIL: gcc.target/arm/simd/vrev32u16_1.c execution test
FAIL: gcc.target/arm/simd/vrev32u8_1.c execution test
FAIL: gcc.target/arm/simd/vrev64f32_1.c execution test
FAIL: gcc.target/arm/simd/vrev64p16_1.c execution test
FAIL: gcc.target/arm/simd/vrev64p8_1.c execution test
FAIL: gcc.target/arm/simd/vrev64qf32_1.c execution test
FAIL: gcc.target/arm/simd/vrev64qp16_1.c execution test
FAIL: gcc.target/arm/simd/vrev64qp8_1.c execution test
FAIL: gcc.target/arm/simd/vrev64qs16_1.c execution test
FAIL: gcc.target/arm/simd/vrev64qs32_1.c execution test
FAIL: gcc.target/arm/simd/vrev64qs8_1.c execution test
FAIL: gcc.target/arm/simd/vrev64qu16_1.c execution test
FAIL: gcc.target/arm/simd/vrev64qu32_1.c execution test
FAIL: gcc.target/arm/simd/vrev64qu8_1.c execution test
FAIL: gcc.target/arm/simd/vrev64s16_1.c execution test
FAIL: gcc.target/arm/simd/vrev64s32_1.c execution test
FAIL: gcc.target/arm/simd/vrev64s8_1.c execution test
FAIL: gcc.target/arm/simd/vrev64u16_1.c execution test
FAIL: gcc.target/arm/simd/vrev64u32_1.c execution test
FAIL: gcc.target/arm/simd/vrev64u8_1.c execution test
FAIL: gcc.target/arm/simd/vtrnf32_1.c execution test
FAIL: gcc.target/arm/simd/vtrnp16_1.c execution test
FAIL: gcc.target/arm/simd/vtrnp8_1.c execution test
FAIL: gcc.target/arm/simd/vtrnqf32_1.c execution test
FAIL: gcc.target/arm/simd/vtrnqp16_1.c execution test
FAIL: gcc.target/arm/simd/vtrnqp8_1.c execution test
FAIL: gcc.target/arm/simd/vtrnqs16_1.c execution test
FAIL: gcc.target/arm/simd/vtrnqs32_1.c execution test
FAIL: gcc.target/arm/simd/vtrnqs8_1.c execution test
FAIL: gcc.target/arm/simd/vtrnqu16_1.c execution test
FAIL: gcc.target/arm/simd/vtrnqu32_1.c execution test
FAIL: gcc.target/arm/simd/vtrnqu8_1.c execution test
FAIL: gcc.target/arm/simd/vtrns16_1.c execution test
FAIL: gcc.target/arm/simd/vtrns32_1.c execution test
FAIL: gcc.target/arm/simd/vtrns8_1.c execution test
FAIL: gcc.target/arm/simd/vtrnu16_1.c execution test
FAIL: gcc.target/arm/simd/vtrnu32_1.c execution test
FAIL: gcc.target/arm/simd/vtrnu8_1.c execution test
FAIL: gcc.target/arm/simd/vuzpf32_1.c execution test
FAIL: gcc.target/arm/simd/vuzpp16_1.c execution test
FAIL: gcc.target/arm/simd/vuzpp8_1.c execution test
FAIL: gcc.target/arm/simd/vuzpqf32_1.c execution test
FAIL: gcc.target/arm/simd/vuzpqp16_1.c execution test
FAIL: gcc.target/arm/simd/vuzpqp8_1.c execution test
FAIL: gcc.target/arm/simd/vuzpqs16_1.c execution test
FAIL: gcc.target/arm/simd/vuzpqs32_1.c execution test
FAIL: gcc.target/arm/simd/vuzpqs8_1.c execution test
FAIL: gcc.target/arm/simd/vuzpqu16_1.c execution test
FAIL: gcc.target/arm/simd/vuzpqu32_1.c execution test
FAIL: gcc.target/arm/simd/vuzpqu8_1.c execution test
FAIL: gcc.target/arm/simd/vuzps16_1.c execution test
FAIL: gcc.target/arm/simd/vuzps32_1.c execution test
FAIL: gcc.target/arm/simd/vuzps8_1.c execution test
FAIL: gcc.target/arm/simd/vuzpu16_1.c execution test
FAIL: gcc.target/arm/simd/vuzpu32_1.c execution test
FAIL: gcc.target/arm/simd/vuzpu8_1.c execution test
FAIL: gcc.target/arm/simd/vzipf32_1.c execution test
FAIL: gcc.target/arm/simd/vzipp16_1.c execution test
FAIL: gcc.target/arm/simd/vzipp8_1.c execution test
FAIL: gcc.target/arm/simd/vzipqf32_1.c execution test
FAIL: gcc.target/arm/simd/vzipqp16_1.c execution test
FAIL: gcc.target/arm/simd/vzipqp8_1.c execution test
FAIL: gcc.target/arm/simd/vzipqs16_1.c execution test
FAIL: gcc.target/arm/simd/vzipqs32_1.c execution test
FAIL: gcc.target/arm/simd/vzipqs8_1.c execution test
FAIL: gcc.target/arm/simd/vzipqu16_1.c execution test
FAIL: gcc.target/arm/simd/vzipqu32_1.c execution test
FAIL: gcc.target/arm/simd/vzipqu8_1.c execution test
FAIL: gcc.target/arm/simd/vzips16_1.c execution test
FAIL: gcc.target/arm/simd/vzips32_1.c execution test
FAIL: gcc.target/arm/simd/vzips8_1.c execution test
FAIL: gcc.target/arm/simd/vzipu16_1.c execution test
FAIL: gcc.target/arm/simd/vzipu32_1.c execution test
FAIL: gcc.target/arm/simd/vzipu8_1.c execution test
=== gcc Summary ===
# of expected passes 98316
# of unexpected failures 676
# of unexpected successes 23
# of expected failures 383
# of unresolved testcases 30
# of unsupported tests 2114
/scratch/gcc/nightly-2014-12-09-mainline/arm-none-linux-gnueabi/obj/test-mainline-0-arm-none-linux-gnueabi/host-i686-pc-linux-gnu/fsf-mainline/bin/arm-none-linux-gnueabi-gcc version 5.0.0 20141209 (experimental) (GCC)
=== Summary adjusted for local xfails ===
# of unexpected failures 676
# of expected passes 98316
# of unexpected successes 23
# of expected failures 383
# of unresolved testcases 30
# of unsupported tests 2114
Host is i686-pc-linux-gnu
=== gfortran tests ===
Running target qemu-wheezy
FAIL: gfortran.dg/select_type_4.f90 -O2 execution test
FAIL: gfortran.dg/select_type_4.f90 -O3 -fomit-frame-pointer execution test
FAIL: gfortran.dg/select_type_4.f90 -O3 -fomit-frame-pointer -funroll-loops execution test
FAIL: gfortran.dg/select_type_4.f90 -O3 -fomit-frame-pointer -funroll-all-loops -finline-functions execution test
FAIL: gfortran.dg/select_type_4.f90 -O3 -g execution test
WARNING: program timed out.
FAIL: gfortran.dg/graphite/pr42393.f90 -O (test for excess errors)
FAIL: gfortran.dg/ieee/ieee_1.F90 -O0 execution test
FAIL: gfortran.dg/ieee/ieee_1.F90 -O1 execution test
FAIL: gfortran.dg/ieee/ieee_1.F90 -O2 execution test
FAIL: gfortran.dg/ieee/ieee_1.F90 -O3 -fomit-frame-pointer execution test
FAIL: gfortran.dg/ieee/ieee_1.F90 -O3 -fomit-frame-pointer -funroll-loops execution test
FAIL: gfortran.dg/ieee/ieee_1.F90 -O3 -fomit-frame-pointer -funroll-all-loops -finline-functions execution test
FAIL: gfortran.dg/ieee/ieee_1.F90 -O3 -g execution test
FAIL: gfortran.dg/ieee/ieee_1.F90 -Os execution test
FAIL: gfortran.dg/ieee/ieee_2.f90 -O0 execution test
FAIL: gfortran.dg/ieee/ieee_2.f90 -O1 execution test
FAIL: gfortran.dg/ieee/ieee_2.f90 -O2 execution test
FAIL: gfortran.dg/ieee/ieee_2.f90 -O3 -fomit-frame-pointer execution test
FAIL: gfortran.dg/ieee/ieee_2.f90 -O3 -fomit-frame-pointer -funroll-loops execution test
FAIL: gfortran.dg/ieee/ieee_2.f90 -O3 -fomit-frame-pointer -funroll-all-loops -finline-functions execution test
FAIL: gfortran.dg/ieee/ieee_2.f90 -O3 -g execution test
FAIL: gfortran.dg/ieee/ieee_2.f90 -Os execution test
FAIL: gfortran.dg/ieee/ieee_6.f90 -O0 execution test
FAIL: gfortran.dg/ieee/ieee_6.f90 -O1 execution test
FAIL: gfortran.dg/ieee/ieee_6.f90 -O2 execution test
FAIL: gfortran.dg/ieee/ieee_6.f90 -O3 -fomit-frame-pointer execution test
FAIL: gfortran.dg/ieee/ieee_6.f90 -O3 -fomit-frame-pointer -funroll-loops execution test
FAIL: gfortran.dg/ieee/ieee_6.f90 -O3 -fomit-frame-pointer -funroll-all-loops -finline-functions execution test
FAIL: gfortran.dg/ieee/ieee_6.f90 -O3 -g execution test
FAIL: gfortran.dg/ieee/ieee_6.f90 -Os execution test
FAIL: gfortran.dg/ieee/rounding_1.f90 -O0 execution test
FAIL: gfortran.dg/ieee/rounding_1.f90 -O1 execution test
FAIL: gfortran.dg/ieee/rounding_1.f90 -O2 execution test
FAIL: gfortran.dg/ieee/rounding_1.f90 -O3 -fomit-frame-pointer execution test
FAIL: gfortran.dg/ieee/rounding_1.f90 -O3 -fomit-frame-pointer -funroll-loops execution test
FAIL: gfortran.dg/ieee/rounding_1.f90 -O3 -fomit-frame-pointer -funroll-all-loops -finline-functions execution test
FAIL: gfortran.dg/ieee/rounding_1.f90 -O3 -g execution test
FAIL: gfortran.dg/ieee/rounding_1.f90 -Os execution test
FAIL: gfortran.dg/vect/pr32380.f -O scan-tree-dump-times vect "vectorized 1 loops" 1
FAIL: gfortran.dg/vect/pr48329.f90 -O scan-tree-dump-times vect "vectorized 1 loops" 1
=== gfortran Summary ===
# of expected passes 45581
# of unexpected failures 40
# of expected failures 70
# of unsupported tests 418
/scratch/gcc/nightly-2014-12-09-mainline/arm-none-linux-gnueabi/obj/test-mainline-0-arm-none-linux-gnueabi/host-i686-pc-linux-gnu/fsf-mainline/bin/arm-none-linux-gnueabi-gfortran version 5.0.0 20141209 (experimental) (GCC)
=== Summary adjusted for local xfails ===
# of unexpected failures 40
# of expected passes 45581
# of expected failures 70
# of unsupported tests 418
Host is i686-pc-linux-gnu
=== libatomic tests ===
Running target qemu-wheezy
=== libatomic Summary ===
# of expected passes 44
# of unsupported tests 5
=== Summary adjusted for local xfails ===
# of expected passes 44
# of unsupported tests 5
Host is i686-pc-linux-gnu
=== libgomp tests ===
Running target qemu-wheezy
WARNING: program timed out.
FAIL: libgomp.fortran/strassen.f90 -O execution test
FAIL: libgomp.graphite/force-parallel-7.c execution test
=== libgomp Summary ===
# of expected passes 3617
# of unexpected failures 2
# of unsupported tests 183
=== Summary adjusted for local xfails ===
# of unexpected failures 2
# of expected passes 3617
# of unsupported tests 183
Host is i686-pc-linux-gnu
=== libitm tests ===
Running target qemu-wheezy
=== libitm Summary ===
# of expected passes 26
# of expected failures 3
# of unsupported tests 1
=== Summary adjusted for local xfails ===
# of expected passes 26
# of expected failures 3
# of unsupported tests 1
Host is i686-pc-linux-gnu
=== libstdc++ tests ===
Running target qemu-wheezy
FAIL: 22_locale/messages/13631.cc execution test
FAIL: 22_locale/messages/members/char/1.cc execution test
FAIL: 22_locale/messages/members/char/2.cc execution test
FAIL: 22_locale/messages/members/char/wrapped_locale.cc execution test
FAIL: 22_locale/messages_byname/named_equivalence.cc execution test
WARNING: program timed out.
FAIL: 30_threads/condition_variable/members/3.cc execution test
=== libstdc++ Summary ===
# of expected passes 9754
# of unexpected failures 6
# of expected failures 68
# of unsupported tests 370
=== Summary adjusted for local xfails ===
# of unexpected failures 6
# of expected passes 9754
# of expected failures 68
# of unsupported tests 370
Host is i686-pc-linux-gnu
=== g++ tests ===
Running target qemu-wheezy-thumb/-mthumb
FAIL: c-c++-common/asan/heap-overflow-1.c -O1 output pattern test, is =================================================================
FAIL: c-c++-common/asan/null-deref-1.c -O2 output pattern test, is ASAN:SIGSEGV
FAIL: c-c++-common/asan/null-deref-1.c -O3 -fomit-frame-pointer output pattern test, is ASAN:SIGSEGV
FAIL: c-c++-common/asan/null-deref-1.c -O3 -g output pattern test, is ASAN:SIGSEGV
FAIL: c-c++-common/asan/null-deref-1.c -Os output pattern test, is ASAN:SIGSEGV
FAIL: c-c++-common/asan/null-deref-1.c -O2 -flto -fno-use-linker-plugin -flto-partition=none output pattern test, is ASAN:SIGSEGV
FAIL: c-c++-common/asan/null-deref-1.c -O2 -flto -fuse-linker-plugin -fno-fat-lto-objects output pattern test, is ASAN:SIGSEGV
FAIL: c-c++-common/asan/sanity-check-pure-c-1.c -O0 output pattern test, is =================================================================
FAIL: c-c++-common/asan/sanity-check-pure-c-1.c -O1 output pattern test, is =================================================================
FAIL: c-c++-common/asan/strncpy-overflow-1.c -O1 output pattern test, is =================================================================
FAIL: c-c++-common/asan/use-after-free-1.c -O0 output pattern test, is =================================================================
FAIL: c-c++-common/asan/use-after-free-1.c -O1 output pattern test, is =================================================================
FAIL: g++.dg/ipa/pr60640-3.C -std=gnu++98 execution test
FAIL: g++.dg/ipa/pr60640-3.C -std=gnu++11 execution test
FAIL: g++.dg/ipa/pr60640-3.C -std=gnu++14 execution test
FAIL: g++.dg/ipa/pr60640-4.C -std=gnu++98 execution test
FAIL: g++.dg/ipa/pr60640-4.C -std=gnu++11 execution test
FAIL: g++.dg/ipa/pr60640-4.C -std=gnu++14 execution test
FAIL: g++.dg/ipa/pr61160-2.C -std=gnu++98 execution test
FAIL: g++.dg/ipa/pr61160-2.C -std=gnu++11 execution test
FAIL: g++.dg/ipa/pr61160-2.C -std=gnu++14 execution test
FAIL: g++.dg/ipa/pr61160-3.C -std=gnu++98 execution test
FAIL: g++.dg/ipa/pr61160-3.C -std=gnu++11 execution test
FAIL: g++.dg/ipa/pr61160-3.C -std=gnu++14 execution test
FAIL: g++.dg/torture/covariant-1.C -O2 -flto -fno-use-linker-plugin -flto-partition=none execution test
FAIL: g++.dg/torture/covariant-1.C -O2 -flto -fuse-linker-plugin -fno-fat-lto-objects execution test
FAIL: g++.dg/torture/pr45699.C -O2 -flto -fuse-linker-plugin -fno-fat-lto-objects execution test
FAIL: g++.dg/torture/pr46287.C -O2 -flto -fuse-linker-plugin -fno-fat-lto-objects execution test
FAIL: c-c++-common/ubsan/object-size-1.c -O2 output pattern test, is [1mc-c++-common/ubsan/object-size-1.c:16:15:[1m[31m runtime error: [1m[0m[1mload of address 0x011d101c with insufficient space for an object of type 'char'[1m[0m
FAIL: c-c++-common/ubsan/object-size-1.c -O2 -flto -fno-use-linker-plugin -flto-partition=none output pattern test, is [1mc-c++-common/ubsan/object-size-1.c:16:15:[1m[31m runtime error: [1m[0m[1mload of address 0x0021b01c with insufficient space for an object of type 'char'[1m[0m
FAIL: c-c++-common/ubsan/object-size-1.c -O2 -flto -fuse-linker-plugin -fno-fat-lto-objects output pattern test, is [1mc-c++-common/ubsan/object-size-1.c:16:15:[1m[31m runtime error: [1m[0m[1mload of address 0x01b8801c with insufficient space for an object of type 'char'[1m[0m
FAIL: c-c++-common/ubsan/object-size-10.c -O2 output pattern test, is [1mc-c++-common/ubsan/object-size-10.c:19:19:[1m[31m runtime error: [1m[0m[1mindex 128 out of bounds for type 'char [128]'[1m[0m
FAIL: c-c++-common/ubsan/object-size-10.c -O2 -flto -fno-use-linker-plugin -flto-partition=none output pattern test, is [1mc-c++-common/ubsan/object-size-10.c:19:19:[1m[31m runtime error: [1m[0m[1mindex 128 out of bounds for type 'char [128]'[1m[0m
FAIL: c-c++-common/ubsan/object-size-10.c -O2 -flto -fuse-linker-plugin -fno-fat-lto-objects output pattern test, is [1mc-c++-common/ubsan/object-size-10.c:19:19:[1m[31m runtime error: [1m[0m[1mindex 128 out of bounds for type 'char [128]'[1m[0m
FAIL: c-c++-common/ubsan/object-size-4.c -O2 output pattern test, is [1mc-c++-common/ubsan/object-size-4.c:16:13:[1m[31m runtime error: [1m[0m[1mload of address 0x01978010 with insufficient space for an object of type 'int'[1m[0m
FAIL: c-c++-common/ubsan/object-size-4.c -O2 -flto -fno-use-linker-plugin -flto-partition=none output pattern test, is [1mc-c++-common/ubsan/object-size-4.c:16:13:[1m[31m runtime error: [1m[0m[1mload of address 0x00e2a010 with insufficient space for an object of type 'int'[1m[0m
FAIL: c-c++-common/ubsan/object-size-4.c -O2 -flto -fuse-linker-plugin -fno-fat-lto-objects output pattern test, is [1mc-c++-common/ubsan/object-size-4.c:16:13:[1m[31m runtime error: [1m[0m[1mload of address 0x0076e010 with insufficient space for an object of type 'int'[1m[0m
FAIL: c-c++-common/ubsan/object-size-5.c -O2 output pattern test, is [1mc-c++-common/ubsan/object-size-5.c:18:12:[1m[31m runtime error: [1m[0m[1mload of address 0x0101c01c with insufficient space for an object of type 'char'[1m[0m
FAIL: c-c++-common/ubsan/object-size-5.c -O2 -flto -fno-use-linker-plugin -flto-partition=none output pattern test, is [1mc-c++-common/ubsan/object-size-5.c:18:12:[1m[31m runtime error: [1m[0m[1mload of address 0x0047d01c with insufficient space for an object of type 'char'[1m[0m
FAIL: c-c++-common/ubsan/object-size-5.c -O2 -flto -fuse-linker-plugin -fno-fat-lto-objects output pattern test, is [1mc-c++-common/ubsan/object-size-5.c:18:12:[1m[31m runtime error: [1m[0m[1mload of address 0x0155d01c with insufficient space for an object of type 'char'[1m[0m
FAIL: c-c++-common/ubsan/object-size-7.c -O2 output pattern test, is [1mc-c++-common/ubsan/object-size-7.c:15:11:[1m[31m runtime error: [1m[0m[1mload of address 0xbef61a08 with insufficient space for an object of type 'const struct S'[1m[0m
FAIL: c-c++-common/ubsan/object-size-7.c -O2 -flto -fno-use-linker-plugin -flto-partition=none output pattern test, is [1mc-c++-common/ubsan/object-size-7.c:15:11:[1m[31m runtime error: [1m[0m[1mload of address 0xbe905a08 with insufficient space for an object of type 'const struct S'[1m[0m
FAIL: c-c++-common/ubsan/object-size-7.c -O2 -flto -fuse-linker-plugin -fno-fat-lto-objects output pattern test, is [1mc-c++-common/ubsan/object-size-7.c:15:11:[1m[31m runtime error: [1m[0m[1mload of address 0xbec04a08 with insufficient space for an object of type 'const struct S'[1m[0m
FAIL: c-c++-common/ubsan/object-size-8.c -O2 output pattern test, is [1mc-c++-common/ubsan/object-size-8.c:12:13:[1m[31m runtime error: [1m[0m[1mload of address 0x01e4a00c with insufficient space for an object of type 'int'[1m[0m
FAIL: c-c++-common/ubsan/object-size-8.c -O2 -flto -fno-use-linker-plugin -flto-partition=none output pattern test, is [1mc-c++-common/ubsan/object-size-8.c:12:13:[1m[31m runtime error: [1m[0m[1mload of address 0x01a0a00c with insufficient space for an object of type 'int'[1m[0m
FAIL: c-c++-common/ubsan/object-size-8.c -O2 -flto -fuse-linker-plugin -fno-fat-lto-objects output pattern test, is [1mc-c++-common/ubsan/object-size-8.c:12:13:[1m[31m runtime error: [1m[0m[1mload of address 0x01d2800c with insufficient space for an object of type 'int'[1m[0m
FAIL: c-c++-common/ubsan/object-size-9.c -O2 output pattern test, is [1mc-c++-common/ubsan/object-size-9.c:21:11:[1m[31m runtime error: [1m[0m[1mload of address 0xbe8d99f8 with insufficient space for an object of type 'char'[1m[0m
FAIL: c-c++-common/ubsan/object-size-9.c -O2 -flto -fno-use-linker-plugin -flto-partition=none output pattern test, is [1mc-c++-common/ubsan/object-size-9.c:21:11:[1m[31m runtime error: [1m[0m[1mload of address 0xbef64a00 with insufficient space for an object of type 'char'[1m[0m
FAIL: c-c++-common/ubsan/object-size-9.c -O2 -flto -fuse-linker-plugin -fno-fat-lto-objects output pattern test, is [1mc-c++-common/ubsan/object-size-9.c:21:11:[1m[31m runtime error: [1m[0m[1mload of address 0xbec3a9f8 with insufficient space for an object of type 'char'[1m[0m
FAIL: g++.dg/ubsan/null-1.C -O0 output pattern test, is [1mg++.dg/ubsan/null-1.C:12:13:[1m[31m runtime error: [1m[0m[1mreference binding to null pointer of type 'int'[1m[0m
FAIL: g++.dg/ubsan/null-1.C -O1 output pattern test, is [1mg++.dg/ubsan/null-1.C:12:13:[1m[31m runtime error: [1m[0m[1mreference binding to null pointer of type 'int'[1m[0m
FAIL: g++.dg/ubsan/null-1.C -O2 output pattern test, is [1mg++.dg/ubsan/null-1.C:12:13:[1m[31m runtime error: [1m[0m[1mreference binding to null pointer of type 'int'[1m[0m
FAIL: g++.dg/ubsan/null-1.C -O3 -fomit-frame-pointer output pattern test, is [1mg++.dg/ubsan/null-1.C:12:13:[1m[31m runtime error: [1m[0m[1mreference binding to null pointer of type 'int'[1m[0m
FAIL: g++.dg/ubsan/null-1.C -O3 -g output pattern test, is [1mg++.dg/ubsan/null-1.C:12:13:[1m[31m runtime error: [1m[0m[1mreference binding to null pointer of type 'int'[1m[0m
FAIL: g++.dg/ubsan/null-1.C -Os output pattern test, is [1mg++.dg/ubsan/null-1.C:12:13:[1m[31m runtime error: [1m[0m[1mreference binding to null pointer of type 'int'[1m[0m
FAIL: g++.dg/ubsan/null-1.C -O2 -flto -fno-use-linker-plugin -flto-partition=none output pattern test, is [1mg++.dg/ubsan/null-1.C:12:13:[1m[31m runtime error: [1m[0m[1mreference binding to null pointer of type 'int'[1m[0m
FAIL: g++.dg/ubsan/null-1.C -O2 -flto -fuse-linker-plugin -fno-fat-lto-objects output pattern test, is [1mg++.dg/ubsan/null-1.C:12:13:[1m[31m runtime error: [1m[0m[1mreference binding to null pointer of type 'int'[1m[0m
FAIL: g++.dg/ubsan/null-3.C -O0 output pattern test, is [1mg++.dg/ubsan/null-3.C:9:14:[1m[31m runtime error: [1m[0m[1mreference binding to null pointer of type 'int'[1m[0m
FAIL: g++.dg/ubsan/null-3.C -O1 output pattern test, is [1mg++.dg/ubsan/null-3.C:9:14:[1m[31m runtime error: [1m[0m[1mreference binding to null pointer of type 'int'[1m[0m
FAIL: g++.dg/ubsan/null-3.C -O2 output pattern test, is [1mg++.dg/ubsan/null-3.C:9:14:[1m[31m runtime error: [1m[0m[1mreference binding to null pointer of type 'int'[1m[0m
FAIL: g++.dg/ubsan/null-3.C -O3 -fomit-frame-pointer output pattern test, is [1mg++.dg/ubsan/null-3.C:9:14:[1m[31m runtime error: [1m[0m[1mreference binding to null pointer of type 'int'[1m[0m
FAIL: g++.dg/ubsan/null-3.C -O3 -g output pattern test, is [1mg++.dg/ubsan/null-3.C:9:14:[1m[31m runtime error: [1m[0m[1mreference binding to null pointer of type 'int'[1m[0m
FAIL: g++.dg/ubsan/null-3.C -Os output pattern test, is [1mg++.dg/ubsan/null-3.C:9:14:[1m[31m runtime error: [1m[0m[1mreference binding to null pointer of type 'int'[1m[0m
FAIL: g++.dg/ubsan/null-3.C -O2 -flto -fno-use-linker-plugin -flto-partition=none output pattern test, is [1mg++.dg/ubsan/null-3.C:9:14:[1m[31m runtime error: [1m[0m[1mreference binding to null pointer of type 'int'[1m[0m
FAIL: g++.dg/ubsan/null-3.C -O2 -flto -fuse-linker-plugin -fno-fat-lto-objects output pattern test, is [1mg++.dg/ubsan/null-3.C:9:14:[1m[31m runtime error: [1m[0m[1mreference binding to null pointer of type 'int'[1m[0m
FAIL: g++.dg/ubsan/null-4.C -O0 output pattern test, is [1mg++.dg/ubsan/null-4.C:11:14:[1m[31m runtime error: [1m[0m[1mreference binding to null pointer of type 'int'[1m[0m
FAIL: g++.dg/ubsan/null-4.C -O1 output pattern test, is [1mg++.dg/ubsan/null-4.C:11:14:[1m[31m runtime error: [1m[0m[1mreference binding to null pointer of type 'int'[1m[0m
FAIL: g++.dg/ubsan/null-4.C -O2 output pattern test, is [1mg++.dg/ubsan/null-4.C:11:14:[1m[31m runtime error: [1m[0m[1mreference binding to null pointer of type 'int'[1m[0m
FAIL: g++.dg/ubsan/null-4.C -O3 -fomit-frame-pointer output pattern test, is [1mg++.dg/ubsan/null-4.C:11:14:[1m[31m runtime error: [1m[0m[1mreference binding to null pointer of type 'int'[1m[0m
FAIL: g++.dg/ubsan/null-4.C -O3 -g output pattern test, is [1mg++.dg/ubsan/null-4.C:11:14:[1m[31m runtime error: [1m[0m[1mreference binding to null pointer of type 'int'[1m[0m
FAIL: g++.dg/ubsan/null-4.C -Os output pattern test, is [1mg++.dg/ubsan/null-4.C:11:14:[1m[31m runtime error: [1m[0m[1mreference binding to null pointer of type 'int'[1m[0m
FAIL: g++.dg/ubsan/null-4.C -O2 -flto -fno-use-linker-plugin -flto-partition=none output pattern test, is [1mg++.dg/ubsan/null-4.C:11:14:[1m[31m runtime error: [1m[0m[1mreference binding to null pointer of type 'int'[1m[0m
=== g++ Summary ===
# of expected passes 83193
# of unexpected failures 72
# of expected failures 301
# of unsupported tests 3855
/scratch/gcc/nightly-2014-12-09-mainline/arm-none-linux-gnueabi/obj/test-mainline-0-arm-none-linux-gnueabi/host-i686-pc-linux-gnu/fsf-mainline/bin/arm-none-linux-gnueabi-g++ version 5.0.0 20141209 (experimental) (GCC)
=== Summary adjusted for local xfails ===
# of unexpected failures 72
# of expected passes 83193
# of expected failures 301
# of unsupported tests 3855
Host is i686-pc-linux-gnu
=== gcc tests ===
Running target qemu-wheezy-thumb/-mthumb
FAIL: c-c++-common/asan/heap-overflow-1.c -O1 output pattern test, is =================================================================
FAIL: c-c++-common/asan/null-deref-1.c -O2 output pattern test, is ASAN:SIGSEGV
FAIL: c-c++-common/asan/null-deref-1.c -O3 -fomit-frame-pointer output pattern test, is ASAN:SIGSEGV
FAIL: c-c++-common/asan/null-deref-1.c -O3 -g output pattern test, is ASAN:SIGSEGV
FAIL: c-c++-common/asan/null-deref-1.c -Os output pattern test, is ASAN:SIGSEGV
FAIL: c-c++-common/asan/null-deref-1.c -O2 -flto -fno-use-linker-plugin -flto-partition=none output pattern test, is ASAN:SIGSEGV
FAIL: c-c++-common/asan/null-deref-1.c -O2 -flto -fuse-linker-plugin -fno-fat-lto-objects output pattern test, is ASAN:SIGSEGV
FAIL: c-c++-common/asan/sanity-check-pure-c-1.c -O0 output pattern test, is =================================================================
FAIL: c-c++-common/asan/sanity-check-pure-c-1.c -O1 output pattern test, is =================================================================
FAIL: c-c++-common/asan/strncpy-overflow-1.c -O1 output pattern test, is =================================================================
FAIL: c-c++-common/asan/use-after-free-1.c -O0 output pattern test, is =================================================================
FAIL: c-c++-common/asan/use-after-free-1.c -O1 output pattern test, is =================================================================
WARNING: program timed out.
FAIL: gcc.dg/atomic/c11-atomic-exec-4.c -O2 -flto -fuse-linker-plugin -fno-fat-lto-objects execution test
FAIL: gcc.dg/atomic/stdatomic-compare-exchange-4.c -O0 execution test
FAIL: gcc.dg/atomic/stdatomic-compare-exchange-4.c -O1 execution test
FAIL: gcc.dg/atomic/stdatomic-compare-exchange-4.c -O2 execution test
FAIL: gcc.dg/atomic/stdatomic-compare-exchange-4.c -O3 -fomit-frame-pointer execution test
FAIL: gcc.dg/atomic/stdatomic-compare-exchange-4.c -O3 -g execution test
FAIL: gcc.dg/atomic/stdatomic-compare-exchange-4.c -Os execution test
FAIL: gcc.dg/atomic/stdatomic-compare-exchange-4.c -O2 -flto -fno-use-linker-plugin -flto-partition=none execution test
FAIL: gcc.dg/atomic/stdatomic-compare-exchange-4.c -O2 -flto -fuse-linker-plugin -fno-fat-lto-objects execution test
FAIL: gcc.dg/builtin-arith-overflow-1.c execution test
XPASS: gcc.dg/sibcall-3.c execution test
XPASS: gcc.dg/sibcall-4.c execution test
FAIL: gcc.dg/undefined-loop-2.c (test for warnings, line 18)
FAIL: gcc.dg/lto/chkp-privatize c_lto_chkp-privatize_0.o assemble, -fPIC -flto -flto-partition=max -fcheck-pointer-bounds -mmpx
FAIL: gcc.dg/lto/chkp-privatize c_lto_chkp-privatize_1.o assemble, -fPIC -flto -flto-partition=max -fcheck-pointer-bounds -mmpx
UNRESOLVED: gcc.dg/lto/chkp-privatize c_lto_chkp-privatize_0.o-c_lto_chkp-privatize_1.o link -fPIC -flto -flto-partition=max -fcheck-pointer-bounds -mmpx
UNRESOLVED: gcc.dg/lto/chkp-privatize c_lto_chkp-privatize_0.o-c_lto_chkp-privatize_1.o execute -fPIC -flto -flto-partition=max -fcheck-pointer-bounds -mmpx
FAIL: gcc.dg/torture/tls/tls-reload-1.c -O1 -pie -fpie execution test
FAIL: gcc.dg/torture/tls/tls-reload-1.c -O2 -pie -fpie execution test
FAIL: gcc.dg/torture/tls/tls-reload-1.c -O3 -fomit-frame-pointer -pie -fpie execution test
FAIL: gcc.dg/torture/tls/tls-reload-1.c -O3 -g -pie -fpie execution test
FAIL: gcc.dg/torture/tls/tls-reload-1.c -Os -pie -fpie execution test
FAIL: gcc.dg/torture/tls/tls-reload-1.c -O1 -pie -fPIE execution test
FAIL: gcc.dg/torture/tls/tls-reload-1.c -O2 -pie -fPIE execution test
FAIL: gcc.dg/torture/tls/tls-reload-1.c -O3 -fomit-frame-pointer -pie -fPIE execution test
FAIL: gcc.dg/torture/tls/tls-reload-1.c -O3 -g -pie -fPIE execution test
FAIL: gcc.dg/torture/tls/tls-reload-1.c -Os -pie -fPIE execution test
UNRESOLVED: gcc.dg/tree-prof/peel-1.c scan-rtl-dump loop2_unroll "Considering simply peeling loop"
FAIL: gcc.dg/tree-ssa/sra-12.c scan-tree-dump-times release_ssa "l;" 0
FAIL: gcc.dg/tree-ssa/ssa-dom-cse-2.c scan-tree-dump optimized "return 28;"
FAIL: c-c++-common/ubsan/object-size-1.c -O2 output pattern test, is [1mc-c++-common/ubsan/object-size-1.c:16:7:[1m[31m runtime error: [1m[0m[1mload of address 0x00b9001c with insufficient space for an object of type 'char'[1m[0m
FAIL: c-c++-common/ubsan/object-size-1.c -O2 -flto -fno-use-linker-plugin -flto-partition=none output pattern test, is [1mc-c++-common/ubsan/object-size-1.c:16:7:[1m[31m runtime error: [1m[0m[1mload of address 0x0055601c with insufficient space for an object of type 'char'[1m[0m
FAIL: c-c++-common/ubsan/object-size-1.c -O2 -flto -fuse-linker-plugin -fno-fat-lto-objects output pattern test, is [1mc-c++-common/ubsan/object-size-1.c:16:7:[1m[31m runtime error: [1m[0m[1mload of address 0x0076801c with insufficient space for an object of type 'char'[1m[0m
FAIL: c-c++-common/ubsan/object-size-10.c -O2 output pattern test, is [1mc-c++-common/ubsan/object-size-10.c:19:11:[1m[31m runtime error: [1m[0m[1mindex 128 out of bounds for type 'char [128]'[1m[0m
FAIL: c-c++-common/ubsan/object-size-10.c -O2 -flto -fno-use-linker-plugin -flto-partition=none output pattern test, is [1mc-c++-common/ubsan/object-size-10.c:19:11:[1m[31m runtime error: [1m[0m[1mindex 128 out of bounds for type 'char [128]'[1m[0m
FAIL: c-c++-common/ubsan/object-size-10.c -O2 -flto -fuse-linker-plugin -fno-fat-lto-objects output pattern test, is [1mc-c++-common/ubsan/object-size-10.c:19:11:[1m[31m runtime error: [1m[0m[1mindex 128 out of bounds for type 'char [128]'[1m[0m
FAIL: c-c++-common/ubsan/object-size-4.c -O2 output pattern test, is [1mc-c++-common/ubsan/object-size-4.c:16:11:[1m[31m runtime error: [1m[0m[1mload of address 0x0061b010 with insufficient space for an object of type 'int'[1m[0m
FAIL: c-c++-common/ubsan/object-size-4.c -O2 -flto -fno-use-linker-plugin -flto-partition=none output pattern test, is [1mc-c++-common/ubsan/object-size-4.c:16:11:[1m[31m runtime error: [1m[0m[1mload of address 0x017c6010 with insufficient space for an object of type 'int'[1m[0m
FAIL: c-c++-common/ubsan/object-size-4.c -O2 -flto -fuse-linker-plugin -fno-fat-lto-objects output pattern test, is [1mc-c++-common/ubsan/object-size-4.c:16:11:[1m[31m runtime error: [1m[0m[1mload of address 0x01fa7010 with insufficient space for an object of type 'int'[1m[0m
FAIL: c-c++-common/ubsan/object-size-5.c -O2 output pattern test, is [1mc-c++-common/ubsan/object-size-5.c:18:10:[1m[31m runtime error: [1m[0m[1mload of address 0x01ec801c with insufficient space for an object of type 'char'[1m[0m
FAIL: c-c++-common/ubsan/object-size-5.c -O2 -flto -fno-use-linker-plugin -flto-partition=none output pattern test, is [1mc-c++-common/ubsan/object-size-5.c:18:10:[1m[31m runtime error: [1m[0m[1mload of address 0x0189901c with insufficient space for an object of type 'char'[1m[0m
FAIL: c-c++-common/ubsan/object-size-5.c -O2 -flto -fuse-linker-plugin -fno-fat-lto-objects output pattern test, is [1mc-c++-common/ubsan/object-size-5.c:18:10:[1m[31m runtime error: [1m[0m[1mload of address 0x0068501c with insufficient space for an object of type 'char'[1m[0m
FAIL: c-c++-common/ubsan/object-size-7.c -O2 output pattern test, is [1mc-c++-common/ubsan/object-size-7.c:15:5:[1m[31m runtime error: [1m[0m[1mload of address 0xbef2da08 with insufficient space for an object of type 'struct S'[1m[0m
FAIL: c-c++-common/ubsan/object-size-7.c -O2 -flto -fno-use-linker-plugin -flto-partition=none output pattern test, is [1mc-c++-common/ubsan/object-size-7.c:15:5:[1m[31m runtime error: [1m[0m[1mload of address 0xbeaafa08 with insufficient space for an object of type 'struct S'[1m[0m
FAIL: c-c++-common/ubsan/object-size-7.c -O2 -flto -fuse-linker-plugin -fno-fat-lto-objects output pattern test, is [1mc-c++-common/ubsan/object-size-7.c:15:5:[1m[31m runtime error: [1m[0m[1mload of address 0xbececa08 with insufficient space for an object of type 'struct S'[1m[0m
FAIL: c-c++-common/ubsan/object-size-8.c -O2 output pattern test, is [1mc-c++-common/ubsan/object-size-8.c:12:10:[1m[31m runtime error: [1m[0m[1mload of address 0x0079800c with insufficient space for an object of type 'int'[1m[0m
FAIL: c-c++-common/ubsan/object-size-8.c -O2 -flto -fno-use-linker-plugin -flto-partition=none output pattern test, is [1mc-c++-common/ubsan/object-size-8.c:12:10:[1m[31m runtime error: [1m[0m[1mload of address 0x0008e00c with insufficient space for an object of type 'int'[1m[0m
FAIL: c-c++-common/ubsan/object-size-8.c -O2 -flto -fuse-linker-plugin -fno-fat-lto-objects output pattern test, is [1mc-c++-common/ubsan/object-size-8.c:12:10:[1m[31m runtime error: [1m[0m[1mload of address 0x019ea00c with insufficient space for an object of type 'int'[1m[0m
FAIL: c-c++-common/ubsan/object-size-9.c -O2 output pattern test, is [1mc-c++-common/ubsan/object-size-9.c:21:10:[1m[31m runtime error: [1m[0m[1mload of address 0xbe993a08 with insufficient space for an object of type 'char'[1m[0m
FAIL: c-c++-common/ubsan/object-size-9.c -O2 -flto -fno-use-linker-plugin -flto-partition=none output pattern test, is [1mc-c++-common/ubsan/object-size-9.c:21:10:[1m[31m runtime error: [1m[0m[1mload of address 0xbeae5a08 with insufficient space for an object of type 'char'[1m[0m
FAIL: c-c++-common/ubsan/object-size-9.c -O2 -flto -fuse-linker-plugin -fno-fat-lto-objects output pattern test, is [1mc-c++-common/ubsan/object-size-9.c:21:10:[1m[31m runtime error: [1m[0m[1mload of address 0xbedf1a08 with insufficient space for an object of type 'char'[1m[0m
FAIL: gcc.dg/ubsan/object-size-9.c -O2 output pattern test, is [1mgcc.dg/ubsan/object-size-9.c:11:13:[1m[31m runtime error: [1m[0m[1mload of address 0x00020a2a with insufficient space for an object of type 'char'[1m[0m
FAIL: gcc.dg/ubsan/object-size-9.c -O2 -flto -fno-use-linker-plugin -flto-partition=none output pattern test, is [1mgcc.dg/ubsan/object-size-9.c:11:13:[1m[31m runtime error: [1m[0m[1mload of address 0x00020a2a with insufficient space for an object of type 'char'[1m[0m
FAIL: gcc.dg/ubsan/object-size-9.c -O2 -flto -fuse-linker-plugin -fno-fat-lto-objects output pattern test, is [1mgcc.dg/ubsan/object-size-9.c:11:13:[1m[31m runtime error: [1m[0m[1mload of address 0x00020a02 with insufficient space for an object of type 'char'[1m[0m
FAIL: gcc.target/arm/pr42172-1.c scan-assembler-times ldr 1
FAIL: gcc.target/arm/pr45701-1.c scan-assembler push\\t{r3
FAIL: gcc.target/arm/pr45701-2.c scan-assembler push\\t{r3
FAIL: gcc.target/arm/thumb-bitfld1.c (test for excess errors)
FAIL: gcc.target/arm/thumb-ltu.c (test for excess errors)
FAIL: gcc.target/arm/thumb-ltu.c scan-assembler-not uxtb
FAIL: gcc.target/arm/thumb1-far-jump-2.c (test for excess errors)
=== gcc Summary ===
# of expected passes 89804
# of unexpected failures 68
# of unexpected successes 2
# of expected failures 152
# of unresolved testcases 3
# of unsupported tests 4293
/scratch/gcc/nightly-2014-12-09-mainline/arm-none-linux-gnueabi/obj/test-mainline-0-arm-none-linux-gnueabi/host-i686-pc-linux-gnu/fsf-mainline/bin/arm-none-linux-gnueabi-gcc version 5.0.0 20141209 (experimental) (GCC)
=== Summary adjusted for local xfails ===
# of unexpected failures 68
# of expected passes 89804
# of unexpected successes 2
# of expected failures 152
# of unresolved testcases 3
# of unsupported tests 4293
Host is i686-pc-linux-gnu
=== gfortran tests ===
Running target qemu-wheezy-thumb/-mthumb
FAIL: gfortran.dg/transpose_2.f90 -Os output pattern test, is Fortran runtime error: Integer overflow when calculating the amount of memory to allocate
FAIL: gfortran.dg/typebound_operator_9.f03 -Os execution test
WARNING: program timed out.
FAIL: gfortran.dg/graphite/pr42393.f90 -O (test for excess errors)
FAIL: gfortran.dg/ieee/ieee_1.F90 -O0 execution test
FAIL: gfortran.dg/ieee/ieee_1.F90 -O1 execution test
FAIL: gfortran.dg/ieee/ieee_1.F90 -O2 execution test
FAIL: gfortran.dg/ieee/ieee_1.F90 -O3 -fomit-frame-pointer execution test
FAIL: gfortran.dg/ieee/ieee_1.F90 -O3 -fomit-frame-pointer -funroll-loops execution test
FAIL: gfortran.dg/ieee/ieee_1.F90 -O3 -fomit-frame-pointer -funroll-all-loops -finline-functions execution test
FAIL: gfortran.dg/ieee/ieee_1.F90 -O3 -g execution test
FAIL: gfortran.dg/ieee/ieee_1.F90 -Os execution test
FAIL: gfortran.dg/ieee/ieee_2.f90 -O0 execution test
FAIL: gfortran.dg/ieee/ieee_2.f90 -O1 execution test
FAIL: gfortran.dg/ieee/ieee_2.f90 -O2 execution test
FAIL: gfortran.dg/ieee/ieee_2.f90 -O3 -fomit-frame-pointer execution test
FAIL: gfortran.dg/ieee/ieee_2.f90 -O3 -fomit-frame-pointer -funroll-loops execution test
FAIL: gfortran.dg/ieee/ieee_2.f90 -O3 -fomit-frame-pointer -funroll-all-loops -finline-functions execution test
FAIL: gfortran.dg/ieee/ieee_2.f90 -O3 -g execution test
FAIL: gfortran.dg/ieee/ieee_2.f90 -Os execution test
FAIL: gfortran.dg/ieee/ieee_6.f90 -O0 execution test
FAIL: gfortran.dg/ieee/ieee_6.f90 -O1 execution test
FAIL: gfortran.dg/ieee/ieee_6.f90 -O2 execution test
FAIL: gfortran.dg/ieee/ieee_6.f90 -O3 -fomit-frame-pointer execution test
FAIL: gfortran.dg/ieee/ieee_6.f90 -O3 -fomit-frame-pointer -funroll-loops execution test
FAIL: gfortran.dg/ieee/ieee_6.f90 -O3 -fomit-frame-pointer -funroll-all-loops -finline-functions execution test
FAIL: gfortran.dg/ieee/ieee_6.f90 -O3 -g execution test
FAIL: gfortran.dg/ieee/ieee_6.f90 -Os execution test
FAIL: gfortran.dg/ieee/rounding_1.f90 -O0 execution test
FAIL: gfortran.dg/ieee/rounding_1.f90 -O1 execution test
FAIL: gfortran.dg/ieee/rounding_1.f90 -O2 execution test
FAIL: gfortran.dg/ieee/rounding_1.f90 -O3 -fomit-frame-pointer execution test
FAIL: gfortran.dg/ieee/rounding_1.f90 -O3 -fomit-frame-pointer -funroll-loops execution test
FAIL: gfortran.dg/ieee/rounding_1.f90 -O3 -fomit-frame-pointer -funroll-all-loops -finline-functions execution test
FAIL: gfortran.dg/ieee/rounding_1.f90 -O3 -g execution test
FAIL: gfortran.dg/ieee/rounding_1.f90 -Os execution test
=== gfortran Summary ===
# of expected passes 45535
# of unexpected failures 35
# of expected failures 61
# of unsupported tests 406
/scratch/gcc/nightly-2014-12-09-mainline/arm-none-linux-gnueabi/obj/test-mainline-0-arm-none-linux-gnueabi/host-i686-pc-linux-gnu/fsf-mainline/bin/arm-none-linux-gnueabi-gfortran version 5.0.0 20141209 (experimental) (GCC)
=== Summary adjusted for local xfails ===
# of unexpected failures 35
# of expected passes 45535
# of expected failures 61
# of unsupported tests 406
Host is i686-pc-linux-gnu
=== libatomic tests ===
Running target qemu-wheezy-thumb/-mthumb
=== libatomic Summary ===
# of expected passes 44
# of unsupported tests 5
=== Summary adjusted for local xfails ===
# of expected passes 44
# of unsupported tests 5
Host is i686-pc-linux-gnu
=== libgomp tests ===
Running target qemu-wheezy-thumb/-mthumb
WARNING: program timed out.
FAIL: libgomp.fortran/strassen.f90 -O execution test
FAIL: libgomp.graphite/force-parallel-7.c execution test
=== libgomp Summary ===
# of expected passes 3617
# of unexpected failures 2
# of unsupported tests 183
=== Summary adjusted for local xfails ===
# of unexpected failures 2
# of expected passes 3617
# of unsupported tests 183
Host is i686-pc-linux-gnu
=== libitm tests ===
Running target qemu-wheezy-thumb/-mthumb
=== libitm Summary ===
# of expected passes 26
# of expected failures 3
# of unsupported tests 1
=== Summary adjusted for local xfails ===
# of expected passes 26
# of expected failures 3
# of unsupported tests 1
Host is i686-pc-linux-gnu
=== libstdc++ tests ===
Running target qemu-wheezy-thumb/-mthumb
FAIL: 22_locale/messages/13631.cc execution test
FAIL: 22_locale/messages/members/char/1.cc execution test
FAIL: 22_locale/messages/members/char/2.cc execution test
FAIL: 22_locale/messages/members/char/wrapped_locale.cc execution test
FAIL: 22_locale/messages_byname/named_equivalence.cc execution test
WARNING: program timed out.
FAIL: 30_threads/condition_variable/members/3.cc execution test
=== libstdc++ Summary ===
# of expected passes 9754
# of unexpected failures 6
# of expected failures 68
# of unsupported tests 370
=== Summary adjusted for local xfails ===
# of unexpected failures 6
# of expected passes 9754
# of expected failures 68
# of unsupported tests 370
Compiler version: 5.0.0 20141209 (experimental) (GCC)
Platform: arm-none-linux-gnueabi
configure flags: --build=i686-pc-linux-gnu --host=i686-pc-linux-gnu --target=arm-none-linux-gnueabi --enable-threads --disable-libmudflap --disable-libssp --disable-libstdcxx-pch --with-gnu-as --with-gnu-ld --enable-languages=c,c++,fortran --enable-shared --enable-lto --enable-symvers=gnu --enable-__cxa_atexit --with-glibc-version=2.21 --disable-nls --prefix=/scratch/gcc/nightly-2014-12-09-mainline/arm-none-linux-gnueabi/install --with-sysroot=/scratch/gcc/nightly-2014-12-09-mainline/arm-none-linux-gnueabi/install/arm-none-linux-gnueabi/libc --with-gmp=/scratch/gcc/nightly-2014-12-09-mainline/arm-none-linux-gnueabi/obj/pkg-mainline-0-arm-none-linux-gnueabi/fsf-mainline-0-arm-none-linux-gnueabi.extras/host-libs-i686-pc-linux-gnu/usr --with-mpfr=/scratch/gcc/nightly-2014-12-09-mainline/arm-none-linux-gnueabi/obj/pkg-mainline-0-arm-none-linux-gnueabi/fsf-mainline-0-arm-none-linux-gnueabi.extras/host-libs-i686-pc-linux-gnu/usr --with-mpc=/scratch/gcc/nightly-2014-12-09-mainline/a
rm-none-linux-gnueabi/obj/pkg-mainline-0-arm-none-linux-gnueabi/fsf-mainline-0-arm-none-linux-gnueabi.extras/host-libs-i686-pc-linux-gnu/usr --with-host-libstdcxx='-static-libgcc -Wl,-Bstatic,-lstdc++,-Bdynamic -lm' --with-isl=/scratch/gcc/nightly-2014-12-09-mainline/arm-none-linux-gnueabi/obj/pkg-mainline-0-arm-none-linux-gnueabi/fsf-mainline-0-arm-none-linux-gnueabi.extras/host-libs-i686-pc-linux-gnu/usr --with-cloog=/scratch/gcc/nightly-2014-12-09-mainline/arm-none-linux-gnueabi/obj/pkg-mainline-0-arm-none-linux-gnueabi/fsf-mainline-0-arm-none-linux-gnueabi.extras/host-libs-i686-pc-linux-gnu/usr --enable-libgomp --enable-libitm --enable-libatomic --disable-libssp --enable-poison-system-directories --with-build-time-tools=/scratch/gcc/nightly-2014-12-09-mainline/arm-none-linux-gnueabi/install/arm-none-linux-gnueabi/bin --with-build-time-tools=/scratch/gcc/nightly-2014-12-09-mainline/arm-none-linux-gnueabi/install/arm-none-linux-gnueabi/bin SED=sed
More information about the Gcc-testresults
mailing list