FW: Results for 5.0.0 20141203 (experimental) (GCC) testsuite on x86_64-unknown-linux-gnu
Pinski, Andrew
Andrew.Pinski@caviumnetworks.com
Wed Dec 3 15:15:00 GMT 2014
________________________________________
From: jenkins@blackduck.caveonetworks.com
Sent: Wednesday, December 3, 2014 7:14:59 AM (UTC-08:00) Pacific Time (US & Canada)
To: apinski@cavium.com
Subject: Results for 5.0.0 20141203 (experimental) (GCC) testsuite on x86_64-unknown-linux-gnu
Native configuration is x86_64-unknown-linux-gnu
=== gcc tests ===
Running target unix//-m32
FAIL: gcc.dg/hoist-register-pressure-3.c scan-rtl-dump hoist "PRE/HOIST: end of bb .* copying expression"
FAIL: gcc.dg/undefined-loop-2.c (test for warnings, line 18)
FAIL: gcc.dg/torture/fp-int-convert-float128-timode.c -O0 execution test
FAIL: gcc.dg/torture/fp-int-convert-float128-timode.c -O1 execution test
FAIL: gcc.dg/torture/fp-int-convert-float128-timode.c -O2 execution test
FAIL: gcc.dg/torture/fp-int-convert-float128-timode.c -O2 -flto execution test
FAIL: gcc.dg/torture/fp-int-convert-float128-timode.c -O2 -flto -flto-partition=none execution test
FAIL: gcc.dg/torture/fp-int-convert-float128-timode.c -O3 -fomit-frame-pointer execution test
FAIL: gcc.dg/torture/fp-int-convert-float128-timode.c -O3 -g execution test
FAIL: gcc.dg/torture/fp-int-convert-float128-timode.c -Os execution test
FAIL: gcc.dg/torture/fp-int-convert-float128.c -O0 execution test
FAIL: gcc.dg/torture/fp-int-convert-float128.c -O1 execution test
FAIL: gcc.dg/torture/fp-int-convert-float128.c -O2 execution test
FAIL: gcc.dg/torture/fp-int-convert-float128.c -O2 -flto execution test
FAIL: gcc.dg/torture/fp-int-convert-float128.c -O2 -flto -flto-partition=none execution test
FAIL: gcc.dg/torture/fp-int-convert-float128.c -O3 -fomit-frame-pointer execution test
FAIL: gcc.dg/torture/fp-int-convert-float128.c -O3 -g execution test
FAIL: gcc.dg/torture/fp-int-convert-float128.c -Os execution test
FAIL: gcc.dg/torture/stackalign/setjmp-1.c -O1 -fpic execution test
FAIL: gcc.dg/torture/stackalign/setjmp-1.c -O1 -mforce-drap -fpic execution test
FAIL: gcc.dg/torture/stackalign/setjmp-1.c -O2 -flto -flto-partition=none -fpic execution test
FAIL: gcc.dg/torture/stackalign/setjmp-1.c -O2 -flto -flto-partition=none -mforce-drap -fpic execution test
FAIL: gcc.dg/torture/stackalign/setjmp-1.c -O2 -flto -fpic execution test
FAIL: gcc.dg/torture/stackalign/setjmp-1.c -O2 -flto -mforce-drap -fpic execution test
FAIL: gcc.dg/torture/stackalign/setjmp-1.c -O2 -fpic execution test
FAIL: gcc.dg/torture/stackalign/setjmp-1.c -O2 -mforce-drap -fpic execution test
FAIL: gcc.dg/torture/stackalign/setjmp-1.c -O3 -fomit-frame-pointer -fpic execution test
FAIL: gcc.dg/torture/stackalign/setjmp-1.c -O3 -fomit-frame-pointer -funroll-all-loops -finline-functions -fpic execution test
FAIL: gcc.dg/torture/stackalign/setjmp-1.c -O3 -fomit-frame-pointer -funroll-all-loops -finline-functions -mforce-drap -fpic execution test
FAIL: gcc.dg/torture/stackalign/setjmp-1.c -O3 -fomit-frame-pointer -funroll-loops -fpic execution test
FAIL: gcc.dg/torture/stackalign/setjmp-1.c -O3 -fomit-frame-pointer -funroll-loops -mforce-drap -fpic execution test
FAIL: gcc.dg/torture/stackalign/setjmp-1.c -O3 -fomit-frame-pointer -mforce-drap -fpic execution test
FAIL: gcc.dg/torture/stackalign/setjmp-1.c -O3 -g -fpic execution test
FAIL: gcc.dg/torture/stackalign/setjmp-1.c -O3 -g -mforce-drap -fpic execution test
FAIL: gcc.dg/torture/stackalign/setjmp-1.c -Os -fpic execution test
FAIL: gcc.dg/torture/stackalign/setjmp-1.c -Os -mforce-drap -fpic execution test
FAIL: gcc.dg/torture/stackalign/setjmp-3.c -O1 -fpic execution test
FAIL: gcc.dg/torture/stackalign/setjmp-3.c -O1 -mforce-drap -fpic execution test
FAIL: gcc.dg/torture/stackalign/setjmp-3.c -O2 -flto -flto-partition=none -fpic execution test
FAIL: gcc.dg/torture/stackalign/setjmp-3.c -O2 -flto -flto-partition=none -mforce-drap -fpic execution test
FAIL: gcc.dg/torture/stackalign/setjmp-3.c -O2 -flto -fpic execution test
FAIL: gcc.dg/torture/stackalign/setjmp-3.c -O2 -flto -mforce-drap -fpic execution test
FAIL: gcc.dg/torture/stackalign/setjmp-3.c -O2 -fpic execution test
FAIL: gcc.dg/torture/stackalign/setjmp-3.c -O2 -mforce-drap -fpic execution test
FAIL: gcc.dg/torture/stackalign/setjmp-3.c -O3 -fomit-frame-pointer -fpic execution test
FAIL: gcc.dg/torture/stackalign/setjmp-3.c -O3 -fomit-frame-pointer -funroll-all-loops -finline-functions -fpic execution test
FAIL: gcc.dg/torture/stackalign/setjmp-3.c -O3 -fomit-frame-pointer -funroll-all-loops -finline-functions -mforce-drap -fpic execution test
FAIL: gcc.dg/torture/stackalign/setjmp-3.c -O3 -fomit-frame-pointer -funroll-loops -fpic execution test
FAIL: gcc.dg/torture/stackalign/setjmp-3.c -O3 -fomit-frame-pointer -funroll-loops -mforce-drap -fpic execution test
FAIL: gcc.dg/torture/stackalign/setjmp-3.c -O3 -fomit-frame-pointer -mforce-drap -fpic execution test
FAIL: gcc.dg/torture/stackalign/setjmp-3.c -O3 -g -fpic execution test
FAIL: gcc.dg/torture/stackalign/setjmp-3.c -O3 -g -mforce-drap -fpic execution test
FAIL: gcc.dg/torture/stackalign/setjmp-3.c -Os -fpic execution test
FAIL: gcc.dg/torture/stackalign/setjmp-3.c -Os -mforce-drap -fpic execution test
FAIL: gcc.dg/torture/stackalign/setjmp-4.c -O1 -fpic execution test
FAIL: gcc.dg/torture/stackalign/setjmp-4.c -O1 -mforce-drap -fpic execution test
FAIL: gcc.dg/torture/stackalign/setjmp-4.c -O2 -flto -flto-partition=none -fpic execution test
FAIL: gcc.dg/torture/stackalign/setjmp-4.c -O2 -flto -flto-partition=none -mforce-drap -fpic execution test
FAIL: gcc.dg/torture/stackalign/setjmp-4.c -O2 -flto -fpic execution test
FAIL: gcc.dg/torture/stackalign/setjmp-4.c -O2 -flto -mforce-drap -fpic execution test
FAIL: gcc.dg/torture/stackalign/setjmp-4.c -O2 -fpic execution test
FAIL: gcc.dg/torture/stackalign/setjmp-4.c -O2 -mforce-drap -fpic execution test
FAIL: gcc.dg/torture/stackalign/setjmp-4.c -O3 -fomit-frame-pointer -fpic execution test
FAIL: gcc.dg/torture/stackalign/setjmp-4.c -O3 -fomit-frame-pointer -funroll-all-loops -finline-functions -fpic execution test
FAIL: gcc.dg/torture/stackalign/setjmp-4.c -O3 -fomit-frame-pointer -funroll-all-loops -finline-functions -mforce-drap -fpic execution test
FAIL: gcc.dg/torture/stackalign/setjmp-4.c -O3 -fomit-frame-pointer -funroll-loops -fpic execution test
FAIL: gcc.dg/torture/stackalign/setjmp-4.c -O3 -fomit-frame-pointer -funroll-loops -mforce-drap -fpic execution test
FAIL: gcc.dg/torture/stackalign/setjmp-4.c -O3 -fomit-frame-pointer -mforce-drap -fpic execution test
FAIL: gcc.dg/torture/stackalign/setjmp-4.c -O3 -g -fpic execution test
FAIL: gcc.dg/torture/stackalign/setjmp-4.c -O3 -g -mforce-drap -fpic execution test
FAIL: gcc.dg/torture/stackalign/setjmp-4.c -Os -fpic execution test
FAIL: gcc.dg/torture/stackalign/setjmp-4.c -Os -mforce-drap -fpic execution test
FAIL: gcc.dg/torture/tls/run-ld.c -O1 -pie -fPIE execution test
FAIL: gcc.dg/torture/tls/run-ld.c -O1 -pie -fpie execution test
FAIL: gcc.dg/torture/tls/run-ld.c -O2 -pie -fPIE execution test
FAIL: gcc.dg/torture/tls/run-ld.c -O2 -pie -fpie execution test
FAIL: gcc.dg/torture/tls/run-ld.c -O3 -fomit-frame-pointer -pie -fPIE execution test
FAIL: gcc.dg/torture/tls/run-ld.c -O3 -fomit-frame-pointer -pie -fpie execution test
FAIL: gcc.dg/torture/tls/run-ld.c -O3 -g -pie -fPIE execution test
FAIL: gcc.dg/torture/tls/run-ld.c -O3 -g -pie -fpie execution test
FAIL: gcc.dg/torture/tls/run-ld.c -Os -pie -fPIE execution test
FAIL: gcc.dg/torture/tls/run-ld.c -Os -pie -fpie execution test
UNRESOLVED: gcc.dg/tree-prof/peel-1.c scan-rtl-dump loop2_unroll "Considering simply peeling loop"
FAIL: gcc.target/i386/ifcvt-onecmpl-abs-1.c scan-assembler cltd
FAIL: gcc.target/i386/pr49095.c scan-assembler-not test[lq]
=== gcc Summary for unix//-m32 ===
# of expected passes 108477
# of unexpected failures 84
# of expected failures 300
# of unresolved testcases 1
# of unsupported tests 2685
Running target unix//-m64
FAIL: gcc.dg/undefined-loop-2.c (test for warnings, line 18)
UNRESOLVED: gcc.dg/tree-prof/peel-1.c scan-rtl-dump loop2_unroll "Considering simply peeling loop"
FAIL: gcc.target/i386/pr56114.c (test for excess errors)
=== gcc Summary for unix//-m64 ===
# of expected passes 109540
# of unexpected failures 2
# of expected failures 302
# of unresolved testcases 1
# of unsupported tests 2908
=== gcc Summary ===
# of expected passes 218017
# of unexpected failures 86
# of expected failures 602
# of unresolved testcases 2
# of unsupported tests 5593
/var/lib/jenkins/workspace/GCCupstream/objdir/gcc/xgcc version 5.0.0 20141203 (experimental) (GCC)
=== gfortran tests ===
Running target unix//-m32
FAIL: gfortran.dg/erf_3.F90 -O0 execution test
FAIL: gfortran.dg/erf_3.F90 -O1 execution test
FAIL: gfortran.dg/erf_3.F90 -O2 execution test
FAIL: gfortran.dg/erf_3.F90 -O3 -fomit-frame-pointer execution test
FAIL: gfortran.dg/erf_3.F90 -O3 -fomit-frame-pointer -funroll-all-loops -finline-functions execution test
FAIL: gfortran.dg/erf_3.F90 -O3 -fomit-frame-pointer -funroll-loops execution test
FAIL: gfortran.dg/erf_3.F90 -O3 -g execution test
FAIL: gfortran.dg/erf_3.F90 -Os execution test
=== gfortran Summary for unix//-m32 ===
# of expected passes 46454
# of unexpected failures 8
# of expected failures 47
# of unsupported tests 221
Running target unix//-m64
=== gfortran Summary for unix//-m64 ===
# of expected passes 46751
# of expected failures 47
# of unsupported tests 81
=== gfortran Summary ===
# of expected passes 93205
# of unexpected failures 8
# of expected failures 94
# of unsupported tests 302
/var/lib/jenkins/workspace/GCCupstream/objdir/gcc/testsuite/gfortran/../../gfortran version 5.0.0 20141203 (experimental) (GCC)
=== g++ tests ===
Running target unix//-m32
FAIL: g++.dg/asan/asan_test.C -O2 AddressSanitizer_BuiltinLongJmpTest execution test
FAIL: g++.dg/other/anon5.C -std=gnu++11 (test for excess errors)
FAIL: g++.dg/other/anon5.C -std=gnu++14 (test for excess errors)
FAIL: g++.dg/other/anon5.C -std=gnu++98 (test for excess errors)
FAIL: g++.dg/other/pr59492.C -std=gnu++11 (test for excess errors)
FAIL: g++.dg/other/pr59492.C -std=gnu++14 (test for excess errors)
FAIL: g++.dg/other/pr59492.C -std=gnu++98 (test for excess errors)
=== g++ Summary for unix//-m32 ===
# of expected passes 89175
# of unexpected failures 7
# of expected failures 302
# of unsupported tests 3197
Running target unix//-m64
FAIL: g++.dg/other/anon5.C -std=gnu++11 (test for excess errors)
FAIL: g++.dg/other/anon5.C -std=gnu++14 (test for excess errors)
FAIL: g++.dg/other/anon5.C -std=gnu++98 (test for excess errors)
=== g++ Summary for unix//-m64 ===
# of expected passes 90699
# of unexpected failures 3
# of expected failures 302
# of unsupported tests 3457
=== g++ Summary ===
# of expected passes 179874
# of unexpected failures 10
# of expected failures 604
# of unsupported tests 6654
/var/lib/jenkins/workspace/GCCupstream/objdir/gcc/testsuite/g++/../../xg++ version 5.0.0 20141203 (experimental) (GCC)
=== objc tests ===
Running target unix//-m32
=== objc Summary for unix//-m32 ===
# of expected passes 3004
# of expected failures 6
# of unsupported tests 74
Running target unix//-m64
=== objc Summary for unix//-m64 ===
# of expected passes 3004
# of expected failures 6
# of unsupported tests 74
=== objc Summary ===
# of expected passes 6008
# of expected failures 12
# of unsupported tests 148
/var/lib/jenkins/workspace/GCCupstream/objdir/gcc/xgcc version 5.0.0 20141203 (experimental) (GCC)
=== boehm-gc tests ===
Running target unix//-m32
=== boehm-gc Summary for unix//-m32 ===
# of expected passes 12
# of unsupported tests 1
Running target unix//-m64
=== boehm-gc Summary for unix//-m64 ===
# of expected passes 12
# of unsupported tests 1
=== boehm-gc Summary ===
# of expected passes 24
# of unsupported tests 2
=== libatomic tests ===
Running target unix//-m32
=== libatomic Summary for unix//-m32 ===
# of expected passes 44
# of unsupported tests 5
Running target unix//-m64
=== libatomic Summary for unix//-m64 ===
# of expected passes 54
=== libatomic Summary ===
# of expected passes 98
# of unsupported tests 5
=== libffi tests ===
Running target unix//-m32
=== libffi Summary for unix//-m32 ===
# of expected passes 1819
# of unsupported tests 55
Running target unix//-m64
=== libffi Summary for unix//-m64 ===
# of expected passes 1819
# of unsupported tests 55
=== libffi Summary ===
# of expected passes 3638
# of unsupported tests 110
=== libgomp tests ===
Running target unix//-m32
=== libgomp Summary for unix//-m32 ===
# of expected passes 3646
# of unsupported tests 108
Running target unix//-m64
=== libgomp Summary for unix//-m64 ===
# of expected passes 3646
# of unsupported tests 108
=== libgomp Summary ===
# of expected passes 7292
# of unsupported tests 216
=== libitm tests ===
Running target unix//-m32
=== libitm Summary for unix//-m32 ===
# of expected passes 26
# of expected failures 3
# of unsupported tests 1
Running target unix//-m64
=== libitm Summary for unix//-m64 ===
# of expected passes 26
# of expected failures 3
# of unsupported tests 1
=== libitm Summary ===
# of expected passes 52
# of expected failures 6
# of unsupported tests 2
=== libjava tests ===
Running target unix//-m32
=== libjava Summary for unix//-m32 ===
# of expected passes 2582
# of expected failures 4
Running target unix//-m64
=== libjava Summary for unix//-m64 ===
# of expected passes 2582
# of expected failures 4
=== libjava Summary ===
# of expected passes 5164
# of expected failures 8
=== libstdc++ tests ===
Running target unix//-m32
FAIL: 28_regex/algorithms/regex_match/ecma/wchar_t/63199.cc (test for excess errors)
UNRESOLVED: 28_regex/algorithms/regex_match/ecma/wchar_t/63199.cc compilation failed to produce executable
FAIL: 28_regex/algorithms/regex_match/ecma/wchar_t/anymatcher.cc (test for excess errors)
UNRESOLVED: 28_regex/algorithms/regex_match/ecma/wchar_t/anymatcher.cc compilation failed to produce executable
FAIL: 28_regex/algorithms/regex_match/ecma/wchar_t/cjk_match.cc (test for excess errors)
UNRESOLVED: 28_regex/algorithms/regex_match/ecma/wchar_t/cjk_match.cc compilation failed to produce executable
FAIL: 28_regex/algorithms/regex_match/ecma/wchar_t/hex.cc (test for excess errors)
UNRESOLVED: 28_regex/algorithms/regex_match/ecma/wchar_t/hex.cc compilation failed to produce executable
FAIL: 28_regex/algorithms/regex_replace/wchar_t/51711.cc (test for excess errors)
FAIL: 28_regex/basic_regex/assign/wchar_t/cstring.cc (test for excess errors)
FAIL: 28_regex/basic_regex/assign/wchar_t/cstring_op.cc (test for excess errors)
FAIL: 28_regex/basic_regex/assign/wchar_t/pstring.cc (test for excess errors)
FAIL: 28_regex/basic_regex/assign/wchar_t/range.cc (test for excess errors)
FAIL: 28_regex/basic_regex/assign/wchar_t/string.cc (test for excess errors)
FAIL: 28_regex/basic_regex/assign/wchar_t/string_op.cc (test for excess errors)
FAIL: 28_regex/basic_regex/ctors/basic/pstring_wchar_t.cc (test for excess errors)
UNRESOLVED: 28_regex/basic_regex/ctors/basic/pstring_wchar_t.cc compilation failed to produce executable
FAIL: 28_regex/basic_regex/ctors/string_wchar_t.cc (test for excess errors)
FAIL: 28_regex/basic_regex/ctors/wchar_t/cstring.cc (test for excess errors)
FAIL: 28_regex/basic_regex/ctors/wchar_t/range.cc (test for excess errors)
FAIL: 28_regex/iterators/regex_iterator/wchar_t/string_01.cc (test for excess errors)
UNRESOLVED: 28_regex/iterators/regex_iterator/wchar_t/string_01.cc compilation failed to produce executable
FAIL: 28_regex/iterators/regex_iterator/wchar_t/string_02.cc (test for excess errors)
UNRESOLVED: 28_regex/iterators/regex_iterator/wchar_t/string_02.cc compilation failed to produce executable
FAIL: 28_regex/iterators/regex_token_iterator/wchar_t/string_01.cc (test for excess errors)
UNRESOLVED: 28_regex/iterators/regex_token_iterator/wchar_t/string_01.cc compilation failed to produce executable
FAIL: 28_regex/iterators/regex_token_iterator/wchar_t/wstring_02.cc (test for excess errors)
UNRESOLVED: 28_regex/iterators/regex_token_iterator/wchar_t/wstring_02.cc compilation failed to produce executable
FAIL: 28_regex/traits/wchar_t/user_defined.cc (test for excess errors)
UNRESOLVED: 28_regex/traits/wchar_t/user_defined.cc compilation failed to produce executable
FAIL: 30_threads/condition_variable/members/3.cc execution test
WARNING: program timed out.
=== libstdc++ Summary for unix//-m32 ===
# of expected passes 9573
# of unexpected failures 21
# of expected failures 68
# of unresolved testcases 10
# of unsupported tests 537
Running target unix//-m64
FAIL: 30_threads/condition_variable/members/3.cc execution test
WARNING: program timed out.
=== libstdc++ Summary for unix//-m64 ===
# of expected passes 9595
# of unexpected failures 1
# of expected failures 68
# of unsupported tests 541
=== libstdc++ Summary ===
# of expected passes 19168
# of unexpected failures 22
# of expected failures 136
# of unresolved testcases 10
# of unsupported tests 1078
Compiler version: 5.0.0 20141203 (experimental) (GCC)
Platform: x86_64-unknown-linux-gnu
configure flags: --prefix=/var/lib/jenkins/workspace/GCCupstream/objdir/install
More information about the Gcc-testresults
mailing list