Results for 4.9.2 20140829 (prerelease) [gcc-4_9-branch revision 214712] (GCC) testsuite on i386-pc-solaris2.10
Rainer Orth
ro@CeBiTec.Uni-Bielefeld.DE
Sat Aug 30 05:41:00 GMT 2014
LAST_UPDATED: Fri Aug 29 10:40:52 UTC 2014 (revision 214712)
=== acats tests ===
=== acats Summary ===
# of expected passes 2320
# of unexpected failures 0
Native configuration is i386-pc-solaris2.10
=== g++ tests ===
Running target unix
FAIL: g++.dg/cilk-plus/CK/catch_exc.cc -O1 -fcilkplus execution test
FAIL: g++.dg/cilk-plus/CK/catch_exc.cc -O3 -fcilkplus execution test
FAIL: g++.dg/cilk-plus/CK/catch_exc.cc -g -fcilkplus execution test
FAIL: g++.dg/cilk-plus/CK/catch_exc.cc -g -O2 -fcilkplus execution test
FAIL: g++.dg/ipa/pr61160-3.C -std=gnu++98 execution test
FAIL: g++.dg/ipa/pr61160-3.C -std=gnu++11 execution test
FAIL: g++.dg/ipa/pr61160-3.C -std=gnu++1y execution test
=== g++ Summary for unix ===
# of expected passes 82134
# of unexpected failures 7
# of expected failures 448
# of unsupported tests 2821
Running target unix/-m64
=== g++ Summary for unix/-m64 ===
# of expected passes 83434
# of expected failures 448
# of unsupported tests 3106
=== g++ Summary ===
# of expected passes 165568
# of unexpected failures 7
# of expected failures 896
# of unsupported tests 5927
/var/gcc/regression/gcc-4.9-branch/10-gcc/build/gcc/testsuite/g++/../../xg++ version 4.9.2 20140829 (prerelease) [gcc-4_9-branch revision 214712] (GCC)
=== gcc tests ===
Running target unix
FAIL: gcc.dg/vect/vect-112.c execution test
=== gcc Summary for unix ===
# of expected passes 101276
# of unexpected failures 1
# of expected failures 253
# of unsupported tests 1646
Running target unix/-m64
FAIL: gcc.target/i386/pr58218.c (test for excess errors)
=== gcc Summary for unix/-m64 ===
# of expected passes 101777
# of unexpected failures 1
# of expected failures 256
# of unsupported tests 1928
=== gcc Summary ===
# of expected passes 203053
# of unexpected failures 2
# of expected failures 509
# of unsupported tests 3574
/var/gcc/regression/gcc-4.9-branch/10-gcc/build/gcc/xgcc version 4.9.2 20140829 (prerelease) [gcc-4_9-branch revision 214712] (GCC)
=== gfortran tests ===
Running target unix
=== gfortran Summary for unix ===
# of expected passes 45748
# of expected failures 52
# of unsupported tests 223
Running target unix/-m64
=== gfortran Summary for unix/-m64 ===
# of expected passes 46051
# of expected failures 52
# of unsupported tests 77
=== gfortran Summary ===
# of expected passes 91799
# of expected failures 104
# of unsupported tests 300
/var/gcc/regression/gcc-4.9-branch/10-gcc/build/gcc/testsuite/gfortran/../../gfortran version 4.9.2 20140829 (prerelease) [gcc-4_9-branch revision 214712] (GCC)
=== gnat tests ===
Running target unix
=== gnat Summary for unix ===
# of expected passes 1230
# of expected failures 18
# of unsupported tests 6
Running target unix/-m64
=== gnat Summary for unix/-m64 ===
# of expected passes 1230
# of expected failures 18
# of unsupported tests 6
=== gnat Summary ===
# of expected passes 2460
# of expected failures 36
# of unsupported tests 12
/var/gcc/regression/gcc-4.9-branch/10-gcc/build/gcc/gnatmake version 4.9.2 20140829 (prerelease) [gcc-4_9-branch revision 214712]
=== go tests ===
Running target unix
=== go Summary for unix ===
# of expected passes 7371
# of expected failures 1
# of untested testcases 9
# of unsupported tests 2
Running target unix/-m64
FAIL: go.test/test/fixedbugs/issue4348.go -O (test for excess errors)
FAIL: go.test/test/fixedbugs/issue6036.go -O (internal compiler error)
FAIL: go.test/test/fixedbugs/issue6036.go -O (test for excess errors)
=== go Summary for unix/-m64 ===
# of expected passes 7250
# of unexpected failures 3
# of expected failures 1
# of untested testcases 9
# of unsupported tests 1
=== go Summary ===
# of expected passes 14621
# of unexpected failures 3
# of expected failures 2
# of untested testcases 18
# of unsupported tests 3
/var/gcc/regression/gcc-4.9-branch/10-gcc/build/gcc/testsuite/go/../../gccgo version 4.9.2 20140829 (prerelease) [gcc-4_9-branch revision 214712] (GCC)
=== obj-c++ tests ===
Running target unix
=== obj-c++ Summary for unix ===
# of expected passes 1449
# of expected failures 2
# of unsupported tests 86
Running target unix/-m64
=== obj-c++ Summary for unix/-m64 ===
# of expected passes 1441
# of expected failures 10
# of unsupported tests 86
=== obj-c++ Summary ===
# of expected passes 2890
# of expected failures 12
# of unsupported tests 172
/var/gcc/regression/gcc-4.9-branch/10-gcc/build/gcc/testsuite/obj-c++/../../xg++ version 4.9.2 20140829 (prerelease) [gcc-4_9-branch revision 214712] (GCC)
=== objc tests ===
Running target unix
=== objc Summary for unix ===
# of expected passes 2988
# of expected failures 6
# of unsupported tests 74
Running target unix/-m64
=== objc Summary for unix/-m64 ===
# of expected passes 2988
# of expected failures 6
# of unsupported tests 74
=== objc Summary ===
# of expected passes 5976
# of expected failures 12
# of unsupported tests 148
/var/gcc/regression/gcc-4.9-branch/10-gcc/build/gcc/xgcc version 4.9.2 20140829 (prerelease) [gcc-4_9-branch revision 214712] (GCC)
=== boehm-gc tests ===
Running target unix
=== boehm-gc Summary for unix ===
# of expected passes 12
# of unsupported tests 1
Running target unix/-m64
=== boehm-gc Summary for unix/-m64 ===
# of expected passes 12
# of unsupported tests 1
=== boehm-gc Summary ===
# of expected passes 24
# of unsupported tests 2
=== libatomic tests ===
Running target unix
=== libatomic Summary for unix ===
# of expected passes 44
# of unsupported tests 5
Running target unix/-m64
=== libatomic Summary for unix/-m64 ===
# of expected passes 54
=== libatomic Summary ===
# of expected passes 98
# of unsupported tests 5
=== libffi tests ===
Running target unix
=== libffi Summary for unix ===
# of expected passes 1819
# of unsupported tests 55
Running target unix/-m64
=== libffi Summary for unix/-m64 ===
# of expected passes 1819
# of unsupported tests 55
=== libffi Summary ===
# of expected passes 3638
# of unsupported tests 110
=== libgo tests ===
Running target unix
FAIL: runtime
FAIL: sync/atomic
=== libgo Summary for unix ===
# of expected passes 120
# of unexpected failures 2
Running target unix/-m64
=== libgo Summary for unix/-m64 ===
# of expected passes 122
=== libgo Summary ===
# of expected passes 242
# of unexpected failures 2
/var/gcc/regression/gcc-4.9-branch/10-gcc/build/./gcc/gccgo version 4.9.2 20140829 (prerelease) [gcc-4_9-branch revision 214712] (GCC)
=== libgomp tests ===
Running target unix
FAIL: libgomp.graphite/force-parallel-6.c execution test
=== libgomp Summary for unix ===
# of expected passes 3236
# of unexpected failures 1
# of unsupported tests 38
Running target unix/-m64
=== libgomp Summary for unix/-m64 ===
# of expected passes 3237
# of unsupported tests 38
=== libgomp Summary ===
# of expected passes 6473
# of unexpected failures 1
# of unsupported tests 76
=== libitm tests ===
Running target unix
=== libitm Summary for unix ===
# of expected passes 26
# of expected failures 3
# of unsupported tests 1
Running target unix/-m64
=== libitm Summary for unix/-m64 ===
# of expected passes 26
# of expected failures 3
# of unsupported tests 1
=== libitm Summary ===
# of expected passes 52
# of expected failures 6
# of unsupported tests 2
=== libjava tests ===
Running target unix
=== libjava Summary for unix ===
# of expected passes 2582
# of expected failures 4
Running target unix/-m64
=== libjava Summary for unix/-m64 ===
# of expected passes 2582
# of expected failures 4
=== libjava Summary ===
# of expected passes 5164
# of expected failures 8
=== libstdc++ tests ===
Running target unix
=== libstdc++ Summary for unix ===
# of expected passes 9006
# of expected failures 42
# of unsupported tests 595
Running target unix/-m64
=== libstdc++ Summary for unix/-m64 ===
# of expected passes 9006
# of expected failures 42
# of unsupported tests 595
=== libstdc++ Summary ===
# of expected passes 18012
# of expected failures 84
# of unsupported tests 1190
Compiler version: 4.9.2 20140829 (prerelease) [gcc-4_9-branch revision 214712] (GCC)
Platform: i386-pc-solaris2.10
configure flags: --prefix=/vol/gcc --target=i386-pc-solaris2.10 --enable-objc-gc --with-gmp-include=/vol/gcc/include --with-gmp-lib=/vol/gcc/lib --with-mpfr-include=/vol/gcc/include --with-mpfr-lib=/vol/gcc/lib --with-mpc-include=/vol/gcc/include --with-mpc-lib=/vol/gcc/lib --enable-languages=all,ada,obj-c++,go --with-isl-include=/vol/gcc/include --with-isl-lib=/vol/gcc/lib --with-cloog-include=/vol/gcc/include --with-cloog-lib=/vol/gcc/lib --enable-cloog-backend=isl
BOOT_CFLAGS=-g -O2
More information about the Gcc-testresults
mailing list