Results for 5.0.0 20140822 (experimental) [trunk revision 214311] (GCC) testsuite on sparcv9-sun-solaris2.11
Rainer Orth
ro@CeBiTec.Uni-Bielefeld.DE
Mon Aug 25 05:51:00 GMT 2014
LAST_UPDATED: Fri Aug 22 11:33:25 UTC 2014 (revision 214311)
=== acats tests ===
=== acats Summary ===
# of expected passes 2320
# of unexpected failures 0
Native configuration is sparcv9-sun-solaris2.11
=== g++ tests ===
Running target unix
FAIL: g++.dg/cpp0x/static_assert9.C -std=c++11 (test for excess errors)
FAIL: g++.dg/cpp0x/static_assert9.C -std=c++1y (test for excess errors)
FAIL: g++.dg/torture/pr46367.C -O1 (internal compiler error)
FAIL: g++.dg/torture/pr46367.C -O1 (test for excess errors)
FAIL: g++.dg/torture/pr46367.C -Os (internal compiler error)
FAIL: g++.dg/torture/pr46367.C -Os (test for excess errors)
=== g++ Summary for unix ===
# of expected passes 80180
# of unexpected failures 6
# of expected failures 446
# of unsupported tests 3299
Running target unix/-m32
FAIL: g++.dg/cpp0x/static_assert9.C -std=c++11 (test for excess errors)
FAIL: g++.dg/cpp0x/static_assert9.C -std=c++1y (test for excess errors)
FAIL: g++.dg/torture/pr46367.C -O1 (internal compiler error)
FAIL: g++.dg/torture/pr46367.C -O1 (test for excess errors)
FAIL: g++.dg/torture/pr46367.C -Os (internal compiler error)
FAIL: g++.dg/torture/pr46367.C -Os (test for excess errors)
=== g++ Summary for unix/-m32 ===
# of expected passes 78324
# of unexpected failures 6
# of expected failures 446
# of unsupported tests 3314
=== g++ Summary ===
# of expected passes 158504
# of unexpected failures 12
# of expected failures 892
# of unsupported tests 6613
/var/gcc/regression/trunk/11-gcc-64/build/gcc/testsuite/g++/../../xg++ version 5.0.0 20140822 (experimental) [trunk revision 214311] (GCC)
=== gcc tests ===
Running target unix
WARNING: program timed out.
FAIL: gcc.dg/c11-atomic-2.c (test for excess errors)
FAIL: gcc.dg/unroll_1.c (test for warnings, line 14)
FAIL: gcc.dg/unroll_1.c (test for warnings, line 24)
FAIL: gcc.dg/graphite/vect-pr43423.c scan-tree-dump-times vect "vectorized 2 loops" 1
FAIL: gcc.dg/tree-ssa/ivopts-lt-2.c scan-tree-dump-times ivopts "PHI" 1
FAIL: gcc.dg/tree-ssa/ivopts-lt-2.c scan-tree-dump-times ivopts "p_[0-9]* <" 1
FAIL: gcc.dg/vect/vect-singleton_1.c (internal compiler error)
FAIL: gcc.dg/vect/vect-singleton_1.c (test for excess errors)
FAIL: gcc.dg/vect/vect-singleton_1.c -flto -ffat-lto-objects (internal compiler error)
FAIL: gcc.dg/vect/vect-singleton_1.c -flto -ffat-lto-objects (test for excess errors)
=== gcc Summary for unix ===
# of expected passes 89998
# of unexpected failures 10
# of expected failures 309
# of unsupported tests 1807
Running target unix/-m32
WARNING: program timed out.
FAIL: gcc.dg/c11-atomic-2.c (test for excess errors)
WARNING: program timed out.
FAIL: gcc.dg/pr48141.c (test for excess errors)
FAIL: gcc.dg/unroll_1.c (test for warnings, line 14)
FAIL: gcc.dg/unroll_1.c (test for warnings, line 24)
FAIL: gcc.dg/graphite/vect-pr43423.c scan-tree-dump-times vect "vectorized 2 loops" 1
FAIL: gcc.dg/simulate-thread/atomic-other-int.c -O2 -g thread simulation test
FAIL: gcc.dg/simulate-thread/atomic-other-int.c -O3 -g thread simulation test
FAIL: gcc.dg/simulate-thread/speculative-store-4.c -O0 -g thread simulation test
FAIL: gcc.dg/simulate-thread/speculative-store-4.c -O2 -g thread simulation test
FAIL: gcc.dg/simulate-thread/speculative-store-4.c -O3 -g thread simulation test
FAIL: gcc.dg/simulate-thread/speculative-store.c -O0 -g thread simulation test
=== gcc Summary for unix/-m32 ===
# of expected passes 89215
# of unexpected failures 11
# of expected failures 320
# of unsupported tests 1871
=== gcc Summary ===
# of expected passes 179213
# of unexpected failures 21
# of expected failures 629
# of unsupported tests 3678
/var/gcc/regression/trunk/11-gcc-64/build/gcc/xgcc version 5.0.0 20140822 (experimental) [trunk revision 214311] (GCC)
=== gfortran tests ===
Running target unix
FAIL: gfortran.dg/graphite/pr42393.f90 -O (internal compiler error)
FAIL: gfortran.dg/graphite/pr42393.f90 -O (test for excess errors)
=== gfortran Summary for unix ===
# of expected passes 46493
# of unexpected failures 2
# of expected failures 54
# of unsupported tests 108
Running target unix/-m32
FAIL: gfortran.dg/graphite/pr42393.f90 -O (internal compiler error)
FAIL: gfortran.dg/graphite/pr42393.f90 -O (test for excess errors)
=== gfortran Summary for unix/-m32 ===
# of expected passes 46166
# of unexpected failures 2
# of expected failures 54
# of unsupported tests 269
=== gfortran Summary ===
# of expected passes 92659
# of unexpected failures 4
# of expected failures 108
# of unsupported tests 377
/var/gcc/regression/trunk/11-gcc-64/build/gcc/testsuite/gfortran/../../gfortran version 5.0.0 20140822 (experimental) [trunk revision 214311] (GCC)
=== gnat tests ===
Running target unix/-m32
FAIL: gnat.dg/weak2.adb (test for excess errors)
=== gnat Summary for unix/-m32 ===
# of expected passes 1223
# of unexpected failures 1
# of expected failures 18
# of unsupported tests 18
Running target unix
FAIL: gnat.dg/weak2.adb (test for excess errors)
=== gnat Summary for unix ===
# of expected passes 1223
# of unexpected failures 1
# of expected failures 18
# of unsupported tests 18
=== gnat Summary ===
# of expected passes 2446
# of unexpected failures 2
# of expected failures 36
# of unsupported tests 36
/var/gcc/regression/trunk/11-gcc-64/build/gcc/gnatmake version 5.0.0 20140822 (experimental) [trunk revision 214311]
=== go tests ===
Running target unix
FAIL: ./64bit-out.go compilation, -O0 -g -fno-var-tracking-assignments
FAIL: ./index0-out.go compilation, -O0 -g -fno-var-tracking-assignments
FAIL: ./slice3-out.go compilation, -O0 -g -fno-var-tracking-assignments
FAIL: go.test/test/recover.go execution, -O2 -g
WARNING: program timed out.
WARNING: program timed out.
WARNING: program timed out.
=== go Summary for unix ===
# of expected passes 7237
# of unexpected failures 4
# of expected failures 1
# of untested testcases 13
# of unsupported tests 3
Running target unix/-m32
FAIL: ./64bit-out.go compilation, -O0 -g -fno-var-tracking-assignments
FAIL: ./index0-out.go compilation, -O0 -g -fno-var-tracking-assignments
FAIL: ./slice3-out.go compilation, -O0 -g -fno-var-tracking-assignments
FAIL: go.test/test/recover.go execution, -O2 -g
WARNING: program timed out.
WARNING: program timed out.
WARNING: program timed out.
=== go Summary for unix/-m32 ===
# of expected passes 7357
# of unexpected failures 4
# of expected failures 1
# of untested testcases 13
# of unsupported tests 3
=== go Summary ===
# of expected passes 14594
# of unexpected failures 8
# of expected failures 2
# of untested testcases 26
# of unsupported tests 6
=== obj-c++ tests ===
Running target unix/-m32
=== obj-c++ Summary for unix/-m32 ===
# of expected passes 1447
# of expected failures 2
# of unsupported tests 86
Running target unix
=== obj-c++ Summary for unix ===
# of expected passes 1439
# of expected failures 10
# of unsupported tests 86
=== obj-c++ Summary ===
# of expected passes 2886
# of expected failures 12
# of unsupported tests 172
/var/gcc/regression/trunk/11-gcc-64/build/gcc/testsuite/obj-c++/../../xg++ version 5.0.0 20140822 (experimental) [trunk revision 214311] (GCC)
=== objc tests ===
Running target unix
=== objc Summary for unix ===
# of expected passes 3010
# of unsupported tests 74
Running target unix/-m32
=== objc Summary for unix/-m32 ===
# of expected passes 3010
# of unsupported tests 74
=== objc Summary ===
# of expected passes 6020
# of unsupported tests 148
/var/gcc/regression/trunk/11-gcc-64/build/gcc/xgcc version 5.0.0 20140822 (experimental) [trunk revision 214311] (GCC)
=== boehm-gc tests ===
Running target unix/-m32
=== boehm-gc Summary for unix/-m32 ===
# of expected passes 12
# of unsupported tests 1
Running target unix
=== boehm-gc Summary for unix ===
# of expected passes 12
# of unsupported tests 1
=== boehm-gc Summary ===
# of expected passes 24
# of unsupported tests 2
=== libatomic tests ===
Running target unix/-m32
=== libatomic Summary for unix/-m32 ===
# of expected passes 44
# of unsupported tests 5
Running target unix
=== libatomic Summary for unix ===
# of expected passes 54
=== libatomic Summary ===
# of expected passes 98
# of unsupported tests 5
=== libffi tests ===
Running target unix/-m32
=== libffi Summary for unix/-m32 ===
# of expected passes 1819
# of unsupported tests 55
Running target unix
=== libffi Summary for unix ===
# of expected passes 1819
# of unsupported tests 55
=== libffi Summary ===
# of expected passes 3638
# of unsupported tests 110
=== libgo tests ===
Running target unix
FAIL: regexp
FAIL: sync
=== libgo Summary for unix ===
# of expected passes 121
# of unexpected failures 2
Running target unix/-m32
FAIL: runtime
FAIL: sync
FAIL: text/template
FAIL: testing/quick
=== libgo Summary for unix/-m32 ===
# of expected passes 119
# of unexpected failures 4
=== libgo Summary ===
# of expected passes 240
# of unexpected failures 6
/var/gcc/regression/trunk/11-gcc-64/build/./gcc/gccgo version 5.0.0 20140822 (experimental) [trunk revision 214311] (GCC)
=== libgomp tests ===
Running target unix/-m32
=== libgomp Summary for unix/-m32 ===
# of expected passes 3239
# of unsupported tests 38
Running target unix
=== libgomp Summary for unix ===
# of expected passes 3239
# of unsupported tests 38
=== libgomp Summary ===
# of expected passes 6478
# of unsupported tests 76
=== libitm tests ===
Running target unix/-m32
=== libitm Summary for unix/-m32 ===
# of expected passes 26
# of expected failures 3
# of unsupported tests 1
Running target unix
=== libitm Summary for unix ===
# of expected passes 26
# of expected failures 3
# of unsupported tests 1
=== libitm Summary ===
# of expected passes 52
# of expected failures 6
# of unsupported tests 2
=== libjava tests ===
Running target unix/-m32
=== libjava Summary for unix/-m32 ===
# of expected passes 2582
# of expected failures 4
Running target unix
=== libjava Summary for unix ===
# of expected passes 2582
# of expected failures 4
=== libjava Summary ===
# of expected passes 5164
# of expected failures 8
=== libstdc++ tests ===
Running target unix
FAIL: 27_io/basic_ofstream/pthread2.cc execution test
FAIL: 30_threads/condition_variable_any/50862.cc execution test
=== libstdc++ Summary for unix ===
# of expected passes 9081
# of unexpected failures 2
# of expected failures 69
# of unsupported tests 608
Running target unix/-m32
FAIL: 27_io/basic_ofstream/pthread2.cc execution test
FAIL: 30_threads/condition_variable_any/50862.cc execution test
FAIL: ext/pb_ds/regression/tree_map_rand.cc (test for excess errors)
WARNING: ext/pb_ds/regression/tree_map_rand.cc compilation failed to produce executable
FAIL: ext/pb_ds/regression/tree_set_rand.cc (test for excess errors)
WARNING: ext/pb_ds/regression/tree_set_rand.cc compilation failed to produce executable
WARNING: program timed out.
WARNING: program timed out.
=== libstdc++ Summary for unix/-m32 ===
# of expected passes 9077
# of unexpected failures 4
# of expected failures 69
# of unsupported tests 608
=== libstdc++ Summary ===
# of expected passes 18158
# of unexpected failures 6
# of expected failures 138
# of unsupported tests 1216
Compiler version: 5.0.0 20140822 (experimental) [trunk revision 214311] (GCC)
Platform: sparcv9-sun-solaris2.11
configure flags: --prefix=/vol/gcc --target=sparcv9-sun-solaris2.11 --enable-objc-gc --enable-libmudflap --with-gmp-include=/vol/gcc/include --with-gmp-lib=/vol/gcc/lib/sparcv9 --with-mpfr-include=/vol/gcc/include --with-mpfr-lib=/vol/gcc/lib/sparcv9 --with-mpc-include=/vol/gcc/include --with-mpc-lib=/vol/gcc/lib/sparcv9 --enable-languages=all,ada,obj-c++,go --with-isl-include=/vol/gcc/include --with-isl-lib=/vol/gcc/lib/sparcv9 --with-cloog-include=/vol/gcc/include --with-cloog-lib=/vol/gcc/lib/sparcv9 --enable-cloog-backend=isl --build=sparcv9-sun-solaris2.11 --host=sparcv9-sun-solaris2.11
BOOT_CFLAGS=-g -O2
More information about the Gcc-testresults
mailing list