Results for 5.0.0 20140822 (experimental) [trunk revision 214311] (GCC) testsuite on i386-pc-solaris2.10
Rainer Orth
ro@CeBiTec.Uni-Bielefeld.DE
Fri Aug 22 15:34:00 GMT 2014
LAST_UPDATED: Fri Aug 22 11:33:25 UTC 2014 (revision 214311)
=== acats tests ===
=== acats Summary ===
# of expected passes 2320
# of unexpected failures 0
Native configuration is i386-pc-solaris2.10
=== g++ tests ===
Running target unix
FAIL: g++.dg/cilk-plus/CK/catch_exc.cc -O1 -fcilkplus execution test
FAIL: g++.dg/cilk-plus/CK/catch_exc.cc -O3 -fcilkplus execution test
FAIL: g++.dg/cilk-plus/CK/catch_exc.cc -g -fcilkplus execution test
FAIL: g++.dg/cilk-plus/CK/catch_exc.cc -g -O2 -fcilkplus execution test
FAIL: g++.dg/cpp0x/static_assert9.C -std=c++11 (test for excess errors)
FAIL: g++.dg/cpp0x/static_assert9.C -std=c++1y (test for excess errors)
=== g++ Summary for unix ===
# of expected passes 81282
# of unexpected failures 6
# of expected failures 443
# of unsupported tests 2902
Running target unix/-m64
FAIL: g++.dg/cpp0x/static_assert9.C -std=c++11 (test for excess errors)
FAIL: g++.dg/cpp0x/static_assert9.C -std=c++1y (test for excess errors)
=== g++ Summary for unix/-m64 ===
# of expected passes 82585
# of unexpected failures 2
# of expected failures 443
# of unsupported tests 3184
=== g++ Summary ===
# of expected passes 163867
# of unexpected failures 8
# of expected failures 886
# of unsupported tests 6086
/var/gcc/regression/trunk/10-gcc/build/gcc/testsuite/g++/../../xg++ version 5.0.0 20140822 (experimental) [trunk revision 214311] (GCC)
=== gcc tests ===
Running target unix
FAIL: gcc.dg/graphite/vect-pr43423.c scan-tree-dump-times vect "vectorized 2 loops" 1
FAIL: gcc.target/i386/pr49095.c scan-assembler-not test[lq]
=== gcc Summary for unix ===
# of expected passes 102647
# of unexpected failures 2
# of expected failures 249
# of unsupported tests 1678
Running target unix/-m64
FAIL: gcc.dg/graphite/vect-pr43423.c scan-tree-dump-times vect "vectorized 2 loops" 1
FAIL: gcc.target/i386/pr58218.c (test for excess errors)
FAIL: gcc.target/i386/pr61599-1.c (test for excess errors)
WARNING: gcc.target/i386/pr61599-1.c compilation failed to produce executable
=== gcc Summary for unix/-m64 ===
# of expected passes 103160
# of unexpected failures 3
# of expected failures 251
# of unsupported tests 1954
=== gcc Summary ===
# of expected passes 205807
# of unexpected failures 5
# of expected failures 500
# of unsupported tests 3632
/var/gcc/regression/trunk/10-gcc/build/gcc/xgcc version 5.0.0 20140822 (experimental) [trunk revision 214311] (GCC)
=== gfortran tests ===
Running target unix
WARNING: program timed out.
FAIL: gfortran.dg/graphite/pr42393.f90 -O (test for excess errors)
=== gfortran Summary for unix ===
# of expected passes 46260
# of unexpected failures 1
# of expected failures 52
# of unsupported tests 224
Running target unix/-m64
FAIL: gfortran.dg/graphite/pr42393.f90 -O (internal compiler error)
FAIL: gfortran.dg/graphite/pr42393.f90 -O (test for excess errors)
=== gfortran Summary for unix/-m64 ===
# of expected passes 46563
# of unexpected failures 2
# of expected failures 52
# of unsupported tests 78
=== gfortran Summary ===
# of expected passes 92823
# of unexpected failures 3
# of expected failures 104
# of unsupported tests 302
/var/gcc/regression/trunk/10-gcc/build/gcc/testsuite/gfortran/../../gfortran version 5.0.0 20140822 (experimental) [trunk revision 214311] (GCC)
=== gnat tests ===
Running target unix
FAIL: gnat.dg/weak2.adb (test for excess errors)
=== gnat Summary for unix ===
# of expected passes 1247
# of unexpected failures 1
# of expected failures 18
# of unsupported tests 7
Running target unix/-m64
FAIL: gnat.dg/weak2.adb (test for excess errors)
=== gnat Summary for unix/-m64 ===
# of expected passes 1247
# of unexpected failures 1
# of expected failures 18
# of unsupported tests 7
=== gnat Summary ===
# of expected passes 2494
# of unexpected failures 2
# of expected failures 36
# of unsupported tests 14
/var/gcc/regression/trunk/10-gcc/build/gcc/gnatmake version 5.0.0 20140822 (experimental) [trunk revision 214311]
=== go tests ===
Running target unix
=== go Summary for unix ===
# of expected passes 7367
# of expected failures 1
# of untested testcases 9
# of unsupported tests 2
Running target unix/-m64
FAIL: go.test/test/fixedbugs/issue4348.go -O (test for excess errors)
FAIL: go.test/test/fixedbugs/issue6036.go -O (internal compiler error)
FAIL: go.test/test/fixedbugs/issue6036.go -O (test for excess errors)
=== go Summary for unix/-m64 ===
# of expected passes 7246
# of unexpected failures 3
# of expected failures 1
# of untested testcases 9
# of unsupported tests 1
=== go Summary ===
# of expected passes 14613
# of unexpected failures 3
# of expected failures 2
# of untested testcases 18
# of unsupported tests 3
=== obj-c++ tests ===
Running target unix
=== obj-c++ Summary for unix ===
# of expected passes 1447
# of expected failures 2
# of unsupported tests 86
Running target unix/-m64
=== obj-c++ Summary for unix/-m64 ===
# of expected passes 1439
# of expected failures 10
# of unsupported tests 86
=== obj-c++ Summary ===
# of expected passes 2886
# of expected failures 12
# of unsupported tests 172
/var/gcc/regression/trunk/10-gcc/build/gcc/testsuite/obj-c++/../../xg++ version 5.0.0 20140822 (experimental) [trunk revision 214311] (GCC)
=== objc tests ===
Running target unix
=== objc Summary for unix ===
# of expected passes 3004
# of expected failures 6
# of unsupported tests 74
Running target unix/-m64
=== objc Summary for unix/-m64 ===
# of expected passes 3004
# of expected failures 6
# of unsupported tests 74
=== objc Summary ===
# of expected passes 6008
# of expected failures 12
# of unsupported tests 148
/var/gcc/regression/trunk/10-gcc/build/gcc/xgcc version 5.0.0 20140822 (experimental) [trunk revision 214311] (GCC)
=== boehm-gc tests ===
Running target unix
=== boehm-gc Summary for unix ===
# of expected passes 12
# of unsupported tests 1
Running target unix/-m64
=== boehm-gc Summary for unix/-m64 ===
# of expected passes 12
# of unsupported tests 1
=== boehm-gc Summary ===
# of expected passes 24
# of unsupported tests 2
=== libatomic tests ===
Running target unix
=== libatomic Summary for unix ===
# of expected passes 44
# of unsupported tests 5
Running target unix/-m64
=== libatomic Summary for unix/-m64 ===
# of expected passes 54
=== libatomic Summary ===
# of expected passes 98
# of unsupported tests 5
=== libffi tests ===
Running target unix
=== libffi Summary for unix ===
# of expected passes 1819
# of unsupported tests 55
Running target unix/-m64
=== libffi Summary for unix/-m64 ===
# of expected passes 1819
# of unsupported tests 55
=== libffi Summary ===
# of expected passes 3638
# of unsupported tests 110
=== libgo tests ===
Running target unix
FAIL: net
FAIL: runtime
FAIL: sync/atomic
=== libgo Summary for unix ===
# of expected passes 120
# of unexpected failures 3
Running target unix/-m64
=== libgo Summary for unix/-m64 ===
# of expected passes 123
=== libgo Summary ===
# of expected passes 243
# of unexpected failures 3
/var/gcc/regression/trunk/10-gcc/build/./gcc/gccgo version 5.0.0 20140822 (experimental) [trunk revision 214311] (GCC)
=== libgomp tests ===
Running target unix
=== libgomp Summary for unix ===
# of expected passes 3271
# of unsupported tests 22
Running target unix/-m64
=== libgomp Summary for unix/-m64 ===
# of expected passes 3271
# of unsupported tests 22
=== libgomp Summary ===
# of expected passes 6542
# of unsupported tests 44
=== libitm tests ===
Running target unix
=== libitm Summary for unix ===
# of expected passes 26
# of expected failures 3
# of unsupported tests 1
Running target unix/-m64
=== libitm Summary for unix/-m64 ===
# of expected passes 26
# of expected failures 3
# of unsupported tests 1
=== libitm Summary ===
# of expected passes 52
# of expected failures 6
# of unsupported tests 2
=== libjava tests ===
Running target unix
FAIL: Thread_Wait_Interrupt output - source compiled test
FAIL: Thread_Wait_Interrupt -findirect-dispatch output - source compiled test
=== libjava Summary for unix ===
# of expected passes 2580
# of unexpected failures 2
# of expected failures 4
Running target unix/-m64
=== libjava Summary for unix/-m64 ===
# of expected passes 2582
# of expected failures 4
=== libjava Summary ===
# of expected passes 5162
# of unexpected failures 2
# of expected failures 8
=== libstdc++ tests ===
Running target unix
FAIL: 27_io/basic_ofstream/pthread2.cc execution test
FAIL: 30_threads/condition_variable_any/50862.cc execution test
=== libstdc++ Summary for unix ===
# of expected passes 9099
# of unexpected failures 2
# of expected failures 70
# of unsupported tests 599
Running target unix/-m64
FAIL: 30_threads/condition_variable_any/50862.cc execution test
=== libstdc++ Summary for unix/-m64 ===
# of expected passes 9100
# of unexpected failures 1
# of expected failures 70
# of unsupported tests 599
=== libstdc++ Summary ===
# of expected passes 18199
# of unexpected failures 3
# of expected failures 140
# of unsupported tests 1198
Compiler version: 5.0.0 20140822 (experimental) [trunk revision 214311] (GCC)
Platform: i386-pc-solaris2.10
configure flags: --prefix=/vol/gcc --target=i386-pc-solaris2.10 --enable-objc-gc --with-gmp-include=/vol/gcc/include --with-gmp-lib=/vol/gcc/lib --with-mpfr-include=/vol/gcc/include --with-mpfr-lib=/vol/gcc/lib --with-mpc-include=/vol/gcc/include --with-mpc-lib=/vol/gcc/lib --enable-languages=all,ada,obj-c++,go --with-isl-include=/vol/gcc/include --with-isl-lib=/vol/gcc/lib --with-cloog-include=/vol/gcc/include --with-cloog-lib=/vol/gcc/lib --enable-cloog-backend=isl
BOOT_CFLAGS=-g -O2
More information about the Gcc-testresults
mailing list