Results for 4.9.2 20140816 (prerelease) [4.9 branch revision 214063] (GCC) testsuite on x86_64-apple-darwin13.3.0
Dominique Dhumieres
dominiq@lps.ens.fr
Sun Aug 17 10:43:00 GMT 2014
LAST_UPDATED: Updated Sat Aug 16 16:44:58 CEST 2014 to revision 214063.
=== acats tests ===
=== acats Summary ===
# of expected passes 2320
# of unexpected failures 0
Native configuration is x86_64-apple-darwin13.3.0
=== g++ tests ===
Running target unix/-m32
FAIL: g++.dg/debug/dwarf2/imported-decl-2.C -std=gnu++98 scan-assembler-times ascii "AAAA\\\\\\\\0".*ascii "BBBB\\\\\\\\0".*DIE .0x[0-9a-f]*. DW_TAG_imported_declaration 1
FAIL: g++.dg/debug/dwarf2/imported-decl-2.C -std=gnu++11 scan-assembler-times ascii "AAAA\\\\\\\\0".*ascii "BBBB\\\\\\\\0".*DIE .0x[0-9a-f]*. DW_TAG_imported_declaration 1
FAIL: g++.dg/debug/dwarf2/imported-decl-2.C -std=gnu++1y scan-assembler-times ascii "AAAA\\\\\\\\0".*ascii "BBBB\\\\\\\\0".*DIE .0x[0-9a-f]*. DW_TAG_imported_declaration 1
FAIL: g++.dg/ext/sync-4.C -std=gnu++98 execution test
FAIL: g++.dg/ext/sync-4.C -std=gnu++11 execution test
FAIL: g++.dg/ext/sync-4.C -std=gnu++1y execution test
FAIL: g++.dg/ipa/pr61160-3.C -std=gnu++98 execution test
FAIL: g++.dg/ipa/pr61160-3.C -std=gnu++11 execution test
FAIL: g++.dg/ipa/pr61160-3.C -std=gnu++1y execution test
FAIL: g++.dg/opt/vt4.C -std=gnu++98 scan-assembler-not _ZTV.A
FAIL: g++.dg/opt/vt4.C -std=gnu++11 scan-assembler-not _ZTV.A
FAIL: g++.dg/opt/vt4.C -std=gnu++1y scan-assembler-not _ZTV.A
=== g++ Summary for unix/-m32 ===
# of expected passes 83981
# of unexpected failures 12
# of expected failures 442
# of unsupported tests 3008
Running target unix/-m64
FAIL: g++.dg/debug/dwarf2/imported-decl-2.C -std=gnu++98 scan-assembler-times ascii "AAAA\\\\\\\\0".*ascii "BBBB\\\\\\\\0".*DIE .0x[0-9a-f]*. DW_TAG_imported_declaration 1
FAIL: g++.dg/debug/dwarf2/imported-decl-2.C -std=gnu++11 scan-assembler-times ascii "AAAA\\\\\\\\0".*ascii "BBBB\\\\\\\\0".*DIE .0x[0-9a-f]*. DW_TAG_imported_declaration 1
FAIL: g++.dg/debug/dwarf2/imported-decl-2.C -std=gnu++1y scan-assembler-times ascii "AAAA\\\\\\\\0".*ascii "BBBB\\\\\\\\0".*DIE .0x[0-9a-f]*. DW_TAG_imported_declaration 1
FAIL: g++.dg/ext/sync-4.C -std=gnu++98 execution test
FAIL: g++.dg/ext/sync-4.C -std=gnu++11 execution test
FAIL: g++.dg/ext/sync-4.C -std=gnu++1y execution test
FAIL: g++.dg/opt/vt4.C -std=gnu++98 scan-assembler-not _ZTV.A
FAIL: g++.dg/opt/vt4.C -std=gnu++11 scan-assembler-not _ZTV.A
FAIL: g++.dg/opt/vt4.C -std=gnu++1y scan-assembler-not _ZTV.A
FAIL: g++.dg/tree-prof/partition1.C compilation, -fprofile-use
UNRESOLVED: g++.dg/tree-prof/partition1.C execution, -fprofile-use
FAIL: g++.dg/tree-prof/pr57451.C compilation, -fprofile-use
UNRESOLVED: g++.dg/tree-prof/pr57451.C execution, -fprofile-use
=== g++ Summary for unix/-m64 ===
# of expected passes 85333
# of unexpected failures 11
# of expected failures 442
# of unresolved testcases 2
# of unsupported tests 3260
=== g++ Summary ===
# of expected passes 169314
# of unexpected failures 23
# of expected failures 884
# of unresolved testcases 2
# of unsupported tests 6268
/opt/gcc/4.9_build/gcc/testsuite/g++/../../xg++ version 4.9.2 20140816 (prerelease) [4.9 branch revision 214063] (GCC)
=== gcc tests ===
Running target unix/-m32
FAIL: c-c++-common/asan/strncpy-overflow-1.c -O0 execution test
WARNING: program timed out.
FAIL: gcc.dg/atomic/c11-atomic-exec-5.c -O0 execution test
WARNING: program timed out.
FAIL: gcc.dg/atomic/c11-atomic-exec-5.c -O1 execution test
WARNING: program timed out.
FAIL: gcc.dg/atomic/c11-atomic-exec-5.c -O2 execution test
WARNING: program timed out.
FAIL: gcc.dg/atomic/c11-atomic-exec-5.c -O3 -fomit-frame-pointer execution test
WARNING: program timed out.
FAIL: gcc.dg/atomic/c11-atomic-exec-5.c -O3 -fomit-frame-pointer -funroll-loops execution test
WARNING: program timed out.
FAIL: gcc.dg/atomic/c11-atomic-exec-5.c -O3 -fomit-frame-pointer -funroll-all-loops -finline-functions execution test
WARNING: program timed out.
FAIL: gcc.dg/atomic/c11-atomic-exec-5.c -O3 -g execution test
WARNING: program timed out.
FAIL: gcc.dg/atomic/c11-atomic-exec-5.c -Os execution test
WARNING: program timed out.
FAIL: gcc.dg/atomic/c11-atomic-exec-5.c -O2 -flto -flto-partition=none execution test
WARNING: program timed out.
FAIL: gcc.dg/atomic/c11-atomic-exec-5.c -O2 -flto execution test
FAIL: gcc.dg/20021014-1.c execution test
FAIL: gcc.dg/pr43643.c execution test
FAIL: gcc.dg/pr61053.c (test for excess errors)
FAIL: gcc.dg/lto/pr61526 c_lto_pr61526_0.o-c_lto_pr61526_1.o link, -fPIC -flto -flto-partition=1to1
UNRESOLVED: gcc.dg/lto/pr61526 c_lto_pr61526_0.o-c_lto_pr61526_1.o execute -fPIC -flto -flto-partition=1to1
FAIL: gcc.target/i386/avx512f-gather-5.c scan-assembler gather[^\\n]*zmm
FAIL: gcc.target/i386/memcpy-strategy-3.c scan-assembler-times memcpy 2
FAIL: gcc.target/i386/memset-strategy-1.c scan-assembler-times memset 2
FAIL: gcc.target/i386/pr57275.c (test for excess errors)
UNRESOLVED: gcc.target/i386/pr57275.c compilation failed to produce executable
=== gcc Summary for unix/-m32 ===
# of expected passes 101252
# of unexpected failures 19
# of expected failures 251
# of unresolved testcases 2
# of unsupported tests 2674
Running target unix/-m64
FAIL: c-c++-common/asan/strncpy-overflow-1.c -O0 execution test
WARNING: program timed out.
FAIL: gcc.dg/atomic/c11-atomic-exec-5.c -O0 execution test
WARNING: program timed out.
FAIL: gcc.dg/atomic/c11-atomic-exec-5.c -O1 execution test
WARNING: program timed out.
FAIL: gcc.dg/atomic/c11-atomic-exec-5.c -O2 execution test
WARNING: program timed out.
FAIL: gcc.dg/atomic/c11-atomic-exec-5.c -O3 -fomit-frame-pointer execution test
WARNING: program timed out.
FAIL: gcc.dg/atomic/c11-atomic-exec-5.c -O3 -fomit-frame-pointer -funroll-loops execution test
WARNING: program timed out.
FAIL: gcc.dg/atomic/c11-atomic-exec-5.c -O3 -fomit-frame-pointer -funroll-all-loops -finline-functions execution test
WARNING: program timed out.
FAIL: gcc.dg/atomic/c11-atomic-exec-5.c -O3 -g execution test
WARNING: program timed out.
FAIL: gcc.dg/atomic/c11-atomic-exec-5.c -Os execution test
WARNING: program timed out.
FAIL: gcc.dg/atomic/c11-atomic-exec-5.c -O2 -flto -flto-partition=none execution test
WARNING: program timed out.
FAIL: gcc.dg/atomic/c11-atomic-exec-5.c -O2 -flto execution test
FAIL: gcc.dg/lto/pr61526 c_lto_pr61526_0.o-c_lto_pr61526_1.o link, -fPIC -flto -flto-partition=1to1
UNRESOLVED: gcc.dg/lto/pr61526 c_lto_pr61526_0.o-c_lto_pr61526_1.o execute -fPIC -flto -flto-partition=1to1
FAIL: gcc.dg/tree-prof/20041218-1.c compilation, -fprofile-use -D_PROFILE_USE
UNRESOLVED: gcc.dg/tree-prof/20041218-1.c execution, -fprofile-use -D_PROFILE_USE
FAIL: gcc.dg/tree-prof/crossmodule-indircall-1.c compilation, -fprofile-use -D_PROFILE_USE
UNRESOLVED: gcc.dg/tree-prof/crossmodule-indircall-1.c execution, -fprofile-use -D_PROFILE_USE
FAIL: gcc.dg/tree-prof/pr34999.c compilation, -fprofile-use -D_PROFILE_USE
UNRESOLVED: gcc.dg/tree-prof/pr34999.c execution, -fprofile-use -D_PROFILE_USE
FAIL: gcc.dg/tree-prof/pr45354.c compilation, -fprofile-use -D_PROFILE_USE
UNRESOLVED: gcc.dg/tree-prof/pr45354.c execution, -fprofile-use -D_PROFILE_USE
FAIL: gcc.dg/tree-prof/pr49299-1.c compilation, -fprofile-use -D_PROFILE_USE
UNRESOLVED: gcc.dg/tree-prof/pr49299-1.c execution, -fprofile-use -D_PROFILE_USE
FAIL: gcc.dg/tree-prof/pr49299-2.c compilation, -fprofile-use -D_PROFILE_USE
UNRESOLVED: gcc.dg/tree-prof/pr49299-2.c execution, -fprofile-use -D_PROFILE_USE
FAIL: gcc.dg/tree-prof/pr50907.c compilation, -fprofile-use -D_PROFILE_USE
UNRESOLVED: gcc.dg/tree-prof/pr50907.c execution, -fprofile-use -D_PROFILE_USE
FAIL: gcc.target/i386/avx512f-gather-5.c scan-assembler gather[^\\n]*zmm
FAIL: gcc.target/i386/memcpy-strategy-3.c scan-assembler-times memcpy 2
FAIL: gcc.target/i386/memset-strategy-1.c scan-assembler-times memset 2
FAIL: gcc.target/i386/pr49866.c (test for excess errors)
FAIL: gcc.target/i386/pr57275.c (test for excess errors)
UNRESOLVED: gcc.target/i386/pr57275.c compilation failed to produce executable
=== gcc Summary for unix/-m64 ===
# of expected passes 101749
# of unexpected failures 24
# of expected failures 255
# of unresolved testcases 9
# of unsupported tests 2911
=== gcc Summary ===
# of expected passes 203001
# of unexpected failures 43
# of expected failures 506
# of unresolved testcases 11
# of unsupported tests 5585
/opt/gcc/4.9_build/gcc/xgcc version 4.9.2 20140816 (prerelease) [4.9 branch revision 214063] (GCC)
=== gfortran tests ===
Running target unix/-m32
=== gfortran Summary for unix/-m32 ===
# of expected passes 45698
# of expected failures 52
# of unsupported tests 212
Running target unix/-m64
=== gfortran Summary for unix/-m64 ===
# of expected passes 45985
# of expected failures 52
# of unsupported tests 74
=== gfortran Summary ===
# of expected passes 91683
# of expected failures 104
# of unsupported tests 286
/opt/gcc/4.9_build/gcc/testsuite/gfortran/../../gfortran version 4.9.2 20140816 (prerelease) [4.9 branch revision 214063] (GCC)
=== gnat tests ===
Running target unix/-m32
=== gnat Summary for unix/-m32 ===
# of expected passes 1229
# of expected failures 18
# of unsupported tests 6
Running target unix/-m64
=== gnat Summary for unix/-m64 ===
# of expected passes 1229
# of expected failures 18
# of unsupported tests 6
=== gnat Summary ===
# of expected passes 2458
# of expected failures 36
# of unsupported tests 12
/opt/gcc/4.9_build/gcc/gnatmake version 4.9.2 20140816 (prerelease) [4.9 branch revision 214063]
=== obj-c++ tests ===
Running target unix/-m32
FAIL: obj-c++.dg/cxx-ivars-3.mm -fnext-runtime execution test
FAIL: obj-c++.dg/gnu-api-2-objc.mm -fnext-runtime execution test
=== obj-c++ Summary for unix/-m32 ===
# of expected passes 3155
# of unexpected failures 2
# of expected failures 2
# of unsupported tests 68
Running target unix/-m64
FAIL: obj-c++.dg/gnu-api-2-objc.mm -fnext-runtime execution test
FAIL: obj-c++.dg/try-catch-2.mm -fnext-runtime execution test
FAIL: obj-c++.dg/try-catch-9.mm -fnext-runtime execution test
=== obj-c++ Summary for unix/-m64 ===
# of expected passes 3095
# of unexpected failures 3
# of expected failures 19
# of unsupported tests 74
=== obj-c++ Summary ===
# of expected passes 6250
# of unexpected failures 5
# of expected failures 21
# of unsupported tests 142
/opt/gcc/4.9_build/gcc/testsuite/obj-c++/../../xg++ version 4.9.2 20140816 (prerelease) [4.9 branch revision 214063] (GCC)
=== objc tests ===
Running target unix/-m32
FAIL: objc.dg/call-super-2.m -fnext-runtime (test for warnings, line 74)
FAIL: objc.dg/call-super-2.m -fnext-runtime (test for warnings, line 104)
FAIL: objc.dg/gnu-api-2-objc.m -fnext-runtime execution test
=== objc Summary for unix/-m32 ===
# of expected passes 6097
# of unexpected failures 3
# of expected failures 6
# of unsupported tests 85
Running target unix/-m64
FAIL: objc.dg/call-super-2.m -fnext-runtime (test for warnings, line 74)
FAIL: objc.dg/call-super-2.m -fnext-runtime (test for warnings, line 104)
FAIL: objc.dg/exceptions-2.m -fnext-runtime execution test
FAIL: objc.dg/gnu-api-2-objc.m -fnext-runtime execution test
=== objc Summary for unix/-m64 ===
# of expected passes 5940
# of unexpected failures 4
# of expected failures 6
# of unsupported tests 91
=== objc Summary ===
# of expected passes 12037
# of unexpected failures 7
# of expected failures 12
# of unsupported tests 176
/opt/gcc/4.9_build/gcc/xgcc version 4.9.2 20140816 (prerelease) [4.9 branch revision 214063] (GCC)
=== boehm-gc tests ===
Running target unix/-m32
=== boehm-gc Summary for unix/-m32 ===
# of expected passes 12
# of unsupported tests 1
Running target unix/-m64
=== boehm-gc Summary for unix/-m64 ===
# of expected passes 12
# of unsupported tests 1
=== boehm-gc Summary ===
# of expected passes 24
# of unsupported tests 2
=== libatomic tests ===
Running target unix/-m32
=== libatomic Summary for unix/-m32 ===
# of expected passes 44
# of unsupported tests 5
Running target unix/-m64
=== libatomic Summary for unix/-m64 ===
# of expected passes 54
=== libatomic Summary ===
# of expected passes 98
# of unsupported tests 5
=== libffi tests ===
Running target unix/-m32
=== libffi Summary for unix/-m32 ===
# of expected passes 1819
# of unsupported tests 55
Running target unix/-m64
=== libffi Summary for unix/-m64 ===
# of expected passes 1819
# of unsupported tests 55
=== libffi Summary ===
# of expected passes 3638
# of unsupported tests 110
=== libgomp tests ===
Running target unix/-m32
=== libgomp Summary for unix/-m32 ===
# of expected passes 3237
# of unsupported tests 38
Running target unix/-m64
=== libgomp Summary for unix/-m64 ===
# of expected passes 3237
# of unsupported tests 38
=== libgomp Summary ===
# of expected passes 6474
# of unsupported tests 76
=== libitm tests ===
Running target unix/-m32
=== libitm Summary for unix/-m32 ===
# of expected passes 26
# of expected failures 3
# of unsupported tests 1
Running target unix/-m64
=== libitm Summary for unix/-m64 ===
# of expected passes 26
# of expected failures 3
# of unsupported tests 1
=== libitm Summary ===
# of expected passes 52
# of expected failures 6
# of unsupported tests 2
=== libjava tests ===
Running target unix/-m32
=== libjava Summary for unix/-m32 ===
# of expected passes 2582
# of expected failures 4
Running target unix/-m64
FAIL: Throw_2 execution - source compiled test
FAIL: Throw_2 -findirect-dispatch execution - source compiled test
FAIL: Throw_2 -O3 execution - source compiled test
FAIL: Throw_2 -O3 -findirect-dispatch execution - source compiled test
=== libjava Summary for unix/-m64 ===
# of expected passes 2574
# of unexpected failures 4
# of expected failures 4
# of untested testcases 4
=== libjava Summary ===
# of expected passes 5156
# of unexpected failures 4
# of expected failures 8
# of untested testcases 4
=== libstdc++ tests ===
Running target unix/-m32
=== libstdc++ Summary for unix/-m32 ===
# of expected passes 8910
# of expected failures 41
# of unsupported tests 633
Running target unix/-m64
=== libstdc++ Summary for unix/-m64 ===
# of expected passes 8908
# of expected failures 41
# of unsupported tests 634
=== libstdc++ Summary ===
# of expected passes 17818
# of expected failures 82
# of unsupported tests 1267
Compiler version: 4.9.2 20140816 (prerelease) [4.9 branch revision 214063] (GCC)
Platform: x86_64-apple-darwin13.3.0
configure flags: --prefix=/opt/gcc/gcc4.9wr --enable-languages=c,c++,fortran,objc,obj-c++,ada,java,lto --with-gmp=/opt/mp --with-system-zlib --with-isl=/opt/mp --enable-lto --enable-plugin
More information about the Gcc-testresults
mailing list