Results for 4.10.0 20140806 (experimental) [trunk revision 213650] (GCC) testsuite on hppa64-hp-hpux11.00

John David Anglin dave@hiauly2.hia.nrc.ca
Sat Aug 16 00:01:00 GMT 2014


Native configuration is hppa64-hp-hpux11.00

		=== g++ tests ===


Running target unix
FAIL: g++.dg/cpp0x/static_assert9.C  -std=c++11 (test for excess errors)
FAIL: g++.dg/cpp0x/static_assert9.C  -std=c++1y (test for excess errors)
FAIL: g++.dg/cpp0x/udlit-string-literal.C  -std=c++11 (test for excess errors)
FAIL: g++.dg/cpp0x/udlit-string-literal.C  -std=c++1y (test for excess errors)
FAIL: g++.dg/cpp1y/var-templ4.C   (internal compiler error)
FAIL: g++.dg/cpp1y/var-templ4.C   (test for excess errors)
UNRESOLVED: g++.dg/cpp1y/var-templ4.C   compilation failed to produce executable
WARNING: program timed out.

		=== g++ Summary ===

# of expected passes		75986
# of unexpected failures	6
# of expected failures		440
# of unresolved testcases	1
# of unsupported tests		3481
/home/gnu/gcc/objdir/gcc/testsuite/g++/../../xg++  version 4.10.0 20140806 (experimental) [trunk revision 213650] (GCC) 

		=== gcc tests ===


Running target unix
WARNING: program timed out.
FAIL: gcc.c-torture/compile/limits-externdecl.c   -O0  (test for excess errors)
WARNING: program timed out.
FAIL: gcc.c-torture/compile/limits-externdecl.c   -O1  (test for excess errors)
WARNING: program timed out.
FAIL: gcc.c-torture/compile/limits-externdecl.c   -O2  (test for excess errors)
WARNING: program timed out.
FAIL: gcc.c-torture/compile/limits-externdecl.c   -O3 -fomit-frame-pointer  (test for excess errors)
WARNING: program timed out.
FAIL: gcc.c-torture/compile/limits-externdecl.c   -O3 -g  (test for excess errors)
WARNING: program timed out.
FAIL: gcc.c-torture/compile/limits-externdecl.c   -Os  (test for excess errors)
WARNING: program timed out.
FAIL: gcc.c-torture/compile/limits-externdecl.c   -O2 -flto -flto-partition=none  (test for excess errors)
WARNING: program timed out.
FAIL: gcc.c-torture/compile/limits-externdecl.c   -O2 -flto  (test for excess errors)
WARNING: program timed out.
FAIL: gcc.c-torture/compile/limits-fndefn.c   -O1  (test for excess errors)
WARNING: program timed out.
FAIL: gcc.c-torture/compile/limits-fndefn.c   -O2  (test for excess errors)
WARNING: program timed out.
FAIL: gcc.c-torture/compile/limits-fndefn.c   -O3 -fomit-frame-pointer  (test for excess errors)
WARNING: program timed out.
FAIL: gcc.c-torture/compile/limits-fndefn.c   -O3 -g  (test for excess errors)
WARNING: program timed out.
FAIL: gcc.c-torture/compile/limits-fndefn.c   -Os  (test for excess errors)
WARNING: program timed out.
FAIL: gcc.c-torture/compile/limits-fndefn.c   -O2 -flto -flto-partition=none  (test for excess errors)
WARNING: program timed out.
FAIL: gcc.c-torture/compile/limits-fndefn.c   -O2 -flto  (test for excess errors)
WARNING: program timed out.
FAIL: gcc.c-torture/compile/limits-structnest.c   -O2  (test for excess errors)
WARNING: program timed out.
FAIL: gcc.c-torture/compile/limits-structnest.c   -O2 -flto -flto-partition=none  (test for excess errors)
WARNING: program timed out.
FAIL: gcc.c-torture/compile/limits-structnest.c   -O2 -flto  (test for excess errors)
WARNING: program timed out.
FAIL: gcc.dg/atomic/c11-atomic-exec-2.c   -O3 -fomit-frame-pointer -funroll-all-loops -finline-functions  (test for excess errors)
UNRESOLVED: gcc.dg/atomic/c11-atomic-exec-2.c   -O3 -fomit-frame-pointer -funroll-all-loops -finline-functions  compilation failed to produce executable
WARNING: program timed out.
FAIL: gcc.dg/atomic/c11-atomic-exec-2.c   -O2 -flto -flto-partition=none  (test for excess errors)
WARNING: program timed out.
FAIL: gcc.dg/atomic/c11-atomic-exec-2.c   -O2 -flto  (test for excess errors)
WARNING: program timed out.
FAIL: gcc.dg/atomic/c11-atomic-exec-3.c   -O3 -fomit-frame-pointer -funroll-all-loops -finline-functions  (test for excess errors)
UNRESOLVED: gcc.dg/atomic/c11-atomic-exec-3.c   -O3 -fomit-frame-pointer -funroll-all-loops -finline-functions  compilation failed to produce executable
WARNING: program timed out.
FAIL: gcc.dg/atomic/c11-atomic-exec-3.c   -O3 -g  (test for excess errors)
UNRESOLVED: gcc.dg/atomic/c11-atomic-exec-3.c   -O3 -g  compilation failed to produce executable
WARNING: program timed out.
FAIL: gcc.dg/atomic/c11-atomic-exec-3.c   -O2 -flto -flto-partition=none  (test for excess errors)
WARNING: program timed out.
FAIL: gcc.dg/atomic/c11-atomic-exec-3.c   -O2 -flto  (test for excess errors)
FAIL: gcc.dg/atomic/c11-atomic-exec-4.c   -O0  (test for excess errors)
UNRESOLVED: gcc.dg/atomic/c11-atomic-exec-4.c   -O0  compilation failed to produce executable
FAIL: gcc.dg/atomic/c11-atomic-exec-4.c   -O1  (test for excess errors)
UNRESOLVED: gcc.dg/atomic/c11-atomic-exec-4.c   -O1  compilation failed to produce executable
FAIL: gcc.dg/atomic/c11-atomic-exec-4.c   -O2  (test for excess errors)
UNRESOLVED: gcc.dg/atomic/c11-atomic-exec-4.c   -O2  compilation failed to produce executable
FAIL: gcc.dg/atomic/c11-atomic-exec-4.c   -O3 -fomit-frame-pointer  (test for excess errors)
UNRESOLVED: gcc.dg/atomic/c11-atomic-exec-4.c   -O3 -fomit-frame-pointer  compilation failed to produce executable
FAIL: gcc.dg/atomic/c11-atomic-exec-4.c   -O3 -fomit-frame-pointer -funroll-loops  (test for excess errors)
UNRESOLVED: gcc.dg/atomic/c11-atomic-exec-4.c   -O3 -fomit-frame-pointer -funroll-loops  compilation failed to produce executable
FAIL: gcc.dg/atomic/c11-atomic-exec-4.c   -O3 -fomit-frame-pointer -funroll-all-loops -finline-functions  (test for excess errors)
UNRESOLVED: gcc.dg/atomic/c11-atomic-exec-4.c   -O3 -fomit-frame-pointer -funroll-all-loops -finline-functions  compilation failed to produce executable
FAIL: gcc.dg/atomic/c11-atomic-exec-4.c   -O3 -g  (test for excess errors)
UNRESOLVED: gcc.dg/atomic/c11-atomic-exec-4.c   -O3 -g  compilation failed to produce executable
FAIL: gcc.dg/atomic/c11-atomic-exec-4.c   -Os  (test for excess errors)
UNRESOLVED: gcc.dg/atomic/c11-atomic-exec-4.c   -Os  compilation failed to produce executable
FAIL: gcc.dg/atomic/c11-atomic-exec-4.c   -O2 -flto -flto-partition=none  (test for excess errors)
UNRESOLVED: gcc.dg/atomic/c11-atomic-exec-4.c   -O2 -flto -flto-partition=none  compilation failed to produce executable
FAIL: gcc.dg/atomic/c11-atomic-exec-4.c   -O2 -flto  (test for excess errors)
UNRESOLVED: gcc.dg/atomic/c11-atomic-exec-4.c   -O2 -flto  compilation failed to produce executable
FAIL: gcc.dg/atomic/c11-atomic-exec-5.c   -O0  (test for excess errors)
UNRESOLVED: gcc.dg/atomic/c11-atomic-exec-5.c   -O0  compilation failed to produce executable
FAIL: gcc.dg/atomic/c11-atomic-exec-5.c   -O1  (test for excess errors)
UNRESOLVED: gcc.dg/atomic/c11-atomic-exec-5.c   -O1  compilation failed to produce executable
FAIL: gcc.dg/atomic/c11-atomic-exec-5.c   -O2  (test for excess errors)
UNRESOLVED: gcc.dg/atomic/c11-atomic-exec-5.c   -O2  compilation failed to produce executable
FAIL: gcc.dg/atomic/c11-atomic-exec-5.c   -O3 -fomit-frame-pointer  (test for excess errors)
UNRESOLVED: gcc.dg/atomic/c11-atomic-exec-5.c   -O3 -fomit-frame-pointer  compilation failed to produce executable
FAIL: gcc.dg/atomic/c11-atomic-exec-5.c   -O3 -fomit-frame-pointer -funroll-loops  (test for excess errors)
UNRESOLVED: gcc.dg/atomic/c11-atomic-exec-5.c   -O3 -fomit-frame-pointer -funroll-loops  compilation failed to produce executable
FAIL: gcc.dg/atomic/c11-atomic-exec-5.c   -O3 -fomit-frame-pointer -funroll-all-loops -finline-functions  (test for excess errors)
UNRESOLVED: gcc.dg/atomic/c11-atomic-exec-5.c   -O3 -fomit-frame-pointer -funroll-all-loops -finline-functions  compilation failed to produce executable
FAIL: gcc.dg/atomic/c11-atomic-exec-5.c   -O3 -g  (test for excess errors)
UNRESOLVED: gcc.dg/atomic/c11-atomic-exec-5.c   -O3 -g  compilation failed to produce executable
FAIL: gcc.dg/atomic/c11-atomic-exec-5.c   -Os  (test for excess errors)
UNRESOLVED: gcc.dg/atomic/c11-atomic-exec-5.c   -Os  compilation failed to produce executable
FAIL: gcc.dg/atomic/c11-atomic-exec-5.c   -O2 -flto -flto-partition=none  (test for excess errors)
UNRESOLVED: gcc.dg/atomic/c11-atomic-exec-5.c   -O2 -flto -flto-partition=none  compilation failed to produce executable
FAIL: gcc.dg/atomic/c11-atomic-exec-5.c   -O2 -flto  (test for excess errors)
UNRESOLVED: gcc.dg/atomic/c11-atomic-exec-5.c   -O2 -flto  compilation failed to produce executable
FAIL: gcc.dg/20030711-1.c execution test
WARNING: program timed out.
FAIL: gcc.dg/c11-atomic-2.c (test for excess errors)
WARNING: program timed out.
WARNING: program timed out.
FAIL: gcc.dg/c99-intconst-1.c (test for excess errors)
FAIL: gcc.dg/memcpy-5.c (test for excess errors)
WARNING: program timed out.
FAIL: gcc.dg/pr48141.c (test for excess errors)
FAIL: gcc.dg/pr57233.c (test for excess errors)
XPASS: gcc.dg/strlenopt-8.c scan-tree-dump-times strlen "strlen \\\\(" 0
XPASS: gcc.dg/strlenopt-8.c scan-tree-dump-times strlen "memcpy \\\\(" 4
FAIL: c-c++-common/pr50459.c  -Wc++-compat  (test for excess errors)
WARNING: program timed out.
FAIL: gcc.dg/tls/alias-1.c (internal compiler error)
FAIL: gcc.dg/tls/alias-1.c (test for excess errors)

		=== gcc Summary ===

# of expected passes		83655
# of unexpected failures	54
# of unexpected successes	2
# of expected failures		124
# of unresolved testcases	23
# of unsupported tests		1681
/home/gnu/gcc/objdir/gcc/xgcc  version 4.10.0 20140806 (experimental) [trunk revision 213650] (GCC) 

		=== gfortran tests ===


Running target unix
FAIL: gfortran.dg/coarray/alloc_comp_1.f90 -fcoarray=lib  -O2  -lcaf_single (test for excess errors)
FAIL: gfortran.dg/coarray/alloc_comp_1.f90 -fcoarray=lib  -O2  -lcaf_single execution test
FAIL: gfortran.dg/coarray/allocate_errgmsg.f90 -fcoarray=lib  -O2  -lcaf_single (test for excess errors)
FAIL: gfortran.dg/coarray/allocate_errgmsg.f90 -fcoarray=lib  -O2  -lcaf_single execution test
FAIL: gfortran.dg/coarray/atomic_1.f90 -fcoarray=lib  -O2  -lcaf_single (test for excess errors)
FAIL: gfortran.dg/coarray/atomic_1.f90 -fcoarray=lib  -O2  -lcaf_single execution test
FAIL: gfortran.dg/coarray/atomic_2.f90 -fcoarray=single  -O2  (test for excess errors)
FAIL: gfortran.dg/coarray/atomic_2.f90 -fcoarray=single  -O2  execution test
FAIL: gfortran.dg/coarray/atomic_2.f90 -fcoarray=lib  -O2  -lcaf_single (test for excess errors)
FAIL: gfortran.dg/coarray/atomic_2.f90 -fcoarray=lib  -O2  -lcaf_single execution test
FAIL: gfortran.dg/coarray/codimension.f90 -fcoarray=lib  -O2  -lcaf_single (test for excess errors)
FAIL: gfortran.dg/coarray/codimension.f90 -fcoarray=lib  -O2  -lcaf_single execution test
FAIL: gfortran.dg/coarray/coindexed_1.f90 -fcoarray=lib  -O2  -lcaf_single (test for excess errors)
FAIL: gfortran.dg/coarray/coindexed_1.f90 -fcoarray=lib  -O2  -lcaf_single execution test
FAIL: gfortran.dg/coarray/coindexed_3.f90 -fcoarray=lib  -O2  -lcaf_single (test for excess errors)
FAIL: gfortran.dg/coarray/coindexed_3.f90 -fcoarray=lib  -O2  -lcaf_single execution test
FAIL: gfortran.dg/coarray/collectives_1.f90 -fcoarray=lib  -O2  -lcaf_single (test for excess errors)
FAIL: gfortran.dg/coarray/collectives_1.f90 -fcoarray=lib  -O2  -lcaf_single execution test
FAIL: gfortran.dg/coarray/collectives_2.f90 -fcoarray=lib  -O2  -lcaf_single (test for excess errors)
FAIL: gfortran.dg/coarray/collectives_2.f90 -fcoarray=lib  -O2  -lcaf_single execution test
FAIL: gfortran.dg/coarray/dummy_1.f90 -fcoarray=lib  -O2  -lcaf_single (test for excess errors)
FAIL: gfortran.dg/coarray/dummy_1.f90 -fcoarray=lib  -O2  -lcaf_single execution test
FAIL: gfortran.dg/coarray/get_array.f90 -fcoarray=lib  -O2  -lcaf_single (test for excess errors)
FAIL: gfortran.dg/coarray/get_array.f90 -fcoarray=lib  -O2  -lcaf_single execution test
FAIL: gfortran.dg/coarray/image_index_1.f90 -fcoarray=lib  -O2  -lcaf_single (test for excess errors)
FAIL: gfortran.dg/coarray/image_index_1.f90 -fcoarray=lib  -O2  -lcaf_single execution test
FAIL: gfortran.dg/coarray/image_index_2.f90 -fcoarray=lib  -O2  -lcaf_single (test for excess errors)
FAIL: gfortran.dg/coarray/image_index_2.f90 -fcoarray=lib  -O2  -lcaf_single execution test
FAIL: gfortran.dg/coarray/image_index_3.f90 -fcoarray=lib  -O2  -lcaf_single (test for excess errors)
FAIL: gfortran.dg/coarray/image_index_3.f90 -fcoarray=lib  -O2  -lcaf_single execution test
FAIL: gfortran.dg/coarray/lib_realloc_1.f90 -fcoarray=lib  -O2  -lcaf_single (test for excess errors)
FAIL: gfortran.dg/coarray/lib_realloc_1.f90 -fcoarray=lib  -O2  -lcaf_single execution test
FAIL: gfortran.dg/coarray/lock_1.f90 -fcoarray=lib  -O2  -lcaf_single (test for excess errors)
FAIL: gfortran.dg/coarray/lock_1.f90 -fcoarray=lib  -O2  -lcaf_single execution test
FAIL: gfortran.dg/coarray/move_alloc_1.f90 -fcoarray=lib  -O2  -lcaf_single (test for excess errors)
FAIL: gfortran.dg/coarray/move_alloc_1.f90 -fcoarray=lib  -O2  -lcaf_single execution test
FAIL: gfortran.dg/coarray/poly_run_1.f90 -fcoarray=lib  -O2  -lcaf_single (test for excess errors)
FAIL: gfortran.dg/coarray/poly_run_1.f90 -fcoarray=lib  -O2  -lcaf_single execution test
FAIL: gfortran.dg/coarray/poly_run_2.f90 -fcoarray=lib  -O2  -lcaf_single (test for excess errors)
FAIL: gfortran.dg/coarray/poly_run_2.f90 -fcoarray=lib  -O2  -lcaf_single execution test
FAIL: gfortran.dg/coarray/poly_run_3.f90 -fcoarray=lib  -O2  -lcaf_single (test for excess errors)
FAIL: gfortran.dg/coarray/poly_run_3.f90 -fcoarray=lib  -O2  -lcaf_single execution test
FAIL: gfortran.dg/coarray/registering_1.f90 -fcoarray=lib  -O2  -lcaf_single (test for excess errors)
FAIL: gfortran.dg/coarray/registering_1.f90 -fcoarray=lib  -O2  -lcaf_single execution test
FAIL: gfortran.dg/coarray/scalar_alloc_1.f90 -fcoarray=lib  -O2  -lcaf_single (test for excess errors)
FAIL: gfortran.dg/coarray/scalar_alloc_1.f90 -fcoarray=lib  -O2  -lcaf_single execution test
FAIL: gfortran.dg/coarray/scalar_alloc_2.f90 -fcoarray=lib  -O2  -lcaf_single (test for excess errors)
FAIL: gfortran.dg/coarray/scalar_alloc_2.f90 -fcoarray=lib  -O2  -lcaf_single execution test
FAIL: gfortran.dg/coarray/send_array.f90 -fcoarray=lib  -O2  -lcaf_single (test for excess errors)
FAIL: gfortran.dg/coarray/send_array.f90 -fcoarray=lib  -O2  -lcaf_single execution test
FAIL: gfortran.dg/coarray/sendget_array.f90 -fcoarray=lib  -O2  -lcaf_single (test for excess errors)
FAIL: gfortran.dg/coarray/sendget_array.f90 -fcoarray=lib  -O2  -lcaf_single execution test
FAIL: gfortran.dg/coarray/subobject_1.f90 -fcoarray=lib  -O2  -lcaf_single (test for excess errors)
FAIL: gfortran.dg/coarray/subobject_1.f90 -fcoarray=lib  -O2  -lcaf_single execution test
FAIL: gfortran.dg/coarray/sync_1.f90 -fcoarray=lib  -O2  -lcaf_single (test for excess errors)
FAIL: gfortran.dg/coarray/sync_1.f90 -fcoarray=lib  -O2  -lcaf_single execution test
FAIL: gfortran.dg/coarray/sync_3.f90 -fcoarray=lib  -O2  -lcaf_single (test for excess errors)
FAIL: gfortran.dg/coarray/sync_3.f90 -fcoarray=lib  -O2  -lcaf_single output pattern test, is remote_spawn failed, should match Fortran runtime error: Invalid image number -1 in SYNC IMAGES
FAIL: gfortran.dg/coarray/this_image_1.f90 -fcoarray=lib  -O2  -lcaf_single (test for excess errors)
FAIL: gfortran.dg/coarray/this_image_1.f90 -fcoarray=lib  -O2  -lcaf_single execution test
FAIL: gfortran.dg/coarray/this_image_2.f90 -fcoarray=lib  -O2  -lcaf_single (test for excess errors)
FAIL: gfortran.dg/coarray/this_image_2.f90 -fcoarray=lib  -O2  -lcaf_single execution test
FAIL: gfortran.dg/allocate_class_3.f90   -O1  execution test
FAIL: gfortran.dg/allocate_class_3.f90   -O2  execution test
FAIL: gfortran.dg/allocate_class_3.f90   -O3 -fomit-frame-pointer  execution test
FAIL: gfortran.dg/allocate_class_3.f90   -O3 -fomit-frame-pointer -funroll-loops  execution test
FAIL: gfortran.dg/allocate_class_3.f90   -O3 -fomit-frame-pointer -funroll-all-loops -finline-functions  execution test
FAIL: gfortran.dg/allocate_class_3.f90   -O3 -g  execution test
FAIL: gfortran.dg/allocate_class_3.f90   -Os  execution test
FAIL: gfortran.dg/class_48.f90   -O1  execution test
FAIL: gfortran.dg/class_48.f90   -O2  execution test
FAIL: gfortran.dg/class_48.f90   -O3 -fomit-frame-pointer  execution test
FAIL: gfortran.dg/class_48.f90   -O3 -fomit-frame-pointer -funroll-loops  execution test
FAIL: gfortran.dg/class_48.f90   -O3 -fomit-frame-pointer -funroll-all-loops -finline-functions  execution test
FAIL: gfortran.dg/class_48.f90   -O3 -g  execution test
FAIL: gfortran.dg/class_48.f90   -Os  execution test
FAIL: gfortran.dg/class_allocate_1.f03   -O1  execution test
FAIL: gfortran.dg/class_allocate_1.f03   -O2  execution test
FAIL: gfortran.dg/class_allocate_1.f03   -O3 -fomit-frame-pointer  execution test
FAIL: gfortran.dg/class_allocate_1.f03   -O3 -fomit-frame-pointer -funroll-loops  execution test
FAIL: gfortran.dg/class_allocate_1.f03   -O3 -fomit-frame-pointer -funroll-all-loops -finline-functions  execution test
FAIL: gfortran.dg/class_allocate_1.f03   -O3 -g  execution test
FAIL: gfortran.dg/class_allocate_1.f03   -Os  execution test
FAIL: gfortran.dg/class_allocate_3.f03   -O1  execution test
FAIL: gfortran.dg/class_allocate_3.f03   -O2  execution test
FAIL: gfortran.dg/class_allocate_3.f03   -O3 -fomit-frame-pointer  execution test
FAIL: gfortran.dg/class_allocate_3.f03   -O3 -fomit-frame-pointer -funroll-loops  execution test
FAIL: gfortran.dg/class_allocate_3.f03   -O3 -fomit-frame-pointer -funroll-all-loops -finline-functions  execution test
FAIL: gfortran.dg/class_allocate_3.f03   -O3 -g  execution test
FAIL: gfortran.dg/class_allocate_3.f03   -Os  execution test
FAIL: gfortran.dg/class_array_1.f03   -O1  execution test
FAIL: gfortran.dg/class_array_1.f03   -O2  execution test
FAIL: gfortran.dg/class_array_1.f03   -O3 -fomit-frame-pointer  execution test
FAIL: gfortran.dg/class_array_1.f03   -O3 -fomit-frame-pointer -funroll-loops  execution test
FAIL: gfortran.dg/class_array_1.f03   -O3 -fomit-frame-pointer -funroll-all-loops -finline-functions  execution test
FAIL: gfortran.dg/class_array_1.f03   -O3 -g  execution test
FAIL: gfortran.dg/class_array_1.f03   -Os  execution test
FAIL: gfortran.dg/class_array_14.f90   -O1  execution test
FAIL: gfortran.dg/class_array_14.f90   -O2  execution test
FAIL: gfortran.dg/class_array_14.f90   -O3 -fomit-frame-pointer  execution test
FAIL: gfortran.dg/class_array_14.f90   -O3 -fomit-frame-pointer -funroll-loops  execution test
FAIL: gfortran.dg/class_array_14.f90   -O3 -fomit-frame-pointer -funroll-all-loops -finline-functions  execution test
FAIL: gfortran.dg/class_array_14.f90   -O3 -g  execution test
FAIL: gfortran.dg/class_array_14.f90   -Os  execution test
FAIL: gfortran.dg/class_array_2.f03   -O1  execution test
FAIL: gfortran.dg/class_array_2.f03   -O2  execution test
FAIL: gfortran.dg/class_array_2.f03   -O3 -fomit-frame-pointer  execution test
FAIL: gfortran.dg/class_array_2.f03   -O3 -fomit-frame-pointer -funroll-loops  execution test
FAIL: gfortran.dg/class_array_2.f03   -O3 -fomit-frame-pointer -funroll-all-loops -finline-functions  execution test
FAIL: gfortran.dg/class_array_2.f03   -O3 -g  execution test
FAIL: gfortran.dg/class_array_2.f03   -Os  execution test
FAIL: gfortran.dg/class_array_3.f03   -O1  execution test
FAIL: gfortran.dg/class_array_3.f03   -O2  execution test
FAIL: gfortran.dg/class_array_3.f03   -O3 -fomit-frame-pointer  execution test
FAIL: gfortran.dg/class_array_3.f03   -O3 -fomit-frame-pointer -funroll-loops  execution test
FAIL: gfortran.dg/class_array_3.f03   -O3 -fomit-frame-pointer -funroll-all-loops -finline-functions  execution test
FAIL: gfortran.dg/class_array_3.f03   -O3 -g  execution test
FAIL: gfortran.dg/class_array_3.f03   -Os  execution test
FAIL: gfortran.dg/class_array_9.f03   -O1  execution test
FAIL: gfortran.dg/class_array_9.f03   -O2  execution test
FAIL: gfortran.dg/class_array_9.f03   -O3 -fomit-frame-pointer  execution test
FAIL: gfortran.dg/class_array_9.f03   -O3 -fomit-frame-pointer -funroll-loops  execution test
FAIL: gfortran.dg/class_array_9.f03   -O3 -fomit-frame-pointer -funroll-all-loops -finline-functions  execution test
FAIL: gfortran.dg/class_array_9.f03   -O3 -g  execution test
FAIL: gfortran.dg/class_array_9.f03   -Os  execution test
FAIL: gfortran.dg/class_dummy_1.f03   -O1  execution test
FAIL: gfortran.dg/class_dummy_1.f03   -O2  execution test
FAIL: gfortran.dg/class_dummy_1.f03   -O3 -fomit-frame-pointer  execution test
FAIL: gfortran.dg/class_dummy_1.f03   -O3 -fomit-frame-pointer -funroll-loops  execution test
FAIL: gfortran.dg/class_dummy_1.f03   -O3 -fomit-frame-pointer -funroll-all-loops -finline-functions  execution test
FAIL: gfortran.dg/class_dummy_1.f03   -O3 -g  execution test
FAIL: gfortran.dg/class_dummy_1.f03   -Os  execution test
FAIL: gfortran.dg/class_to_type_1.f03   -O1  execution test
FAIL: gfortran.dg/class_to_type_1.f03   -O2  execution test
FAIL: gfortran.dg/class_to_type_1.f03   -O3 -fomit-frame-pointer  execution test
FAIL: gfortran.dg/class_to_type_1.f03   -O3 -fomit-frame-pointer -funroll-loops  execution test
FAIL: gfortran.dg/class_to_type_1.f03   -O3 -fomit-frame-pointer -funroll-all-loops -finline-functions  execution test
FAIL: gfortran.dg/class_to_type_1.f03   -O3 -g  execution test
FAIL: gfortran.dg/class_to_type_1.f03   -Os  execution test
FAIL: gfortran.dg/class_to_type_2.f90   -O1  execution test
FAIL: gfortran.dg/class_to_type_2.f90   -O2  execution test
FAIL: gfortran.dg/class_to_type_2.f90   -O3 -fomit-frame-pointer  execution test
FAIL: gfortran.dg/class_to_type_2.f90   -O3 -fomit-frame-pointer -funroll-loops  execution test
FAIL: gfortran.dg/class_to_type_2.f90   -O3 -fomit-frame-pointer -funroll-all-loops -finline-functions  execution test
FAIL: gfortran.dg/class_to_type_2.f90   -O3 -g  execution test
FAIL: gfortran.dg/class_to_type_2.f90   -Os  execution test
FAIL: gfortran.dg/elemental_optional_args_5.f03   -O1  execution test
FAIL: gfortran.dg/elemental_optional_args_5.f03   -O2  execution test
FAIL: gfortran.dg/elemental_optional_args_5.f03   -O3 -fomit-frame-pointer  execution test
FAIL: gfortran.dg/elemental_optional_args_5.f03   -O3 -fomit-frame-pointer -funroll-loops  execution test
FAIL: gfortran.dg/elemental_optional_args_5.f03   -O3 -fomit-frame-pointer -funroll-all-loops -finline-functions  execution test
FAIL: gfortran.dg/elemental_optional_args_5.f03   -O3 -g  execution test
FAIL: gfortran.dg/elemental_optional_args_5.f03   -Os  execution test
FAIL: gfortran.dg/finalize_12.f90   -O2  execution test
FAIL: gfortran.dg/finalize_12.f90   -O3 -fomit-frame-pointer  execution test
FAIL: gfortran.dg/finalize_12.f90   -O3 -fomit-frame-pointer -funroll-loops  execution test
FAIL: gfortran.dg/finalize_12.f90   -O3 -fomit-frame-pointer -funroll-all-loops -finline-functions  execution test
FAIL: gfortran.dg/finalize_12.f90   -O3 -g  execution test
FAIL: gfortran.dg/finalize_12.f90   -Os  execution test
FAIL: gfortran.dg/finalize_13.f90   -O1  execution test
FAIL: gfortran.dg/finalize_13.f90   -O2  execution test
FAIL: gfortran.dg/finalize_13.f90   -O3 -fomit-frame-pointer  execution test
FAIL: gfortran.dg/finalize_13.f90   -O3 -fomit-frame-pointer -funroll-loops  execution test
FAIL: gfortran.dg/finalize_13.f90   -O3 -fomit-frame-pointer -funroll-all-loops -finline-functions  execution test
FAIL: gfortran.dg/finalize_13.f90   -O3 -g  execution test
FAIL: gfortran.dg/finalize_13.f90   -Os  execution test
WARNING: program timed out.
FAIL: gfortran.dg/minloc_3.f90   -O3 -fomit-frame-pointer  (test for excess errors)
UNRESOLVED: gfortran.dg/minloc_3.f90   -O3 -fomit-frame-pointer  compilation failed to produce executable
WARNING: program timed out.
FAIL: gfortran.dg/minloc_3.f90   -O3 -fomit-frame-pointer -funroll-loops  (test for excess errors)
UNRESOLVED: gfortran.dg/minloc_3.f90   -O3 -fomit-frame-pointer -funroll-loops  compilation failed to produce executable
WARNING: program timed out.
FAIL: gfortran.dg/minloc_3.f90   -O3 -fomit-frame-pointer -funroll-all-loops -finline-functions  (test for excess errors)
UNRESOLVED: gfortran.dg/minloc_3.f90   -O3 -fomit-frame-pointer -funroll-all-loops -finline-functions  compilation failed to produce executable
WARNING: program timed out.
FAIL: gfortran.dg/minloc_3.f90   -O3 -g  (test for excess errors)
UNRESOLVED: gfortran.dg/minloc_3.f90   -O3 -g  compilation failed to produce executable
WARNING: program timed out.
FAIL: gfortran.dg/minlocval_3.f90   -O3 -fomit-frame-pointer  (test for excess errors)
UNRESOLVED: gfortran.dg/minlocval_3.f90   -O3 -fomit-frame-pointer  compilation failed to produce executable
WARNING: program timed out.
FAIL: gfortran.dg/minlocval_3.f90   -O3 -fomit-frame-pointer -funroll-loops  (test for excess errors)
UNRESOLVED: gfortran.dg/minlocval_3.f90   -O3 -fomit-frame-pointer -funroll-loops  compilation failed to produce executable
WARNING: program timed out.
FAIL: gfortran.dg/minlocval_3.f90   -O3 -fomit-frame-pointer -funroll-all-loops -finline-functions  (test for excess errors)
UNRESOLVED: gfortran.dg/minlocval_3.f90   -O3 -fomit-frame-pointer -funroll-all-loops -finline-functions  compilation failed to produce executable
WARNING: program timed out.
FAIL: gfortran.dg/minlocval_3.f90   -O3 -g  (test for excess errors)
UNRESOLVED: gfortran.dg/minlocval_3.f90   -O3 -g  compilation failed to produce executable
FAIL: gfortran.dg/move_alloc_10.f90   -O1  execution test
FAIL: gfortran.dg/move_alloc_10.f90   -O2  execution test
FAIL: gfortran.dg/move_alloc_10.f90   -O3 -fomit-frame-pointer  execution test
FAIL: gfortran.dg/move_alloc_10.f90   -O3 -fomit-frame-pointer -funroll-loops  execution test
FAIL: gfortran.dg/move_alloc_10.f90   -O3 -fomit-frame-pointer -funroll-all-loops -finline-functions  execution test
FAIL: gfortran.dg/move_alloc_10.f90   -O3 -g  execution test
FAIL: gfortran.dg/move_alloc_10.f90   -Os  execution test
FAIL: gfortran.dg/move_alloc_13.f90   -O1  execution test
FAIL: gfortran.dg/move_alloc_13.f90   -O2  execution test
FAIL: gfortran.dg/move_alloc_13.f90   -O3 -fomit-frame-pointer  execution test
FAIL: gfortran.dg/move_alloc_13.f90   -O3 -fomit-frame-pointer -funroll-loops  execution test
FAIL: gfortran.dg/move_alloc_13.f90   -O3 -fomit-frame-pointer -funroll-all-loops -finline-functions  execution test
FAIL: gfortran.dg/move_alloc_13.f90   -O3 -g  execution test
FAIL: gfortran.dg/move_alloc_13.f90   -Os  execution test
FAIL: gfortran.dg/move_alloc_6.f90   -O1  execution test
FAIL: gfortran.dg/move_alloc_6.f90   -O2  execution test
FAIL: gfortran.dg/move_alloc_6.f90   -O3 -fomit-frame-pointer  execution test
FAIL: gfortran.dg/move_alloc_6.f90   -O3 -fomit-frame-pointer -funroll-loops  execution test
FAIL: gfortran.dg/move_alloc_6.f90   -O3 -fomit-frame-pointer -funroll-all-loops -finline-functions  execution test
FAIL: gfortran.dg/move_alloc_6.f90   -O3 -g  execution test
FAIL: gfortran.dg/move_alloc_6.f90   -Os  execution test
FAIL: gfortran.dg/optional_class_1.f90   -O1  execution test
FAIL: gfortran.dg/optional_class_1.f90   -O2  execution test
FAIL: gfortran.dg/optional_class_1.f90   -O3 -fomit-frame-pointer  execution test
FAIL: gfortran.dg/optional_class_1.f90   -O3 -fomit-frame-pointer -funroll-loops  execution test
FAIL: gfortran.dg/optional_class_1.f90   -O3 -fomit-frame-pointer -funroll-all-loops -finline-functions  execution test
FAIL: gfortran.dg/optional_class_1.f90   -O3 -g  execution test
FAIL: gfortran.dg/optional_class_1.f90   -Os  execution test
FAIL: gfortran.dg/select_type_14.f03   -O1  execution test
FAIL: gfortran.dg/select_type_14.f03   -O2  execution test
FAIL: gfortran.dg/select_type_14.f03   -O3 -fomit-frame-pointer  execution test
FAIL: gfortran.dg/select_type_14.f03   -O3 -fomit-frame-pointer -funroll-loops  execution test
FAIL: gfortran.dg/select_type_14.f03   -O3 -fomit-frame-pointer -funroll-all-loops -finline-functions  execution test
FAIL: gfortran.dg/select_type_14.f03   -O3 -g  execution test
FAIL: gfortran.dg/select_type_14.f03   -Os  execution test
FAIL: gfortran.dg/select_type_26.f03   -O1  execution test
FAIL: gfortran.dg/select_type_26.f03   -O2  execution test
FAIL: gfortran.dg/select_type_26.f03   -O3 -fomit-frame-pointer  execution test
FAIL: gfortran.dg/select_type_26.f03   -O3 -fomit-frame-pointer -funroll-loops  execution test
FAIL: gfortran.dg/select_type_26.f03   -O3 -fomit-frame-pointer -funroll-all-loops -finline-functions  execution test
FAIL: gfortran.dg/select_type_26.f03   -O3 -g  execution test
FAIL: gfortran.dg/select_type_26.f03   -Os  execution test
FAIL: gfortran.dg/select_type_27.f03   -O2  execution test
FAIL: gfortran.dg/select_type_27.f03   -O3 -fomit-frame-pointer  execution test
FAIL: gfortran.dg/select_type_27.f03   -O3 -fomit-frame-pointer -funroll-loops  execution test
FAIL: gfortran.dg/select_type_27.f03   -O3 -fomit-frame-pointer -funroll-all-loops -finline-functions  execution test
FAIL: gfortran.dg/select_type_27.f03   -O3 -g  execution test
FAIL: gfortran.dg/select_type_27.f03   -Os  execution test
FAIL: gfortran.dg/storage_size_1.f08   -O1  execution test
FAIL: gfortran.dg/storage_size_1.f08   -O2  execution test
FAIL: gfortran.dg/storage_size_1.f08   -O3 -fomit-frame-pointer  execution test
FAIL: gfortran.dg/storage_size_1.f08   -O3 -fomit-frame-pointer -funroll-loops  execution test
FAIL: gfortran.dg/storage_size_1.f08   -O3 -fomit-frame-pointer -funroll-all-loops -finline-functions  execution test
FAIL: gfortran.dg/storage_size_1.f08   -O3 -g  execution test
FAIL: gfortran.dg/storage_size_1.f08   -Os  execution test
FAIL: gfortran.dg/storage_size_3.f08   -O1  execution test
FAIL: gfortran.dg/storage_size_3.f08   -O2  execution test
FAIL: gfortran.dg/storage_size_3.f08   -O3 -fomit-frame-pointer  execution test
FAIL: gfortran.dg/storage_size_3.f08   -O3 -fomit-frame-pointer -funroll-loops  execution test
FAIL: gfortran.dg/storage_size_3.f08   -O3 -fomit-frame-pointer -funroll-all-loops -finline-functions  execution test
FAIL: gfortran.dg/storage_size_3.f08   -O3 -g  execution test
FAIL: gfortran.dg/storage_size_3.f08   -Os  execution test
FAIL: gfortran.dg/transfer_class_2.f90   -O1  execution test
FAIL: gfortran.dg/transfer_class_2.f90   -O2  execution test
FAIL: gfortran.dg/transfer_class_2.f90   -O3 -fomit-frame-pointer  execution test
FAIL: gfortran.dg/transfer_class_2.f90   -O3 -fomit-frame-pointer -funroll-loops  execution test
FAIL: gfortran.dg/transfer_class_2.f90   -O3 -fomit-frame-pointer -funroll-all-loops -finline-functions  execution test
FAIL: gfortran.dg/transfer_class_2.f90   -O3 -g  execution test
FAIL: gfortran.dg/transfer_class_2.f90   -Os  execution test
FAIL: gfortran.dg/typebound_operator_9.f03   -O1  execution test
FAIL: gfortran.dg/typebound_operator_9.f03   -O2  execution test
FAIL: gfortran.dg/typebound_operator_9.f03   -O3 -fomit-frame-pointer  execution test
FAIL: gfortran.dg/typebound_operator_9.f03   -O3 -fomit-frame-pointer -funroll-loops  execution test
FAIL: gfortran.dg/typebound_operator_9.f03   -O3 -fomit-frame-pointer -funroll-all-loops -finline-functions  execution test
FAIL: gfortran.dg/typebound_operator_9.f03   -O3 -g  execution test
FAIL: gfortran.dg/typebound_operator_9.f03   -Os  execution test
FAIL: gfortran.dg/unlimited_polymorphic_1.f03   -O1  execution test
FAIL: gfortran.dg/unlimited_polymorphic_1.f03   -O2  execution test
FAIL: gfortran.dg/unlimited_polymorphic_1.f03   -O3 -fomit-frame-pointer  execution test
FAIL: gfortran.dg/unlimited_polymorphic_1.f03   -O3 -fomit-frame-pointer -funroll-loops  execution test
FAIL: gfortran.dg/unlimited_polymorphic_1.f03   -O3 -fomit-frame-pointer -funroll-all-loops -finline-functions  execution test
FAIL: gfortran.dg/unlimited_polymorphic_1.f03   -O3 -g  execution test
FAIL: gfortran.dg/unlimited_polymorphic_1.f03   -Os  execution test

		=== gfortran Summary ===

# of expected passes		44578
# of unexpected failures	257
# of expected failures		46
# of unresolved testcases	8
# of unsupported tests		416
/home/gnu/gcc/objdir/gcc/testsuite/gfortran/../../gfortran  version 4.10.0 20140806 (experimental) [trunk revision 213650] (GCC) 

		=== obj-c++ tests ===


Running target unix

		=== obj-c++ Summary ===

# of expected passes		1439
# of expected failures		10
# of unsupported tests		86
/home/gnu/gcc/objdir/gcc/testsuite/obj-c++/../../xg++  version 4.10.0 20140806 (experimental) [trunk revision 213650] (GCC) 

		=== objc tests ===


Running target unix

		=== objc Summary ===

# of expected passes		3008
# of unsupported tests		75
/home/gnu/gcc/objdir/gcc/xgcc  version 4.10.0 20140806 (experimental) [trunk revision 213650] (GCC) 

		=== libatomic tests ===


Running target unix

		=== libatomic Summary ===

# of expected passes		44
# of unsupported tests		5
		=== libgomp tests ===


Running target unix

		=== libgomp Summary ===

# of expected passes		3176
# of unsupported tests		45
		=== libstdc++ tests ===


Running target unix
WARNING: program timed out.
FAIL: 20_util/scoped_allocator/2.cc (test for excess errors)
UNRESOLVED: 20_util/scoped_allocator/2.cc compilation failed to produce executable
FAIL: 21_strings/basic_string/literals/types.cc (test for excess errors)
FAIL: 21_strings/basic_string/literals/values.cc (test for excess errors)
UNRESOLVED: 21_strings/basic_string/literals/values.cc compilation failed to produce executable
WARNING: program timed out.
FAIL: 28_regex/algorithms/regex_match/awk/cstring_01.cc (test for excess errors)
UNRESOLVED: 28_regex/algorithms/regex_match/awk/cstring_01.cc compilation failed to produce executable
WARNING: program timed out.
FAIL: 28_regex/algorithms/regex_match/basic/empty_range.cc (test for excess errors)
UNRESOLVED: 28_regex/algorithms/regex_match/basic/empty_range.cc compilation failed to produce executable
WARNING: program timed out.
FAIL: 28_regex/algorithms/regex_match/basic/string_01.cc (test for excess errors)
UNRESOLVED: 28_regex/algorithms/regex_match/basic/string_01.cc compilation failed to produce executable
WARNING: program timed out.
FAIL: 28_regex/algorithms/regex_match/basic/string_range_00_03.cc (test for excess errors)
UNRESOLVED: 28_regex/algorithms/regex_match/basic/string_range_00_03.cc compilation failed to produce executable
WARNING: program timed out.
FAIL: 28_regex/algorithms/regex_match/basic/string_range_01_03.cc (test for excess errors)
UNRESOLVED: 28_regex/algorithms/regex_match/basic/string_range_01_03.cc compilation failed to produce executable
WARNING: program timed out.
FAIL: 28_regex/algorithms/regex_match/basic/string_range_02_03.cc (test for excess errors)
UNRESOLVED: 28_regex/algorithms/regex_match/basic/string_range_02_03.cc compilation failed to produce executable
WARNING: program timed out.
FAIL: 28_regex/algorithms/regex_match/ecma/char/53622.cc (test for excess errors)
UNRESOLVED: 28_regex/algorithms/regex_match/ecma/char/53622.cc compilation failed to produce executable
WARNING: program timed out.
FAIL: 28_regex/algorithms/regex_match/ecma/char/57173.cc (test for excess errors)
UNRESOLVED: 28_regex/algorithms/regex_match/ecma/char/57173.cc compilation failed to produce executable
WARNING: program timed out.
FAIL: 28_regex/algorithms/regex_match/ecma/char/58576.cc (test for excess errors)
UNRESOLVED: 28_regex/algorithms/regex_match/ecma/char/58576.cc compilation failed to produce executable
WARNING: program timed out.
FAIL: 28_regex/algorithms/regex_match/ecma/char/anymatcher.cc (test for excess errors)
UNRESOLVED: 28_regex/algorithms/regex_match/ecma/char/anymatcher.cc compilation failed to produce executable
WARNING: program timed out.
FAIL: 28_regex/algorithms/regex_match/ecma/char/backref.cc (test for excess errors)
UNRESOLVED: 28_regex/algorithms/regex_match/ecma/char/backref.cc compilation failed to produce executable
WARNING: program timed out.
FAIL: 28_regex/algorithms/regex_match/ecma/char/empty_range.cc (test for excess errors)
UNRESOLVED: 28_regex/algorithms/regex_match/ecma/char/empty_range.cc compilation failed to produce executable
WARNING: program timed out.
FAIL: 28_regex/algorithms/regex_match/ecma/char/emptygroup.cc (test for excess errors)
UNRESOLVED: 28_regex/algorithms/regex_match/ecma/char/emptygroup.cc compilation failed to produce executable
WARNING: program timed out.
FAIL: 28_regex/algorithms/regex_match/ecma/char/hex.cc (test for excess errors)
UNRESOLVED: 28_regex/algorithms/regex_match/ecma/char/hex.cc compilation failed to produce executable
WARNING: program timed out.
FAIL: 28_regex/algorithms/regex_match/ecma/char/quoted_char.cc (test for excess errors)
UNRESOLVED: 28_regex/algorithms/regex_match/ecma/char/quoted_char.cc compilation failed to produce executable
WARNING: program timed out.
FAIL: 28_regex/algorithms/regex_match/ecma/char/ungreedy.cc (test for excess errors)
WARNING: program timed out.
FAIL: 28_regex/algorithms/regex_match/extended/cstring_bracket_01.cc (test for excess errors)
UNRESOLVED: 28_regex/algorithms/regex_match/extended/cstring_bracket_01.cc compilation failed to produce executable
WARNING: program timed out.
FAIL: 28_regex/algorithms/regex_match/extended/cstring_plus.cc (test for excess errors)
UNRESOLVED: 28_regex/algorithms/regex_match/extended/cstring_plus.cc compilation failed to produce executable
WARNING: program timed out.
FAIL: 28_regex/algorithms/regex_match/extended/cstring_questionmark.cc (test for excess errors)
UNRESOLVED: 28_regex/algorithms/regex_match/extended/cstring_questionmark.cc compilation failed to produce executable
WARNING: program timed out.
FAIL: 28_regex/algorithms/regex_match/extended/cstring_range.cc (test for excess errors)
UNRESOLVED: 28_regex/algorithms/regex_match/extended/cstring_range.cc compilation failed to produce executable
WARNING: program timed out.
FAIL: 28_regex/algorithms/regex_match/extended/string_any.cc (test for excess errors)
UNRESOLVED: 28_regex/algorithms/regex_match/extended/string_any.cc compilation failed to produce executable
WARNING: program timed out.
FAIL: 28_regex/algorithms/regex_match/extended/string_range_00_03.cc (test for excess errors)
UNRESOLVED: 28_regex/algorithms/regex_match/extended/string_range_00_03.cc compilation failed to produce executable
WARNING: program timed out.
FAIL: 28_regex/algorithms/regex_match/extended/string_range_01_03.cc (test for excess errors)
UNRESOLVED: 28_regex/algorithms/regex_match/extended/string_range_01_03.cc compilation failed to produce executable
WARNING: program timed out.
FAIL: 28_regex/algorithms/regex_match/extended/string_range_02_03.cc (test for excess errors)
UNRESOLVED: 28_regex/algorithms/regex_match/extended/string_range_02_03.cc compilation failed to produce executable
WARNING: program timed out.
FAIL: 28_regex/algorithms/regex_replace/char/basic_replace.cc (test for excess errors)
UNRESOLVED: 28_regex/algorithms/regex_replace/char/basic_replace.cc compilation failed to produce executable
WARNING: program timed out.
FAIL: 28_regex/algorithms/regex_replace/char/dr2213.cc (test for excess errors)
UNRESOLVED: 28_regex/algorithms/regex_replace/char/dr2213.cc compilation failed to produce executable
WARNING: program timed out.
FAIL: 28_regex/algorithms/regex_search/61424.cc (test for excess errors)
UNRESOLVED: 28_regex/algorithms/regex_search/61424.cc compilation failed to produce executable
WARNING: program timed out.
FAIL: 28_regex/algorithms/regex_search/61720.cc (test for excess errors)
UNRESOLVED: 28_regex/algorithms/regex_search/61720.cc compilation failed to produce executable
WARNING: program timed out.
FAIL: 28_regex/algorithms/regex_search/basic/string_01.cc (test for excess errors)
UNRESOLVED: 28_regex/algorithms/regex_search/basic/string_01.cc compilation failed to produce executable
WARNING: program timed out.
FAIL: 28_regex/algorithms/regex_search/ecma/assertion.cc (test for excess errors)
UNRESOLVED: 28_regex/algorithms/regex_search/ecma/assertion.cc compilation failed to produce executable
WARNING: program timed out.
FAIL: 28_regex/algorithms/regex_search/ecma/flags.cc (test for excess errors)
UNRESOLVED: 28_regex/algorithms/regex_search/ecma/flags.cc compilation failed to produce executable
WARNING: program timed out.
FAIL: 28_regex/algorithms/regex_search/ecma/greedy.cc (test for excess errors)
UNRESOLVED: 28_regex/algorithms/regex_search/ecma/greedy.cc compilation failed to produce executable
WARNING: program timed out.
FAIL: 28_regex/algorithms/regex_search/ecma/string_01.cc (test for excess errors)
UNRESOLVED: 28_regex/algorithms/regex_search/ecma/string_01.cc compilation failed to produce executable
WARNING: program timed out.
FAIL: 28_regex/basic_regex/multiple_quantifiers.cc (test for excess errors)
UNRESOLVED: 28_regex/basic_regex/multiple_quantifiers.cc compilation failed to produce executable
WARNING: program timed out.
FAIL: 28_regex/init-list.cc (test for excess errors)
UNRESOLVED: 28_regex/init-list.cc compilation failed to produce executable
WARNING: program timed out.
FAIL: 28_regex/iterators/regex_iterator/char/string_01.cc (test for excess errors)
UNRESOLVED: 28_regex/iterators/regex_iterator/char/string_01.cc compilation failed to produce executable
WARNING: program timed out.
FAIL: 28_regex/iterators/regex_iterator/char/string_position_01.cc (test for excess errors)
UNRESOLVED: 28_regex/iterators/regex_iterator/char/string_position_01.cc compilation failed to produce executable
WARNING: program timed out.
FAIL: 28_regex/iterators/regex_token_iterator/char/string_01.cc (test for excess errors)
UNRESOLVED: 28_regex/iterators/regex_token_iterator/char/string_01.cc compilation failed to produce executable
WARNING: program timed out.
FAIL: 28_regex/match_results/format.cc (test for excess errors)
UNRESOLVED: 28_regex/match_results/format.cc compilation failed to produce executable
FAIL: experimental/string_view/literals/types.cc (test for excess errors)
FAIL: experimental/string_view/literals/values.cc (test for excess errors)
UNRESOLVED: experimental/string_view/literals/values.cc compilation failed to produce executable
WARNING: program timed out.
FAIL: ext/vstring/requirements/exception/basic.cc (test for excess errors)
UNRESOLVED: ext/vstring/requirements/exception/basic.cc compilation failed to produce executable

		=== libstdc++ Summary ===

# of expected passes		7221
# of unexpected failures	45
# of expected failures		68
# of unresolved testcases	42
# of unsupported tests		776

Compiler version: 4.10.0 20140806 (experimental) [trunk revision 213650] (GCC) 
Platform: hppa64-hp-hpux11.00
configure flags:Test Run By dave on Sun Aug 10 23:04:47 2014



More information about the Gcc-testresults mailing list