Results for 4.10.0 20140809 (experimental) [trunk revision 213778] (GCC) testsuite on hppa-unknown-linux-gnu

Dave Anglin dave.anglin@bell.net
Mon Aug 11 19:31:00 GMT 2014


LAST_UPDATED: Sat Aug  9 14:14:03 UTC 2014 (revision 213778)

		=== acats tests ===

		=== acats Summary ===
# of expected passes		2320
# of unexpected failures	0
Native configuration is hppa-unknown-linux-gnu

		=== gcc tests ===


Running target unix
FAIL: gcc.dg/atomic/c11-atomic-exec-5.c   -O0  execution test
FAIL: gcc.dg/atomic/c11-atomic-exec-5.c   -O1  execution test
FAIL: gcc.dg/atomic/c11-atomic-exec-5.c   -O2  execution test
FAIL: gcc.dg/atomic/c11-atomic-exec-5.c   -O3 -fomit-frame-pointer  execution test
FAIL: gcc.dg/atomic/c11-atomic-exec-5.c   -O3 -fomit-frame-pointer -funroll-loops  execution test
FAIL: gcc.dg/atomic/c11-atomic-exec-5.c   -O3 -fomit-frame-pointer -funroll-all-loops -finline-functions  execution test
FAIL: gcc.dg/atomic/c11-atomic-exec-5.c   -O3 -g  execution test
FAIL: gcc.dg/atomic/c11-atomic-exec-5.c   -Os  execution test
FAIL: gcc.dg/atomic/c11-atomic-exec-5.c   -O2 -flto -fno-use-linker-plugin -flto-partition=none  execution test
FAIL: gcc.dg/atomic/c11-atomic-exec-5.c   -O2 -flto -fuse-linker-plugin -fno-fat-lto-objects  execution test
FAIL: gcc.dg/delay-slot-2.c scan-assembler printf
XPASS: gcc.dg/tree-ssa/loop-1.c scan-assembler-times foo 5

		=== gcc Summary ===

# of expected passes		86006
# of unexpected failures	11
# of unexpected successes	1
# of expected failures		106
# of unsupported tests		1404
/home/dave/gnu/gcc/objdir/gcc/xgcc  version 4.10.0 20140809 (experimental) [trunk revision 213778] (GCC) 

		=== gfortran tests ===


Running target unix

		=== gfortran Summary ===

# of expected passes		45111
# of expected failures		39
# of unsupported tests		408
/home/dave/gnu/gcc/objdir/gcc/testsuite/gfortran/../../gfortran  version 4.10.0 20140809 (experimental) [trunk revision 213778] (GCC) 

		=== g++ tests ===


Running target unix
FAIL: g++.dg/cpp0x/static_assert9.C  -std=c++11 (test for excess errors)
FAIL: g++.dg/cpp0x/static_assert9.C  -std=c++1y (test for excess errors)
FAIL: g++.dg/init/const9.C  -std=c++98  scan-assembler-not rodata
FAIL: g++.dg/init/const9.C  -std=c++11  scan-assembler-not rodata
FAIL: g++.dg/init/const9.C  -std=c++1y  scan-assembler-not rodata
UNRESOLVED: g++.dg/ipa/devirt-35.C  -std=gnu++98  scan-ipa-dump fre1 "converting indirect call to function virtual int B::t"
UNRESOLVED: g++.dg/ipa/devirt-35.C  -std=gnu++11  scan-ipa-dump fre1 "converting indirect call to function virtual int B::t"
UNRESOLVED: g++.dg/ipa/devirt-35.C  -std=gnu++1y  scan-ipa-dump fre1 "converting indirect call to function virtual int B::t"
UNRESOLVED: g++.dg/ipa/devirt-36.C  -std=gnu++98  scan-ipa-dump fre1 "converting indirect call to function virtual int B::t"
UNRESOLVED: g++.dg/ipa/devirt-36.C  -std=gnu++11  scan-ipa-dump fre1 "converting indirect call to function virtual int B::t"
UNRESOLVED: g++.dg/ipa/devirt-36.C  -std=gnu++1y  scan-ipa-dump fre1 "converting indirect call to function virtual int B::t"
XPASS: g++.dg/tls/thread_local-order2.C  -std=c++11 execution test
XPASS: g++.dg/tls/thread_local-order2.C  -std=c++1y execution test

		=== g++ Summary ===

# of expected passes		78170
# of unexpected failures	5
# of unexpected successes	2
# of expected failures		441
# of unresolved testcases	6
# of unsupported tests		3220
/home/dave/gnu/gcc/objdir/gcc/testsuite/g++/../../xg++  version 4.10.0 20140809 (experimental) [trunk revision 213778] (GCC) 

		=== gnat tests ===


Running target unix
FAIL: gnat.dg/pack20.adb (test for excess errors)
FAIL: gnat.dg/weak2.adb (test for excess errors)

		=== gnat Summary ===

# of expected passes		1232
# of unexpected failures	2
# of expected failures		18
# of unsupported tests		14
/home/dave/gnu/gcc/objdir/gcc/gnatmake version 4.10.0 20140809 (experimental) [trunk revision 213778]

		=== obj-c++ tests ===


Running target unix

		=== obj-c++ Summary ===

# of expected passes		1447
# of expected failures		2
# of unsupported tests		86
/home/dave/gnu/gcc/objdir/gcc/testsuite/obj-c++/../../xg++  version 4.10.0 20140809 (experimental) [trunk revision 213778] (GCC) 

		=== objc tests ===


Running target unix

		=== objc Summary ===

# of expected passes		3010
# of unsupported tests		74
/home/dave/gnu/gcc/objdir/gcc/xgcc  version 4.10.0 20140809 (experimental) [trunk revision 213778] (GCC) 

		=== boehm-gc tests ===


Running target unix

		=== boehm-gc Summary ===

# of expected passes		12
# of unsupported tests		1
		=== libatomic tests ===


Running target unix

		=== libatomic Summary ===

# of expected passes		44
# of unsupported tests		5
		=== libffi tests ===


Running target unix

		=== libffi Summary ===

# of expected passes		1819
# of unsupported tests		55
		=== libgomp tests ===


Running target unix
FAIL: libgomp.c++/target-2.C execution test

		=== libgomp Summary ===

# of expected passes		3193
# of unexpected failures	1
# of unsupported tests		36
		=== libjava tests ===


Running target unix

		=== libjava Summary ===

# of expected passes		2582
# of expected failures		4
		=== libstdc++ tests ===


Running target unix
FAIL: libstdc++-abi/abi_check
FAIL: 22_locale/numpunct/members/char/3.cc execution test
FAIL: 22_locale/time_get/get_date/wchar_t/4.cc execution test
FAIL: 30_threads/thread/native_handle/cancel.cc execution test

		=== libstdc++ Summary ===

# of expected passes		9810
# of unexpected failures	4
# of expected failures		69
# of unsupported tests		266

Compiler version: 4.10.0 20140809 (experimental) [trunk revision 213778] (GCC) 
Platform: hppa-unknown-linux-gnu
configure flags: --with-gnu-as --with-gnu-ld --enable-shared --enable-multiarch --enable-linker-build-id --build=hppa-linux-gnu --host=hppa-linux-gnu --target=hppa-linux-gnu --prefix=/home/dave/opt/gnu/gcc/gcc-4.10 --with-local-prefix=/home/dave/opt/gnu --enable-threads=posix --enable-__cxa_atexit --build=hppa-linux-gnu --enable-clocale=gnu --enable-java-gc=boehm --enable-languages=c,c++,objc,fortran,obj-c++,java,ada,lto



More information about the Gcc-testresults mailing list