Results for 4.8.4 20140805 (prerelease) [gcc-4_8-branch revision 213646] testsuite on hppa-unknown-linux-gnu
Dave Anglin
dave.anglin@bell.net
Wed Aug 6 19:43:00 GMT 2014
LAST_UPDATED: Tue Aug 5 23:26:04 UTC 2014 (revision 213646)
=== acats tests ===
=== acats Summary ===
# of expected passes 2320
# of unexpected failures 0
Native configuration is hppa-unknown-linux-gnu
=== gcc tests ===
Running target unix
FAIL: gcc.dg/simulate-thread/atomic-load-short.c -O3 -g thread simulation test
XPASS: gcc.dg/tree-ssa/loop-1.c scan-assembler-times foo 5
=== gcc Summary ===
# of expected passes 81517
# of unexpected failures 1
# of unexpected successes 1
# of expected failures 117
# of unsupported tests 1261
/home/dave/gnu/gcc/objdir/gcc/xgcc version 4.8.4 20140805 (prerelease) [gcc-4_8-branch revision 213646] (GCC)
=== g++ tests ===
Running target unix
FAIL: g++.dg/debug/dwarf2/non-virtual-thunk.C -std=gnu++98 scan-assembler thunk.C:30
FAIL: g++.dg/debug/dwarf2/non-virtual-thunk.C -std=gnu++11 scan-assembler thunk.C:30
=== gnat tests ===
Running target unix
=== gnat Summary ===
# of expected passes 1166
# of expected failures 17
# of unsupported tests 9
/home/dave/gnu/gcc/objdir/gcc/gnatmake version 4.8.4 20140805 (prerelease) [gcc-4_8-branch revision 213646]
Compiler version: 4.8.4 20140805 (prerelease) [gcc-4_8-branch revision 213646]
Platform: hppa-unknown-linux-gnu
configure flags: --with-gnu-as --with-gnu-ld --enable-shared --enable-multiarch --enable-linker-build-id --build=hppa-linux-gnu --host=hppa-linux-gnu --target=hppa-linux-gnu --prefix=/home/dave/opt/gnu/gcc/gcc-4.10 --with-local-prefix=/home/dave/opt/gnu --enable-threads=posix --enable-__cxa_atexit --build=hppa-linux-gnu --enable-clocale=gnu --enable-java-gc=boehm --enable-languages=c,c++,objc,fortran,obj-c++,java,ada,lto
More information about the Gcc-testresults
mailing list